--
-- Host: dev-mysql.cxd6vtbcnuvz.ap-south-1.rds.amazonaws.com    Database: alfahim_cme_devdb
-- ------------------------------------------------------


--
-- Table structure for table `about_uses`
--

CREATE TABLE `about_uses` (
  `id` int unsigned NOT NULL AUTO_INCREMENT,
  `document_id` varchar(255) DEFAULT NULL,
  `sub_title` varchar(255) DEFAULT NULL,
  `title` varchar(255) DEFAULT NULL,
  `description` longtext,
  `section_title` varchar(255) DEFAULT NULL,
  `section_description` longtext,
  `created_at` datetime(6) DEFAULT NULL,
  `updated_at` datetime(6) DEFAULT NULL,
  `published_at` datetime(6) DEFAULT NULL,
  `created_by_id` int unsigned DEFAULT NULL,
  `updated_by_id` int unsigned DEFAULT NULL,
  `locale` varchar(255) DEFAULT NULL,
  PRIMARY KEY (`id`),
  KEY `about_uses_documents_idx` (`document_id`,`locale`,`published_at`),
  KEY `about_uses_created_by_id_fk` (`created_by_id`),
  KEY `about_uses_updated_by_id_fk` (`updated_by_id`),
  CONSTRAINT `about_uses_created_by_id_fk` FOREIGN KEY (`created_by_id`) REFERENCES `admin_users` (`id`) ON DELETE SET NULL,
  CONSTRAINT `about_uses_updated_by_id_fk` FOREIGN KEY (`updated_by_id`) REFERENCES `admin_users` (`id`) ON DELETE SET NULL
) ENGINE=InnoDB AUTO_INCREMENT=28 DEFAULT CHARSET=utf8mb4 COLLATE=utf8mb4_0900_ai_ci;

--
-- Dumping data for table `about_uses`
--

INSERT INTO `about_uses` VALUES (1,'tzlebik01a0bhajnx2g2py6w','Central Motors & Equipment','Suppliers of Motor Equipment in Abu Dhabi, Dubai and Sharjah','<p>As one of the UAE’s foremost providers of motors and equipment, Central Motors &amp; Equipment offers a diverse range of brands, products and services to its customers.</p>','CME Divisions','<p>Following four divisions of CM&amp;E operates nationwide with a unified Logistics operation:</p>','2025-12-12 06:27:58.968000','2026-04-01 07:30:52.080000',NULL,1,1,'en'),(27,'tzlebik01a0bhajnx2g2py6w','Central Motors & Equipment','Suppliers of Motor Equipment in Abu Dhabi, Dubai and Sharjah','<p>As one of the UAE’s foremost providers of motors and equipment, Central Motors &amp; Equipment offers a diverse range of brands, products and services to its customers.</p>','CME Divisions','<p>Following four divisions of CM&amp;E operates nationwide with a unified Logistics operation:</p>','2025-12-12 06:27:58.968000','2026-04-01 07:30:52.080000','2026-04-01 07:30:54.654000',1,1,'en');

--
-- Table structure for table `about_uses_cmps`
--

CREATE TABLE `about_uses_cmps` (
  `id` int unsigned NOT NULL AUTO_INCREMENT,
  `entity_id` int unsigned DEFAULT NULL,
  `cmp_id` int unsigned DEFAULT NULL,
  `component_type` varchar(255) DEFAULT NULL,
  `field` varchar(255) DEFAULT NULL,
  `order` double unsigned DEFAULT NULL,
  PRIMARY KEY (`id`),
  UNIQUE KEY `about_uses_uq` (`entity_id`,`cmp_id`,`field`,`component_type`),
  KEY `about_uses_field_idx` (`field`),
  KEY `about_uses_component_type_idx` (`component_type`),
  KEY `about_uses_entity_fk` (`entity_id`),
  CONSTRAINT `about_uses_entity_fk` FOREIGN KEY (`entity_id`) REFERENCES `about_uses` (`id`) ON DELETE CASCADE
) ENGINE=InnoDB AUTO_INCREMENT=303 DEFAULT CHARSET=utf8mb4 COLLATE=utf8mb4_0900_ai_ci;

--
-- Dumping data for table `about_uses_cmps`
--

INSERT INTO `about_uses_cmps` VALUES (1,1,56,'common.title-desc-with-img','aboutSection',8),(4,1,58,'common.title-desc-with-img','cardSection',2),(5,1,59,'common.title-desc-with-img','cardSection',4),(6,1,1,'common.title-desc-btn-img','sections',2),(46,1,7,'common.title-desc-btn-img','sections',3),(47,1,8,'common.title-desc-btn-img','sections',1),(70,1,15,'common.title-desc-btn-img','sections',4),(214,1,64,'common.seo','seo',7),(295,27,800,'common.title-desc-with-img','aboutSection',NULL),(296,27,801,'common.title-desc-with-img','cardSection',1),(297,27,802,'common.title-desc-with-img','cardSection',2),(298,27,76,'common.title-desc-btn-img','sections',1),(299,27,77,'common.title-desc-btn-img','sections',2),(300,27,78,'common.title-desc-btn-img','sections',3),(301,27,79,'common.title-desc-btn-img','sections',4),(302,27,151,'common.seo','seo',NULL);

--
-- Table structure for table `admin_permissions`
--

CREATE TABLE `admin_permissions` (
  `id` int unsigned NOT NULL AUTO_INCREMENT,
  `document_id` varchar(255) DEFAULT NULL,
  `action` varchar(255) DEFAULT NULL,
  `action_parameters` json DEFAULT NULL,
  `subject` varchar(255) DEFAULT NULL,
  `properties` json DEFAULT NULL,
  `conditions` json DEFAULT NULL,
  `created_at` datetime(6) DEFAULT NULL,
  `updated_at` datetime(6) DEFAULT NULL,
  `published_at` datetime(6) DEFAULT NULL,
  `created_by_id` int unsigned DEFAULT NULL,
  `updated_by_id` int unsigned DEFAULT NULL,
  `locale` varchar(255) DEFAULT NULL,
  PRIMARY KEY (`id`),
  KEY `admin_permissions_documents_idx` (`document_id`,`locale`,`published_at`),
  KEY `admin_permissions_created_by_id_fk` (`created_by_id`),
  KEY `admin_permissions_updated_by_id_fk` (`updated_by_id`),
  CONSTRAINT `admin_permissions_created_by_id_fk` FOREIGN KEY (`created_by_id`) REFERENCES `admin_users` (`id`) ON DELETE SET NULL,
  CONSTRAINT `admin_permissions_updated_by_id_fk` FOREIGN KEY (`updated_by_id`) REFERENCES `admin_users` (`id`) ON DELETE SET NULL
) ENGINE=InnoDB AUTO_INCREMENT=596 DEFAULT CHARSET=utf8mb4 COLLATE=utf8mb4_0900_ai_ci;

--
-- Dumping data for table `admin_permissions`
--

INSERT INTO `admin_permissions` VALUES (5,'z6fd7pfv7utwjk3f81tlph81','plugin::content-manager.explorer.create','{}','api::footer.footer','{\"fields\": []}','[]','2025-11-21 05:39:32.038000','2025-12-03 11:57:28.802000','2025-11-21 05:39:32.038000',NULL,NULL,NULL),(6,'gnduwzgr5mp3lf0y6l7l3y5o','plugin::content-manager.explorer.create','{}','api::header.header','{\"fields\": [\"menu\", \"showMultilingual\"]}','[]','2025-11-21 05:39:32.140000','2025-12-12 04:52:38.425000','2025-11-21 05:39:32.141000',NULL,NULL,NULL),(7,'n1lalkm8b0mkl8sd9wj62986','plugin::content-manager.explorer.create','{}','api::home.home','{\"fields\": [\"banner.title\", \"seo.metaTitle\", \"seo.metaDescription\", \"seo.preventIndexing\", \"seo.keywords\", \"seo.canonicalUrl\", \"seo.metaHead\", \"seo.ogMeta.name\", \"seo.ogMeta.content\", \"seo.wordDescription\", \"seo.metaImage\"]}','[]','2025-11-21 05:39:32.242000','2025-12-12 04:52:38.426000','2025-11-21 05:39:32.243000',NULL,NULL,NULL),(16,'ortpcr8h7uj346erjwc94vpz','plugin::content-manager.explorer.read','{}','api::footer.footer','{\"fields\": []}','[]','2025-11-21 05:39:33.159000','2025-12-03 11:57:28.802000','2025-11-21 05:39:33.159000',NULL,NULL,NULL),(17,'aytqdrwx9jubk83ok2hqnl6r','plugin::content-manager.explorer.read','{}','api::header.header','{\"fields\": [\"menu\", \"showMultilingual\"]}','[]','2025-11-21 05:39:33.259000','2025-12-12 04:52:38.426000','2025-11-21 05:39:33.260000',NULL,NULL,NULL),(18,'og0gk020a81srj69zj41028h','plugin::content-manager.explorer.read','{}','api::home.home','{\"fields\": [\"banner.title\", \"seo.metaTitle\", \"seo.metaDescription\", \"seo.preventIndexing\", \"seo.keywords\", \"seo.canonicalUrl\", \"seo.metaHead\", \"seo.ogMeta.name\", \"seo.ogMeta.content\", \"seo.wordDescription\", \"seo.metaImage\"]}','[]','2025-11-21 05:39:33.361000','2025-12-12 04:52:38.426000','2025-11-21 05:39:33.362000',NULL,NULL,NULL),(27,'s6nfoj7s1ct2oldxb67cl8we','plugin::content-manager.explorer.update','{}','api::footer.footer','{\"fields\": []}','[]','2025-11-21 05:39:34.296000','2025-12-03 11:57:28.802000','2025-11-21 05:39:34.296000',NULL,NULL,NULL),(28,'ka86asdihfcs4im63vnw4nl8','plugin::content-manager.explorer.update','{}','api::header.header','{\"fields\": [\"menu\", \"showMultilingual\"]}','[]','2025-11-21 05:39:34.400000','2025-12-12 04:52:38.427000','2025-11-21 05:39:34.400000',NULL,NULL,NULL),(29,'eip1655ua90z89wtvqlfpnfl','plugin::content-manager.explorer.update','{}','api::home.home','{\"fields\": [\"banner.title\", \"seo.metaTitle\", \"seo.metaDescription\", \"seo.preventIndexing\", \"seo.keywords\", \"seo.canonicalUrl\", \"seo.metaHead\", \"seo.ogMeta.name\", \"seo.ogMeta.content\", \"seo.wordDescription\", \"seo.metaImage\"]}','[]','2025-11-21 05:39:34.500000','2025-12-12 04:52:38.427000','2025-11-21 05:39:34.501000',NULL,NULL,NULL),(56,'s338lp3wpywklwbstl9iuq2j','plugin::upload.read','{}',NULL,'{}','[]','2025-11-21 05:39:37.240000','2025-11-21 05:39:37.240000','2025-11-21 05:39:37.240000',NULL,NULL,NULL),(57,'sx2c5d4su96h6y8rmj6j9uxv','plugin::upload.configure-view','{}',NULL,'{}','[]','2025-11-21 05:39:37.339000','2025-11-21 05:39:37.339000','2025-11-21 05:39:37.339000',NULL,NULL,NULL),(58,'avbn6khihr71fjf22pamt75e','plugin::upload.assets.create','{}',NULL,'{}','[]','2025-11-21 05:39:37.439000','2025-11-21 05:39:37.439000','2025-11-21 05:39:37.439000',NULL,NULL,NULL),(59,'mnem39x1rw5ojgzznolduuw7','plugin::upload.assets.update','{}',NULL,'{}','[]','2025-11-21 05:39:37.538000','2025-11-21 05:39:37.538000','2025-11-21 05:39:37.538000',NULL,NULL,NULL),(60,'lgynsjdqqrwp0i3slkjgke24','plugin::upload.assets.download','{}',NULL,'{}','[]','2025-11-21 05:39:37.637000','2025-11-21 05:39:37.637000','2025-11-21 05:39:37.637000',NULL,NULL,NULL),(61,'h6xt81rpzkpblnv296dtt5i4','plugin::upload.assets.copy-link','{}',NULL,'{}','[]','2025-11-21 05:39:37.738000','2025-11-21 05:39:37.738000','2025-11-21 05:39:37.739000',NULL,NULL,NULL),(66,'mm13yp27ddzn2gm5ljq2wk4m','plugin::content-manager.explorer.create','{}','api::footer.footer','{\"fields\": []}','[\"admin::is-creator\"]','2025-11-21 05:39:38.251000','2025-12-03 11:57:28.802000','2025-11-21 05:39:38.252000',NULL,NULL,NULL),(67,'bbmf1xjaa9efxyc2rxchj783','plugin::content-manager.explorer.create','{}','api::header.header','{\"fields\": [\"menu\", \"showMultilingual\"]}','[\"admin::is-creator\"]','2025-11-21 05:39:38.352000','2025-12-12 04:52:38.427000','2025-11-21 05:39:38.352000',NULL,NULL,NULL),(68,'sm5xr4ym5av9bbdmekmju41r','plugin::content-manager.explorer.create','{}','api::home.home','{\"fields\": [\"banner.title\", \"seo.metaTitle\", \"seo.metaDescription\", \"seo.preventIndexing\", \"seo.keywords\", \"seo.canonicalUrl\", \"seo.metaHead\", \"seo.ogMeta.name\", \"seo.ogMeta.content\", \"seo.wordDescription\", \"seo.metaImage\"]}','[\"admin::is-creator\"]','2025-11-21 05:39:38.450000','2025-12-12 04:52:38.427000','2025-11-21 05:39:38.450000',NULL,NULL,NULL),(77,'tmvsgu77jd34jt002thy9g3q','plugin::content-manager.explorer.read','{}','api::footer.footer','{\"fields\": []}','[\"admin::is-creator\"]','2025-11-21 05:39:39.352000','2025-12-03 11:57:28.802000','2025-11-21 05:39:39.353000',NULL,NULL,NULL),(78,'pruz54johax4h7r874wrc017','plugin::content-manager.explorer.read','{}','api::header.header','{\"fields\": [\"menu\", \"showMultilingual\"]}','[\"admin::is-creator\"]','2025-11-21 05:39:39.458000','2025-12-12 04:52:38.427000','2025-11-21 05:39:39.458000',NULL,NULL,NULL),(79,'iksfi88yy61w4ix4k786mkwk','plugin::content-manager.explorer.read','{}','api::home.home','{\"fields\": [\"banner.title\", \"seo.metaTitle\", \"seo.metaDescription\", \"seo.preventIndexing\", \"seo.keywords\", \"seo.canonicalUrl\", \"seo.metaHead\", \"seo.ogMeta.name\", \"seo.ogMeta.content\", \"seo.wordDescription\", \"seo.metaImage\"]}','[\"admin::is-creator\"]','2025-11-21 05:39:39.557000','2025-12-12 04:52:38.427000','2025-11-21 05:39:39.557000',NULL,NULL,NULL),(88,'v8ss4zx9jnf5dqzmtzfuk14k','plugin::content-manager.explorer.update','{}','api::footer.footer','{\"fields\": []}','[\"admin::is-creator\"]','2025-11-21 05:39:40.458000','2025-12-03 11:57:28.802000','2025-11-21 05:39:40.458000',NULL,NULL,NULL),(89,'sdbtgwj941oo5knlxacyzky3','plugin::content-manager.explorer.update','{}','api::header.header','{\"fields\": [\"menu\", \"showMultilingual\"]}','[\"admin::is-creator\"]','2025-11-21 05:39:40.558000','2025-12-12 04:52:38.427000','2025-11-21 05:39:40.559000',NULL,NULL,NULL),(90,'s6ikq59h0ckg7fino1cb6wia','plugin::content-manager.explorer.update','{}','api::home.home','{\"fields\": [\"banner.title\", \"seo.metaTitle\", \"seo.metaDescription\", \"seo.preventIndexing\", \"seo.keywords\", \"seo.canonicalUrl\", \"seo.metaHead\", \"seo.ogMeta.name\", \"seo.ogMeta.content\", \"seo.wordDescription\", \"seo.metaImage\"]}','[\"admin::is-creator\"]','2025-11-21 05:39:40.658000','2025-12-12 04:52:38.427000','2025-11-21 05:39:40.658000',NULL,NULL,NULL),(106,'r23a2yp73480dgtint9io0zn','plugin::upload.read','{}',NULL,'{}','[\"admin::is-creator\"]','2025-11-21 05:39:42.260000','2025-11-21 05:39:42.260000','2025-11-21 05:39:42.261000',NULL,NULL,NULL),(107,'t1f284kltxf9541z3c09apky','plugin::upload.configure-view','{}',NULL,'{}','[]','2025-11-21 05:39:42.359000','2025-11-21 05:39:42.359000','2025-11-21 05:39:42.360000',NULL,NULL,NULL),(108,'cg8qrgmjeagth628f321m2sl','plugin::upload.assets.create','{}',NULL,'{}','[]','2025-11-21 05:39:42.457000','2025-11-21 05:39:42.457000','2025-11-21 05:39:42.458000',NULL,NULL,NULL),(109,'rg71qvy7fbwresob9cjipvh6','plugin::upload.assets.update','{}',NULL,'{}','[\"admin::is-creator\"]','2025-11-21 05:39:42.558000','2025-11-21 05:39:42.558000','2025-11-21 05:39:42.558000',NULL,NULL,NULL),(110,'ztolsappu8mmagtuygxlkwyr','plugin::upload.assets.download','{}',NULL,'{}','[]','2025-11-21 05:39:42.656000','2025-11-21 05:39:42.656000','2025-11-21 05:39:42.657000',NULL,NULL,NULL),(111,'f9yk0kakruofzf3mybjfhh4x','plugin::upload.assets.copy-link','{}',NULL,'{}','[]','2025-11-21 05:39:42.756000','2025-11-21 05:39:42.756000','2025-11-21 05:39:42.756000',NULL,NULL,NULL),(112,'rdbb4ptdtq538d14qjhrrwvv','plugin::content-manager.explorer.create','{}','plugin::users-permissions.user','{\"fields\": [\"username\", \"email\", \"provider\", \"password\", \"resetPasswordToken\", \"confirmationToken\", \"confirmed\", \"blocked\", \"role\"]}','[]','2025-11-21 05:39:43.002000','2025-11-21 05:39:43.002000','2025-11-21 05:39:43.003000',NULL,NULL,NULL),(124,'c3hndlzx5ezqxtyh6g75zolm','plugin::content-manager.explorer.read','{}','plugin::users-permissions.user','{\"fields\": [\"username\", \"email\", \"provider\", \"password\", \"resetPasswordToken\", \"confirmationToken\", \"confirmed\", \"blocked\", \"role\"]}','[]','2025-11-21 05:39:44.203000','2025-11-21 05:39:44.203000','2025-11-21 05:39:44.203000',NULL,NULL,NULL),(136,'cf0tct5odtb6jlb9uo51wg0y','plugin::content-manager.explorer.update','{}','plugin::users-permissions.user','{\"fields\": [\"username\", \"email\", \"provider\", \"password\", \"resetPasswordToken\", \"confirmationToken\", \"confirmed\", \"blocked\", \"role\"]}','[]','2025-11-21 05:39:45.455000','2025-11-21 05:39:45.455000','2025-11-21 05:39:45.456000',NULL,NULL,NULL),(148,'fqisnqi0o3nyi29us751fn1d','plugin::content-manager.explorer.delete','{}','plugin::users-permissions.user','{}','[]','2025-11-21 05:39:46.670000','2025-11-21 05:39:46.670000','2025-11-21 05:39:46.670000',NULL,NULL,NULL),(153,'x5k24n2zwqbgttgx59jpkf56','plugin::content-manager.explorer.delete','{}','api::footer.footer','{\"locales\": [\"en\", \"ar\"]}','[]','2025-11-28 09:33:55.667000','2025-11-28 09:33:55.667000','2025-11-28 09:33:55.668000',NULL,NULL,NULL),(154,'in09sve550hb4yvwbga1bzmv','plugin::content-manager.explorer.delete','{}','api::header.header','{\"locales\": [\"en\", \"ar\"]}','[]','2025-11-28 09:33:55.766000','2025-11-28 09:33:55.766000','2025-11-28 09:33:55.766000',NULL,NULL,NULL),(155,'o3tgvwgsw53i77okzybg1dss','plugin::content-manager.explorer.delete','{}','api::home.home','{\"locales\": [\"en\", \"ar\"]}','[]','2025-11-28 09:33:55.865000','2025-11-28 09:33:55.865000','2025-11-28 09:33:55.865000',NULL,NULL,NULL),(160,'tcvcxbe20kho3gfiou4dvgtm','plugin::content-manager.explorer.publish','{}','plugin::users-permissions.user','{}','[]','2025-11-21 05:39:47.866000','2025-11-21 05:39:47.866000','2025-11-21 05:39:47.867000',NULL,NULL,NULL),(165,'glfxsmsl64yt2ugzl6lqm516','plugin::content-manager.explorer.publish','{}','api::footer.footer','{\"locales\": [\"en\", \"ar\"]}','[]','2025-11-28 09:33:56.764000','2025-11-28 09:33:56.764000','2025-11-28 09:33:56.764000',NULL,NULL,NULL),(166,'rj1nux824k5g153qsov8zpkn','plugin::content-manager.explorer.publish','{}','api::header.header','{\"locales\": [\"en\", \"ar\"]}','[]','2025-11-28 09:33:56.865000','2025-11-28 09:33:56.865000','2025-11-28 09:33:56.865000',NULL,NULL,NULL),(167,'atepomw7qrucdz3nbk97ie85','plugin::content-manager.explorer.publish','{}','api::home.home','{\"locales\": [\"en\", \"ar\"]}','[]','2025-11-28 09:33:56.967000','2025-11-28 09:33:56.967000','2025-11-28 09:33:56.967000',NULL,NULL,NULL),(172,'rnhfrgr06rmnv7dy55e7f5cv','plugin::content-manager.single-types.configure-view','{}',NULL,'{}','[]','2025-11-21 05:39:49.083000','2025-11-21 05:39:49.083000','2025-11-21 05:39:49.083000',NULL,NULL,NULL),(173,'kmoliq8hlbonpbkqtdg3hh5t','plugin::content-manager.collection-types.configure-view','{}',NULL,'{}','[]','2025-11-21 05:39:49.184000','2025-11-21 05:39:49.184000','2025-11-21 05:39:49.184000',NULL,NULL,NULL),(174,'g7pklzprnje6o206mtxcg2sb','plugin::content-manager.components.configure-layout','{}',NULL,'{}','[]','2025-11-21 05:39:49.297000','2025-11-21 05:39:49.297000','2025-11-21 05:39:49.297000',NULL,NULL,NULL),(175,'aodybt6zf1vwvuuamd34ho3m','plugin::content-type-builder.read','{}',NULL,'{}','[]','2025-11-21 05:39:49.395000','2025-11-21 05:39:49.395000','2025-11-21 05:39:49.396000',NULL,NULL,NULL),(176,'xk1jedy1peme9p8rym06qt33','plugin::email.settings.read','{}',NULL,'{}','[]','2025-11-21 05:39:49.495000','2025-11-21 05:39:49.495000','2025-11-21 05:39:49.495000',NULL,NULL,NULL),(177,'cd83hu3fci2trz67vr3stts8','plugin::upload.read','{}',NULL,'{}','[]','2025-11-21 05:39:49.597000','2025-11-21 05:39:49.597000','2025-11-21 05:39:49.597000',NULL,NULL,NULL),(178,'gi8f9isjvhfui2vn7n0omt67','plugin::upload.assets.create','{}',NULL,'{}','[]','2025-11-21 05:39:49.696000','2025-11-21 05:39:49.696000','2025-11-21 05:39:49.697000',NULL,NULL,NULL),(179,'dciq9wrrxv2bm1tysb1ouyqj','plugin::upload.assets.update','{}',NULL,'{}','[]','2025-11-21 05:39:49.795000','2025-11-21 05:39:49.795000','2025-11-21 05:39:49.795000',NULL,NULL,NULL),(180,'nrn9jzjj46xbf01f9mdymbwu','plugin::upload.assets.download','{}',NULL,'{}','[]','2025-11-21 05:39:49.893000','2025-11-21 05:39:49.893000','2025-11-21 05:39:49.894000',NULL,NULL,NULL),(181,'se6l7famt49k161cvze7vnm6','plugin::upload.assets.copy-link','{}',NULL,'{}','[]','2025-11-21 05:39:50.016000','2025-11-21 05:39:50.016000','2025-11-21 05:39:50.016000',NULL,NULL,NULL),(182,'dul3p5k3mtow1aijisomlhic','plugin::upload.configure-view','{}',NULL,'{}','[]','2025-11-21 05:39:50.116000','2025-11-21 05:39:50.116000','2025-11-21 05:39:50.116000',NULL,NULL,NULL),(183,'fdi4v4a4d50lokvwqs86w8r9','plugin::upload.settings.read','{}',NULL,'{}','[]','2025-11-21 05:39:50.216000','2025-11-21 05:39:50.216000','2025-11-21 05:39:50.216000',NULL,NULL,NULL),(184,'pqmvkc0efzojyzc0apby05rp','plugin::i18n.locale.create','{}',NULL,'{}','[]','2025-11-21 05:39:50.318000','2025-11-21 05:39:50.318000','2025-11-21 05:39:50.318000',NULL,NULL,NULL),(185,'dusgjg9tpcr48vh8zplqtxeb','plugin::i18n.locale.read','{}',NULL,'{}','[]','2025-11-21 05:39:50.417000','2025-11-21 05:39:50.417000','2025-11-21 05:39:50.417000',NULL,NULL,NULL),(186,'zcyfs7g3mj520ejmj8kx766n','plugin::i18n.locale.update','{}',NULL,'{}','[]','2025-11-21 05:39:50.515000','2025-11-21 05:39:50.515000','2025-11-21 05:39:50.516000',NULL,NULL,NULL),(187,'rf2os1vd2o1fcpxk7ln0v2q1','plugin::i18n.locale.delete','{}',NULL,'{}','[]','2025-11-21 05:39:50.615000','2025-11-21 05:39:50.615000','2025-11-21 05:39:50.616000',NULL,NULL,NULL),(188,'h5ioxzqpgdxmek4q26uwwzyt','plugin::users-permissions.roles.create','{}',NULL,'{}','[]','2025-11-21 05:39:50.715000','2025-11-21 05:39:50.715000','2025-11-21 05:39:50.715000',NULL,NULL,NULL),(189,'eu75duez5ueafe7poman03tp','plugin::users-permissions.roles.read','{}',NULL,'{}','[]','2025-11-21 05:39:50.814000','2025-11-21 05:39:50.814000','2025-11-21 05:39:50.815000',NULL,NULL,NULL),(190,'law557cfvuhugllfp6izrk4a','plugin::users-permissions.roles.update','{}',NULL,'{}','[]','2025-11-21 05:39:50.913000','2025-11-21 05:39:50.913000','2025-11-21 05:39:50.913000',NULL,NULL,NULL),(191,'jkc0d0yvnqt0908fvs0xvrxm','plugin::users-permissions.roles.delete','{}',NULL,'{}','[]','2025-11-21 05:39:51.013000','2025-11-21 05:39:51.013000','2025-11-21 05:39:51.014000',NULL,NULL,NULL),(192,'ry6f9iflph6duclfnz571uin','plugin::users-permissions.providers.read','{}',NULL,'{}','[]','2025-11-21 05:39:51.113000','2025-11-21 05:39:51.113000','2025-11-21 05:39:51.113000',NULL,NULL,NULL),(193,'fanxvornpoo0p2fur0wwn7w1','plugin::users-permissions.providers.update','{}',NULL,'{}','[]','2025-11-21 05:39:51.215000','2025-11-21 05:39:51.215000','2025-11-21 05:39:51.215000',NULL,NULL,NULL),(194,'bcnwrwtbq6pm7x397kthgqww','plugin::users-permissions.email-templates.read','{}',NULL,'{}','[]','2025-11-21 05:39:51.314000','2025-11-21 05:39:51.314000','2025-11-21 05:39:51.315000',NULL,NULL,NULL),(195,'o4dnxjmupp4zh0mkces5915b','plugin::users-permissions.email-templates.update','{}',NULL,'{}','[]','2025-11-21 05:39:51.413000','2025-11-21 05:39:51.413000','2025-11-21 05:39:51.414000',NULL,NULL,NULL),(196,'hciwkcyx2yaepqtcjn6c26j7','plugin::users-permissions.advanced-settings.read','{}',NULL,'{}','[]','2025-11-21 05:39:51.528000','2025-11-21 05:39:51.528000','2025-11-21 05:39:51.528000',NULL,NULL,NULL),(197,'boeiqjlcid60ys68dt4yme0h','plugin::users-permissions.advanced-settings.update','{}',NULL,'{}','[]','2025-11-21 05:39:51.628000','2025-11-21 05:39:51.628000','2025-11-21 05:39:51.628000',NULL,NULL,NULL),(198,'iyk8thagft4b6h7yjpcl2w6l','admin::marketplace.read','{}',NULL,'{}','[]','2025-11-21 05:39:51.728000','2025-11-21 05:39:51.728000','2025-11-21 05:39:51.728000',NULL,NULL,NULL),(199,'wibrsbca2aedwlkjbpka9j9q','admin::webhooks.create','{}',NULL,'{}','[]','2025-11-21 05:39:51.829000','2025-11-21 05:39:51.829000','2025-11-21 05:39:51.829000',NULL,NULL,NULL),(200,'k4ww6y2d15s8b9feqst6rxxx','admin::webhooks.read','{}',NULL,'{}','[]','2025-11-21 05:39:51.932000','2025-11-21 05:39:51.932000','2025-11-21 05:39:51.932000',NULL,NULL,NULL),(201,'fpe5bmtyrddbpqo8eo7svl7g','admin::webhooks.update','{}',NULL,'{}','[]','2025-11-21 05:39:52.036000','2025-11-21 05:39:52.036000','2025-11-21 05:39:52.037000',NULL,NULL,NULL),(202,'jx4uuikjkzce7iya7q7nb4bo','admin::webhooks.delete','{}',NULL,'{}','[]','2025-11-21 05:39:52.135000','2025-11-21 05:39:52.135000','2025-11-21 05:39:52.136000',NULL,NULL,NULL),(203,'lyulhv5nkndjukqxnrhwlmhc','admin::users.create','{}',NULL,'{}','[]','2025-11-21 05:39:52.235000','2025-11-21 05:39:52.235000','2025-11-21 05:39:52.235000',NULL,NULL,NULL),(204,'whnwz67i7pmk251z8yon34bf','admin::users.read','{}',NULL,'{}','[]','2025-11-21 05:39:52.335000','2025-11-21 05:39:52.335000','2025-11-21 05:39:52.335000',NULL,NULL,NULL),(205,'y1k10sk4ftwwh5ihj9tdj840','admin::users.update','{}',NULL,'{}','[]','2025-11-21 05:39:52.437000','2025-11-21 05:39:52.437000','2025-11-21 05:39:52.438000',NULL,NULL,NULL),(206,'g7t1ez0fryh9h6egtc3p2lr3','admin::users.delete','{}',NULL,'{}','[]','2025-11-21 05:39:52.538000','2025-11-21 05:39:52.538000','2025-11-21 05:39:52.538000',NULL,NULL,NULL),(207,'ygj11rp6871d2s60nopqu6h2','admin::roles.create','{}',NULL,'{}','[]','2025-11-21 05:39:52.637000','2025-11-21 05:39:52.637000','2025-11-21 05:39:52.638000',NULL,NULL,NULL),(208,'y3g9ywa21jv8gp7h9lzjsrfo','admin::roles.read','{}',NULL,'{}','[]','2025-11-21 05:39:52.736000','2025-11-21 05:39:52.736000','2025-11-21 05:39:52.737000',NULL,NULL,NULL),(209,'q09jdseihtm5hlengye4sbrx','admin::roles.update','{}',NULL,'{}','[]','2025-11-21 05:39:52.839000','2025-11-21 05:39:52.839000','2025-11-21 05:39:52.839000',NULL,NULL,NULL),(210,'xi96w40etpy3cos5zrurau3l','admin::roles.delete','{}',NULL,'{}','[]','2025-11-21 05:39:52.938000','2025-11-21 05:39:52.938000','2025-11-21 05:39:52.938000',NULL,NULL,NULL),(211,'zzjwiq5m1ufpd0boxp0tfmw0','admin::api-tokens.access','{}',NULL,'{}','[]','2025-11-21 05:39:53.038000','2025-11-21 05:39:53.038000','2025-11-21 05:39:53.038000',NULL,NULL,NULL),(212,'ewx8m7sakqo6aozb0vmn5i5y','admin::api-tokens.create','{}',NULL,'{}','[]','2025-11-21 05:39:53.137000','2025-11-21 05:39:53.137000','2025-11-21 05:39:53.137000',NULL,NULL,NULL),(213,'euf495b5ipz9dxyaka5xgtoi','admin::api-tokens.read','{}',NULL,'{}','[]','2025-11-21 05:39:53.235000','2025-11-21 05:39:53.235000','2025-11-21 05:39:53.236000',NULL,NULL,NULL),(214,'ctfqxgqzflvn8jz1p5szyts3','admin::api-tokens.update','{}',NULL,'{}','[]','2025-11-21 05:39:53.335000','2025-11-21 05:39:53.335000','2025-11-21 05:39:53.335000',NULL,NULL,NULL),(215,'clw1s0gp6310kzwsi4gn8pc6','admin::api-tokens.regenerate','{}',NULL,'{}','[]','2025-11-21 05:39:53.435000','2025-11-21 05:39:53.435000','2025-11-21 05:39:53.435000',NULL,NULL,NULL),(216,'idm0cq3qfimsfrryjg2upyj3','admin::api-tokens.delete','{}',NULL,'{}','[]','2025-11-21 05:39:53.534000','2025-11-21 05:39:53.534000','2025-11-21 05:39:53.535000',NULL,NULL,NULL),(217,'i1gjg9xnk2uzdeaud43pvmh6','admin::project-settings.update','{}',NULL,'{}','[]','2025-11-21 05:39:53.634000','2025-11-21 05:39:53.634000','2025-11-21 05:39:53.635000',NULL,NULL,NULL),(218,'gl4e6lck1ljza9bgeg39syxb','admin::project-settings.read','{}',NULL,'{}','[]','2025-11-21 05:39:53.734000','2025-11-21 05:39:53.734000','2025-11-21 05:39:53.734000',NULL,NULL,NULL),(219,'xwyef32hxlcyucp0m9wwvfwq','admin::transfer.tokens.access','{}',NULL,'{}','[]','2025-11-21 05:39:53.833000','2025-11-21 05:39:53.833000','2025-11-21 05:39:53.833000',NULL,NULL,NULL),(220,'rp3256biyzu0x3whcqjjnbnt','admin::transfer.tokens.create','{}',NULL,'{}','[]','2025-11-21 05:39:53.932000','2025-11-21 05:39:53.932000','2025-11-21 05:39:53.932000',NULL,NULL,NULL),(221,'k3u24sgciwal4wlkq1358rf1','admin::transfer.tokens.read','{}',NULL,'{}','[]','2025-11-21 05:39:54.033000','2025-11-21 05:39:54.033000','2025-11-21 05:39:54.033000',NULL,NULL,NULL),(222,'um2s5pqeq9jihokphw039t4n','admin::transfer.tokens.update','{}',NULL,'{}','[]','2025-11-21 05:39:54.134000','2025-11-21 05:39:54.134000','2025-11-21 05:39:54.135000',NULL,NULL,NULL),(223,'iav90syl42a5hyw30s7pt97j','admin::transfer.tokens.regenerate','{}',NULL,'{}','[]','2025-11-21 05:39:54.236000','2025-11-21 05:39:54.236000','2025-11-21 05:39:54.236000',NULL,NULL,NULL),(224,'aikhia6tgdo5yg8t6vvm47tb','admin::transfer.tokens.delete','{}',NULL,'{}','[]','2025-11-21 05:39:54.337000','2025-11-21 05:39:54.337000','2025-11-21 05:39:54.338000',NULL,NULL,NULL),(253,'mffmwr0vhygf706qqffjun5m','plugin::content-manager.explorer.delete','{}','api::location.location','{\"locales\": [\"en\", \"ar\"]}','[]','2025-11-28 09:33:59.486000','2025-11-28 09:33:59.486000','2025-11-28 09:33:59.486000',NULL,NULL,NULL),(254,'iy0o6g1b8awfxxzdi6oi4pjo','plugin::content-manager.explorer.publish','{}','api::location.location','{\"locales\": [\"en\", \"ar\"]}','[]','2025-11-28 09:33:59.605000','2025-11-28 09:33:59.605000','2025-11-28 09:33:59.605000',NULL,NULL,NULL),(299,'n5v8dzckz4lhdtzltkb00hrp','plugin::content-manager.explorer.create','{}','api::about-us.about-us','{\"fields\": [\"subTitle\", \"title\", \"description\", \"aboutSection.title\", \"aboutSection.description\", \"aboutSection.image\", \"aboutSection.responsiveImage\", \"cardSection.title\", \"cardSection.description\", \"cardSection.image\", \"cardSection.responsiveImage\", \"sectionTitle\", \"sectionDescription\", \"sections.title\", \"sections.description\", \"sections.image\", \"sections.responsiveImg\", \"sections.imagePosition\", \"sections.tags.title\", \"sections.tags.key\", \"sections.button.label\", \"sections.button.url\", \"sections.button.newTab\", \"seo.metaTitle\", \"seo.metaDescription\", \"seo.preventIndexing\", \"seo.keywords\", \"seo.canonicalUrl\", \"seo.metaHead\", \"seo.ogMeta.name\", \"seo.ogMeta.content\", \"seo.socialMediaMeta.name\", \"seo.socialMediaMeta.content\", \"seo.wordDescription\", \"seo.metaImage\"], \"locales\": [\"en\", \"ar\"]}','[]','2025-12-12 04:52:29.969000','2025-12-12 04:52:29.969000','2025-12-12 04:52:29.978000',NULL,NULL,NULL),(307,'ym2wa2fxiqhydulzq50v5i1p','plugin::content-manager.explorer.create','{}','api::header.header','{\"fields\": [\"logo\", \"colorLogo\", \"menu\", \"showMultilingual\"], \"locales\": [\"en\", \"ar\"]}','[]','2025-12-12 04:52:30.951000','2025-12-12 04:52:30.951000','2025-12-12 04:52:30.951000',NULL,NULL,NULL),(308,'iav1yirxyz54wjdy25sd66lh','plugin::content-manager.explorer.create','{}','api::home.home','{\"fields\": [\"banner.title\", \"banner.subtitle\", \"banner.media\", \"banner.responsiveMedia\", \"banner.type\", \"banner.callToAction.label\", \"banner.callToAction.url\", \"banner.callToAction.newTab\", \"aboutCme.title\", \"aboutCme.subTitle\", \"aboutCme.description\", \"aboutCme.callToAction.label\", \"aboutCme.callToAction.url\", \"aboutCme.callToAction.newTab\", \"aboutCme.image\", \"businessStreams.title\", \"businessStreams.subTitle\", \"businessStreams.serviceData.title\", \"businessStreams.serviceData.description\", \"businessStreams.serviceData.image\", \"businessStreams.serviceData.responsiveImage\", \"trustedBrands.title\", \"trustedBrands.subTitle\", \"trustedPartners.title\", \"trustedPartners.subTitle\", \"trustedPartners.items.title\", \"trustedPartners.items.logo\", \"socialFeeds.title\", \"socialFeeds.subTitle\", \"ourLocations.title\", \"ourLocations.subTitle\", \"aboutGroup.title\", \"aboutGroup.subTitle\", \"aboutGroup.description\", \"aboutGroup.image\", \"aboutGroup.callToAction.label\", \"aboutGroup.callToAction.url\", \"aboutGroup.callToAction.newTab\", \"isNewsEnabled\", \"seo.metaTitle\", \"seo.metaDescription\", \"seo.preventIndexing\", \"seo.keywords\", \"seo.canonicalUrl\", \"seo.metaHead\", \"seo.ogMeta.name\", \"seo.ogMeta.content\", \"seo.socialMediaMeta.name\", \"seo.socialMediaMeta.content\", \"seo.wordDescription\", \"seo.metaImage\"], \"locales\": [\"en\", \"ar\"]}','[]','2025-12-12 04:52:31.055000','2025-12-12 04:52:31.055000','2025-12-12 04:52:31.056000',NULL,NULL,NULL),(311,'bpypwqm98v2av02ix1j5ph2o','plugin::content-manager.explorer.create','{}','api::news-landing.news-landing','{\"fields\": [\"title\", \"seo.metaTitle\", \"seo.metaDescription\", \"seo.preventIndexing\", \"seo.keywords\", \"seo.canonicalUrl\", \"seo.metaHead\", \"seo.ogMeta.name\", \"seo.ogMeta.content\", \"seo.socialMediaMeta.name\", \"seo.socialMediaMeta.content\", \"seo.wordDescription\", \"seo.metaImage\"], \"locales\": [\"en\", \"ar\"]}','[]','2025-12-12 04:52:31.373000','2025-12-12 04:52:31.373000','2025-12-12 04:52:31.374000',NULL,NULL,NULL),(314,'yh1gjn31cf5sd5rawnlfvehl','plugin::content-manager.explorer.create','{}','api::type.type','{\"fields\": [\"title\", \"key\"], \"locales\": [\"en\", \"ar\"]}','[]','2025-12-12 04:52:31.697000','2025-12-12 04:52:31.697000','2025-12-12 04:52:31.698000',NULL,NULL,NULL),(315,'i5dq31oqz27mjg8qkqj5f9hr','plugin::content-manager.explorer.read','{}','api::about-us.about-us','{\"fields\": [\"subTitle\", \"title\", \"description\", \"aboutSection.title\", \"aboutSection.description\", \"aboutSection.image\", \"aboutSection.responsiveImage\", \"cardSection.title\", \"cardSection.description\", \"cardSection.image\", \"cardSection.responsiveImage\", \"sectionTitle\", \"sectionDescription\", \"sections.title\", \"sections.description\", \"sections.image\", \"sections.responsiveImg\", \"sections.imagePosition\", \"sections.tags.title\", \"sections.tags.key\", \"sections.button.label\", \"sections.button.url\", \"sections.button.newTab\", \"seo.metaTitle\", \"seo.metaDescription\", \"seo.preventIndexing\", \"seo.keywords\", \"seo.canonicalUrl\", \"seo.metaHead\", \"seo.ogMeta.name\", \"seo.ogMeta.content\", \"seo.socialMediaMeta.name\", \"seo.socialMediaMeta.content\", \"seo.wordDescription\", \"seo.metaImage\"], \"locales\": [\"en\", \"ar\"]}','[]','2025-12-12 04:52:31.802000','2025-12-12 04:52:31.802000','2025-12-12 04:52:31.803000',NULL,NULL,NULL),(323,'vl3it4zp397rlblirsimh3nb','plugin::content-manager.explorer.read','{}','api::header.header','{\"fields\": [\"logo\", \"colorLogo\", \"menu\", \"showMultilingual\"], \"locales\": [\"en\", \"ar\"]}','[]','2025-12-12 04:52:32.654000','2025-12-12 04:52:32.654000','2025-12-12 04:52:32.654000',NULL,NULL,NULL),(324,'kl3y96b24bvhpvb77d74ewje','plugin::content-manager.explorer.read','{}','api::home.home','{\"fields\": [\"banner.title\", \"banner.subtitle\", \"banner.media\", \"banner.responsiveMedia\", \"banner.type\", \"banner.callToAction.label\", \"banner.callToAction.url\", \"banner.callToAction.newTab\", \"aboutCme.title\", \"aboutCme.subTitle\", \"aboutCme.description\", \"aboutCme.callToAction.label\", \"aboutCme.callToAction.url\", \"aboutCme.callToAction.newTab\", \"aboutCme.image\", \"businessStreams.title\", \"businessStreams.subTitle\", \"businessStreams.serviceData.title\", \"businessStreams.serviceData.description\", \"businessStreams.serviceData.image\", \"businessStreams.serviceData.responsiveImage\", \"trustedBrands.title\", \"trustedBrands.subTitle\", \"trustedPartners.title\", \"trustedPartners.subTitle\", \"trustedPartners.items.title\", \"trustedPartners.items.logo\", \"socialFeeds.title\", \"socialFeeds.subTitle\", \"ourLocations.title\", \"ourLocations.subTitle\", \"aboutGroup.title\", \"aboutGroup.subTitle\", \"aboutGroup.description\", \"aboutGroup.image\", \"aboutGroup.callToAction.label\", \"aboutGroup.callToAction.url\", \"aboutGroup.callToAction.newTab\", \"isNewsEnabled\", \"seo.metaTitle\", \"seo.metaDescription\", \"seo.preventIndexing\", \"seo.keywords\", \"seo.canonicalUrl\", \"seo.metaHead\", \"seo.ogMeta.name\", \"seo.ogMeta.content\", \"seo.socialMediaMeta.name\", \"seo.socialMediaMeta.content\", \"seo.wordDescription\", \"seo.metaImage\"], \"locales\": [\"en\", \"ar\"]}','[]','2025-12-12 04:52:32.756000','2025-12-12 04:52:32.756000','2025-12-12 04:52:32.757000',NULL,NULL,NULL),(327,'h2tl19kbujnpfdnwxilvovut','plugin::content-manager.explorer.read','{}','api::news-landing.news-landing','{\"fields\": [\"title\", \"seo.metaTitle\", \"seo.metaDescription\", \"seo.preventIndexing\", \"seo.keywords\", \"seo.canonicalUrl\", \"seo.metaHead\", \"seo.ogMeta.name\", \"seo.ogMeta.content\", \"seo.socialMediaMeta.name\", \"seo.socialMediaMeta.content\", \"seo.wordDescription\", \"seo.metaImage\"], \"locales\": [\"en\", \"ar\"]}','[]','2025-12-12 04:52:33.074000','2025-12-12 04:52:33.074000','2025-12-12 04:52:33.075000',NULL,NULL,NULL),(330,'ssd7hcs1gvs6tccf94lecv0g','plugin::content-manager.explorer.read','{}','api::type.type','{\"fields\": [\"title\", \"key\"], \"locales\": [\"en\", \"ar\"]}','[]','2025-12-12 04:52:33.427000','2025-12-12 04:52:33.427000','2025-12-12 04:52:33.428000',NULL,NULL,NULL),(331,'u6stf5oj74mvnoov1rwo0kdw','plugin::content-manager.explorer.update','{}','api::about-us.about-us','{\"fields\": [\"subTitle\", \"title\", \"description\", \"aboutSection.title\", \"aboutSection.description\", \"aboutSection.image\", \"aboutSection.responsiveImage\", \"cardSection.title\", \"cardSection.description\", \"cardSection.image\", \"cardSection.responsiveImage\", \"sectionTitle\", \"sectionDescription\", \"sections.title\", \"sections.description\", \"sections.image\", \"sections.responsiveImg\", \"sections.imagePosition\", \"sections.tags.title\", \"sections.tags.key\", \"sections.button.label\", \"sections.button.url\", \"sections.button.newTab\", \"seo.metaTitle\", \"seo.metaDescription\", \"seo.preventIndexing\", \"seo.keywords\", \"seo.canonicalUrl\", \"seo.metaHead\", \"seo.ogMeta.name\", \"seo.ogMeta.content\", \"seo.socialMediaMeta.name\", \"seo.socialMediaMeta.content\", \"seo.wordDescription\", \"seo.metaImage\"], \"locales\": [\"en\", \"ar\"]}','[]','2025-12-12 04:52:33.531000','2025-12-12 04:52:33.531000','2025-12-12 04:52:33.532000',NULL,NULL,NULL),(339,'mg7p7hiyfuveqwmos15wgxic','plugin::content-manager.explorer.update','{}','api::header.header','{\"fields\": [\"logo\", \"colorLogo\", \"menu\", \"showMultilingual\"], \"locales\": [\"en\", \"ar\"]}','[]','2025-12-12 04:52:34.532000','2025-12-12 04:52:34.532000','2025-12-12 04:52:34.533000',NULL,NULL,NULL),(340,'z13rg7v7nqxqucao7vlszldb','plugin::content-manager.explorer.update','{}','api::home.home','{\"fields\": [\"banner.title\", \"banner.subtitle\", \"banner.media\", \"banner.responsiveMedia\", \"banner.type\", \"banner.callToAction.label\", \"banner.callToAction.url\", \"banner.callToAction.newTab\", \"aboutCme.title\", \"aboutCme.subTitle\", \"aboutCme.description\", \"aboutCme.callToAction.label\", \"aboutCme.callToAction.url\", \"aboutCme.callToAction.newTab\", \"aboutCme.image\", \"businessStreams.title\", \"businessStreams.subTitle\", \"businessStreams.serviceData.title\", \"businessStreams.serviceData.description\", \"businessStreams.serviceData.image\", \"businessStreams.serviceData.responsiveImage\", \"trustedBrands.title\", \"trustedBrands.subTitle\", \"trustedPartners.title\", \"trustedPartners.subTitle\", \"trustedPartners.items.title\", \"trustedPartners.items.logo\", \"socialFeeds.title\", \"socialFeeds.subTitle\", \"ourLocations.title\", \"ourLocations.subTitle\", \"aboutGroup.title\", \"aboutGroup.subTitle\", \"aboutGroup.description\", \"aboutGroup.image\", \"aboutGroup.callToAction.label\", \"aboutGroup.callToAction.url\", \"aboutGroup.callToAction.newTab\", \"isNewsEnabled\", \"seo.metaTitle\", \"seo.metaDescription\", \"seo.preventIndexing\", \"seo.keywords\", \"seo.canonicalUrl\", \"seo.metaHead\", \"seo.ogMeta.name\", \"seo.ogMeta.content\", \"seo.socialMediaMeta.name\", \"seo.socialMediaMeta.content\", \"seo.wordDescription\", \"seo.metaImage\"], \"locales\": [\"en\", \"ar\"]}','[]','2025-12-12 04:52:34.638000','2025-12-12 04:52:34.638000','2025-12-12 04:52:34.638000',NULL,NULL,NULL),(343,'si6godpjosad5wfephlfabn4','plugin::content-manager.explorer.update','{}','api::news-landing.news-landing','{\"fields\": [\"title\", \"seo.metaTitle\", \"seo.metaDescription\", \"seo.preventIndexing\", \"seo.keywords\", \"seo.canonicalUrl\", \"seo.metaHead\", \"seo.ogMeta.name\", \"seo.ogMeta.content\", \"seo.socialMediaMeta.name\", \"seo.socialMediaMeta.content\", \"seo.wordDescription\", \"seo.metaImage\"], \"locales\": [\"en\", \"ar\"]}','[]','2025-12-12 04:52:34.954000','2025-12-12 04:52:34.954000','2025-12-12 04:52:34.954000',NULL,NULL,NULL),(346,'m7q37mfmgrhdm4c3cxeyeckk','plugin::content-manager.explorer.update','{}','api::type.type','{\"fields\": [\"title\", \"key\"], \"locales\": [\"en\", \"ar\"]}','[]','2025-12-12 04:52:35.324000','2025-12-12 04:52:35.324000','2025-12-12 04:52:35.324000',NULL,NULL,NULL),(347,'n8lfdbcdy1bbdanj467y2tbq','plugin::content-manager.explorer.delete','{}','api::about-us.about-us','{\"locales\": [\"en\", \"ar\"]}','[]','2025-12-12 04:52:35.439000','2025-12-12 04:52:35.439000','2025-12-12 04:52:35.439000',NULL,NULL,NULL),(348,'mo2p87kqcy7b3prt0uz42ojv','plugin::content-manager.explorer.delete','{}','api::branch.branch','{\"locales\": [\"en\", \"ar\"]}','[]','2025-12-12 04:52:35.551000','2025-12-12 04:52:35.551000','2025-12-12 04:52:35.552000',NULL,NULL,NULL),(349,'w03ufsq7oo1own1bpe4x345b','plugin::content-manager.explorer.delete','{}','api::branch-location.branch-location','{\"locales\": [\"en\", \"ar\"]}','[]','2025-12-12 04:52:35.657000','2025-12-12 04:52:35.657000','2025-12-12 04:52:35.658000',NULL,NULL,NULL),(350,'pb9p98bqww7cf04m0vvyqq63','plugin::content-manager.explorer.delete','{}','api::brand.brand','{\"locales\": [\"en\", \"ar\"]}','[]','2025-12-12 04:52:35.770000','2025-12-12 04:52:35.770000','2025-12-12 04:52:35.771000',NULL,NULL,NULL),(351,'bxzxkz83f2qnn3fs1m5h0oeg','plugin::content-manager.explorer.delete','{}','api::business-stream.business-stream','{\"locales\": [\"en\", \"ar\"]}','[]','2025-12-12 04:52:35.894000','2025-12-12 04:52:35.894000','2025-12-12 04:52:35.895000',NULL,NULL,NULL),(352,'gljql7y74x2gjp01gpflnv98','plugin::content-manager.explorer.delete','{}','api::contact-enquiry.contact-enquiry','{\"locales\": [\"en\", \"ar\"]}','[]','2025-12-12 04:52:36.015000','2025-12-12 04:52:36.015000','2025-12-12 04:52:36.015000',NULL,NULL,NULL),(353,'htpt4ymdfz9vzvljiv1svwed','plugin::content-manager.explorer.delete','{}','api::contact-us.contact-us','{\"locales\": [\"en\", \"ar\"]}','[]','2025-12-12 04:52:36.118000','2025-12-12 04:52:36.118000','2025-12-12 04:52:36.118000',NULL,NULL,NULL),(354,'ybgy55l4f67ly3c9smwb7gzo','plugin::content-manager.explorer.delete','{}','api::news.news','{\"locales\": [\"en\", \"ar\"]}','[]','2025-12-12 04:52:36.221000','2025-12-12 04:52:36.221000','2025-12-12 04:52:36.221000',NULL,NULL,NULL),(355,'k53j1t2yfvgx3ydqotebf5ki','plugin::content-manager.explorer.delete','{}','api::news-landing.news-landing','{\"locales\": [\"en\", \"ar\"]}','[]','2025-12-12 04:52:36.338000','2025-12-12 04:52:36.338000','2025-12-12 04:52:36.338000',NULL,NULL,NULL),(356,'i2emhwurpnca3kcrdoq00koo','plugin::content-manager.explorer.delete','{}','api::service.service','{\"locales\": [\"en\", \"ar\"]}','[]','2025-12-12 04:52:36.443000','2025-12-12 04:52:36.443000','2025-12-12 04:52:36.443000',NULL,NULL,NULL),(357,'zh6lcxgjhhw3cja3ow6848vn','plugin::content-manager.explorer.delete','{}','api::service-category.service-category','{\"locales\": [\"en\", \"ar\"]}','[]','2025-12-12 04:52:36.545000','2025-12-12 04:52:36.545000','2025-12-12 04:52:36.546000',NULL,NULL,NULL),(358,'f6lxpi42tcnwefiea99ok2ar','plugin::content-manager.explorer.delete','{}','api::type.type','{\"locales\": [\"en\", \"ar\"]}','[]','2025-12-12 04:52:36.653000','2025-12-12 04:52:36.653000','2025-12-12 04:52:36.655000',NULL,NULL,NULL),(359,'lcsrcmws2pt03p2a4o4lspen','plugin::content-manager.explorer.publish','{}','api::about-us.about-us','{\"locales\": [\"en\", \"ar\"]}','[]','2025-12-12 04:52:36.772000','2025-12-12 04:52:36.772000','2025-12-12 04:52:36.773000',NULL,NULL,NULL),(360,'yejkha6f3feqq59y7uhii8lv','plugin::content-manager.explorer.publish','{}','api::branch.branch','{\"locales\": [\"en\", \"ar\"]}','[]','2025-12-12 04:52:36.883000','2025-12-12 04:52:36.883000','2025-12-12 04:52:36.884000',NULL,NULL,NULL),(361,'q3rid2seunp2yuzjucrogxrk','plugin::content-manager.explorer.publish','{}','api::branch-location.branch-location','{\"locales\": [\"en\", \"ar\"]}','[]','2025-12-12 04:52:37.000000','2025-12-12 04:52:37.000000','2025-12-12 04:52:37.000000',NULL,NULL,NULL),(362,'kz99xuhovmunbjknnbf83uej','plugin::content-manager.explorer.publish','{}','api::brand.brand','{\"locales\": [\"en\", \"ar\"]}','[]','2025-12-12 04:52:37.111000','2025-12-12 04:52:37.111000','2025-12-12 04:52:37.111000',NULL,NULL,NULL),(363,'ouz9gqavbvdbblggoqpiraia','plugin::content-manager.explorer.publish','{}','api::business-stream.business-stream','{\"locales\": [\"en\", \"ar\"]}','[]','2025-12-12 04:52:37.218000','2025-12-12 04:52:37.218000','2025-12-12 04:52:37.218000',NULL,NULL,NULL),(364,'t8rctpjx400tiqcm6grvs56d','plugin::content-manager.explorer.publish','{}','api::contact-enquiry.contact-enquiry','{\"locales\": [\"en\", \"ar\"]}','[]','2025-12-12 04:52:37.322000','2025-12-12 04:52:37.322000','2025-12-12 04:52:37.322000',NULL,NULL,NULL),(365,'zumelxrppdp65xd2bz4zyplf','plugin::content-manager.explorer.publish','{}','api::contact-us.contact-us','{\"locales\": [\"en\", \"ar\"]}','[]','2025-12-12 04:52:37.423000','2025-12-12 04:52:37.423000','2025-12-12 04:52:37.423000',NULL,NULL,NULL),(366,'bfz3i6c7ufju0qdc1zeocoz2','plugin::content-manager.explorer.publish','{}','api::news.news','{\"locales\": [\"en\", \"ar\"]}','[]','2025-12-12 04:52:37.527000','2025-12-12 04:52:37.527000','2025-12-12 04:52:37.528000',NULL,NULL,NULL),(367,'r2y6ess6n7ehiqun1545a3zn','plugin::content-manager.explorer.publish','{}','api::news-landing.news-landing','{\"locales\": [\"en\", \"ar\"]}','[]','2025-12-12 04:52:37.657000','2025-12-12 04:52:37.657000','2025-12-12 04:52:37.658000',NULL,NULL,NULL),(368,'ohaxvrgso581oqo8w364zrac','plugin::content-manager.explorer.publish','{}','api::service.service','{\"locales\": [\"en\", \"ar\"]}','[]','2025-12-12 04:52:37.773000','2025-12-12 04:52:37.773000','2025-12-12 04:52:37.774000',NULL,NULL,NULL),(369,'wpgaocsinw0850zezyftg187','plugin::content-manager.explorer.publish','{}','api::service-category.service-category','{\"locales\": [\"en\", \"ar\"]}','[]','2025-12-12 04:52:37.882000','2025-12-12 04:52:37.882000','2025-12-12 04:52:37.882000',NULL,NULL,NULL),(370,'ql5nx0epuboesptv9225nz9h','plugin::content-manager.explorer.publish','{}','api::type.type','{\"locales\": [\"en\", \"ar\"]}','[]','2025-12-12 04:52:37.990000','2025-12-12 04:52:37.990000','2025-12-12 04:52:37.991000',NULL,NULL,NULL),(378,'zmfqu7lxzixal447gxa29wyb','plugin::content-manager.explorer.delete','{}','api::service-landing.service-landing','{\"locales\": [\"en\", \"ar\"]}','[]','2025-12-12 12:48:46.408000','2025-12-12 12:48:46.408000','2025-12-12 12:48:46.408000',NULL,NULL,NULL),(380,'zbzc7uaja1c5ncblfqeuy22o','plugin::content-manager.explorer.publish','{}','api::service-landing.service-landing','{\"locales\": [\"en\", \"ar\"]}','[]','2025-12-12 12:48:46.610000','2025-12-12 12:48:46.610000','2025-12-12 12:48:46.611000',NULL,NULL,NULL),(428,'ztuod3bcqwt7ixozuc6dieg5','plugin::content-manager.explorer.create','{}','api::social.social','{\"fields\": [\"title\", \"image\", \"icon\", \"link\", \"typeExternal\"], \"locales\": [\"en\", \"ar\"]}','[]','2026-01-20 05:37:47.112000','2026-01-20 05:37:47.112000','2026-01-20 05:37:47.112000',NULL,NULL,NULL),(432,'r8i2cqxxomj0ovbwqd92wgvj','plugin::content-manager.explorer.read','{}','api::social.social','{\"fields\": [\"title\", \"image\", \"icon\", \"link\", \"typeExternal\"], \"locales\": [\"en\", \"ar\"]}','[]','2026-01-20 05:37:47.546000','2026-01-20 05:37:47.546000','2026-01-20 05:37:47.546000',NULL,NULL,NULL),(436,'rdixmhg3rrmkwutdt7zz1wyl','plugin::content-manager.explorer.update','{}','api::social.social','{\"fields\": [\"title\", \"image\", \"icon\", \"link\", \"typeExternal\"], \"locales\": [\"en\", \"ar\"]}','[]','2026-01-20 05:37:47.971000','2026-01-20 05:37:47.971000','2026-01-20 05:37:47.972000',NULL,NULL,NULL),(437,'qeduujp2axkaf78rwvxpgv0u','plugin::content-manager.explorer.delete','{}','api::automotive-landing.automotive-landing','{\"locales\": [\"en\", \"ar\"]}','[]','2026-01-20 05:37:48.080000','2026-01-20 05:37:48.080000','2026-01-20 05:37:48.081000',NULL,NULL,NULL),(438,'atp9rsbs0s06462drhz7uq0o','plugin::content-manager.explorer.delete','{}','api::product-category.product-category','{\"locales\": [\"en\", \"ar\"]}','[]','2026-01-20 05:37:48.184000','2026-01-20 05:37:48.184000','2026-01-20 05:37:48.185000',NULL,NULL,NULL),(439,'h49iniuxyr5zrdtbu9dunsnw','plugin::content-manager.explorer.delete','{}','api::service-category-type.service-category-type','{\"locales\": [\"en\", \"ar\"]}','[]','2026-01-20 05:37:48.287000','2026-01-20 05:37:48.287000','2026-01-20 05:37:48.288000',NULL,NULL,NULL),(440,'tyhenuqzzeji4l4wpluypic6','plugin::content-manager.explorer.delete','{}','api::social.social','{\"locales\": [\"en\", \"ar\"]}','[]','2026-01-20 05:37:48.393000','2026-01-20 05:37:48.393000','2026-01-20 05:37:48.394000',NULL,NULL,NULL),(441,'tafwelgkoyn6lf8g14jt4965','plugin::content-manager.explorer.publish','{}','api::automotive-landing.automotive-landing','{\"locales\": [\"en\", \"ar\"]}','[]','2026-01-20 05:37:48.497000','2026-01-20 05:37:48.497000','2026-01-20 05:37:48.498000',NULL,NULL,NULL),(442,'t3zd2pp1l5xb56uov2bj1k5a','plugin::content-manager.explorer.publish','{}','api::product-category.product-category','{\"locales\": [\"en\", \"ar\"]}','[]','2026-01-20 05:37:48.600000','2026-01-20 05:37:48.600000','2026-01-20 05:37:48.600000',NULL,NULL,NULL),(443,'rvm3ux7jsy0idw1tisah3yzk','plugin::content-manager.explorer.publish','{}','api::service-category-type.service-category-type','{\"locales\": [\"en\", \"ar\"]}','[]','2026-01-20 05:37:48.707000','2026-01-20 05:37:48.707000','2026-01-20 05:37:48.707000',NULL,NULL,NULL),(444,'ktw2c7479vwvaqo2pq3smjmr','plugin::content-manager.explorer.publish','{}','api::social.social','{\"locales\": [\"en\", \"ar\"]}','[]','2026-01-20 05:37:48.811000','2026-01-20 05:37:48.811000','2026-01-20 05:37:48.811000',NULL,NULL,NULL),(466,'bsspk3zad3nm5q4ogs0kcmcr','plugin::content-manager.explorer.delete','{}','api::power-tool-landing.power-tool-landing','{\"locales\": [\"en\", \"ar\"]}','[]','2026-01-20 06:45:32.031000','2026-01-20 06:45:32.031000','2026-01-20 06:45:32.031000',NULL,NULL,NULL),(467,'a1akpf38pr3pqq6lnr6651sn','plugin::content-manager.explorer.delete','{}','api::tyre-category.tyre-category','{\"locales\": [\"en\", \"ar\"]}','[]','2026-01-20 06:45:32.133000','2026-01-20 06:45:32.133000','2026-01-20 06:45:32.133000',NULL,NULL,NULL),(468,'gor6okngnnnbsy93dclx4m2n','plugin::content-manager.explorer.delete','{}','api::tyre-landing.tyre-landing','{\"locales\": [\"en\", \"ar\"]}','[]','2026-01-20 06:45:32.237000','2026-01-20 06:45:32.237000','2026-01-20 06:45:32.237000',NULL,NULL,NULL),(469,'exf83vwglyclfp5lck147hyl','plugin::content-manager.explorer.delete','{}','api::tyre-service.tyre-service','{\"locales\": [\"en\", \"ar\"]}','[]','2026-01-20 06:45:32.341000','2026-01-20 06:45:32.341000','2026-01-20 06:45:32.341000',NULL,NULL,NULL),(470,'u4pspj8tubheg6dqeyplh11a','plugin::content-manager.explorer.publish','{}','api::power-tool-landing.power-tool-landing','{\"locales\": [\"en\", \"ar\"]}','[]','2026-01-20 06:45:32.443000','2026-01-20 06:45:32.443000','2026-01-20 06:45:32.443000',NULL,NULL,NULL),(471,'vbg8a6cwjfm76y5a2vbpaey5','plugin::content-manager.explorer.publish','{}','api::tyre-category.tyre-category','{\"locales\": [\"en\", \"ar\"]}','[]','2026-01-20 06:45:32.547000','2026-01-20 06:45:32.547000','2026-01-20 06:45:32.547000',NULL,NULL,NULL),(472,'pu1vk2o8162d7f67vkxn9w4w','plugin::content-manager.explorer.publish','{}','api::tyre-landing.tyre-landing','{\"locales\": [\"en\", \"ar\"]}','[]','2026-01-20 06:45:32.653000','2026-01-20 06:45:32.653000','2026-01-20 06:45:32.653000',NULL,NULL,NULL),(473,'m3u5ace8tl359oznoi27l422','plugin::content-manager.explorer.publish','{}','api::tyre-service.tyre-service','{\"locales\": [\"en\", \"ar\"]}','[]','2026-01-20 06:45:32.756000','2026-01-20 06:45:32.756000','2026-01-20 06:45:32.757000',NULL,NULL,NULL),(486,'o4pew4z8mtitoffqkzmrj0bm','plugin::content-manager.explorer.create','{}','api::footer.footer','{\"fields\": [\"logo\", \"description\", \"socialLinks.title\", \"socialLinks.link\", \"socialLinks.icon\", \"socialLinks.isActive\", \"bottomMenu.title\", \"bottomMenu.url\", \"bottomMenu.newTab\", \"bottomMenu.isActive\", \"bottomMenu.key\", \"menu.title\", \"menu.url\", \"menu.newTab\", \"menu.isActive\", \"menu.submenu.title\", \"menu.submenu.url\", \"menu.submenu.newTab\", \"menu.submenu.isActive\", \"menu.submenu.key\", \"copyrightText\"], \"locales\": [\"en\", \"ar\"]}','[]','2026-01-28 10:35:17.423000','2026-01-28 10:35:17.423000','2026-01-28 10:35:17.424000',NULL,NULL,NULL),(487,'b188pe7ut9ntf0ik93kkcgj8','plugin::content-manager.explorer.read','{}','api::footer.footer','{\"fields\": [\"logo\", \"description\", \"socialLinks.title\", \"socialLinks.link\", \"socialLinks.icon\", \"socialLinks.isActive\", \"bottomMenu.title\", \"bottomMenu.url\", \"bottomMenu.newTab\", \"bottomMenu.isActive\", \"bottomMenu.key\", \"menu.title\", \"menu.url\", \"menu.newTab\", \"menu.isActive\", \"menu.submenu.title\", \"menu.submenu.url\", \"menu.submenu.newTab\", \"menu.submenu.isActive\", \"menu.submenu.key\", \"copyrightText\"], \"locales\": [\"en\", \"ar\"]}','[]','2026-01-28 10:35:17.531000','2026-01-28 10:35:17.531000','2026-01-28 10:35:17.532000',NULL,NULL,NULL),(488,'mhkkiivfeivkc4kdazid953f','plugin::content-manager.explorer.update','{}','api::footer.footer','{\"fields\": [\"logo\", \"description\", \"socialLinks.title\", \"socialLinks.link\", \"socialLinks.icon\", \"socialLinks.isActive\", \"bottomMenu.title\", \"bottomMenu.url\", \"bottomMenu.newTab\", \"bottomMenu.isActive\", \"bottomMenu.key\", \"menu.title\", \"menu.url\", \"menu.newTab\", \"menu.isActive\", \"menu.submenu.title\", \"menu.submenu.url\", \"menu.submenu.newTab\", \"menu.submenu.isActive\", \"menu.submenu.key\", \"copyrightText\"], \"locales\": [\"en\", \"ar\"]}','[]','2026-01-28 10:35:17.662000','2026-01-28 10:35:17.662000','2026-01-28 10:35:17.662000',NULL,NULL,NULL),(489,'vb7cd8kvvhtaimlfvwuxpikz','plugin::content-manager.explorer.create','{}','api::contact-enquiry.contact-enquiry','{\"fields\": [\"fullName\", \"email\", \"phoneNumber\", \"message\", \"enquiryType\"], \"locales\": [\"en\", \"ar\"]}','[]','2026-01-30 08:58:18.596000','2026-01-30 08:58:18.596000','2026-01-30 08:58:18.599000',NULL,NULL,NULL),(490,'ugkmzlc69paqub8os8z2tavl','plugin::content-manager.explorer.read','{}','api::contact-enquiry.contact-enquiry','{\"fields\": [\"fullName\", \"email\", \"phoneNumber\", \"message\", \"enquiryType\"], \"locales\": [\"en\", \"ar\"]}','[]','2026-01-30 08:58:18.710000','2026-01-30 08:58:18.710000','2026-01-30 08:58:18.711000',NULL,NULL,NULL),(491,'jvvkjf07jcwh4kz25wq54rh5','plugin::content-manager.explorer.update','{}','api::contact-enquiry.contact-enquiry','{\"fields\": [\"fullName\", \"email\", \"phoneNumber\", \"message\", \"enquiryType\"], \"locales\": [\"en\", \"ar\"]}','[]','2026-01-30 08:58:18.824000','2026-01-30 08:58:18.824000','2026-01-30 08:58:18.824000',NULL,NULL,NULL),(494,'amdthnjcewu2349f51lwtoih','plugin::content-manager.explorer.create','{}','api::location.location','{\"fields\": [\"subTitle\", \"title\", \"description\", \"seo.metaTitle\", \"seo.metaDescription\", \"seo.preventIndexing\", \"seo.keywords\", \"seo.canonicalUrl\", \"seo.metaHead\", \"seo.ogMeta.name\", \"seo.ogMeta.content\", \"seo.socialMediaMeta.name\", \"seo.socialMediaMeta.content\", \"seo.wordDescription\", \"seo.metaImage\", \"locationTypes\"], \"locales\": [\"en\", \"ar\"]}','[]','2026-02-02 05:33:23.725000','2026-02-02 05:33:23.725000','2026-02-02 05:33:23.725000',NULL,NULL,NULL),(495,'s9jk6ok3u9so6au2s6avcjuj','plugin::content-manager.explorer.create','{}','api::news.news','{\"fields\": [\"title\", \"slug\", \"postedDate\", \"smallDescription\", \"description\", \"image\", \"isFeatured\", \"readTime\", \"seo.metaTitle\", \"seo.metaDescription\", \"seo.preventIndexing\", \"seo.keywords\", \"seo.canonicalUrl\", \"seo.metaHead\", \"seo.ogMeta.name\", \"seo.ogMeta.content\", \"seo.socialMediaMeta.name\", \"seo.socialMediaMeta.content\", \"seo.wordDescription\", \"seo.metaImage\", \"types\"], \"locales\": [\"en\", \"ar\"]}','[]','2026-02-02 05:33:23.829000','2026-02-02 05:33:23.829000','2026-02-02 05:33:23.829000',NULL,NULL,NULL),(498,'ko9jek7y3z7p8a3uhz0d9prf','plugin::content-manager.explorer.read','{}','api::location.location','{\"fields\": [\"subTitle\", \"title\", \"description\", \"seo.metaTitle\", \"seo.metaDescription\", \"seo.preventIndexing\", \"seo.keywords\", \"seo.canonicalUrl\", \"seo.metaHead\", \"seo.ogMeta.name\", \"seo.ogMeta.content\", \"seo.socialMediaMeta.name\", \"seo.socialMediaMeta.content\", \"seo.wordDescription\", \"seo.metaImage\", \"locationTypes\"], \"locales\": [\"en\", \"ar\"]}','[]','2026-02-02 05:33:24.157000','2026-02-02 05:33:24.157000','2026-02-02 05:33:24.158000',NULL,NULL,NULL),(499,'cxr67hzckp6vpst9kgxhe4pg','plugin::content-manager.explorer.read','{}','api::news.news','{\"fields\": [\"title\", \"slug\", \"postedDate\", \"smallDescription\", \"description\", \"image\", \"isFeatured\", \"readTime\", \"seo.metaTitle\", \"seo.metaDescription\", \"seo.preventIndexing\", \"seo.keywords\", \"seo.canonicalUrl\", \"seo.metaHead\", \"seo.ogMeta.name\", \"seo.ogMeta.content\", \"seo.socialMediaMeta.name\", \"seo.socialMediaMeta.content\", \"seo.wordDescription\", \"seo.metaImage\", \"types\"], \"locales\": [\"en\", \"ar\"]}','[]','2026-02-02 05:33:24.277000','2026-02-02 05:33:24.277000','2026-02-02 05:33:24.277000',NULL,NULL,NULL),(502,'kljviv9mv1k6svvye2v2v7cc','plugin::content-manager.explorer.update','{}','api::location.location','{\"fields\": [\"subTitle\", \"title\", \"description\", \"seo.metaTitle\", \"seo.metaDescription\", \"seo.preventIndexing\", \"seo.keywords\", \"seo.canonicalUrl\", \"seo.metaHead\", \"seo.ogMeta.name\", \"seo.ogMeta.content\", \"seo.socialMediaMeta.name\", \"seo.socialMediaMeta.content\", \"seo.wordDescription\", \"seo.metaImage\", \"locationTypes\"], \"locales\": [\"en\", \"ar\"]}','[]','2026-02-02 05:33:24.628000','2026-02-02 05:33:24.628000','2026-02-02 05:33:24.629000',NULL,NULL,NULL),(503,'bhkiipwrhyrjs6twlevp6co4','plugin::content-manager.explorer.update','{}','api::news.news','{\"fields\": [\"title\", \"slug\", \"postedDate\", \"smallDescription\", \"description\", \"image\", \"isFeatured\", \"readTime\", \"seo.metaTitle\", \"seo.metaDescription\", \"seo.preventIndexing\", \"seo.keywords\", \"seo.canonicalUrl\", \"seo.metaHead\", \"seo.ogMeta.name\", \"seo.ogMeta.content\", \"seo.socialMediaMeta.name\", \"seo.socialMediaMeta.content\", \"seo.wordDescription\", \"seo.metaImage\", \"types\"], \"locales\": [\"en\", \"ar\"]}','[]','2026-02-02 05:33:24.748000','2026-02-02 05:33:24.748000','2026-02-02 05:33:24.748000',NULL,NULL,NULL),(504,'bg3p56ufy99tyung1dfs74nn','plugin::content-manager.explorer.create','{}','api::brand.brand','{\"fields\": [\"title\", \"image\", \"types\", \"commonUrl\", \"enableCommonUrl\", \"automotiveUrl\", \"enableAutomotiveUrl\", \"powerToolUrl\", \"enablePowerToolUrl\", \"tyreUrl\", \"enableTyreUrl\", \"isFeatured\"], \"locales\": [\"en\", \"ar\"]}','[]','2026-02-03 07:17:32.803000','2026-02-03 07:17:32.803000','2026-02-03 07:17:32.805000',NULL,NULL,NULL),(505,'gthv9nw90y2fv40ngzjtgino','plugin::content-manager.explorer.read','{}','api::brand.brand','{\"fields\": [\"title\", \"image\", \"types\", \"commonUrl\", \"enableCommonUrl\", \"automotiveUrl\", \"enableAutomotiveUrl\", \"powerToolUrl\", \"enablePowerToolUrl\", \"tyreUrl\", \"enableTyreUrl\", \"isFeatured\"], \"locales\": [\"en\", \"ar\"]}','[]','2026-02-03 07:17:33.006000','2026-02-03 07:17:33.006000','2026-02-03 07:17:33.007000',NULL,NULL,NULL),(506,'jxhl2j1zi4v9wbbbiunnnpvr','plugin::content-manager.explorer.update','{}','api::brand.brand','{\"fields\": [\"title\", \"image\", \"types\", \"commonUrl\", \"enableCommonUrl\", \"automotiveUrl\", \"enableAutomotiveUrl\", \"powerToolUrl\", \"enablePowerToolUrl\", \"tyreUrl\", \"enableTyreUrl\", \"isFeatured\"], \"locales\": [\"en\", \"ar\"]}','[]','2026-02-03 07:17:33.210000','2026-02-03 07:17:33.210000','2026-02-03 07:17:33.211000',NULL,NULL,NULL),(510,'u47e37s15jr3mqa59i4z13zk','plugin::content-manager.explorer.delete','{}','api::power-category.power-category','{\"locales\": [\"en\", \"ar\"]}','[]','2026-02-05 04:41:14.221000','2026-02-05 04:41:14.221000','2026-02-05 04:41:14.221000',NULL,NULL,NULL),(511,'jbrf0whrenj8w674kjzy8evp','plugin::content-manager.explorer.publish','{}','api::power-category.power-category','{\"locales\": [\"en\", \"ar\"]}','[]','2026-02-05 04:41:14.327000','2026-02-05 04:41:14.327000','2026-02-05 04:41:14.327000',NULL,NULL,NULL),(512,'vfl2v9j7qhqsspq9upvf2qlg','plugin::content-manager.explorer.create','{}','api::service-landing.service-landing','{\"fields\": [\"banner.title\", \"banner.subtitle\", \"banner.media\", \"banner.responsiveMedia\", \"banner.type\", \"banner.callToAction.label\", \"banner.callToAction.url\", \"banner.callToAction.newTab\", \"serviceHeading\", \"description\", \"seo.metaTitle\", \"seo.metaDescription\", \"seo.preventIndexing\", \"seo.keywords\", \"seo.canonicalUrl\", \"seo.metaHead\", \"seo.ogMeta.name\", \"seo.ogMeta.content\", \"seo.socialMediaMeta.name\", \"seo.socialMediaMeta.content\", \"seo.wordDescription\", \"seo.metaImage\", \"serviceLocations.title\", \"serviceLocations.slug\", \"serviceLocations.address\", \"serviceLocations.branchLocation\", \"serviceLocations.phoneNumbers.phone\", \"serviceLocations.image\", \"serviceLocations.previewImage\", \"serviceLocations.embededMapUrl\", \"serviceLocations.mapUrl\", \"locationTypes\"], \"locales\": [\"en\", \"ar\"]}','[]','2026-02-25 09:46:12.140000','2026-02-25 09:46:12.140000','2026-02-25 09:46:12.145000',NULL,NULL,NULL),(513,'hgr42rdc6e4clavyr86oqzwo','plugin::content-manager.explorer.read','{}','api::service-landing.service-landing','{\"fields\": [\"banner.title\", \"banner.subtitle\", \"banner.media\", \"banner.responsiveMedia\", \"banner.type\", \"banner.callToAction.label\", \"banner.callToAction.url\", \"banner.callToAction.newTab\", \"serviceHeading\", \"description\", \"seo.metaTitle\", \"seo.metaDescription\", \"seo.preventIndexing\", \"seo.keywords\", \"seo.canonicalUrl\", \"seo.metaHead\", \"seo.ogMeta.name\", \"seo.ogMeta.content\", \"seo.socialMediaMeta.name\", \"seo.socialMediaMeta.content\", \"seo.wordDescription\", \"seo.metaImage\", \"serviceLocations.title\", \"serviceLocations.slug\", \"serviceLocations.address\", \"serviceLocations.branchLocation\", \"serviceLocations.phoneNumbers.phone\", \"serviceLocations.image\", \"serviceLocations.previewImage\", \"serviceLocations.embededMapUrl\", \"serviceLocations.mapUrl\", \"locationTypes\"], \"locales\": [\"en\", \"ar\"]}','[]','2026-02-25 09:46:12.255000','2026-02-25 09:46:12.255000','2026-02-25 09:46:12.256000',NULL,NULL,NULL),(514,'vyffh9r1wv4kdablwmy2zbqy','plugin::content-manager.explorer.update','{}','api::service-landing.service-landing','{\"fields\": [\"banner.title\", \"banner.subtitle\", \"banner.media\", \"banner.responsiveMedia\", \"banner.type\", \"banner.callToAction.label\", \"banner.callToAction.url\", \"banner.callToAction.newTab\", \"serviceHeading\", \"description\", \"seo.metaTitle\", \"seo.metaDescription\", \"seo.preventIndexing\", \"seo.keywords\", \"seo.canonicalUrl\", \"seo.metaHead\", \"seo.ogMeta.name\", \"seo.ogMeta.content\", \"seo.socialMediaMeta.name\", \"seo.socialMediaMeta.content\", \"seo.wordDescription\", \"seo.metaImage\", \"serviceLocations.title\", \"serviceLocations.slug\", \"serviceLocations.address\", \"serviceLocations.branchLocation\", \"serviceLocations.phoneNumbers.phone\", \"serviceLocations.image\", \"serviceLocations.previewImage\", \"serviceLocations.embededMapUrl\", \"serviceLocations.mapUrl\", \"locationTypes\"], \"locales\": [\"en\", \"ar\"]}','[]','2026-02-25 09:46:12.359000','2026-02-25 09:46:12.359000','2026-02-25 09:46:12.360000',NULL,NULL,NULL),(521,'x9s4i1q6erki31gax29w3c56','plugin::content-manager.explorer.delete','{}','api::power-top-category.power-top-category','{\"locales\": [\"en\", \"ar\"]}','[]','2026-03-06 05:21:43.207000','2026-03-06 05:21:43.207000','2026-03-06 05:21:43.208000',NULL,NULL,NULL),(522,'xvjabm3okp8nti40zw7gwocy','plugin::content-manager.explorer.publish','{}','api::power-top-category.power-top-category','{\"locales\": [\"en\", \"ar\"]}','[]','2026-03-06 05:21:43.309000','2026-03-06 05:21:43.309000','2026-03-06 05:21:43.309000',NULL,NULL,NULL),(523,'m7afyda8w75lxihmxxxd05y8','plugin::content-manager.explorer.create','{}','api::power-category.power-category','{\"fields\": [\"title\", \"image\", \"slug\", \"displayOrder\"], \"locales\": [\"en\", \"ar\"]}','[]','2026-03-09 06:43:11.220000','2026-03-09 06:43:11.220000','2026-03-09 06:43:11.223000',NULL,NULL,NULL),(524,'o3bo0w1dcazov48eyzmnlzm8','plugin::content-manager.explorer.create','{}','api::power-top-category.power-top-category','{\"fields\": [\"title\", \"image\", \"slug\", \"displayOrder\"], \"locales\": [\"en\", \"ar\"]}','[]','2026-03-09 06:43:11.332000','2026-03-09 06:43:11.332000','2026-03-09 06:43:11.332000',NULL,NULL,NULL),(525,'qk04o2pqqc0uioa7ami0ggy1','plugin::content-manager.explorer.create','{}','api::product-category.product-category','{\"fields\": [\"title\", \"image\", \"slug\", \"displayOrder\"], \"locales\": [\"en\", \"ar\"]}','[]','2026-03-09 06:43:11.433000','2026-03-09 06:43:11.433000','2026-03-09 06:43:11.434000',NULL,NULL,NULL),(526,'f3dqekn0ehglr8k610brhmdh','plugin::content-manager.explorer.create','{}','api::service-category-type.service-category-type','{\"fields\": [\"title\", \"image\", \"slug\", \"displayOrder\"], \"locales\": [\"en\", \"ar\"]}','[]','2026-03-09 06:43:11.538000','2026-03-09 06:43:11.538000','2026-03-09 06:43:11.538000',NULL,NULL,NULL),(527,'xizb6tznvgmje7bfjz3s6vzi','plugin::content-manager.explorer.create','{}','api::tyre-category.tyre-category','{\"fields\": [\"title\", \"image\", \"slug\", \"displayOrder\"], \"locales\": [\"en\", \"ar\"]}','[]','2026-03-09 06:43:11.646000','2026-03-09 06:43:11.646000','2026-03-09 06:43:11.646000',NULL,NULL,NULL),(528,'pm1b3ki9btjcqqw9pwc59r6m','plugin::content-manager.explorer.read','{}','api::power-category.power-category','{\"fields\": [\"title\", \"image\", \"slug\", \"displayOrder\"], \"locales\": [\"en\", \"ar\"]}','[]','2026-03-09 06:43:11.755000','2026-03-09 06:43:11.755000','2026-03-09 06:43:11.755000',NULL,NULL,NULL),(529,'al8v9r92qz116jmmx7dzydet','plugin::content-manager.explorer.read','{}','api::power-top-category.power-top-category','{\"fields\": [\"title\", \"image\", \"slug\", \"displayOrder\"], \"locales\": [\"en\", \"ar\"]}','[]','2026-03-09 06:43:11.858000','2026-03-09 06:43:11.858000','2026-03-09 06:43:11.858000',NULL,NULL,NULL),(530,'zpaycgqxjccxs1n3rbe7euhg','plugin::content-manager.explorer.read','{}','api::product-category.product-category','{\"fields\": [\"title\", \"image\", \"slug\", \"displayOrder\"], \"locales\": [\"en\", \"ar\"]}','[]','2026-03-09 06:43:11.967000','2026-03-09 06:43:11.967000','2026-03-09 06:43:11.967000',NULL,NULL,NULL),(531,'kplg0ktpa6fmuz62nzqba4h5','plugin::content-manager.explorer.read','{}','api::service-category-type.service-category-type','{\"fields\": [\"title\", \"image\", \"slug\", \"displayOrder\"], \"locales\": [\"en\", \"ar\"]}','[]','2026-03-09 06:43:12.077000','2026-03-09 06:43:12.077000','2026-03-09 06:43:12.078000',NULL,NULL,NULL),(532,'dusnwj9eq2mlvs3m1tys8fbm','plugin::content-manager.explorer.read','{}','api::tyre-category.tyre-category','{\"fields\": [\"title\", \"image\", \"slug\", \"displayOrder\"], \"locales\": [\"en\", \"ar\"]}','[]','2026-03-09 06:43:12.182000','2026-03-09 06:43:12.182000','2026-03-09 06:43:12.183000',NULL,NULL,NULL),(533,'mex7c31ckgpwv4lh1obw6msp','plugin::content-manager.explorer.update','{}','api::power-category.power-category','{\"fields\": [\"title\", \"image\", \"slug\", \"displayOrder\"], \"locales\": [\"en\", \"ar\"]}','[]','2026-03-09 06:43:12.304000','2026-03-09 06:43:12.304000','2026-03-09 06:43:12.304000',NULL,NULL,NULL),(534,'qrxl4ri258mszbuhjg7m4ael','plugin::content-manager.explorer.update','{}','api::power-top-category.power-top-category','{\"fields\": [\"title\", \"image\", \"slug\", \"displayOrder\"], \"locales\": [\"en\", \"ar\"]}','[]','2026-03-09 06:43:12.411000','2026-03-09 06:43:12.411000','2026-03-09 06:43:12.411000',NULL,NULL,NULL),(535,'rbg2znp4zichcq2wz15ub2hx','plugin::content-manager.explorer.update','{}','api::product-category.product-category','{\"fields\": [\"title\", \"image\", \"slug\", \"displayOrder\"], \"locales\": [\"en\", \"ar\"]}','[]','2026-03-09 06:43:12.529000','2026-03-09 06:43:12.529000','2026-03-09 06:43:12.530000',NULL,NULL,NULL),(536,'fgy3otxm4yjoj3wc3pub3klu','plugin::content-manager.explorer.update','{}','api::service-category-type.service-category-type','{\"fields\": [\"title\", \"image\", \"slug\", \"displayOrder\"], \"locales\": [\"en\", \"ar\"]}','[]','2026-03-09 06:43:12.642000','2026-03-09 06:43:12.642000','2026-03-09 06:43:12.642000',NULL,NULL,NULL),(537,'w2377ycwbvidblw87jqzs33n','plugin::content-manager.explorer.update','{}','api::tyre-category.tyre-category','{\"fields\": [\"title\", \"image\", \"slug\", \"displayOrder\"], \"locales\": [\"en\", \"ar\"]}','[]','2026-03-09 06:43:12.745000','2026-03-09 06:43:12.745000','2026-03-09 06:43:12.746000',NULL,NULL,NULL),(538,'bp9jtusi8cf59nb1kyjwlepx','plugin::content-manager.explorer.create','{}','api::tyre-service.tyre-service','{\"fields\": [\"title\", \"image\", \"slug\", \"displayOrder\"], \"locales\": [\"en\", \"ar\"]}','[]','2026-03-09 07:23:53.398000','2026-03-09 07:23:53.398000','2026-03-09 07:23:53.400000',NULL,NULL,NULL),(539,'sap9qhgcf7s9x1tzgblpbhum','plugin::content-manager.explorer.read','{}','api::tyre-service.tyre-service','{\"fields\": [\"title\", \"image\", \"slug\", \"displayOrder\"], \"locales\": [\"en\", \"ar\"]}','[]','2026-03-09 07:23:53.541000','2026-03-09 07:23:53.541000','2026-03-09 07:23:53.543000',NULL,NULL,NULL),(540,'bj00sdpdk4oeztboeqdfd8hg','plugin::content-manager.explorer.update','{}','api::tyre-service.tyre-service','{\"fields\": [\"title\", \"image\", \"slug\", \"displayOrder\"], \"locales\": [\"en\", \"ar\"]}','[]','2026-03-09 07:23:53.676000','2026-03-09 07:23:53.676000','2026-03-09 07:23:53.677000',NULL,NULL,NULL),(541,'yx6dqawuxwas414myltlvf3n','plugin::content-manager.explorer.create','{}','api::automotive-landing.automotive-landing','{\"fields\": [\"title\", \"banner.title\", \"banner.subtitle\", \"banner.media\", \"banner.responsiveMedia\", \"banner.type\", \"banner.callToAction.label\", \"banner.callToAction.url\", \"banner.callToAction.newTab\", \"seo.metaTitle\", \"seo.metaDescription\", \"seo.preventIndexing\", \"seo.keywords\", \"seo.canonicalUrl\", \"seo.metaHead\", \"seo.ogMeta.name\", \"seo.ogMeta.content\", \"seo.socialMediaMeta.name\", \"seo.socialMediaMeta.content\", \"seo.wordDescription\", \"seo.metaImage\", \"locationTypes\", \"socialFeeds.title\", \"socialFeeds.subTitle\"], \"locales\": [\"en\", \"ar\"]}','[]','2026-03-09 13:52:50.666000','2026-03-09 13:52:50.666000','2026-03-09 13:52:50.668000',NULL,NULL,NULL),(542,'r6ptc1ux55b3mc655hnwlyou','plugin::content-manager.explorer.create','{}','api::power-tool-landing.power-tool-landing','{\"fields\": [\"title\", \"banner.title\", \"banner.subtitle\", \"banner.media\", \"banner.responsiveMedia\", \"banner.type\", \"banner.callToAction.label\", \"banner.callToAction.url\", \"banner.callToAction.newTab\", \"mainTitle\", \"mainDescription\", \"seo.metaTitle\", \"seo.metaDescription\", \"seo.preventIndexing\", \"seo.keywords\", \"seo.canonicalUrl\", \"seo.metaHead\", \"seo.ogMeta.name\", \"seo.ogMeta.content\", \"seo.socialMediaMeta.name\", \"seo.socialMediaMeta.content\", \"seo.wordDescription\", \"seo.metaImage\", \"locationTypes\", \"socialFeeds.title\", \"socialFeeds.subTitle\"], \"locales\": [\"en\", \"ar\"]}','[]','2026-03-09 13:52:50.782000','2026-03-09 13:52:50.782000','2026-03-09 13:52:50.783000',NULL,NULL,NULL),(543,'c84v581u9ghgvqyfl4k72nux','plugin::content-manager.explorer.create','{}','api::tyre-landing.tyre-landing','{\"fields\": [\"title\", \"banner.title\", \"banner.subtitle\", \"banner.media\", \"banner.responsiveMedia\", \"banner.type\", \"banner.callToAction.label\", \"banner.callToAction.url\", \"banner.callToAction.newTab\", \"bookService.title\", \"bookService.description\", \"mobileService.title\", \"mobileService.description\", \"seo.metaTitle\", \"seo.metaDescription\", \"seo.preventIndexing\", \"seo.keywords\", \"seo.canonicalUrl\", \"seo.metaHead\", \"seo.ogMeta.name\", \"seo.ogMeta.content\", \"seo.socialMediaMeta.name\", \"seo.socialMediaMeta.content\", \"seo.wordDescription\", \"seo.metaImage\", \"locationTypes\", \"socialFeeds.title\", \"socialFeeds.subTitle\"], \"locales\": [\"en\", \"ar\"]}','[]','2026-03-09 13:52:50.887000','2026-03-09 13:52:50.887000','2026-03-09 13:52:50.888000',NULL,NULL,NULL),(544,'cmaemxt3908jqz88txydi6jc','plugin::content-manager.explorer.read','{}','api::automotive-landing.automotive-landing','{\"fields\": [\"title\", \"banner.title\", \"banner.subtitle\", \"banner.media\", \"banner.responsiveMedia\", \"banner.type\", \"banner.callToAction.label\", \"banner.callToAction.url\", \"banner.callToAction.newTab\", \"seo.metaTitle\", \"seo.metaDescription\", \"seo.preventIndexing\", \"seo.keywords\", \"seo.canonicalUrl\", \"seo.metaHead\", \"seo.ogMeta.name\", \"seo.ogMeta.content\", \"seo.socialMediaMeta.name\", \"seo.socialMediaMeta.content\", \"seo.wordDescription\", \"seo.metaImage\", \"locationTypes\", \"socialFeeds.title\", \"socialFeeds.subTitle\"], \"locales\": [\"en\", \"ar\"]}','[]','2026-03-09 13:52:50.993000','2026-03-09 13:52:50.993000','2026-03-09 13:52:50.993000',NULL,NULL,NULL),(545,'r82nvuw2wcg5v3n6lea629dw','plugin::content-manager.explorer.read','{}','api::power-tool-landing.power-tool-landing','{\"fields\": [\"title\", \"banner.title\", \"banner.subtitle\", \"banner.media\", \"banner.responsiveMedia\", \"banner.type\", \"banner.callToAction.label\", \"banner.callToAction.url\", \"banner.callToAction.newTab\", \"mainTitle\", \"mainDescription\", \"seo.metaTitle\", \"seo.metaDescription\", \"seo.preventIndexing\", \"seo.keywords\", \"seo.canonicalUrl\", \"seo.metaHead\", \"seo.ogMeta.name\", \"seo.ogMeta.content\", \"seo.socialMediaMeta.name\", \"seo.socialMediaMeta.content\", \"seo.wordDescription\", \"seo.metaImage\", \"locationTypes\", \"socialFeeds.title\", \"socialFeeds.subTitle\"], \"locales\": [\"en\", \"ar\"]}','[]','2026-03-09 13:52:51.094000','2026-03-09 13:52:51.094000','2026-03-09 13:52:51.094000',NULL,NULL,NULL),(546,'w9ku9l1714vzmmfl3hmlfbvg','plugin::content-manager.explorer.read','{}','api::tyre-landing.tyre-landing','{\"fields\": [\"title\", \"banner.title\", \"banner.subtitle\", \"banner.media\", \"banner.responsiveMedia\", \"banner.type\", \"banner.callToAction.label\", \"banner.callToAction.url\", \"banner.callToAction.newTab\", \"bookService.title\", \"bookService.description\", \"mobileService.title\", \"mobileService.description\", \"seo.metaTitle\", \"seo.metaDescription\", \"seo.preventIndexing\", \"seo.keywords\", \"seo.canonicalUrl\", \"seo.metaHead\", \"seo.ogMeta.name\", \"seo.ogMeta.content\", \"seo.socialMediaMeta.name\", \"seo.socialMediaMeta.content\", \"seo.wordDescription\", \"seo.metaImage\", \"locationTypes\", \"socialFeeds.title\", \"socialFeeds.subTitle\"], \"locales\": [\"en\", \"ar\"]}','[]','2026-03-09 13:52:51.197000','2026-03-09 13:52:51.197000','2026-03-09 13:52:51.198000',NULL,NULL,NULL),(547,'s6eefe4e8ahj6knyy0d6rv9l','plugin::content-manager.explorer.update','{}','api::automotive-landing.automotive-landing','{\"fields\": [\"title\", \"banner.title\", \"banner.subtitle\", \"banner.media\", \"banner.responsiveMedia\", \"banner.type\", \"banner.callToAction.label\", \"banner.callToAction.url\", \"banner.callToAction.newTab\", \"seo.metaTitle\", \"seo.metaDescription\", \"seo.preventIndexing\", \"seo.keywords\", \"seo.canonicalUrl\", \"seo.metaHead\", \"seo.ogMeta.name\", \"seo.ogMeta.content\", \"seo.socialMediaMeta.name\", \"seo.socialMediaMeta.content\", \"seo.wordDescription\", \"seo.metaImage\", \"locationTypes\", \"socialFeeds.title\", \"socialFeeds.subTitle\"], \"locales\": [\"en\", \"ar\"]}','[]','2026-03-09 13:52:51.302000','2026-03-09 13:52:51.302000','2026-03-09 13:52:51.303000',NULL,NULL,NULL),(548,'ff93fx94yuistgd922jcgo7g','plugin::content-manager.explorer.update','{}','api::power-tool-landing.power-tool-landing','{\"fields\": [\"title\", \"banner.title\", \"banner.subtitle\", \"banner.media\", \"banner.responsiveMedia\", \"banner.type\", \"banner.callToAction.label\", \"banner.callToAction.url\", \"banner.callToAction.newTab\", \"mainTitle\", \"mainDescription\", \"seo.metaTitle\", \"seo.metaDescription\", \"seo.preventIndexing\", \"seo.keywords\", \"seo.canonicalUrl\", \"seo.metaHead\", \"seo.ogMeta.name\", \"seo.ogMeta.content\", \"seo.socialMediaMeta.name\", \"seo.socialMediaMeta.content\", \"seo.wordDescription\", \"seo.metaImage\", \"locationTypes\", \"socialFeeds.title\", \"socialFeeds.subTitle\"], \"locales\": [\"en\", \"ar\"]}','[]','2026-03-09 13:52:51.405000','2026-03-09 13:52:51.405000','2026-03-09 13:52:51.406000',NULL,NULL,NULL),(549,'mzlfxbf0b854p6v0f2s0lep9','plugin::content-manager.explorer.update','{}','api::tyre-landing.tyre-landing','{\"fields\": [\"title\", \"banner.title\", \"banner.subtitle\", \"banner.media\", \"banner.responsiveMedia\", \"banner.type\", \"banner.callToAction.label\", \"banner.callToAction.url\", \"banner.callToAction.newTab\", \"bookService.title\", \"bookService.description\", \"mobileService.title\", \"mobileService.description\", \"seo.metaTitle\", \"seo.metaDescription\", \"seo.preventIndexing\", \"seo.keywords\", \"seo.canonicalUrl\", \"seo.metaHead\", \"seo.ogMeta.name\", \"seo.ogMeta.content\", \"seo.socialMediaMeta.name\", \"seo.socialMediaMeta.content\", \"seo.wordDescription\", \"seo.metaImage\", \"locationTypes\", \"socialFeeds.title\", \"socialFeeds.subTitle\"], \"locales\": [\"en\", \"ar\"]}','[]','2026-03-09 13:52:51.510000','2026-03-09 13:52:51.510000','2026-03-09 13:52:51.511000',NULL,NULL,NULL),(565,'qo8x2nqvojw2w40fshf6g7ih','plugin::content-manager.explorer.create','{}','api::service.service','{\"fields\": [\"title\", \"slug\", \"serviceType\", \"banner.title\", \"banner.subtitle\", \"banner.media\", \"banner.responsiveMedia\", \"banner.type\", \"banner.callToAction.label\", \"banner.callToAction.url\", \"banner.callToAction.newTab\", \"listDesc\", \"listImage\", \"locationTypes\", \"breadCrumb.label\", \"breadCrumb.url\", \"breadCrumb.newTab\", \"serviceContent\", \"seo.metaTitle\", \"seo.metaDescription\", \"seo.preventIndexing\", \"seo.keywords\", \"seo.canonicalUrl\", \"seo.metaHead\", \"seo.ogMeta.name\", \"seo.ogMeta.content\", \"seo.socialMediaMeta.name\", \"seo.socialMediaMeta.content\", \"seo.wordDescription\", \"seo.metaImage\", \"showBookServiceForm\", \"showMobileServiceForm\", \"bookService.title\", \"bookService.description\", \"mobileService.title\", \"mobileService.description\", \"headerServiceSortOrder\"], \"locales\": [\"en\", \"ar\"]}','[]','2026-03-12 06:00:09.638000','2026-03-12 06:00:09.638000','2026-03-12 06:00:09.642000',NULL,NULL,NULL),(566,'ie4nt87yflqhhn57yvwdh4sl','plugin::content-manager.explorer.create','{}','api::service-category.service-category','{\"fields\": [\"title\", \"slug\", \"description\", \"image\", \"menuImage\", \"banner.title\", \"banner.subtitle\", \"banner.media\", \"banner.responsiveMedia\", \"banner.type\", \"banner.callToAction.label\", \"banner.callToAction.url\", \"banner.callToAction.newTab\", \"servicesList.title\", \"servicesList.subTitle\", \"servicesList.description\", \"servicesList.horizontalAlignment\", \"seo.metaTitle\", \"seo.metaDescription\", \"seo.preventIndexing\", \"seo.keywords\", \"seo.canonicalUrl\", \"seo.metaHead\", \"seo.ogMeta.name\", \"seo.ogMeta.content\", \"seo.socialMediaMeta.name\", \"seo.socialMediaMeta.content\", \"seo.wordDescription\", \"seo.metaImage\", \"headerServicesSortOrder\"], \"locales\": [\"en\", \"ar\"]}','[]','2026-03-12 06:00:09.771000','2026-03-12 06:00:09.771000','2026-03-12 06:00:09.772000',NULL,NULL,NULL),(567,'imuix5o55akrxcyer3br4hv5','plugin::content-manager.explorer.read','{}','api::service.service','{\"fields\": [\"title\", \"slug\", \"serviceType\", \"banner.title\", \"banner.subtitle\", \"banner.media\", \"banner.responsiveMedia\", \"banner.type\", \"banner.callToAction.label\", \"banner.callToAction.url\", \"banner.callToAction.newTab\", \"listDesc\", \"listImage\", \"locationTypes\", \"breadCrumb.label\", \"breadCrumb.url\", \"breadCrumb.newTab\", \"serviceContent\", \"seo.metaTitle\", \"seo.metaDescription\", \"seo.preventIndexing\", \"seo.keywords\", \"seo.canonicalUrl\", \"seo.metaHead\", \"seo.ogMeta.name\", \"seo.ogMeta.content\", \"seo.socialMediaMeta.name\", \"seo.socialMediaMeta.content\", \"seo.wordDescription\", \"seo.metaImage\", \"showBookServiceForm\", \"showMobileServiceForm\", \"bookService.title\", \"bookService.description\", \"mobileService.title\", \"mobileService.description\", \"headerServiceSortOrder\"], \"locales\": [\"en\", \"ar\"]}','[]','2026-03-12 06:00:09.892000','2026-03-12 06:00:09.892000','2026-03-12 06:00:09.892000',NULL,NULL,NULL),(568,'b2fbs12bgfd4c2jqdmiqkhyn','plugin::content-manager.explorer.read','{}','api::service-category.service-category','{\"fields\": [\"title\", \"slug\", \"description\", \"image\", \"menuImage\", \"banner.title\", \"banner.subtitle\", \"banner.media\", \"banner.responsiveMedia\", \"banner.type\", \"banner.callToAction.label\", \"banner.callToAction.url\", \"banner.callToAction.newTab\", \"servicesList.title\", \"servicesList.subTitle\", \"servicesList.description\", \"servicesList.horizontalAlignment\", \"seo.metaTitle\", \"seo.metaDescription\", \"seo.preventIndexing\", \"seo.keywords\", \"seo.canonicalUrl\", \"seo.metaHead\", \"seo.ogMeta.name\", \"seo.ogMeta.content\", \"seo.socialMediaMeta.name\", \"seo.socialMediaMeta.content\", \"seo.wordDescription\", \"seo.metaImage\", \"headerServicesSortOrder\"], \"locales\": [\"en\", \"ar\"]}','[]','2026-03-12 06:00:10.018000','2026-03-12 06:00:10.018000','2026-03-12 06:00:10.019000',NULL,NULL,NULL),(569,'dt7xebel5810p88e3cd65ybd','plugin::content-manager.explorer.update','{}','api::service.service','{\"fields\": [\"title\", \"slug\", \"serviceType\", \"banner.title\", \"banner.subtitle\", \"banner.media\", \"banner.responsiveMedia\", \"banner.type\", \"banner.callToAction.label\", \"banner.callToAction.url\", \"banner.callToAction.newTab\", \"listDesc\", \"listImage\", \"locationTypes\", \"breadCrumb.label\", \"breadCrumb.url\", \"breadCrumb.newTab\", \"serviceContent\", \"seo.metaTitle\", \"seo.metaDescription\", \"seo.preventIndexing\", \"seo.keywords\", \"seo.canonicalUrl\", \"seo.metaHead\", \"seo.ogMeta.name\", \"seo.ogMeta.content\", \"seo.socialMediaMeta.name\", \"seo.socialMediaMeta.content\", \"seo.wordDescription\", \"seo.metaImage\", \"showBookServiceForm\", \"showMobileServiceForm\", \"bookService.title\", \"bookService.description\", \"mobileService.title\", \"mobileService.description\", \"headerServiceSortOrder\"], \"locales\": [\"en\", \"ar\"]}','[]','2026-03-12 06:00:10.132000','2026-03-12 06:00:10.132000','2026-03-12 06:00:10.133000',NULL,NULL,NULL),(570,'nbloc7zpfswnvbtmx9pxyo1y','plugin::content-manager.explorer.update','{}','api::service-category.service-category','{\"fields\": [\"title\", \"slug\", \"description\", \"image\", \"menuImage\", \"banner.title\", \"banner.subtitle\", \"banner.media\", \"banner.responsiveMedia\", \"banner.type\", \"banner.callToAction.label\", \"banner.callToAction.url\", \"banner.callToAction.newTab\", \"servicesList.title\", \"servicesList.subTitle\", \"servicesList.description\", \"servicesList.horizontalAlignment\", \"seo.metaTitle\", \"seo.metaDescription\", \"seo.preventIndexing\", \"seo.keywords\", \"seo.canonicalUrl\", \"seo.metaHead\", \"seo.ogMeta.name\", \"seo.ogMeta.content\", \"seo.socialMediaMeta.name\", \"seo.socialMediaMeta.content\", \"seo.wordDescription\", \"seo.metaImage\", \"headerServicesSortOrder\"], \"locales\": [\"en\", \"ar\"]}','[]','2026-03-12 06:00:10.239000','2026-03-12 06:00:10.239000','2026-03-12 06:00:10.239000',NULL,NULL,NULL),(571,'ns6ofwvbsnlh99e0no3s3gb4','plugin::content-manager.explorer.create','{}','api::business-stream.business-stream','{\"fields\": [\"title\", \"slug\", \"smallDescription\", \"image\", \"seo.metaTitle\", \"seo.metaDescription\", \"seo.preventIndexing\", \"seo.keywords\", \"seo.canonicalUrl\", \"seo.metaHead\", \"seo.ogMeta.name\", \"seo.ogMeta.content\", \"seo.socialMediaMeta.name\", \"seo.socialMediaMeta.content\", \"seo.wordDescription\", \"seo.metaImage\", \"homePageSortOrder\"], \"locales\": [\"en\", \"ar\"]}','[]','2026-03-26 13:19:53.767000','2026-03-26 13:19:53.767000','2026-03-26 13:19:53.769000',NULL,NULL,NULL),(572,'ikk1c4npwts2gb64z1wjo5z2','plugin::content-manager.explorer.read','{}','api::business-stream.business-stream','{\"fields\": [\"title\", \"slug\", \"smallDescription\", \"image\", \"seo.metaTitle\", \"seo.metaDescription\", \"seo.preventIndexing\", \"seo.keywords\", \"seo.canonicalUrl\", \"seo.metaHead\", \"seo.ogMeta.name\", \"seo.ogMeta.content\", \"seo.socialMediaMeta.name\", \"seo.socialMediaMeta.content\", \"seo.wordDescription\", \"seo.metaImage\", \"homePageSortOrder\"], \"locales\": [\"en\", \"ar\"]}','[]','2026-03-26 13:19:53.871000','2026-03-26 13:19:53.871000','2026-03-26 13:19:53.872000',NULL,NULL,NULL),(573,'s3hjl9mmfq6r0ses6bwc1r9i','plugin::content-manager.explorer.update','{}','api::business-stream.business-stream','{\"fields\": [\"title\", \"slug\", \"smallDescription\", \"image\", \"seo.metaTitle\", \"seo.metaDescription\", \"seo.preventIndexing\", \"seo.keywords\", \"seo.canonicalUrl\", \"seo.metaHead\", \"seo.ogMeta.name\", \"seo.ogMeta.content\", \"seo.socialMediaMeta.name\", \"seo.socialMediaMeta.content\", \"seo.wordDescription\", \"seo.metaImage\", \"homePageSortOrder\"], \"locales\": [\"en\", \"ar\"]}','[]','2026-03-26 13:19:53.972000','2026-03-26 13:19:53.972000','2026-03-26 13:19:53.972000',NULL,NULL,NULL),(575,'omc4c9ym4przj2i386vf5zls','plugin::content-manager.explorer.create','{}','api::branch-location.branch-location','{\"fields\": [\"title\", \"key\", \"tabSortOrder\"], \"locales\": [\"en\", \"ar\"]}','[]','2026-04-01 09:36:53.682000','2026-04-01 09:36:53.682000','2026-04-01 09:36:53.682000',NULL,NULL,NULL),(576,'bdk2l9wr76sps5yq1h3h4qls','plugin::content-manager.explorer.create','{}','api::contact-us.contact-us','{\"fields\": [\"banner.title\", \"banner.subtitle\", \"banner.media\", \"banner.responsiveMedia\", \"banner.type\", \"banner.callToAction.label\", \"banner.callToAction.url\", \"banner.callToAction.newTab\", \"boxComponent.logo\", \"boxComponent.responsiveLogo\", \"boxComponent.title\", \"boxComponent.listItem.item\", \"boxComponent.description\", \"boxComponent.phone\", \"boxComponent.latitude\", \"boxComponent.longitude\", \"boxComponent.subTitle\", \"formTitle\", \"seo.metaTitle\", \"seo.metaDescription\", \"seo.preventIndexing\", \"seo.keywords\", \"seo.canonicalUrl\", \"seo.metaHead\", \"seo.ogMeta.name\", \"seo.ogMeta.content\", \"seo.socialMediaMeta.name\", \"seo.socialMediaMeta.content\", \"seo.wordDescription\", \"seo.metaImage\", \"locations\"], \"locales\": [\"en\", \"ar\"]}','[]','2026-04-01 09:36:53.781000','2026-04-01 09:36:53.781000','2026-04-01 09:36:53.781000',NULL,NULL,NULL),(578,'ibqj8o9i7760ozod06h7do76','plugin::content-manager.explorer.read','{}','api::branch-location.branch-location','{\"fields\": [\"title\", \"key\", \"tabSortOrder\"], \"locales\": [\"en\", \"ar\"]}','[]','2026-04-01 09:36:53.980000','2026-04-01 09:36:53.980000','2026-04-01 09:36:53.980000',NULL,NULL,NULL),(579,'zii0xr9kguoxmss4lodi9syj','plugin::content-manager.explorer.read','{}','api::contact-us.contact-us','{\"fields\": [\"banner.title\", \"banner.subtitle\", \"banner.media\", \"banner.responsiveMedia\", \"banner.type\", \"banner.callToAction.label\", \"banner.callToAction.url\", \"banner.callToAction.newTab\", \"boxComponent.logo\", \"boxComponent.responsiveLogo\", \"boxComponent.title\", \"boxComponent.listItem.item\", \"boxComponent.description\", \"boxComponent.phone\", \"boxComponent.latitude\", \"boxComponent.longitude\", \"boxComponent.subTitle\", \"formTitle\", \"seo.metaTitle\", \"seo.metaDescription\", \"seo.preventIndexing\", \"seo.keywords\", \"seo.canonicalUrl\", \"seo.metaHead\", \"seo.ogMeta.name\", \"seo.ogMeta.content\", \"seo.socialMediaMeta.name\", \"seo.socialMediaMeta.content\", \"seo.wordDescription\", \"seo.metaImage\", \"locations\"], \"locales\": [\"en\", \"ar\"]}','[]','2026-04-01 09:36:54.078000','2026-04-01 09:36:54.078000','2026-04-01 09:36:54.079000',NULL,NULL,NULL),(581,'be3csegnjl824xz7taus0bsj','plugin::content-manager.explorer.update','{}','api::branch-location.branch-location','{\"fields\": [\"title\", \"key\", \"tabSortOrder\"], \"locales\": [\"en\", \"ar\"]}','[]','2026-04-01 09:36:54.274000','2026-04-01 09:36:54.274000','2026-04-01 09:36:54.275000',NULL,NULL,NULL),(582,'pxa2wb4ppgvx35vr5jkwo72q','plugin::content-manager.explorer.update','{}','api::contact-us.contact-us','{\"fields\": [\"banner.title\", \"banner.subtitle\", \"banner.media\", \"banner.responsiveMedia\", \"banner.type\", \"banner.callToAction.label\", \"banner.callToAction.url\", \"banner.callToAction.newTab\", \"boxComponent.logo\", \"boxComponent.responsiveLogo\", \"boxComponent.title\", \"boxComponent.listItem.item\", \"boxComponent.description\", \"boxComponent.phone\", \"boxComponent.latitude\", \"boxComponent.longitude\", \"boxComponent.subTitle\", \"formTitle\", \"seo.metaTitle\", \"seo.metaDescription\", \"seo.preventIndexing\", \"seo.keywords\", \"seo.canonicalUrl\", \"seo.metaHead\", \"seo.ogMeta.name\", \"seo.ogMeta.content\", \"seo.socialMediaMeta.name\", \"seo.socialMediaMeta.content\", \"seo.wordDescription\", \"seo.metaImage\", \"locations\"], \"locales\": [\"en\", \"ar\"]}','[]','2026-04-01 09:36:54.373000','2026-04-01 09:36:54.373000','2026-04-01 09:36:54.374000',NULL,NULL,NULL),(583,'q3cbn01a5a2qaqxawi4ykvwn','plugin::content-manager.explorer.create','{}','api::branch.branch','{\"fields\": [\"title\", \"slug\", \"address\", \"branchLocation\", \"phoneNumbers.phone\", \"image\", \"seo.metaTitle\", \"seo.metaDescription\", \"seo.preventIndexing\", \"seo.keywords\", \"seo.canonicalUrl\", \"seo.metaHead\", \"seo.ogMeta.name\", \"seo.ogMeta.content\", \"seo.socialMediaMeta.name\", \"seo.socialMediaMeta.content\", \"seo.wordDescription\", \"seo.metaImage\", \"previewImage\", \"embededMapUrl\", \"mapUrl\", \"isFeatured\", \"type\", \"locationSortOrder\"], \"locales\": [\"en\", \"ar\"]}','[]','2026-04-01 12:10:43.111000','2026-04-01 12:10:43.111000','2026-04-01 12:10:43.112000',NULL,NULL,NULL),(584,'sdttq5avdbzkwlqha82vow2h','plugin::content-manager.explorer.read','{}','api::branch.branch','{\"fields\": [\"title\", \"slug\", \"address\", \"branchLocation\", \"phoneNumbers.phone\", \"image\", \"seo.metaTitle\", \"seo.metaDescription\", \"seo.preventIndexing\", \"seo.keywords\", \"seo.canonicalUrl\", \"seo.metaHead\", \"seo.ogMeta.name\", \"seo.ogMeta.content\", \"seo.socialMediaMeta.name\", \"seo.socialMediaMeta.content\", \"seo.wordDescription\", \"seo.metaImage\", \"previewImage\", \"embededMapUrl\", \"mapUrl\", \"isFeatured\", \"type\", \"locationSortOrder\"], \"locales\": [\"en\", \"ar\"]}','[]','2026-04-01 12:10:43.241000','2026-04-01 12:10:43.241000','2026-04-01 12:10:43.241000',NULL,NULL,NULL),(585,'o95gapgkllbmb5zm9phmomrp','plugin::content-manager.explorer.update','{}','api::branch.branch','{\"fields\": [\"title\", \"slug\", \"address\", \"branchLocation\", \"phoneNumbers.phone\", \"image\", \"seo.metaTitle\", \"seo.metaDescription\", \"seo.preventIndexing\", \"seo.keywords\", \"seo.canonicalUrl\", \"seo.metaHead\", \"seo.ogMeta.name\", \"seo.ogMeta.content\", \"seo.socialMediaMeta.name\", \"seo.socialMediaMeta.content\", \"seo.wordDescription\", \"seo.metaImage\", \"previewImage\", \"embededMapUrl\", \"mapUrl\", \"isFeatured\", \"type\", \"locationSortOrder\"], \"locales\": [\"en\", \"ar\"]}','[]','2026-04-01 12:10:43.339000','2026-04-01 12:10:43.339000','2026-04-01 12:10:43.340000',NULL,NULL,NULL),(586,'bkuopgpmpp9t649tdf9aaudc','plugin::content-manager.explorer.create','{}','api::privacy-policy.privacy-policy','{\"fields\": [\"title\", \"description\", \"seo.metaTitle\", \"seo.metaDescription\", \"seo.preventIndexing\", \"seo.keywords\", \"seo.canonicalUrl\", \"seo.metaHead\", \"seo.ogMeta.name\", \"seo.ogMeta.content\", \"seo.socialMediaMeta.name\", \"seo.socialMediaMeta.content\", \"seo.wordDescription\", \"seo.metaImage\"], \"locales\": [\"en\", \"ar\"]}','[]','2026-04-02 05:04:47.352000','2026-04-02 05:04:47.352000','2026-04-02 05:04:47.353000',NULL,NULL,NULL),(587,'y28lwb0d0o95eg5sjh64ft74','plugin::content-manager.explorer.create','{}','api::terms-condition.terms-condition','{\"fields\": [\"title\", \"description\", \"seo.metaTitle\", \"seo.metaDescription\", \"seo.preventIndexing\", \"seo.keywords\", \"seo.canonicalUrl\", \"seo.metaHead\", \"seo.ogMeta.name\", \"seo.ogMeta.content\", \"seo.socialMediaMeta.name\", \"seo.socialMediaMeta.content\", \"seo.wordDescription\", \"seo.metaImage\"], \"locales\": [\"en\", \"ar\"]}','[]','2026-04-02 05:04:47.463000','2026-04-02 05:04:47.463000','2026-04-02 05:04:47.463000',NULL,NULL,NULL),(588,'s6cs9ygp87q6jgsbp2q03jyp','plugin::content-manager.explorer.read','{}','api::privacy-policy.privacy-policy','{\"fields\": [\"title\", \"description\", \"seo.metaTitle\", \"seo.metaDescription\", \"seo.preventIndexing\", \"seo.keywords\", \"seo.canonicalUrl\", \"seo.metaHead\", \"seo.ogMeta.name\", \"seo.ogMeta.content\", \"seo.socialMediaMeta.name\", \"seo.socialMediaMeta.content\", \"seo.wordDescription\", \"seo.metaImage\"], \"locales\": [\"en\", \"ar\"]}','[]','2026-04-02 05:04:47.591000','2026-04-02 05:04:47.591000','2026-04-02 05:04:47.591000',NULL,NULL,NULL),(589,'b664ivayrt610etaq6c8wvn2','plugin::content-manager.explorer.read','{}','api::terms-condition.terms-condition','{\"fields\": [\"title\", \"description\", \"seo.metaTitle\", \"seo.metaDescription\", \"seo.preventIndexing\", \"seo.keywords\", \"seo.canonicalUrl\", \"seo.metaHead\", \"seo.ogMeta.name\", \"seo.ogMeta.content\", \"seo.socialMediaMeta.name\", \"seo.socialMediaMeta.content\", \"seo.wordDescription\", \"seo.metaImage\"], \"locales\": [\"en\", \"ar\"]}','[]','2026-04-02 05:04:47.696000','2026-04-02 05:04:47.696000','2026-04-02 05:04:47.696000',NULL,NULL,NULL),(590,'tysidmw4m00veld9iof0j8a9','plugin::content-manager.explorer.update','{}','api::privacy-policy.privacy-policy','{\"fields\": [\"title\", \"description\", \"seo.metaTitle\", \"seo.metaDescription\", \"seo.preventIndexing\", \"seo.keywords\", \"seo.canonicalUrl\", \"seo.metaHead\", \"seo.ogMeta.name\", \"seo.ogMeta.content\", \"seo.socialMediaMeta.name\", \"seo.socialMediaMeta.content\", \"seo.wordDescription\", \"seo.metaImage\"], \"locales\": [\"en\", \"ar\"]}','[]','2026-04-02 05:04:47.796000','2026-04-02 05:04:47.796000','2026-04-02 05:04:47.796000',NULL,NULL,NULL),(591,'cp6xz24dnaypttyhz0ndbmq1','plugin::content-manager.explorer.update','{}','api::terms-condition.terms-condition','{\"fields\": [\"title\", \"description\", \"seo.metaTitle\", \"seo.metaDescription\", \"seo.preventIndexing\", \"seo.keywords\", \"seo.canonicalUrl\", \"seo.metaHead\", \"seo.ogMeta.name\", \"seo.ogMeta.content\", \"seo.socialMediaMeta.name\", \"seo.socialMediaMeta.content\", \"seo.wordDescription\", \"seo.metaImage\"], \"locales\": [\"en\", \"ar\"]}','[]','2026-04-02 05:04:47.898000','2026-04-02 05:04:47.898000','2026-04-02 05:04:47.898000',NULL,NULL,NULL),(592,'jeznigpc78q6u5av8uxgn3rk','plugin::content-manager.explorer.delete','{}','api::privacy-policy.privacy-policy','{\"locales\": [\"en\", \"ar\"]}','[]','2026-04-02 05:04:48.002000','2026-04-02 05:04:48.002000','2026-04-02 05:04:48.002000',NULL,NULL,NULL),(593,'efz9lut0qc0eybgea0c3gooy','plugin::content-manager.explorer.delete','{}','api::terms-condition.terms-condition','{\"locales\": [\"en\", \"ar\"]}','[]','2026-04-02 05:04:48.129000','2026-04-02 05:04:48.129000','2026-04-02 05:04:48.130000',NULL,NULL,NULL),(594,'s4km2f7qhixmqgyh8f88mtzk','plugin::content-manager.explorer.publish','{}','api::privacy-policy.privacy-policy','{\"locales\": [\"en\", \"ar\"]}','[]','2026-04-02 05:04:48.230000','2026-04-02 05:04:48.230000','2026-04-02 05:04:48.231000',NULL,NULL,NULL),(595,'pfouc7oxb8h4ye6nlq9ld0jq','plugin::content-manager.explorer.publish','{}','api::terms-condition.terms-condition','{\"locales\": [\"en\", \"ar\"]}','[]','2026-04-02 05:04:48.331000','2026-04-02 05:04:48.331000','2026-04-02 05:04:48.332000',NULL,NULL,NULL);

--
-- Table structure for table `admin_permissions_role_lnk`
--

CREATE TABLE `admin_permissions_role_lnk` (
  `id` int unsigned NOT NULL AUTO_INCREMENT,
  `permission_id` int unsigned DEFAULT NULL,
  `role_id` int unsigned DEFAULT NULL,
  `permission_ord` double unsigned DEFAULT NULL,
  PRIMARY KEY (`id`),
  UNIQUE KEY `admin_permissions_role_lnk_uq` (`permission_id`,`role_id`),
  KEY `admin_permissions_role_lnk_fk` (`permission_id`),
  KEY `admin_permissions_role_lnk_ifk` (`role_id`),
  KEY `admin_permissions_role_lnk_oifk` (`permission_ord`),
  CONSTRAINT `admin_permissions_role_lnk_fk` FOREIGN KEY (`permission_id`) REFERENCES `admin_permissions` (`id`) ON DELETE CASCADE,
  CONSTRAINT `admin_permissions_role_lnk_ifk` FOREIGN KEY (`role_id`) REFERENCES `admin_roles` (`id`) ON DELETE CASCADE
) ENGINE=InnoDB AUTO_INCREMENT=676 DEFAULT CHARSET=utf8mb4 COLLATE=utf8mb4_0900_ai_ci;

--
-- Dumping data for table `admin_permissions_role_lnk`
--

INSERT INTO `admin_permissions_role_lnk` VALUES (5,5,2,5),(6,6,2,6),(7,7,2,7),(16,16,2,16),(17,17,2,17),(18,18,2,18),(27,27,2,27),(28,28,2,28),(29,29,2,29),(56,56,2,56),(57,57,2,57),(58,58,2,58),(59,59,2,59),(60,60,2,60),(61,61,2,61),(66,66,3,5),(67,67,3,6),(68,68,3,7),(77,77,3,16),(78,78,3,17),(79,79,3,18),(88,88,3,27),(89,89,3,28),(90,90,3,29),(106,106,3,45),(107,107,3,46),(108,108,3,47),(109,109,3,48),(110,110,3,49),(111,111,3,50),(112,112,1,1),(124,124,1,13),(136,136,1,25),(148,148,1,37),(160,160,1,49),(172,172,1,61),(173,173,1,62),(174,174,1,63),(175,175,1,64),(176,176,1,65),(177,177,1,66),(178,178,1,67),(179,179,1,68),(180,180,1,69),(181,181,1,70),(182,182,1,71),(183,183,1,72),(184,184,1,73),(185,185,1,74),(186,186,1,75),(187,187,1,76),(188,188,1,77),(189,189,1,78),(190,190,1,79),(191,191,1,80),(192,192,1,81),(193,193,1,82),(194,194,1,83),(195,195,1,84),(196,196,1,85),(197,197,1,86),(198,198,1,87),(199,199,1,88),(200,200,1,89),(201,201,1,90),(202,202,1,91),(203,203,1,92),(204,204,1,93),(205,205,1,94),(206,206,1,95),(207,207,1,96),(208,208,1,97),(209,209,1,98),(210,210,1,99),(211,211,1,100),(212,212,1,101),(213,213,1,102),(214,214,1,103),(215,215,1,104),(216,216,1,105),(217,217,1,106),(218,218,1,107),(219,219,1,108),(220,220,1,109),(221,221,1,110),(222,222,1,111),(223,223,1,112),(224,224,1,113),(296,153,1,139),(297,154,1,140),(298,155,1,141),(307,165,1,150),(308,166,1,151),(309,167,1,152),(333,253,1,176),(334,254,1,177),(379,299,1,178),(387,307,1,186),(388,308,1,187),(391,311,1,190),(394,314,1,193),(395,315,1,194),(403,323,1,202),(404,324,1,203),(407,327,1,206),(410,330,1,209),(411,331,1,210),(419,339,1,218),(420,340,1,219),(423,343,1,222),(426,346,1,225),(427,347,1,226),(428,348,1,227),(429,349,1,228),(430,350,1,229),(431,351,1,230),(432,352,1,231),(433,353,1,232),(434,354,1,233),(435,355,1,234),(436,356,1,235),(437,357,1,236),(438,358,1,237),(439,359,1,238),(440,360,1,239),(441,361,1,240),(442,362,1,241),(443,363,1,242),(444,364,1,243),(445,365,1,244),(446,366,1,245),(447,367,1,246),(448,368,1,247),(449,369,1,248),(450,370,1,249),(458,378,1,257),(460,380,1,259),(508,428,1,278),(512,432,1,282),(516,436,1,286),(517,437,1,287),(518,438,1,288),(519,439,1,289),(520,440,1,290),(521,441,1,291),(522,442,1,292),(523,443,1,293),(524,444,1,294),(546,466,1,316),(547,467,1,317),(548,468,1,318),(549,469,1,319),(550,470,1,320),(551,471,1,321),(552,472,1,322),(553,473,1,323),(566,486,1,336),(567,487,1,337),(568,488,1,338),(569,489,1,339),(570,490,1,340),(571,491,1,341),(574,494,1,344),(575,495,1,345),(578,498,1,348),(579,499,1,349),(582,502,1,352),(583,503,1,353),(584,504,1,354),(585,505,1,355),(586,506,1,356),(590,510,1,360),(591,511,1,361),(592,512,1,362),(593,513,1,363),(594,514,1,364),(601,521,1,371),(602,522,1,372),(603,523,1,373),(604,524,1,374),(605,525,1,375),(606,526,1,376),(607,527,1,377),(608,528,1,378),(609,529,1,379),(610,530,1,380),(611,531,1,381),(612,532,1,382),(613,533,1,383),(614,534,1,384),(615,535,1,385),(616,536,1,386),(617,537,1,387),(618,538,1,388),(619,539,1,389),(620,540,1,390),(621,541,1,391),(622,542,1,392),(623,543,1,393),(624,544,1,394),(625,545,1,395),(626,546,1,396),(627,547,1,397),(628,548,1,398),(629,549,1,399),(645,565,1,400),(646,566,1,401),(647,567,1,402),(648,568,1,403),(649,569,1,404),(650,570,1,405),(651,571,1,406),(652,572,1,407),(653,573,1,408),(655,575,1,410),(656,576,1,411),(658,578,1,413),(659,579,1,414),(661,581,1,416),(662,582,1,417),(663,583,1,418),(664,584,1,419),(665,585,1,420),(666,586,1,421),(667,587,1,422),(668,588,1,423),(669,589,1,424),(670,590,1,425),(671,591,1,426),(672,592,1,427),(673,593,1,428),(674,594,1,429),(675,595,1,430);

--
-- Table structure for table `admin_roles`
--

CREATE TABLE `admin_roles` (
  `id` int unsigned NOT NULL AUTO_INCREMENT,
  `document_id` varchar(255) DEFAULT NULL,
  `name` varchar(255) DEFAULT NULL,
  `code` varchar(255) DEFAULT NULL,
  `description` varchar(255) DEFAULT NULL,
  `created_at` datetime(6) DEFAULT NULL,
  `updated_at` datetime(6) DEFAULT NULL,
  `published_at` datetime(6) DEFAULT NULL,
  `created_by_id` int unsigned DEFAULT NULL,
  `updated_by_id` int unsigned DEFAULT NULL,
  `locale` varchar(255) DEFAULT NULL,
  PRIMARY KEY (`id`),
  KEY `admin_roles_documents_idx` (`document_id`,`locale`,`published_at`),
  KEY `admin_roles_created_by_id_fk` (`created_by_id`),
  KEY `admin_roles_updated_by_id_fk` (`updated_by_id`),
  CONSTRAINT `admin_roles_created_by_id_fk` FOREIGN KEY (`created_by_id`) REFERENCES `admin_users` (`id`) ON DELETE SET NULL,
  CONSTRAINT `admin_roles_updated_by_id_fk` FOREIGN KEY (`updated_by_id`) REFERENCES `admin_users` (`id`) ON DELETE SET NULL
) ENGINE=InnoDB AUTO_INCREMENT=4 DEFAULT CHARSET=utf8mb4 COLLATE=utf8mb4_0900_ai_ci;

--
-- Dumping data for table `admin_roles`
--

INSERT INTO `admin_roles` VALUES (1,'sq3dy7yykozdkep59pa5y7r9','Super Admin','strapi-super-admin','Super Admins can access and manage all features and settings.','2025-11-21 05:39:31.331000','2025-11-21 05:39:31.331000','2025-11-21 05:39:31.331000',NULL,NULL,NULL),(2,'ssb2qe1cn7qg8jcuw0l6ftq8','Editor','strapi-editor','Editors can manage and publish contents including those of other users.','2025-11-21 05:39:31.438000','2025-11-21 05:39:31.438000','2025-11-21 05:39:31.439000',NULL,NULL,NULL),(3,'jpd85fm2s81tounee91e1e46','Author','strapi-author','Authors can manage the content they have created.','2025-11-21 05:39:31.521000','2025-11-21 05:39:31.521000','2025-11-21 05:39:31.521000',NULL,NULL,NULL);

--
-- Table structure for table `admin_users_roles_lnk`
--

CREATE TABLE `admin_users_roles_lnk` (
  `id` int unsigned NOT NULL AUTO_INCREMENT,
  `user_id` int unsigned DEFAULT NULL,
  `role_id` int unsigned DEFAULT NULL,
  `role_ord` double unsigned DEFAULT NULL,
  `user_ord` double unsigned DEFAULT NULL,
  PRIMARY KEY (`id`),
  UNIQUE KEY `admin_users_roles_lnk_uq` (`user_id`,`role_id`),
  KEY `admin_users_roles_lnk_fk` (`user_id`),
  KEY `admin_users_roles_lnk_ifk` (`role_id`),
  KEY `admin_users_roles_lnk_ofk` (`role_ord`),
  KEY `admin_users_roles_lnk_oifk` (`user_ord`),
  CONSTRAINT `admin_users_roles_lnk_fk` FOREIGN KEY (`user_id`) REFERENCES `admin_users` (`id`) ON DELETE CASCADE,
  CONSTRAINT `admin_users_roles_lnk_ifk` FOREIGN KEY (`role_id`) REFERENCES `admin_roles` (`id`) ON DELETE CASCADE
) ENGINE=InnoDB AUTO_INCREMENT=2 DEFAULT CHARSET=utf8mb4 COLLATE=utf8mb4_0900_ai_ci;

--
-- Dumping data for table `admin_users_roles_lnk`
--

INSERT INTO `admin_users_roles_lnk` VALUES (1,1,1,1,1);

--
-- Table structure for table `automotive_landings`
--

CREATE TABLE `automotive_landings` (
  `id` int unsigned NOT NULL AUTO_INCREMENT,
  `document_id` varchar(255) DEFAULT NULL,
  `title` varchar(255) DEFAULT NULL,
  `created_at` datetime(6) DEFAULT NULL,
  `updated_at` datetime(6) DEFAULT NULL,
  `published_at` datetime(6) DEFAULT NULL,
  `created_by_id` int unsigned DEFAULT NULL,
  `updated_by_id` int unsigned DEFAULT NULL,
  `locale` varchar(255) DEFAULT NULL,
  PRIMARY KEY (`id`),
  KEY `automotive_landings_documents_idx` (`document_id`,`locale`,`published_at`),
  KEY `automotive_landings_created_by_id_fk` (`created_by_id`),
  KEY `automotive_landings_updated_by_id_fk` (`updated_by_id`),
  CONSTRAINT `automotive_landings_created_by_id_fk` FOREIGN KEY (`created_by_id`) REFERENCES `admin_users` (`id`) ON DELETE SET NULL,
  CONSTRAINT `automotive_landings_updated_by_id_fk` FOREIGN KEY (`updated_by_id`) REFERENCES `admin_users` (`id`) ON DELETE SET NULL
) ENGINE=InnoDB AUTO_INCREMENT=16 DEFAULT CHARSET=utf8mb4 COLLATE=utf8mb4_0900_ai_ci;

--
-- Dumping data for table `automotive_landings`
--

INSERT INTO `automotive_landings` VALUES (1,'jaxueeht8w2xdjvy15a9hae5','Automotive Aftermarket','2026-01-20 07:03:23.660000','2026-04-01 09:52:47.016000',NULL,1,1,'en'),(15,'jaxueeht8w2xdjvy15a9hae5','Automotive Aftermarket','2026-01-20 07:03:23.660000','2026-04-01 09:52:47.016000','2026-04-01 09:52:48.130000',1,1,'en');

--
-- Table structure for table `automotive_landings_cmps`
--

CREATE TABLE `automotive_landings_cmps` (
  `id` int unsigned NOT NULL AUTO_INCREMENT,
  `entity_id` int unsigned DEFAULT NULL,
  `cmp_id` int unsigned DEFAULT NULL,
  `component_type` varchar(255) DEFAULT NULL,
  `field` varchar(255) DEFAULT NULL,
  `order` double unsigned DEFAULT NULL,
  PRIMARY KEY (`id`),
  UNIQUE KEY `automotive_landings_uq` (`entity_id`,`cmp_id`,`field`,`component_type`),
  KEY `automotive_landings_field_idx` (`field`),
  KEY `automotive_landings_component_type_idx` (`component_type`),
  KEY `automotive_landings_entity_fk` (`entity_id`),
  CONSTRAINT `automotive_landings_entity_fk` FOREIGN KEY (`entity_id`) REFERENCES `automotive_landings` (`id`) ON DELETE CASCADE
) ENGINE=InnoDB AUTO_INCREMENT=89 DEFAULT CHARSET=utf8mb4 COLLATE=utf8mb4_0900_ai_ci;

--
-- Dumping data for table `automotive_landings_cmps`
--

INSERT INTO `automotive_landings_cmps` VALUES (1,1,107,'common.banner','banner',1),(7,1,128,'common.banner','banner',2),(25,1,86,'common.seo','seo',5),(29,1,184,'common.banner','banner',3),(41,1,84,'home.content-section','socialFeeds',1),(77,1,283,'common.banner','banner',4),(83,15,284,'common.banner','banner',1),(84,15,285,'common.banner','banner',2),(85,15,286,'common.banner','banner',3),(86,15,287,'common.banner','banner',4),(87,15,164,'common.seo','seo',NULL),(88,15,109,'home.content-section','socialFeeds',NULL);

--
-- Table structure for table `automotive_landings_location_types_lnk`
--

CREATE TABLE `automotive_landings_location_types_lnk` (
  `id` int unsigned NOT NULL AUTO_INCREMENT,
  `automotive_landing_id` int unsigned DEFAULT NULL,
  `branch_location_id` int unsigned DEFAULT NULL,
  `branch_location_ord` double unsigned DEFAULT NULL,
  PRIMARY KEY (`id`),
  UNIQUE KEY `automotive_landings_location_types_lnk_uq` (`automotive_landing_id`,`branch_location_id`),
  KEY `automotive_landings_location_types_lnk_fk` (`automotive_landing_id`),
  KEY `automotive_landings_location_types_lnk_ifk` (`branch_location_id`),
  KEY `automotive_landings_location_types_lnk_ofk` (`branch_location_ord`),
  CONSTRAINT `automotive_landings_location_types_lnk_fk` FOREIGN KEY (`automotive_landing_id`) REFERENCES `automotive_landings` (`id`) ON DELETE CASCADE,
  CONSTRAINT `automotive_landings_location_types_lnk_ifk` FOREIGN KEY (`branch_location_id`) REFERENCES `branch_locations` (`id`) ON DELETE CASCADE
) ENGINE=InnoDB AUTO_INCREMENT=35 DEFAULT CHARSET=utf8mb4 COLLATE=utf8mb4_0900_ai_ci;

--
-- Dumping data for table `automotive_landings_location_types_lnk`
--

INSERT INTO `automotive_landings_location_types_lnk` VALUES (1,1,13,2),(13,1,11,3),(24,1,29,1),(32,15,31,1),(33,15,32,2),(34,15,33,3);

--
-- Table structure for table `branches`
--

CREATE TABLE `branches` (
  `id` int unsigned NOT NULL AUTO_INCREMENT,
  `document_id` varchar(255) DEFAULT NULL,
  `title` varchar(255) DEFAULT NULL,
  `slug` varchar(255) DEFAULT NULL,
  `address` longtext,
  `embeded_map_url` longtext,
  `map_url` longtext,
  `created_at` datetime(6) DEFAULT NULL,
  `updated_at` datetime(6) DEFAULT NULL,
  `published_at` datetime(6) DEFAULT NULL,
  `created_by_id` int unsigned DEFAULT NULL,
  `updated_by_id` int unsigned DEFAULT NULL,
  `locale` varchar(255) DEFAULT NULL,
  `is_featured` tinyint(1) DEFAULT NULL,
  `type` varchar(255) DEFAULT NULL,
  `location_sort_order` int DEFAULT NULL,
  PRIMARY KEY (`id`),
  KEY `branches_documents_idx` (`document_id`,`locale`,`published_at`),
  KEY `branches_created_by_id_fk` (`created_by_id`),
  KEY `branches_updated_by_id_fk` (`updated_by_id`),
  CONSTRAINT `branches_created_by_id_fk` FOREIGN KEY (`created_by_id`) REFERENCES `admin_users` (`id`) ON DELETE SET NULL,
  CONSTRAINT `branches_updated_by_id_fk` FOREIGN KEY (`updated_by_id`) REFERENCES `admin_users` (`id`) ON DELETE SET NULL
) ENGINE=InnoDB AUTO_INCREMENT=313 DEFAULT CHARSET=utf8mb4 COLLATE=utf8mb4_0900_ai_ci;

--
-- Dumping data for table `branches`
--

INSERT INTO `branches` VALUES (1,'pqc40p7zxv2233qi2y6f74kh','CME Branch Office - Dubai','central-motors-and-equipment-dubai-branch','No.17, 14b Street Al Quoz Industrial Area 1 – 364, Hadaeq Mohammed Bin Rashid, Dubai','https://www.google.com/maps/embed?pb=!1m18!1m12!1m3!1d3611.9836922389777!2d55.22472622526102!3d25.136242184167262!2m3!1f0!2f0!3f0!3m2!1i1024!2i768!4f13.1!3m3!1m2!1s0x3e5f697da5fc80e5%3A0x110be5ae66636227!2sCentral%20Motors%20%26%20Equipment%20-%20Dubai%20Branch!5e0!3m2!1sen!2sin!4v1767876337162!5m2!1sen!2sin\" width=\"600\" height=\"450\" style=\"border:0;\" allowfullscreen=\"\" loading=\"lazy\" referrerpolicy=\"no-referrer-when-downgrade','https://www.google.com/maps/','2025-12-12 06:00:16.228000','2026-04-01 12:15:34.176000',NULL,1,1,'en',1,'CME Branch Office',2),(5,'qrmazqgnqrqfeux66p1jxsdu','Central Motors and Equipment – Central Warehouse Dubai ','central-motors-and-equipment-central-warehouse-dubai','Address: Al Quoz Industrial Area 4, Dubai – 26255 \n','https://www.google.com/maps/embed?pb=!1m18!1m12!1m3!1d3611.9836922389777!2d55.22472622526102!3d25.136242184167262!2m3!1f0!2f0!3f0!3m2!1i1024!2i768!4f13.1!3m3!1m2!1s0x3e5f697da5fc80e5%3A0x110be5ae66636227!2sCentral%20Motors%20%26%20Equipment%20-%20Dubai%20Branch!5e0!3m2!1sen!2sin!4v1767876146874!5m2!1sen!2sin\" width=\"600\" height=\"450\" style=\"border:0;\" allowfullscreen=\"\" loading=\"lazy\" referrerpolicy=\"no-referrer-when-downgrade',NULL,'2025-12-12 06:02:35.089000','2026-03-30 14:39:49.060000',NULL,1,1,'en',0,'Ware houses',NULL),(17,'is45vbdrifkfjeqk6oxpqel9','CME Head Office - Abu Dhabi ','central-motors-and-equipment-abudhabi-branch','Street 8 - behind Premier Motor - Musaffah - M15 - Abu Dhabi','https://www.google.com/maps/embed?pb=!1m18!1m12!1m3!1d3634.2264568938617!2d54.485062675239355!3d24.37342436457341!2m3!1f0!2f0!3f0!3m2!1i1024!2i768!4f13.1!3m3!1m2!1s0x3e5e4152bc4cc43d%3A0x1198e64599eddbd!2sCentral%20Motors%20%26%20Equipment%20-%20Abu%20Dhabi%20Branch!5e0!3m2!1sen!2sin!4v1767875960115!5m2!1sen!2sin\" width=\"600\" height=\"450\" style=\"border:0;\" allowfullscreen=\"\" loading=\"lazy\" referrerpolicy=\"no-referrer-when-downgrade','https://share.google/FkK157KWc8yilSe8T','2026-01-08 11:07:41.413000','2026-04-01 12:15:03.755000',NULL,1,1,'en',1,'CME Branch Office',1),(21,'l1pe3kiqppp8jbpiyujrsrf7','Bosch DIESEL Car Service – Bosch Diesel Service – Dubai','bosch-car-service-bosch-diesel-service-dubai','\nAddress: 17, 14b Street, Al Quoz Industrial Area 2, Dubai - 26255\n','https://www.google.com/maps/embed?pb=!1m16!1m12!1m3!1d14449.530707740309!2d55.22211084533813!3d25.12275011025281!2m3!1f0!2f0!3f0!3m2!1i1024!2i768!4f13.1!2m1!1sBosch%20Car%20Service%20%E2%80%93%20Bosch%20Diesel%20Service%20%E2%80%93%20Dubai%20Address%3A%2017%2C%2014b%20Street%2C%20Al%20Quoz%20Industrial%20Area%202%2C%20Dubai%20-%2026255%20Tel%3A%20%2B971%204%20309%200900!5e0!3m2!1sen!2sin!4v1767875619923!5m2!1sen!2sin\" width=\"600\" height=\"450\" style=\"border:0;\" allowfullscreen=\"\" loading=\"lazy\" referrerpolicy=\"no-referrer-when-downgrade',NULL,'2026-01-08 11:16:07.450000','2026-03-30 14:29:32.532000',NULL,1,1,'en',0,'Service Locations',NULL),(25,'w4sbhlmmjgce36ch8z11tb2g','CME Bosch Car Service ','cme-bosch-car-service-embassy','No.17, 14b Street Al Quoz Industrial Area 1 – 364, Hadaeq Mohammed Bin Rashid, Dubai\n\n','https://www.google.com/maps/embed?pb=!1m18!1m12!1m3!1d1816.3201144771936!2d54.429462038646705!3d24.428563336646658!2m3!1f0!2f0!3f0!3m2!1i1024!2i768!4f13.1!3m3!1m2!1s0x3e5e69d670761fdf%3A0x8c68441801b1bdec!2sBosch%20Car%20Service%20-%20CME%20-%20Embassy!5e0!3m2!1sen!2sin!4v1767876639458!5m2!1sen!2sin\" width=\"600\" height=\"450\" style=\"border:0;\" allowfullscreen=\"\" loading=\"lazy\" referrerpolicy=\"no-referrer-when-downgrade','https://share.google/xsFpWqzcwCZfBVW0E','2026-01-08 11:31:40.929000','2026-04-01 12:39:27.467000',NULL,1,1,'en',NULL,'Service Locations',13),(27,'bdlnapyhrxyt5jfd8jv37b4o','CME BOSCH Diesel Service','cme-diesel-car-service','No.17, 14b Street Al Quoz Industrial Area 1 – 364, Hadaeq Mohammed Bin Rashid, Dubai \n','https://www.google.com/maps/embed?pb=!1m18!1m12!1m3!1d2817.176433006417!2d55.22510467537966!3d25.135493277750786!2m3!1f0!2f0!3f0!3m2!1i1024!2i768!4f13.1!3m3!1m2!1s0x3e5f697da5fc80e5%3A0x110be5ae66636227!2sCentral%20Motors%20%26%20Equipment%20-%20Dubai%20Branch!5e1!3m2!1sen!2sin!4v1770874871527!5m2!1sen!2sin\" width=\"600\" height=\"450\" style=\"border:0;\" allowfullscreen=\"\" loading=\"lazy\" referrerpolicy=\"no-referrer-when-downgrade','https://share.google/xsFpWqzcwCZfBVW0E','2026-01-08 11:35:09.195000','2026-04-01 12:39:56.631000',NULL,1,1,'en',NULL,'Service Locations',12),(29,'xlc5mzazk1kuw6hwwzylye2r','CME Tyre Plus - ADNOC Shakhbout Station ','tyreplus-cme-adnoc-shakhbout-station','ADNOC - Shakhbout City - MSH10 - Abu Dhabi. ','https://www.google.com/maps/embed?pb=!1m18!1m12!1m3!1d58154.0455350317!2d54.55131928022917!3d24.359453077577673!2m3!1f0!2f0!3f0!3m2!1i1024!2i768!4f13.1!3m3!1m2!1s0x3e5e482173fe9ec5%3A0x88b974587458d012!2sShakhbout%20City%20-%20Abu%20Dhabi%20-%20United%20Arab%20Emirates!5e0!3m2!1sen!2sin!4v1767876797842!5m2!1sen!2sin\" width=\"600\" height=\"450\" style=\"border:0;\" allowfullscreen=\"\" loading=\"lazy\" referrerpolicy=\"no-referrer-when-downgrade','https://share.google/MjjU8wXBg0EPc4hYP','2026-01-08 11:39:38.091000','2026-04-01 12:17:48.030000',NULL,1,1,'en',0,'Service Locations',7),(31,'vfdarffnc0b9hshpv6yhiyif','CME Branch Office - Sharjah','central-motors-and-equipment-sharjah-branch','Warehouse no 23, 24 Maliha Street, Sharjah – 1984 ','https://www.google.com/maps/embed?pb=!1m12!1m8!1m3!1d57714.24141615909!2d55.379857!3d25.299497!3m2!1i1024!2i768!4f13.1!2m1!1sWarehouse%20no%2023%2024%20Maliha%20Street%20Sharjah%201984%20Tel%20971%2065932777!5e0!3m2!1sen!2sin!4v1772195255102!5m2!1sen!2sin','https://maps.app.goo.gl/QX2iy3SJKWB3cpzXA','2026-01-08 11:48:43.715000','2026-04-01 12:16:15.085000',NULL,1,1,'en',1,'CME Branch Office',3),(86,'z7kox30x9nfdo5mkbos77bwm','CME Tyre Plus - Mussafah','mussafah',' Street 8 - behind Premier Motor - Musaffah - M15 - Abu Dhabi','https://www.google.com/maps/embed?pb=!1m18!1m12!1m3!1d2834.5116011105265!2d54.4847950740496!3d24.37323486458313!2m3!1f0!2f0!3f0!3m2!1i1024!2i768!4f13.1!3m3!1m2!1s0x3e5e4104980e74c9%3A0x6ad866f6ef9e457!2sTYREPLUS%20CME%20-%20Central%20Motor%20Equipment%20-%20Musaffah%20M15!5e1!3m2!1sen!2sin!4v1770028906708!5m2!1sen!2sin\" width=\"600\" height=\"450\" style=\"border:0;\" allowfullscreen=\"\" loading=\"lazy\" referrerpolicy=\"no-referrer-when-downgrade','https://share.google/xkRk6marik5WDmFdK ','2026-02-02 10:27:07.933000','2026-04-01 12:16:46.535000',NULL,1,1,'en',0,'Service Locations',4),(88,'lpiq97cqjr5omxx1u4nfrqe4','CME Tyre Plus - ADNOC Bateen Station ','bateen','ADNOC Souq - Zone 2, 32nd St cor - 27st St - Al Bateen - Abu Dhabi ','https://www.google.com/maps/embed?pb=!1m18!1m12!1m3!1d45326.95966234054!2d54.349424912701686!3d24.443482560089237!2m3!1f0!2f0!3f0!3m2!1i1024!2i768!4f13.1!3m3!1m2!1s0x3e5e6768daf9fa01%3A0xeb1357e732a1cfd6!2sTYREPLUS%20CME%20-%20Central%20Motor%20Equipment%20-%20Al%20Bateen!5e1!3m2!1sen!2sin!4v1770028998682!5m2!1sen!2sin\" width=\"600\" height=\"450\" style=\"border:0;\" allowfullscreen=\"\" loading=\"lazy\" referrerpolicy=\"no-referrer-when-downgrade','https://share.google/jvBv0dO8FO14AAEva','2026-02-02 10:27:59.878000','2026-04-01 12:17:17.845000',NULL,1,1,'en',0,'Service Locations',5),(90,'wb49fb3roz6ub0akub8frto3','CME Tyre Plus - ADNOC Embassy Station ','embassy','ADNOC Embassy Station - Airport Rd - Al Sa`Adah - Zone 1 - Abu Dhabi ','https://www.google.com/maps/embed?pb=!1m18!1m12!1m3!1d45326.95966234053!2d54.34942491270167!3d24.443482560089233!2m3!1f0!2f0!3f0!3m2!1i1024!2i768!4f13.1!3m3!1m2!1s0x3e5e69d6708a720d%3A0xa811d8820907237!2sTYREPLUS%20CME%20-Central%20Motor%20Equipment-%20ADNOC%20Embassy%20Station!5e1!3m2!1sen!2sin!4v1770028266666!5m2!1sen!2sin\" width=\"600\" height=\"450\" style=\"border:0;\" allowfullscreen=\"\" loading=\"lazy\" referrerpolicy=\"no-referrer-when-downgrade','https://share.google/Idmppqpbe1nkbJI2O','2026-02-02 10:31:47.294000','2026-04-01 12:17:33.515000',NULL,1,1,'en',0,'Service Locations',6),(103,'jjoju2mg5e56qe3rgmwqpoy3','CME MTSC - Mafraq ','mafraq','Mafraq Industrial City 1, \nGate # 111\n','https://www.google.com/maps/embed?pb=!1m24!1m12!1m3!1d116336.29329240658!2d54.458452037630856!3d24.32875025676231!2m3!1f0!2f0!3f0!3m2!1i1024!2i768!4f13.1!4m9!3e0!4m3!3m2!1d24.373846!2d54.487679!4m3!3m2!1d24.290806!2d54.593083!5e0!3m2!1sen!2sin!4v1770029745944!5m2!1sen!2sin\" width=\"600\" height=\"450\" style=\"border:0;\" allowfullscreen=\"\" loading=\"lazy\" referrerpolicy=\"no-referrer-when-downgrade',NULL,'2026-02-02 10:57:36.804000','2026-04-01 12:18:25.852000',NULL,1,1,'en',0,'Service Locations',8),(106,'yd0p5t3vduf85a3dx1lmt5o5','CME PT Service - Abu Dhabi ','ptservice',' Street 8 - behind Premier Motor - Musaffah - M15 - Abu Dhabi \n','https://www.google.com/maps/embed?pb=!1m18!1m12!1m3!1d927631.4504975791!2d54.195700137568636!3d24.74196953560712!2m3!1f0!2f0!3f0!3m2!1i1024!2i768!4f13.1!3m3!1m2!1s0x3e5f6be3288499d9%3A0x67e82e59cb04aeaa!2sCME%20Bosch%20Power%20Tools%20Service%20Center!5e0!3m2!1sen!2sin!4v1770030192004!5m2!1sen!2sin\" width=\"600\" height=\"450\" style=\"border:0;\" allowfullscreen=\"\" loading=\"lazy\" referrerpolicy=\"no-referrer-when-downgrade','https://share.google/FkK157KWc8yilSe8T','2026-02-02 11:04:14.002000','2026-04-01 12:18:48.883000',NULL,1,1,'en',0,'Service Locations',9),(108,'xgqmsn3nxf2380gpv17r1gq5','CME PT Service - Dubai ','ptdubai','Al Quoz Industrial Area 4, Dubai – 26255 \n\n','https://www.google.com/maps/embed?pb=!1m18!1m12!1m3!1d2817.74330974765!2d55.22025397537906!3d25.110909577766563!2m3!1f0!2f0!3f0!3m2!1i1024!2i768!4f13.1!3m3!1m2!1s0x3e5f6be3288499d9%3A0x67e82e59cb04aeaa!2sCME%20Bosch%20Power%20Tools%20Service%20Center!5e1!3m2!1sen!2sin!4v1770875636929!5m2!1sen!2sin\" width=\"600\" height=\"450\" style=\"border:0;\" allowfullscreen=\"\" loading=\"lazy\" referrerpolicy=\"no-referrer-when-downgrade','https://share.google/w1kv2jJktcMRzOdpK','2026-02-02 11:07:27.018000','2026-04-01 12:19:08.974000',NULL,1,1,'en',0,'Service Locations',10),(113,'vl0fb9ldtwpgn56a91ztj0h8','CME Workshop Test Equipment','workshop','Al Quoz Industrial Area 4, Dubai – 26255 \n','https://www.google.com/maps/embed?pb=!1m18!1m12!1m3!1d2817.74330974765!2d55.22025397537906!3d25.110909577766563!2m3!1f0!2f0!3f0!3m2!1i1024!2i768!4f13.1!3m3!1m2!1s0x3e5f6be3288499d9%3A0x67e82e59cb04aeaa!2sCME%20Bosch%20Power%20Tools%20Service%20Center!5e1!3m2!1sen!2sin!4v1770875705547!5m2!1sen!2sin\" width=\"600\" height=\"450\" style=\"border:0;\" allowfullscreen=\"\" loading=\"lazy\" referrerpolicy=\"no-referrer-when-downgrade','https://share.google/w1kv2jJktcMRzOdpK','2026-02-02 11:14:02.855000','2026-04-01 12:37:41.655000',NULL,1,1,'en',0,'Service Locations',11),(118,'ltf9b8zwf9edwf7l3zvz9qvz','CME Al Qouz Warehouse ','alqouz','Al Quoz Industrial Area 4, Dubai – 26255\n','https://www.google.com/maps/embed?pb=!1m18!1m12!1m3!1d2817.74330974765!2d55.22025397537906!3d25.110909577766563!2m3!1f0!2f0!3f0!3m2!1i1024!2i768!4f13.1!3m3!1m2!1s0x3e5f6be3288499d9%3A0x67e82e59cb04aeaa!2sCME%20Bosch%20Power%20Tools%20Service%20Center!5e1!3m2!1sen!2sin!4v1770875809508!5m2!1sen!2sin\" width=\"600\" height=\"450\" style=\"border:0;\" allowfullscreen=\"\" loading=\"lazy\" referrerpolicy=\"no-referrer-when-downgrade','https://share.google/w1kv2jJktcMRzOdpK','2026-02-02 11:19:14.158000','2026-04-01 12:21:41.892000',NULL,1,1,'en',0,'Ware houses',16),(121,'m50znna6mzc3nhkc6v03unak','CME Mafraq Warehouse','mafraqwarehouse','Mafraq Industrial City 1, \nGate # 111\n','https://www.google.com/maps/embed?pb=!1m24!1m12!1m3!1d90736.24958613481!2d54.458452037630856!3d24.32875025676231!2m3!1f0!2f0!3f0!3m2!1i1024!2i768!4f13.1!4m9!3e0!4m3!3m2!1d24.373846!2d54.487679!4m3!3m2!1d24.290806!2d54.593083!5e1!3m2!1sen!2sin!4v1770031249192!5m2!1sen!2sin\" width=\"600\" height=\"450\" style=\"border:0;\" allowfullscreen=\"\" loading=\"lazy\" referrerpolicy=\"no-referrer-when-downgrade',NULL,'2026-02-02 11:30:15.149000','2026-04-01 12:20:59.414000',NULL,1,1,'en',0,'Ware houses',14),(123,'zebw4v32p0q2lxdrrzftsicj','CME Mussafah Warehouse','mussafahwarehouse',' Street 8 - behind Premier Motor - Musaffah - M15 - Abu Dhabi\n','https://www.google.com/maps/embed?pb=!1m18!1m12!1m3!1d2834.507463269323!2d54.48506267535539!3d24.37341947825036!2m3!1f0!2f0!3f0!3m2!1i1024!2i768!4f13.1!3m3!1m2!1s0x3e5e4152bc4cc43d%3A0x1198e64599eddbd!2sCentral%20Motors%20%26%20Equipment%20-%20Abu%20Dhabi%20Branch!5e1!3m2!1sen!2sin!4v1770875879871!5m2!1sen!2sin\" width=\"600\" height=\"450\" style=\"border:0;\" allowfullscreen=\"\" loading=\"lazy\" referrerpolicy=\"no-referrer-when-downgrade','https://share.google/FkK157KWc8yilSe8T','2026-02-02 11:32:11.045000','2026-04-01 12:21:18.925000',NULL,1,1,'en',0,'Ware houses',15),(125,'a0ydsn8tsbeon3p866a1o2th','CME Sharjah Warehouse ','sharjahwarehouse','Warehouse no 23, 24 Maliha Street, Sharjah – 1984\n\n','https://www.google.com/maps/embed?pb=!1m17!1m12!1m3!1d2814.257065910017!2d55.501529!3d25.261743!2m3!1f0!2f0!3f0!3m2!1i1024!2i768!4f13.1!3m2!1m1!2zMjXCsDE1JzQyLjMiTiA1NcKwMzAnMDUuNSJF!5e1!3m2!1sen!2sin!4v1770032038210!5m2!1sen!2sin\" width=\"600\" height=\"450\" style=\"border:0;\" allowfullscreen=\"\" loading=\"lazy\" referrerpolicy=\"no-referrer-when-downgrade','https://maps.app.goo.gl/QX2iy3SJKWB3cpzXA','2026-02-02 11:35:09.682000','2026-04-01 12:22:13.031000',NULL,1,1,'en',0,'Ware houses',17),(144,'i34b83zy5qwld38q5n0cmcb9','CME Branch Office - Sharjah','powertools-sharjah','Warehouse no 23, 24 Maliha Street, Sharjah – 1984 \n\n','https://www.google.com/maps/embed?pb=!1m17!1m12!1m3!1d2814.257065910017!2d55.501529!3d25.261743!2m3!1f0!2f0!3f0!3m2!1i1024!2i768!4f13.1!3m2!1m1!2zMjXCsDE1JzQyLjMiTiA1NcKwMzAnMDUuNSJF!5e1!3m2!1sen!2sin!4v1770875274558!5m2!1sen!2sin\" width=\"600\" height=\"450\" style=\"border:0;\" allowfullscreen=\"\" loading=\"lazy\" referrerpolicy=\"no-referrer-when-downgrade','https://maps.app.goo.gl/QX2iy3SJKWB3cpzXA','2026-02-12 05:48:18.915000','2026-03-31 16:41:16.499000',NULL,1,1,'en',0,'Service Locations',NULL),(173,'dx6c5tyqnqrkqv9pid719mmu','CME MTSC - Mafraq','CME-MTSC-Mafraq','Mafraq Industrial City 1, \nGate # 111',NULL,NULL,'2026-03-04 08:40:08.622000','2026-03-31 16:40:05.213000',NULL,1,1,'en',0,'Service Locations',NULL),(198,'l1pe3kiqppp8jbpiyujrsrf7','Bosch DIESEL Car Service – Bosch Diesel Service – Dubai','bosch-car-service-bosch-diesel-service-dubai','\nAddress: 17, 14b Street, Al Quoz Industrial Area 2, Dubai - 26255\n','https://www.google.com/maps/embed?pb=!1m16!1m12!1m3!1d14449.530707740309!2d55.22211084533813!3d25.12275011025281!2m3!1f0!2f0!3f0!3m2!1i1024!2i768!4f13.1!2m1!1sBosch%20Car%20Service%20%E2%80%93%20Bosch%20Diesel%20Service%20%E2%80%93%20Dubai%20Address%3A%2017%2C%2014b%20Street%2C%20Al%20Quoz%20Industrial%20Area%202%2C%20Dubai%20-%2026255%20Tel%3A%20%2B971%204%20309%200900!5e0!3m2!1sen!2sin!4v1767875619923!5m2!1sen!2sin\" width=\"600\" height=\"450\" style=\"border:0;\" allowfullscreen=\"\" loading=\"lazy\" referrerpolicy=\"no-referrer-when-downgrade',NULL,'2026-01-08 11:16:07.450000','2026-03-30 14:29:32.532000','2026-03-30 14:29:33.116000',1,1,'en',0,'Service Locations',NULL),(260,'dx6c5tyqnqrkqv9pid719mmu','CME MTSC - Mafraq','CME-MTSC-Mafraq','Mafraq Industrial City 1, \nGate # 111',NULL,NULL,'2026-03-04 08:40:08.622000','2026-03-31 16:40:05.213000','2026-03-31 16:40:05.828000',1,1,'en',0,'Service Locations',NULL),(273,'trger5nz2n0kcnv17tcr8wnm','CME Workshop Test Equipment','workshop-test-equipment','Al Quoz Industrial Area 4, Dubai – 26255','https://www.google.com/maps/embed?pb=!1m18!1m12!1m3!1d3612.7326575729476!2d55.22025397537906!3d25.110909577766563!2m3!1f0!2f0!3f0!3m2!1i1024!2i768!4f13.1!3m3!1m2!1s0x3e5f6be3288499d9%3A0x67e82e59cb04aeaa!2sCME%20Bosch%20Power%20Tools%20Service%20Center!5e0!3m2!1sen!2sin!4v1775026530460!5m2!1sen!2sin','https://share.google/w1kv2jJktcMRzOdpK','2026-04-01 06:55:58.094000','2026-04-01 11:49:59.305000',NULL,1,1,'en',NULL,'Service Locations',NULL),(293,'is45vbdrifkfjeqk6oxpqel9','CME Head Office - Abu Dhabi ','central-motors-and-equipment-abudhabi-branch','Street 8 - behind Premier Motor - Musaffah - M15 - Abu Dhabi','https://www.google.com/maps/embed?pb=!1m18!1m12!1m3!1d3634.2264568938617!2d54.485062675239355!3d24.37342436457341!2m3!1f0!2f0!3f0!3m2!1i1024!2i768!4f13.1!3m3!1m2!1s0x3e5e4152bc4cc43d%3A0x1198e64599eddbd!2sCentral%20Motors%20%26%20Equipment%20-%20Abu%20Dhabi%20Branch!5e0!3m2!1sen!2sin!4v1767875960115!5m2!1sen!2sin\" width=\"600\" height=\"450\" style=\"border:0;\" allowfullscreen=\"\" loading=\"lazy\" referrerpolicy=\"no-referrer-when-downgrade','https://share.google/FkK157KWc8yilSe8T','2026-01-08 11:07:41.413000','2026-04-01 12:15:03.755000','2026-04-01 12:15:04.456000',1,1,'en',1,'CME Branch Office',1),(294,'pqc40p7zxv2233qi2y6f74kh','CME Branch Office - Dubai','central-motors-and-equipment-dubai-branch','No.17, 14b Street Al Quoz Industrial Area 1 – 364, Hadaeq Mohammed Bin Rashid, Dubai','https://www.google.com/maps/embed?pb=!1m18!1m12!1m3!1d3611.9836922389777!2d55.22472622526102!3d25.136242184167262!2m3!1f0!2f0!3f0!3m2!1i1024!2i768!4f13.1!3m3!1m2!1s0x3e5f697da5fc80e5%3A0x110be5ae66636227!2sCentral%20Motors%20%26%20Equipment%20-%20Dubai%20Branch!5e0!3m2!1sen!2sin!4v1767876337162!5m2!1sen!2sin\" width=\"600\" height=\"450\" style=\"border:0;\" allowfullscreen=\"\" loading=\"lazy\" referrerpolicy=\"no-referrer-when-downgrade','https://www.google.com/maps/','2025-12-12 06:00:16.228000','2026-04-01 12:15:34.176000','2026-04-01 12:15:34.754000',1,1,'en',1,'CME Branch Office',2),(295,'vfdarffnc0b9hshpv6yhiyif','CME Branch Office - Sharjah','central-motors-and-equipment-sharjah-branch','Warehouse no 23, 24 Maliha Street, Sharjah – 1984 ','https://www.google.com/maps/embed?pb=!1m12!1m8!1m3!1d57714.24141615909!2d55.379857!3d25.299497!3m2!1i1024!2i768!4f13.1!2m1!1sWarehouse%20no%2023%2024%20Maliha%20Street%20Sharjah%201984%20Tel%20971%2065932777!5e0!3m2!1sen!2sin!4v1772195255102!5m2!1sen!2sin','https://maps.app.goo.gl/QX2iy3SJKWB3cpzXA','2026-01-08 11:48:43.715000','2026-04-01 12:16:15.085000','2026-04-01 12:16:15.664000',1,1,'en',1,'CME Branch Office',3),(296,'z7kox30x9nfdo5mkbos77bwm','CME Tyre Plus - Mussafah','mussafah',' Street 8 - behind Premier Motor - Musaffah - M15 - Abu Dhabi','https://www.google.com/maps/embed?pb=!1m18!1m12!1m3!1d2834.5116011105265!2d54.4847950740496!3d24.37323486458313!2m3!1f0!2f0!3f0!3m2!1i1024!2i768!4f13.1!3m3!1m2!1s0x3e5e4104980e74c9%3A0x6ad866f6ef9e457!2sTYREPLUS%20CME%20-%20Central%20Motor%20Equipment%20-%20Musaffah%20M15!5e1!3m2!1sen!2sin!4v1770028906708!5m2!1sen!2sin\" width=\"600\" height=\"450\" style=\"border:0;\" allowfullscreen=\"\" loading=\"lazy\" referrerpolicy=\"no-referrer-when-downgrade','https://share.google/xkRk6marik5WDmFdK ','2026-02-02 10:27:07.933000','2026-04-01 12:16:46.535000','2026-04-01 12:16:47.142000',1,1,'en',0,'Service Locations',4),(297,'lpiq97cqjr5omxx1u4nfrqe4','CME Tyre Plus - ADNOC Bateen Station ','bateen','ADNOC Souq - Zone 2, 32nd St cor - 27st St - Al Bateen - Abu Dhabi ','https://www.google.com/maps/embed?pb=!1m18!1m12!1m3!1d45326.95966234054!2d54.349424912701686!3d24.443482560089237!2m3!1f0!2f0!3f0!3m2!1i1024!2i768!4f13.1!3m3!1m2!1s0x3e5e6768daf9fa01%3A0xeb1357e732a1cfd6!2sTYREPLUS%20CME%20-%20Central%20Motor%20Equipment%20-%20Al%20Bateen!5e1!3m2!1sen!2sin!4v1770028998682!5m2!1sen!2sin\" width=\"600\" height=\"450\" style=\"border:0;\" allowfullscreen=\"\" loading=\"lazy\" referrerpolicy=\"no-referrer-when-downgrade','https://share.google/jvBv0dO8FO14AAEva','2026-02-02 10:27:59.878000','2026-04-01 12:17:17.845000','2026-04-01 12:17:18.454000',1,1,'en',0,'Service Locations',5),(298,'wb49fb3roz6ub0akub8frto3','CME Tyre Plus - ADNOC Embassy Station ','embassy','ADNOC Embassy Station - Airport Rd - Al Sa`Adah - Zone 1 - Abu Dhabi ','https://www.google.com/maps/embed?pb=!1m18!1m12!1m3!1d45326.95966234053!2d54.34942491270167!3d24.443482560089233!2m3!1f0!2f0!3f0!3m2!1i1024!2i768!4f13.1!3m3!1m2!1s0x3e5e69d6708a720d%3A0xa811d8820907237!2sTYREPLUS%20CME%20-Central%20Motor%20Equipment-%20ADNOC%20Embassy%20Station!5e1!3m2!1sen!2sin!4v1770028266666!5m2!1sen!2sin\" width=\"600\" height=\"450\" style=\"border:0;\" allowfullscreen=\"\" loading=\"lazy\" referrerpolicy=\"no-referrer-when-downgrade','https://share.google/Idmppqpbe1nkbJI2O','2026-02-02 10:31:47.294000','2026-04-01 12:17:33.515000','2026-04-01 12:17:34.120000',1,1,'en',0,'Service Locations',6),(299,'xlc5mzazk1kuw6hwwzylye2r','CME Tyre Plus - ADNOC Shakhbout Station ','tyreplus-cme-adnoc-shakhbout-station','ADNOC - Shakhbout City - MSH10 - Abu Dhabi. ','https://www.google.com/maps/embed?pb=!1m18!1m12!1m3!1d58154.0455350317!2d54.55131928022917!3d24.359453077577673!2m3!1f0!2f0!3f0!3m2!1i1024!2i768!4f13.1!3m3!1m2!1s0x3e5e482173fe9ec5%3A0x88b974587458d012!2sShakhbout%20City%20-%20Abu%20Dhabi%20-%20United%20Arab%20Emirates!5e0!3m2!1sen!2sin!4v1767876797842!5m2!1sen!2sin\" width=\"600\" height=\"450\" style=\"border:0;\" allowfullscreen=\"\" loading=\"lazy\" referrerpolicy=\"no-referrer-when-downgrade','https://share.google/MjjU8wXBg0EPc4hYP','2026-01-08 11:39:38.091000','2026-04-01 12:17:48.030000','2026-04-01 12:17:48.637000',1,1,'en',0,'Service Locations',7),(300,'jjoju2mg5e56qe3rgmwqpoy3','CME MTSC - Mafraq ','mafraq','Mafraq Industrial City 1, \nGate # 111\n','https://www.google.com/maps/embed?pb=!1m24!1m12!1m3!1d116336.29329240658!2d54.458452037630856!3d24.32875025676231!2m3!1f0!2f0!3f0!3m2!1i1024!2i768!4f13.1!4m9!3e0!4m3!3m2!1d24.373846!2d54.487679!4m3!3m2!1d24.290806!2d54.593083!5e0!3m2!1sen!2sin!4v1770029745944!5m2!1sen!2sin\" width=\"600\" height=\"450\" style=\"border:0;\" allowfullscreen=\"\" loading=\"lazy\" referrerpolicy=\"no-referrer-when-downgrade',NULL,'2026-02-02 10:57:36.804000','2026-04-01 12:18:25.852000','2026-04-01 12:18:26.457000',1,1,'en',0,'Service Locations',8),(301,'yd0p5t3vduf85a3dx1lmt5o5','CME PT Service - Abu Dhabi ','ptservice',' Street 8 - behind Premier Motor - Musaffah - M15 - Abu Dhabi \n','https://www.google.com/maps/embed?pb=!1m18!1m12!1m3!1d927631.4504975791!2d54.195700137568636!3d24.74196953560712!2m3!1f0!2f0!3f0!3m2!1i1024!2i768!4f13.1!3m3!1m2!1s0x3e5f6be3288499d9%3A0x67e82e59cb04aeaa!2sCME%20Bosch%20Power%20Tools%20Service%20Center!5e0!3m2!1sen!2sin!4v1770030192004!5m2!1sen!2sin\" width=\"600\" height=\"450\" style=\"border:0;\" allowfullscreen=\"\" loading=\"lazy\" referrerpolicy=\"no-referrer-when-downgrade','https://share.google/FkK157KWc8yilSe8T','2026-02-02 11:04:14.002000','2026-04-01 12:18:48.883000','2026-04-01 12:18:49.445000',1,1,'en',0,'Service Locations',9),(302,'xgqmsn3nxf2380gpv17r1gq5','CME PT Service - Dubai ','ptdubai','Al Quoz Industrial Area 4, Dubai – 26255 \n\n','https://www.google.com/maps/embed?pb=!1m18!1m12!1m3!1d2817.74330974765!2d55.22025397537906!3d25.110909577766563!2m3!1f0!2f0!3f0!3m2!1i1024!2i768!4f13.1!3m3!1m2!1s0x3e5f6be3288499d9%3A0x67e82e59cb04aeaa!2sCME%20Bosch%20Power%20Tools%20Service%20Center!5e1!3m2!1sen!2sin!4v1770875636929!5m2!1sen!2sin\" width=\"600\" height=\"450\" style=\"border:0;\" allowfullscreen=\"\" loading=\"lazy\" referrerpolicy=\"no-referrer-when-downgrade','https://share.google/w1kv2jJktcMRzOdpK','2026-02-02 11:07:27.018000','2026-04-01 12:19:08.974000','2026-04-01 12:19:09.583000',1,1,'en',0,'Service Locations',10),(306,'m50znna6mzc3nhkc6v03unak','CME Mafraq Warehouse','mafraqwarehouse','Mafraq Industrial City 1, \nGate # 111\n','https://www.google.com/maps/embed?pb=!1m24!1m12!1m3!1d90736.24958613481!2d54.458452037630856!3d24.32875025676231!2m3!1f0!2f0!3f0!3m2!1i1024!2i768!4f13.1!4m9!3e0!4m3!3m2!1d24.373846!2d54.487679!4m3!3m2!1d24.290806!2d54.593083!5e1!3m2!1sen!2sin!4v1770031249192!5m2!1sen!2sin\" width=\"600\" height=\"450\" style=\"border:0;\" allowfullscreen=\"\" loading=\"lazy\" referrerpolicy=\"no-referrer-when-downgrade',NULL,'2026-02-02 11:30:15.149000','2026-04-01 12:20:59.414000','2026-04-01 12:20:59.999000',1,1,'en',0,'Ware houses',14),(307,'zebw4v32p0q2lxdrrzftsicj','CME Mussafah Warehouse','mussafahwarehouse',' Street 8 - behind Premier Motor - Musaffah - M15 - Abu Dhabi\n','https://www.google.com/maps/embed?pb=!1m18!1m12!1m3!1d2834.507463269323!2d54.48506267535539!3d24.37341947825036!2m3!1f0!2f0!3f0!3m2!1i1024!2i768!4f13.1!3m3!1m2!1s0x3e5e4152bc4cc43d%3A0x1198e64599eddbd!2sCentral%20Motors%20%26%20Equipment%20-%20Abu%20Dhabi%20Branch!5e1!3m2!1sen!2sin!4v1770875879871!5m2!1sen!2sin\" width=\"600\" height=\"450\" style=\"border:0;\" allowfullscreen=\"\" loading=\"lazy\" referrerpolicy=\"no-referrer-when-downgrade','https://share.google/FkK157KWc8yilSe8T','2026-02-02 11:32:11.045000','2026-04-01 12:21:18.925000','2026-04-01 12:21:19.492000',1,1,'en',0,'Ware houses',15),(308,'ltf9b8zwf9edwf7l3zvz9qvz','CME Al Qouz Warehouse ','alqouz','Al Quoz Industrial Area 4, Dubai – 26255\n','https://www.google.com/maps/embed?pb=!1m18!1m12!1m3!1d2817.74330974765!2d55.22025397537906!3d25.110909577766563!2m3!1f0!2f0!3f0!3m2!1i1024!2i768!4f13.1!3m3!1m2!1s0x3e5f6be3288499d9%3A0x67e82e59cb04aeaa!2sCME%20Bosch%20Power%20Tools%20Service%20Center!5e1!3m2!1sen!2sin!4v1770875809508!5m2!1sen!2sin\" width=\"600\" height=\"450\" style=\"border:0;\" allowfullscreen=\"\" loading=\"lazy\" referrerpolicy=\"no-referrer-when-downgrade','https://share.google/w1kv2jJktcMRzOdpK','2026-02-02 11:19:14.158000','2026-04-01 12:21:41.892000','2026-04-01 12:21:42.524000',1,1,'en',0,'Ware houses',16),(309,'a0ydsn8tsbeon3p866a1o2th','CME Sharjah Warehouse ','sharjahwarehouse','Warehouse no 23, 24 Maliha Street, Sharjah – 1984\n\n','https://www.google.com/maps/embed?pb=!1m17!1m12!1m3!1d2814.257065910017!2d55.501529!3d25.261743!2m3!1f0!2f0!3f0!3m2!1i1024!2i768!4f13.1!3m2!1m1!2zMjXCsDE1JzQyLjMiTiA1NcKwMzAnMDUuNSJF!5e1!3m2!1sen!2sin!4v1770032038210!5m2!1sen!2sin\" width=\"600\" height=\"450\" style=\"border:0;\" allowfullscreen=\"\" loading=\"lazy\" referrerpolicy=\"no-referrer-when-downgrade','https://maps.app.goo.gl/QX2iy3SJKWB3cpzXA','2026-02-02 11:35:09.682000','2026-04-01 12:22:13.031000','2026-04-01 12:22:13.600000',1,1,'en',0,'Ware houses',17),(310,'vl0fb9ldtwpgn56a91ztj0h8','CME Workshop Test Equipment','workshop','Al Quoz Industrial Area 4, Dubai – 26255 \n','https://www.google.com/maps/embed?pb=!1m18!1m12!1m3!1d2817.74330974765!2d55.22025397537906!3d25.110909577766563!2m3!1f0!2f0!3f0!3m2!1i1024!2i768!4f13.1!3m3!1m2!1s0x3e5f6be3288499d9%3A0x67e82e59cb04aeaa!2sCME%20Bosch%20Power%20Tools%20Service%20Center!5e1!3m2!1sen!2sin!4v1770875705547!5m2!1sen!2sin\" width=\"600\" height=\"450\" style=\"border:0;\" allowfullscreen=\"\" loading=\"lazy\" referrerpolicy=\"no-referrer-when-downgrade','https://share.google/w1kv2jJktcMRzOdpK','2026-02-02 11:14:02.855000','2026-04-01 12:37:41.655000','2026-04-01 12:37:42.324000',1,1,'en',0,'Service Locations',11),(311,'w4sbhlmmjgce36ch8z11tb2g','CME Bosch Car Service ','cme-bosch-car-service-embassy','No.17, 14b Street Al Quoz Industrial Area 1 – 364, Hadaeq Mohammed Bin Rashid, Dubai\n\n','https://www.google.com/maps/embed?pb=!1m18!1m12!1m3!1d1816.3201144771936!2d54.429462038646705!3d24.428563336646658!2m3!1f0!2f0!3f0!3m2!1i1024!2i768!4f13.1!3m3!1m2!1s0x3e5e69d670761fdf%3A0x8c68441801b1bdec!2sBosch%20Car%20Service%20-%20CME%20-%20Embassy!5e0!3m2!1sen!2sin!4v1767876639458!5m2!1sen!2sin\" width=\"600\" height=\"450\" style=\"border:0;\" allowfullscreen=\"\" loading=\"lazy\" referrerpolicy=\"no-referrer-when-downgrade','https://share.google/xsFpWqzcwCZfBVW0E','2026-01-08 11:31:40.929000','2026-04-01 12:39:27.467000','2026-04-01 12:39:28.043000',1,1,'en',NULL,'Service Locations',13),(312,'bdlnapyhrxyt5jfd8jv37b4o','CME BOSCH Diesel Service','cme-diesel-car-service','No.17, 14b Street Al Quoz Industrial Area 1 – 364, Hadaeq Mohammed Bin Rashid, Dubai \n','https://www.google.com/maps/embed?pb=!1m18!1m12!1m3!1d2817.176433006417!2d55.22510467537966!3d25.135493277750786!2m3!1f0!2f0!3f0!3m2!1i1024!2i768!4f13.1!3m3!1m2!1s0x3e5f697da5fc80e5%3A0x110be5ae66636227!2sCentral%20Motors%20%26%20Equipment%20-%20Dubai%20Branch!5e1!3m2!1sen!2sin!4v1770874871527!5m2!1sen!2sin\" width=\"600\" height=\"450\" style=\"border:0;\" allowfullscreen=\"\" loading=\"lazy\" referrerpolicy=\"no-referrer-when-downgrade','https://share.google/xsFpWqzcwCZfBVW0E','2026-01-08 11:35:09.195000','2026-04-01 12:39:56.631000','2026-04-01 12:39:57.207000',1,1,'en',NULL,'Service Locations',12);

--
-- Table structure for table `branches_branch_location_lnk`
--

CREATE TABLE `branches_branch_location_lnk` (
  `id` int unsigned NOT NULL AUTO_INCREMENT,
  `branch_id` int unsigned DEFAULT NULL,
  `branch_location_id` int unsigned DEFAULT NULL,
  `branch_location_ord` double unsigned DEFAULT NULL,
  PRIMARY KEY (`id`),
  UNIQUE KEY `branches_branch_location_lnk_uq` (`branch_id`,`branch_location_id`),
  KEY `branches_branch_location_lnk_fk` (`branch_id`),
  KEY `branches_branch_location_lnk_ifk` (`branch_location_id`),
  KEY `branches_branch_location_lnk_ofk` (`branch_location_ord`),
  CONSTRAINT `branches_branch_location_lnk_fk` FOREIGN KEY (`branch_id`) REFERENCES `branches` (`id`) ON DELETE CASCADE,
  CONSTRAINT `branches_branch_location_lnk_ifk` FOREIGN KEY (`branch_location_id`) REFERENCES `branch_locations` (`id`) ON DELETE CASCADE
) ENGINE=InnoDB AUTO_INCREMENT=489 DEFAULT CHARSET=utf8mb4 COLLATE=utf8mb4_0900_ai_ci;

--
-- Dumping data for table `branches_branch_location_lnk`
--

INSERT INTO `branches_branch_location_lnk` VALUES (5,1,1,1),(18,5,1,1),(20,17,4,1),(34,31,7,1),(87,17,17,2),(90,1,17,2),(93,31,17,2),(99,5,21,2),(119,86,4,1),(121,88,4,1),(123,90,4,1),(136,103,4,0),(138,29,4,1),(140,106,4,1),(145,108,1,1),(147,113,1,1),(149,27,1,1),(151,25,1,1),(156,121,4,0),(158,125,7,0),(160,118,1,1),(167,88,15,2),(170,90,15,2),(173,86,15,2),(176,29,15,2),(189,144,7,1),(193,123,4,1),(222,27,11,2),(231,106,23,2),(234,108,25,2),(237,144,27,2),(246,173,15,0),(390,260,16,1),(433,273,1,1),(439,25,13,2),(443,273,29,2),(454,293,6,1),(455,293,18,2),(456,294,3,1),(457,294,18,2),(458,295,8,1),(459,295,18,2),(460,296,6,1),(461,296,16,2),(462,297,6,1),(463,297,16,2),(464,298,6,1),(465,298,16,2),(466,299,6,1),(467,299,16,2),(468,300,6,1),(469,301,6,1),(470,301,24,2),(471,302,3,1),(472,302,26,2),(478,306,6,1),(479,307,6,1),(480,308,3,1),(481,309,8,1),(482,113,29,2),(483,310,3,1),(484,310,31,2),(485,311,3,1),(486,311,32,2),(487,312,3,1),(488,312,33,2);

--
-- Table structure for table `branches_cmps`
--

CREATE TABLE `branches_cmps` (
  `id` int unsigned NOT NULL AUTO_INCREMENT,
  `entity_id` int unsigned DEFAULT NULL,
  `cmp_id` int unsigned DEFAULT NULL,
  `component_type` varchar(255) DEFAULT NULL,
  `field` varchar(255) DEFAULT NULL,
  `order` double unsigned DEFAULT NULL,
  PRIMARY KEY (`id`),
  UNIQUE KEY `branches_uq` (`entity_id`,`cmp_id`,`field`,`component_type`),
  KEY `branches_field_idx` (`field`),
  KEY `branches_component_type_idx` (`component_type`),
  KEY `branches_entity_fk` (`entity_id`),
  CONSTRAINT `branches_entity_fk` FOREIGN KEY (`entity_id`) REFERENCES `branches` (`id`) ON DELETE CASCADE
) ENGINE=InnoDB AUTO_INCREMENT=917 DEFAULT CHARSET=utf8mb4 COLLATE=utf8mb4_0900_ai_ci;

--
-- Dumping data for table `branches_cmps`
--

INSERT INTO `branches_cmps` VALUES (1,1,11,'common.phone','phoneNumbers',1),(13,5,18,'common.phone','phoneNumbers',1),(15,17,20,'common.phone','phoneNumbers',1),(21,21,24,'common.phone','phoneNumbers',1),(23,17,26,'common.phone','phoneNumbers',2),(29,25,30,'common.phone','phoneNumbers',1),(36,27,37,'common.phone','phoneNumbers',1),(39,29,40,'common.phone','phoneNumbers',1),(40,29,41,'common.phone','phoneNumbers',2),(45,31,46,'common.phone','phoneNumbers',1),(215,86,136,'common.phone','phoneNumbers',1),(217,88,138,'common.phone','phoneNumbers',1),(225,90,143,'common.phone','phoneNumbers',1),(226,90,144,'common.phone','phoneNumbers',2),(229,86,147,'common.phone','phoneNumbers',2),(233,88,150,'common.phone','phoneNumbers',2),(247,103,157,'common.phone','phoneNumbers',1),(248,103,158,'common.phone','phoneNumbers',2),(257,106,164,'common.phone','phoneNumbers',1),(259,108,166,'common.phone','phoneNumbers',1),(260,108,167,'common.phone','phoneNumbers',2),(271,113,174,'common.phone','phoneNumbers',1),(285,118,182,'common.phone','phoneNumbers',1),(286,118,183,'common.phone','phoneNumbers',2),(287,118,184,'common.phone','phoneNumbers',3),(293,121,190,'common.phone','phoneNumbers',1),(294,121,191,'common.phone','phoneNumbers',2),(297,123,194,'common.phone','phoneNumbers',1),(299,125,196,'common.phone','phoneNumbers',1),(387,144,240,'common.phone','phoneNumbers',1),(473,173,284,'common.phone','phoneNumbers',1),(474,173,285,'common.phone','phoneNumbers',2),(556,198,327,'common.phone','phoneNumbers',1),(745,17,422,'common.phone','phoneNumbers',3),(779,260,439,'common.phone','phoneNumbers',1),(780,260,440,'common.phone','phoneNumbers',2),(815,273,458,'common.phone','phoneNumbers',1),(858,293,478,'common.phone','phoneNumbers',1),(859,293,479,'common.phone','phoneNumbers',2),(860,293,480,'common.phone','phoneNumbers',3),(862,294,481,'common.phone','phoneNumbers',1),(864,295,482,'common.phone','phoneNumbers',1),(867,296,483,'common.phone','phoneNumbers',1),(868,296,484,'common.phone','phoneNumbers',2),(871,297,485,'common.phone','phoneNumbers',1),(872,297,486,'common.phone','phoneNumbers',2),(875,298,487,'common.phone','phoneNumbers',1),(876,298,488,'common.phone','phoneNumbers',2),(879,299,489,'common.phone','phoneNumbers',1),(880,299,490,'common.phone','phoneNumbers',2),(883,300,491,'common.phone','phoneNumbers',1),(884,300,492,'common.phone','phoneNumbers',2),(886,301,493,'common.phone','phoneNumbers',1),(889,302,494,'common.phone','phoneNumbers',1),(890,302,495,'common.phone','phoneNumbers',2),(899,306,499,'common.phone','phoneNumbers',1),(900,306,500,'common.phone','phoneNumbers',2),(902,307,501,'common.phone','phoneNumbers',1),(906,308,502,'common.phone','phoneNumbers',1),(907,308,503,'common.phone','phoneNumbers',2),(908,308,504,'common.phone','phoneNumbers',3),(910,309,505,'common.phone','phoneNumbers',1),(912,310,506,'common.phone','phoneNumbers',1),(914,311,507,'common.phone','phoneNumbers',1),(916,312,508,'common.phone','phoneNumbers',1);

--
-- Table structure for table `brands`
--

CREATE TABLE `brands` (
  `id` int unsigned NOT NULL AUTO_INCREMENT,
  `document_id` varchar(255) DEFAULT NULL,
  `title` varchar(255) DEFAULT NULL,
  `created_at` datetime(6) DEFAULT NULL,
  `updated_at` datetime(6) DEFAULT NULL,
  `published_at` datetime(6) DEFAULT NULL,
  `created_by_id` int unsigned DEFAULT NULL,
  `updated_by_id` int unsigned DEFAULT NULL,
  `locale` varchar(255) DEFAULT NULL,
  `common_url` longtext,
  `enable_common_url` tinyint(1) DEFAULT NULL,
  `automotive_url` longtext,
  `enable_automotive_url` tinyint(1) DEFAULT NULL,
  `power_tool_url` longtext,
  `enable_power_tool_url` tinyint(1) DEFAULT NULL,
  `tyre_url` longtext,
  `enable_tyre_url` tinyint(1) DEFAULT NULL,
  `is_featured` tinyint(1) DEFAULT NULL,
  PRIMARY KEY (`id`),
  KEY `brands_documents_idx` (`document_id`,`locale`,`published_at`),
  KEY `brands_created_by_id_fk` (`created_by_id`),
  KEY `brands_updated_by_id_fk` (`updated_by_id`),
  CONSTRAINT `brands_created_by_id_fk` FOREIGN KEY (`created_by_id`) REFERENCES `admin_users` (`id`) ON DELETE SET NULL,
  CONSTRAINT `brands_updated_by_id_fk` FOREIGN KEY (`updated_by_id`) REFERENCES `admin_users` (`id`) ON DELETE SET NULL
) ENGINE=InnoDB AUTO_INCREMENT=162 DEFAULT CHARSET=utf8mb4 COLLATE=utf8mb4_0900_ai_ci;

--
-- Dumping data for table `brands`
--

INSERT INTO `brands` VALUES (14,'n9gt88bkyk17osl5dpg0gzfu','Michelin','2026-01-21 07:02:55.412000','2026-02-05 11:51:19.841000',NULL,1,1,'en',NULL,NULL,NULL,NULL,NULL,NULL,NULL,NULL,NULL),(16,'q8w465abn879jdhys84s67q0','cyclo','2026-01-21 07:04:12.011000','2026-01-21 09:49:01.854000',NULL,1,1,'en',NULL,NULL,NULL,NULL,NULL,NULL,NULL,NULL,NULL),(18,'s7a4l0meuzwakqhimpikwqfp','car go','2026-01-21 07:05:04.460000','2026-01-21 10:28:52.628000',NULL,1,1,'en',NULL,NULL,NULL,NULL,NULL,NULL,NULL,NULL,NULL),(20,'xrykpx56ixcerdh4etv7xssq','bridge stone','2026-01-21 07:05:44.072000','2026-02-05 11:47:27.188000',NULL,1,1,'en',NULL,NULL,NULL,NULL,NULL,NULL,NULL,NULL,NULL),(22,'paydf8yd8sfv2rwi9i68rbhe','Optima','2026-01-21 07:06:18.095000','2026-01-21 07:06:18.095000',NULL,1,1,'en',NULL,NULL,NULL,NULL,NULL,NULL,NULL,NULL,NULL),(24,'kjr2sfyhldpuxprhp1qixscx','knorr-bremse','2026-01-21 07:07:34.838000','2026-01-21 10:29:00.786000',NULL,1,1,'en',NULL,NULL,NULL,NULL,NULL,NULL,NULL,NULL,NULL),(28,'kglawfbw52b3j6lzyzpjj00s','Tyre Plus','2026-01-21 09:08:24.007000','2026-02-05 11:16:30.212000',NULL,1,1,'en',NULL,NULL,NULL,NULL,NULL,NULL,NULL,NULL,NULL),(30,'zf0ykpcq16dhi8y791i2ra3j','Michelin','2026-01-21 09:10:15.898000','2026-02-18 06:07:29.960000',NULL,1,1,'en',NULL,NULL,NULL,NULL,NULL,NULL,NULL,NULL,1),(34,'uizxpc8g5mfb7zuwa401ovz6','sicam','2026-01-21 09:20:37.148000','2026-03-06 10:13:30.823000',NULL,1,1,'en',NULL,NULL,NULL,NULL,NULL,NULL,NULL,NULL,NULL),(36,'a24wm087ru1fx6vjqwj6lt5b','osram','2026-01-21 09:21:01.479000','2026-01-21 09:21:01.479000',NULL,1,1,'en',NULL,NULL,NULL,NULL,NULL,NULL,NULL,NULL,NULL),(38,'n1jpa7y9lx7n4ddey6lt17g5','grantex','2026-01-21 09:21:27.338000','2026-02-05 11:47:41.915000',NULL,1,1,'en',NULL,NULL,NULL,NULL,NULL,NULL,NULL,NULL,NULL),(40,'vrocse3wnomun5t46br0vf5k','AZPI','2026-01-21 09:21:47.206000','2026-01-21 09:36:19.347000',NULL,1,1,'en',NULL,NULL,NULL,NULL,NULL,NULL,NULL,NULL,NULL),(44,'fgfkoncx79tw2m0jepdtzsvl','bosch','2026-01-21 09:23:57.652000','2026-02-18 06:03:17.319000',NULL,1,1,'en',NULL,NULL,NULL,NULL,NULL,NULL,NULL,NULL,1),(47,'vrocse3wnomun5t46br0vf5k','AZPI','2026-01-21 09:21:47.206000','2026-01-21 09:36:19.347000','2026-01-21 09:36:19.677000',1,1,'en',NULL,NULL,NULL,NULL,NULL,NULL,NULL,NULL,NULL),(53,'q8w465abn879jdhys84s67q0','cyclo','2026-01-21 07:04:12.011000','2026-01-21 09:49:01.854000','2026-01-21 09:49:02.266000',1,1,'en',NULL,NULL,NULL,NULL,NULL,NULL,NULL,NULL,NULL),(54,'f0o7hr9kqdz1ptycmc7c87ip','bosch','2026-01-21 10:21:21.918000','2026-01-21 10:21:21.918000',NULL,1,1,'en',NULL,NULL,NULL,NULL,NULL,NULL,NULL,NULL,NULL),(55,'f0o7hr9kqdz1ptycmc7c87ip','bosch','2026-01-21 10:21:21.918000','2026-01-21 10:21:21.918000','2026-01-21 10:21:22.293000',1,1,'en',NULL,NULL,NULL,NULL,NULL,NULL,NULL,NULL,NULL),(56,'eyz4jl7obr9jgwlgfz9g7mej','Azpi','2026-01-21 10:23:04.864000','2026-02-05 11:47:06.670000',NULL,1,1,'en',NULL,NULL,NULL,NULL,NULL,NULL,NULL,NULL,NULL),(58,'ry7hcveftvo8a57h1zbiow15','osram','2026-01-21 10:23:26.683000','2026-02-18 06:07:47.496000',NULL,1,1,'en',NULL,NULL,NULL,NULL,NULL,NULL,NULL,NULL,NULL),(60,'g9vbvowxeuqigmc9m1hvfrct','Asnu','2026-01-21 10:23:43.514000','2026-03-13 06:09:08.598000',NULL,1,1,'en',NULL,NULL,NULL,NULL,NULL,NULL,NULL,NULL,NULL),(63,'s7a4l0meuzwakqhimpikwqfp','car go','2026-01-21 07:05:04.460000','2026-01-21 10:28:52.628000','2026-01-21 10:28:53.018000',1,1,'en',NULL,NULL,NULL,NULL,NULL,NULL,NULL,NULL,NULL),(64,'kjr2sfyhldpuxprhp1qixscx','knorr-bremse','2026-01-21 07:07:34.838000','2026-01-21 10:29:00.786000','2026-01-21 10:29:01.201000',1,1,'en',NULL,NULL,NULL,NULL,NULL,NULL,NULL,NULL,NULL),(73,'kglawfbw52b3j6lzyzpjj00s','Tyre Plus','2026-01-21 09:08:24.007000','2026-02-05 11:16:30.212000','2026-02-05 11:16:30.714000',1,1,'en',NULL,NULL,NULL,NULL,NULL,NULL,NULL,NULL,NULL),(78,'n1jpa7y9lx7n4ddey6lt17g5','grantex','2026-01-21 09:21:27.338000','2026-02-05 11:47:41.915000','2026-02-05 11:47:42.312000',1,1,'en',NULL,NULL,NULL,NULL,NULL,NULL,NULL,NULL,NULL),(80,'fgfkoncx79tw2m0jepdtzsvl','bosch','2026-01-21 09:23:57.652000','2026-02-18 06:03:17.319000','2026-02-18 06:03:17.682000',1,1,'en',NULL,NULL,NULL,NULL,NULL,NULL,NULL,NULL,1),(81,'zf0ykpcq16dhi8y791i2ra3j','Michelin','2026-01-21 09:10:15.898000','2026-02-18 06:07:29.960000','2026-02-18 06:07:30.433000',1,1,'en',NULL,NULL,NULL,NULL,NULL,NULL,NULL,NULL,1),(82,'ry7hcveftvo8a57h1zbiow15','osram','2026-01-21 10:23:26.683000','2026-02-18 06:07:47.496000','2026-02-18 06:07:47.835000',1,1,'en',NULL,NULL,NULL,NULL,NULL,NULL,NULL,NULL,NULL),(83,'yxe2n9us8mnwmmp6w8691k7a','Bosch blue','2026-03-06 06:45:37.438000','2026-03-06 10:02:41.705000',NULL,1,1,'en',NULL,0,NULL,0,NULL,0,NULL,0,0),(85,'j0d1isggo94gqpod0tp21e70','Bosch green','2026-03-06 06:47:17.323000','2026-03-06 10:01:11.508000',NULL,1,1,'en',NULL,0,NULL,0,NULL,0,NULL,0,0),(87,'hy2fm3xfnsn1ben80a6ms7ds','Dremel blue','2026-03-06 06:48:23.106000','2026-03-06 10:03:27.225000',NULL,1,1,'en',NULL,0,NULL,0,NULL,0,NULL,0,0),(89,'u7f7jlmf7mn6k0wl9odu67od','Bf good rich tires','2026-03-06 06:51:43.771000','2026-03-06 10:05:01.758000',NULL,1,1,'en',NULL,0,NULL,0,NULL,0,NULL,0,0),(91,'r6j6oa2hv8dweui4sbucqoyr','Michelin','2026-03-06 06:53:15.741000','2026-03-06 06:53:15.741000',NULL,1,1,'en',NULL,0,NULL,0,NULL,0,NULL,0,0),(92,'r6j6oa2hv8dweui4sbucqoyr','Michelin','2026-03-06 06:53:15.741000','2026-03-06 06:53:15.741000','2026-03-06 06:53:16.097000',1,1,'en',NULL,0,NULL,0,NULL,0,NULL,0,0),(93,'dwnov4yhx4i33bjx0upssjy9','Bosch diesel service','2026-03-06 06:56:03.521000','2026-03-06 10:06:30.777000',NULL,1,1,'en',NULL,0,NULL,0,NULL,0,NULL,0,0),(95,'a86vmfxmfkky9nmt42rl07gk','Bosch car service','2026-03-06 06:59:19.228000','2026-03-06 06:59:19.228000',NULL,1,1,'en',NULL,0,NULL,0,NULL,0,NULL,0,0),(96,'a86vmfxmfkky9nmt42rl07gk','Bosch car service','2026-03-06 06:59:19.228000','2026-03-06 06:59:19.228000','2026-03-06 06:59:19.513000',1,1,'en',NULL,0,NULL,0,NULL,0,NULL,0,0),(97,'nov1tq3irri2ewn15ip95exi','Clas','2026-03-06 07:03:03.107000','2026-03-13 09:47:45.192000',NULL,1,1,'en',NULL,0,NULL,0,NULL,0,NULL,0,0),(99,'hd8txznuhzmzyudm3xhcnrbw','Eveready logo','2026-03-06 07:05:37.833000','2026-03-13 06:09:46.527000',NULL,1,1,'en',NULL,0,NULL,0,NULL,0,NULL,0,0),(101,'gxgib4pfy19brbmwpdh3a7m5','JP Group Automotive','2026-03-06 07:09:16.934000','2026-03-06 10:10:36.636000',NULL,1,1,'en',NULL,0,NULL,0,NULL,0,NULL,0,0),(103,'mwq8lkkfove6qh1rhwnmb7zb','JP Group Automotive pos','2026-03-06 07:10:47.589000','2026-03-06 10:09:07.430000',NULL,1,1,'en',NULL,0,NULL,0,NULL,0,NULL,0,0),(105,'q1wxkvxhnlcu78uoq1f10i20','KB logo left RGB','2026-03-06 07:12:35.395000','2026-03-06 10:10:52.651000',NULL,1,1,'en',NULL,0,NULL,0,NULL,0,NULL,0,0),(107,'wjbmc7tcw6bjgp7wpgsq95zm','Manatec','2026-03-06 07:15:58.648000','2026-03-13 06:10:21.547000',NULL,1,1,'en',NULL,0,NULL,0,NULL,0,NULL,0,0),(109,'gzzwiflegzyui5vh8xcg240f','Optima by clarios','2026-03-06 07:17:42.385000','2026-03-06 07:17:42.385000',NULL,1,1,'en',NULL,0,NULL,0,NULL,0,NULL,0,0),(110,'gzzwiflegzyui5vh8xcg240f','Optima by clarios','2026-03-06 07:17:42.385000','2026-03-06 07:17:42.385000','2026-03-06 07:17:42.691000',1,1,'en',NULL,0,NULL,0,NULL,0,NULL,0,0),(111,'zfrdrjvzvwu9pde7ymtxst9b','Sicam','2026-03-06 07:18:45.763000','2026-03-06 07:18:45.763000',NULL,1,1,'en',NULL,0,NULL,0,NULL,0,NULL,0,0),(113,'j0d1isggo94gqpod0tp21e70','Bosch green','2026-03-06 06:47:17.323000','2026-03-06 10:01:11.508000','2026-03-06 10:01:11.957000',1,1,'en',NULL,0,NULL,0,NULL,0,NULL,0,0),(114,'yxe2n9us8mnwmmp6w8691k7a','Bosch blue','2026-03-06 06:45:37.438000','2026-03-06 10:02:41.705000','2026-03-06 10:02:42.103000',1,1,'en',NULL,0,NULL,0,NULL,0,NULL,0,0),(115,'hy2fm3xfnsn1ben80a6ms7ds','Dremel blue','2026-03-06 06:48:23.106000','2026-03-06 10:03:27.225000','2026-03-06 10:03:27.628000',1,1,'en',NULL,0,NULL,0,NULL,0,NULL,0,0),(116,'u7f7jlmf7mn6k0wl9odu67od','Bf good rich tires','2026-03-06 06:51:43.771000','2026-03-06 10:05:01.758000','2026-03-06 10:05:02.269000',1,1,'en',NULL,0,NULL,0,NULL,0,NULL,0,0),(117,'dwnov4yhx4i33bjx0upssjy9','Bosch diesel service','2026-03-06 06:56:03.521000','2026-03-06 10:06:30.777000','2026-03-06 10:06:31.166000',1,1,'en',NULL,0,NULL,0,NULL,0,NULL,0,0),(121,'mwq8lkkfove6qh1rhwnmb7zb','JP Group Automotive pos','2026-03-06 07:10:47.589000','2026-03-06 10:09:07.430000','2026-03-06 10:09:07.835000',1,1,'en',NULL,0,NULL,0,NULL,0,NULL,0,0),(122,'gxgib4pfy19brbmwpdh3a7m5','JP Group Automotive','2026-03-06 07:09:16.934000','2026-03-06 10:10:36.636000','2026-03-06 10:10:37.022000',1,1,'en',NULL,0,NULL,0,NULL,0,NULL,0,0),(123,'q1wxkvxhnlcu78uoq1f10i20','KB logo left RGB','2026-03-06 07:12:35.395000','2026-03-06 10:10:52.651000','2026-03-06 10:10:53.056000',1,1,'en',NULL,0,NULL,0,NULL,0,NULL,0,0),(126,'uizxpc8g5mfb7zuwa401ovz6','sicam','2026-01-21 09:20:37.148000','2026-03-06 10:13:30.823000','2026-03-06 10:13:31.233000',1,1,'en',NULL,NULL,NULL,NULL,NULL,NULL,NULL,NULL,NULL),(128,'g9vbvowxeuqigmc9m1hvfrct','Asnu','2026-01-21 10:23:43.514000','2026-03-13 06:09:08.598000','2026-03-13 06:09:08.955000',1,1,'en',NULL,NULL,NULL,NULL,NULL,NULL,NULL,NULL,NULL),(129,'hd8txznuhzmzyudm3xhcnrbw','Eveready logo','2026-03-06 07:05:37.833000','2026-03-13 06:09:46.527000','2026-03-13 06:09:46.868000',1,1,'en',NULL,0,NULL,0,NULL,0,NULL,0,0),(130,'wjbmc7tcw6bjgp7wpgsq95zm','Manatec','2026-03-06 07:15:58.648000','2026-03-13 06:10:21.547000','2026-03-13 06:10:21.895000',1,1,'en',NULL,0,NULL,0,NULL,0,NULL,0,0),(131,'m8zihl17z32by4hdhkf3nge7','Zexel','2026-03-13 06:11:06.683000','2026-03-13 06:11:06.683000',NULL,1,1,'en',NULL,0,NULL,0,NULL,0,NULL,0,0),(132,'m8zihl17z32by4hdhkf3nge7','Zexel','2026-03-13 06:11:06.683000','2026-03-13 06:11:06.683000','2026-03-13 06:11:06.969000',1,1,'en',NULL,0,NULL,0,NULL,0,NULL,0,0),(133,'pa84vx9ihg55rf8drcq1fn1r','NRF','2026-03-13 06:11:23.486000','2026-03-13 06:12:06.788000',NULL,1,1,'en',NULL,0,NULL,0,NULL,0,NULL,0,0),(135,'kjch4f9x106n854z7jys3hwf','Valeo','2026-03-13 06:11:49.016000','2026-03-13 06:11:49.016000',NULL,1,1,'en',NULL,0,NULL,0,NULL,0,NULL,0,0),(136,'kjch4f9x106n854z7jys3hwf','Valeo','2026-03-13 06:11:49.016000','2026-03-13 06:11:49.016000','2026-03-13 06:11:49.291000',1,1,'en',NULL,0,NULL,0,NULL,0,NULL,0,0),(137,'pa84vx9ihg55rf8drcq1fn1r','NRF','2026-03-13 06:11:23.486000','2026-03-13 06:12:06.788000','2026-03-13 06:12:07.218000',1,1,'en',NULL,0,NULL,0,NULL,0,NULL,0,0),(138,'tug7ukxz2qmqb5ud92zg6cmk','HC Cargo','2026-03-13 06:12:28.771000','2026-03-13 06:13:31.133000',NULL,1,1,'en',NULL,0,NULL,0,NULL,0,NULL,0,0),(141,'n3n6hb12tar080ker4etskk7','Cyclo','2026-03-13 06:12:58.381000','2026-03-13 06:13:17.379000',NULL,1,1,'en',NULL,0,NULL,0,NULL,0,NULL,0,0),(143,'n3n6hb12tar080ker4etskk7','Cyclo','2026-03-13 06:12:58.381000','2026-03-13 06:13:17.379000','2026-03-13 06:13:17.796000',1,1,'en',NULL,0,NULL,0,NULL,0,NULL,0,0),(144,'tug7ukxz2qmqb5ud92zg6cmk','HC Cargo','2026-03-13 06:12:28.771000','2026-03-13 06:13:31.133000','2026-03-13 06:13:31.464000',1,1,'en',NULL,0,NULL,0,NULL,0,NULL,0,0),(145,'mawkhhvukp8c9dilultoinkn','Optima','2026-03-13 06:13:56.771000','2026-03-13 06:13:56.771000',NULL,1,1,'en',NULL,0,NULL,0,NULL,0,NULL,0,0),(146,'mawkhhvukp8c9dilultoinkn','Optima','2026-03-13 06:13:56.771000','2026-03-13 06:13:56.771000','2026-03-13 06:13:57.041000',1,1,'en',NULL,0,NULL,0,NULL,0,NULL,0,0),(147,'ap8xcbpncn7i8kkdsnpjvmbb','Autopart Battery','2026-03-13 06:14:24.611000','2026-03-13 06:14:33.096000',NULL,1,1,'en',NULL,0,NULL,0,NULL,0,NULL,0,0),(149,'ap8xcbpncn7i8kkdsnpjvmbb','Autopart Battery','2026-03-13 06:14:24.611000','2026-03-13 06:14:33.096000','2026-03-13 06:14:33.528000',1,1,'en',NULL,0,NULL,0,NULL,0,NULL,0,0),(153,'naxhzh9icj7zdt2e4ayc4i3s','Sicam','2026-03-13 06:15:18.764000','2026-03-13 06:15:23.368000',NULL,1,1,'en',NULL,0,NULL,0,NULL,0,NULL,0,0),(155,'naxhzh9icj7zdt2e4ayc4i3s','Sicam','2026-03-13 06:15:18.764000','2026-03-13 06:15:23.368000','2026-03-13 06:15:23.778000',1,1,'en',NULL,0,NULL,0,NULL,0,NULL,0,0),(156,'zt77vel4geqx9tqvbb2l73pu','HPA Faip','2026-03-13 06:15:49.362000','2026-03-13 06:15:54.564000',NULL,1,1,'en',NULL,0,NULL,0,NULL,0,NULL,0,0),(158,'zt77vel4geqx9tqvbb2l73pu','HPA Faip','2026-03-13 06:15:49.362000','2026-03-13 06:15:54.564000','2026-03-13 06:15:54.970000',1,1,'en',NULL,0,NULL,0,NULL,0,NULL,0,0),(159,'nov1tq3irri2ewn15ip95exi','Clas','2026-03-06 07:03:03.107000','2026-03-13 09:47:45.192000','2026-03-13 09:47:45.571000',1,1,'en',NULL,0,NULL,0,NULL,0,NULL,0,0),(160,'kaqtmxkxbgg19gc7n9slwigc','Osram','2026-03-13 10:46:12.174000','2026-03-13 10:46:12.174000',NULL,1,1,'en',NULL,0,NULL,0,NULL,0,NULL,0,0),(161,'kaqtmxkxbgg19gc7n9slwigc','Osram','2026-03-13 10:46:12.174000','2026-03-13 10:46:12.174000','2026-03-13 10:46:12.452000',1,1,'en',NULL,0,NULL,0,NULL,0,NULL,0,0);

--
-- Table structure for table `brands_types_lnk`
--

CREATE TABLE `brands_types_lnk` (
  `id` int unsigned NOT NULL AUTO_INCREMENT,
  `brand_id` int unsigned DEFAULT NULL,
  `type_id` int unsigned DEFAULT NULL,
  `type_ord` double unsigned DEFAULT NULL,
  PRIMARY KEY (`id`),
  UNIQUE KEY `brands_types_lnk_uq` (`brand_id`,`type_id`),
  KEY `brands_types_lnk_fk` (`brand_id`),
  KEY `brands_types_lnk_ifk` (`type_id`),
  KEY `brands_types_lnk_ofk` (`type_ord`),
  CONSTRAINT `brands_types_lnk_fk` FOREIGN KEY (`brand_id`) REFERENCES `brands` (`id`) ON DELETE CASCADE,
  CONSTRAINT `brands_types_lnk_ifk` FOREIGN KEY (`type_id`) REFERENCES `types` (`id`) ON DELETE CASCADE
) ENGINE=InnoDB AUTO_INCREMENT=135 DEFAULT CHARSET=utf8mb4 COLLATE=utf8mb4_0900_ai_ci;

--
-- Dumping data for table `brands_types_lnk`
--

INSERT INTO `brands_types_lnk` VALUES (1,44,5,1),(3,30,5,1),(5,58,5,1),(7,28,5,1),(11,44,3,2),(14,28,7,2),(15,73,6,1),(16,73,8,2),(17,30,7,2),(20,60,3,1),(22,56,3,1),(24,20,7,1),(26,38,3,1),(27,78,4,1),(28,14,7,1),(30,80,6,1),(31,80,4,2),(32,81,6,1),(33,81,8,2),(34,82,6,1),(35,83,5,1),(37,85,5,1),(39,87,5,1),(41,89,5,1),(43,91,5,0),(44,92,6,1),(45,93,5,1),(47,95,5,0),(48,96,6,1),(49,97,5,1),(51,99,5,1),(53,101,5,1),(55,103,5,1),(57,105,5,1),(59,107,5,1),(61,109,5,0),(62,110,6,1),(63,111,5,0),(65,85,1,2),(66,113,6,1),(67,113,9,2),(68,83,1,2),(69,114,6,1),(70,114,9,2),(71,87,1,2),(72,115,6,1),(73,115,9,2),(74,89,7,2),(75,116,6,1),(76,116,8,2),(77,93,3,2),(78,117,6,1),(79,117,4,2),(80,97,3,2),(83,99,3,2),(89,103,3,2),(90,121,6,1),(91,121,4,2),(92,122,6,1),(93,105,3,2),(94,123,6,1),(95,123,4,2),(96,107,3,2),(99,34,3,1),(101,34,5,2),(102,126,4,1),(103,126,6,2),(105,128,4,1),(106,129,6,1),(107,129,4,2),(108,130,6,1),(109,130,4,2),(110,131,3,0),(111,132,4,1),(112,135,3,0),(113,136,4,1),(114,133,3,1),(115,137,4,1),(116,138,3,1),(118,141,3,1),(119,143,4,1),(120,144,4,1),(121,145,3,0),(122,146,4,1),(123,147,3,1),(124,149,4,1),(127,153,3,1),(128,155,4,1),(129,156,3,1),(130,158,4,1),(131,159,6,1),(132,159,4,2),(133,160,3,0),(134,161,4,1);

--
-- Table structure for table `business_streams`
--

CREATE TABLE `business_streams` (
  `id` int unsigned NOT NULL AUTO_INCREMENT,
  `document_id` varchar(255) DEFAULT NULL,
  `title` varchar(255) DEFAULT NULL,
  `slug` varchar(255) DEFAULT NULL,
  `small_description` longtext,
  `created_at` datetime(6) DEFAULT NULL,
  `updated_at` datetime(6) DEFAULT NULL,
  `published_at` datetime(6) DEFAULT NULL,
  `created_by_id` int unsigned DEFAULT NULL,
  `updated_by_id` int unsigned DEFAULT NULL,
  `locale` varchar(255) DEFAULT NULL,
  `home_page_sort_order` int DEFAULT NULL,
  PRIMARY KEY (`id`),
  KEY `business_streams_documents_idx` (`document_id`,`locale`,`published_at`),
  KEY `business_streams_created_by_id_fk` (`created_by_id`),
  KEY `business_streams_updated_by_id_fk` (`updated_by_id`),
  CONSTRAINT `business_streams_created_by_id_fk` FOREIGN KEY (`created_by_id`) REFERENCES `admin_users` (`id`) ON DELETE SET NULL,
  CONSTRAINT `business_streams_updated_by_id_fk` FOREIGN KEY (`updated_by_id`) REFERENCES `admin_users` (`id`) ON DELETE SET NULL
) ENGINE=InnoDB AUTO_INCREMENT=45 DEFAULT CHARSET=utf8mb4 COLLATE=utf8mb4_0900_ai_ci;

--
-- Dumping data for table `business_streams`
--

INSERT INTO `business_streams` VALUES (1,'semdayauouae374mkamo72yl','Automotive Aftermarket','automotive-aftermarket','Representing Bosch Automotive, Osram, Knorr-Bremse, Valeo and many more. From spare parts to workshop equipment, we cover your complete aftermarket needs.','2026-01-12 09:26:08.434000','2026-03-27 09:28:56.720000',NULL,1,1,'en',2),(3,'dglhxwmayfeota23fl2yd0t8','Power Tools','power-tools','The authorized BOSCH Power Tools Dealer in the UAE. With the full range of professional tools covering all trades. Representing also its state-of-the-art after-sales service network. ','2026-01-12 09:27:04.552000','2026-03-27 09:29:05.804000',NULL,1,1,'en',3),(6,'dnsii2cxp3ugenaunb2dixyu','Tyres','tyres','At CME, We provide premium quality tyres designed to deliver exceptional performance, superior safety, and long-lasting value for every drive. ','2026-01-13 09:12:52.655000','2026-03-27 09:28:45.732000',NULL,1,1,'en',1),(8,'pp9najkpda2ntigsifskhfnv','Services','services','We sepecialize in providing expert solutions across Automotive Aftermarket Services, Tyre Services and Power Tools Services. ','2026-01-13 09:14:07.257000','2026-03-26 13:47:49.346000',NULL,1,1,'en',4),(41,'pp9najkpda2ntigsifskhfnv','Services','services','We sepecialize in providing expert solutions across Automotive Aftermarket Services, Tyre Services and Power Tools Services. ','2026-01-13 09:14:07.257000','2026-03-26 13:47:49.346000','2026-03-26 13:47:49.726000',1,1,'en',4),(42,'dnsii2cxp3ugenaunb2dixyu','Tyres','tyres','At CME, We provide premium quality tyres designed to deliver exceptional performance, superior safety, and long-lasting value for every drive. ','2026-01-13 09:12:52.655000','2026-03-27 09:28:45.732000','2026-03-27 09:28:46.122000',1,1,'en',1),(43,'semdayauouae374mkamo72yl','Automotive Aftermarket','automotive-aftermarket','Representing Bosch Automotive, Osram, Knorr-Bremse, Valeo and many more. From spare parts to workshop equipment, we cover your complete aftermarket needs.','2026-01-12 09:26:08.434000','2026-03-27 09:28:56.720000','2026-03-27 09:28:57.303000',1,1,'en',2),(44,'dglhxwmayfeota23fl2yd0t8','Power Tools','power-tools','The authorized BOSCH Power Tools Dealer in the UAE. With the full range of professional tools covering all trades. Representing also its state-of-the-art after-sales service network. ','2026-01-12 09:27:04.552000','2026-03-27 09:29:05.804000','2026-03-27 09:29:06.179000',1,1,'en',3);

--
-- Table structure for table `business_streams_cmps`
--

CREATE TABLE `business_streams_cmps` (
  `id` int unsigned NOT NULL AUTO_INCREMENT,
  `entity_id` int unsigned DEFAULT NULL,
  `cmp_id` int unsigned DEFAULT NULL,
  `component_type` varchar(255) DEFAULT NULL,
  `field` varchar(255) DEFAULT NULL,
  `order` double unsigned DEFAULT NULL,
  PRIMARY KEY (`id`),
  UNIQUE KEY `business_streams_uq` (`entity_id`,`cmp_id`,`field`,`component_type`),
  KEY `business_streams_field_idx` (`field`),
  KEY `business_streams_component_type_idx` (`component_type`),
  KEY `business_streams_entity_fk` (`entity_id`),
  CONSTRAINT `business_streams_entity_fk` FOREIGN KEY (`entity_id`) REFERENCES `business_streams` (`id`) ON DELETE CASCADE
) ENGINE=InnoDB AUTO_INCREMENT=11 DEFAULT CHARSET=utf8mb4 COLLATE=utf8mb4_0900_ai_ci;

--
-- Dumping data for table `business_streams_cmps`
--

INSERT INTO `business_streams_cmps` VALUES (1,1,93,'common.seo','seo',NULL),(10,43,147,'common.seo','seo',NULL);

--
-- Table structure for table `components_common_banners`
--

CREATE TABLE `components_common_banners` (
  `id` int unsigned NOT NULL AUTO_INCREMENT,
  `title` varchar(255) DEFAULT NULL,
  `subtitle` varchar(255) DEFAULT NULL,
  `type` varchar(255) DEFAULT NULL,
  PRIMARY KEY (`id`)
) ENGINE=InnoDB AUTO_INCREMENT=306 DEFAULT CHARSET=utf8mb4 COLLATE=utf8mb4_0900_ai_ci;

--
-- Dumping data for table `components_common_banners`
--

INSERT INTO `components_common_banners` VALUES (15,'Contact Us',NULL,NULL),(19,'Contact Us',NULL,NULL),(20,'Contact Us','At your service. We would love to hear from you!','image'),(24,'Everything  You Need to Keep Moving',NULL,'image'),(26,'Everything  You Need to Keep Moving',NULL,'image'),(31,'Everything  You Need to Keep Moving',NULL,'image'),(35,'Quality Aftermarket Parts for Every Drive.',NULL,'image'),(37,'test',NULL,'image'),(40,'test',NULL,'image'),(41,'test',NULL,'image'),(42,'test',NULL,'image'),(43,'Quality Aftermarket Parts for Every Drive.',NULL,'image'),(44,'Everything  You Need to Keep Moving',NULL,'image'),(59,'Quality Aftermarket Parts for Every Drive.',NULL,'image'),(80,'Everything  You Need to Keep Moving',NULL,'image'),(101,NULL,NULL,'image'),(102,NULL,NULL,'image'),(107,NULL,NULL,'image'),(109,NULL,NULL,'image'),(111,NULL,NULL,'image'),(121,NULL,NULL,'image'),(124,NULL,NULL,'image'),(128,NULL,NULL,'image'),(141,NULL,NULL,'image'),(177,'Everything  You Need to Keep Moving',NULL,'image'),(184,NULL,NULL,'image'),(193,NULL,NULL,'image'),(194,NULL,NULL,'image'),(227,'Everything  You Need to Keep Moving',NULL,'image'),(228,'Everything  You Need to Keep Moving',NULL,'image'),(232,NULL,NULL,'video'),(235,NULL,NULL,'video'),(236,NULL,NULL,'video'),(241,NULL,NULL,'image'),(258,NULL,NULL,'image'),(260,NULL,NULL,'image'),(265,NULL,NULL,'image'),(266,'Contact Us','At your service. We would love to hear from you!','image'),(273,NULL,NULL,'image'),(279,NULL,NULL,'image'),(280,NULL,NULL,'video'),(281,NULL,NULL,'video'),(282,NULL,NULL,'video'),(283,NULL,NULL,'image'),(284,NULL,NULL,'image'),(285,NULL,NULL,'image'),(286,NULL,NULL,'image'),(287,NULL,NULL,'image'),(288,NULL,NULL,'image'),(289,NULL,NULL,'image'),(290,NULL,NULL,'image'),(291,NULL,NULL,'image'),(292,NULL,NULL,'image'),(293,NULL,NULL,'image'),(294,NULL,NULL,'image'),(295,NULL,NULL,'image'),(296,NULL,NULL,'image'),(297,NULL,NULL,'image'),(298,NULL,NULL,'image'),(299,NULL,NULL,'image'),(300,'Quality Aftermarket Parts for Every Drive.',NULL,'image'),(301,NULL,NULL,'image'),(304,NULL,NULL,'image'),(305,NULL,NULL,'image');

--
-- Table structure for table `components_common_banners_cmps`
--

CREATE TABLE `components_common_banners_cmps` (
  `id` int unsigned NOT NULL AUTO_INCREMENT,
  `entity_id` int unsigned DEFAULT NULL,
  `cmp_id` int unsigned DEFAULT NULL,
  `component_type` varchar(255) DEFAULT NULL,
  `field` varchar(255) DEFAULT NULL,
  `order` double unsigned DEFAULT NULL,
  PRIMARY KEY (`id`),
  UNIQUE KEY `components_common_banners_uq` (`entity_id`,`cmp_id`,`field`,`component_type`),
  KEY `components_common_banners_field_idx` (`field`),
  KEY `components_common_banners_component_type_idx` (`component_type`),
  KEY `components_common_banners_entity_fk` (`entity_id`),
  CONSTRAINT `components_common_banners_entity_fk` FOREIGN KEY (`entity_id`) REFERENCES `components_common_banners` (`id`) ON DELETE CASCADE
) ENGINE=InnoDB DEFAULT CHARSET=utf8mb4 COLLATE=utf8mb4_0900_ai_ci;

--
-- Dumping data for table `components_common_banners_cmps`
--


--
-- Table structure for table `components_common_box_components`
--

CREATE TABLE `components_common_box_components` (
  `id` int unsigned NOT NULL AUTO_INCREMENT,
  `title` varchar(255) DEFAULT NULL,
  `description` varchar(255) DEFAULT NULL,
  `phone` varchar(255) DEFAULT NULL,
  `latitude` varchar(255) DEFAULT NULL,
  `longitude` varchar(255) DEFAULT NULL,
  `sub_title` longtext,
  PRIMARY KEY (`id`)
) ENGINE=InnoDB AUTO_INCREMENT=12 DEFAULT CHARSET=utf8mb4 COLLATE=utf8mb4_0900_ai_ci;

--
-- Dumping data for table `components_common_box_components`
--

INSERT INTO `components_common_box_components` VALUES (1,'Automotive Aftermarket - Power Tools - Tyres','Tell us your requirement and our team will get back to you.',NULL,NULL,NULL,'Reach out to us for'),(11,'Automotive Aftermarket - Power Tools - Tyres','Tell us your requirement and our team will get back to you.',NULL,NULL,NULL,'Reach out to us for');

--
-- Table structure for table `components_common_box_components_cmps`
--

CREATE TABLE `components_common_box_components_cmps` (
  `id` int unsigned NOT NULL AUTO_INCREMENT,
  `entity_id` int unsigned DEFAULT NULL,
  `cmp_id` int unsigned DEFAULT NULL,
  `component_type` varchar(255) DEFAULT NULL,
  `field` varchar(255) DEFAULT NULL,
  `order` double unsigned DEFAULT NULL,
  PRIMARY KEY (`id`),
  UNIQUE KEY `components_common_box_components_uq` (`entity_id`,`cmp_id`,`field`,`component_type`),
  KEY `components_common_box_components_field_idx` (`field`),
  KEY `components_common_box_components_component_type_idx` (`component_type`),
  KEY `components_common_box_components_entity_fk` (`entity_id`),
  CONSTRAINT `components_common_box_components_entity_fk` FOREIGN KEY (`entity_id`) REFERENCES `components_common_box_components` (`id`) ON DELETE CASCADE
) ENGINE=InnoDB AUTO_INCREMENT=101 DEFAULT CHARSET=utf8mb4 COLLATE=utf8mb4_0900_ai_ci;

--
-- Dumping data for table `components_common_box_components_cmps`
--

INSERT INTO `components_common_box_components_cmps` VALUES (3,1,3,'common.list','listItem',1),(4,1,4,'common.list','listItem',2),(49,1,29,'common.list','listItem',3),(50,1,30,'common.list','listItem',4),(51,1,31,'common.list','listItem',5),(96,11,54,'common.list','listItem',1),(97,11,55,'common.list','listItem',2),(98,11,56,'common.list','listItem',3),(99,11,57,'common.list','listItem',4),(100,11,58,'common.list','listItem',5);

--
-- Table structure for table `components_common_buttons`
--

CREATE TABLE `components_common_buttons` (
  `id` int unsigned NOT NULL AUTO_INCREMENT,
  `title` varchar(255) DEFAULT NULL,
  `url` varchar(255) DEFAULT NULL,
  `type_external` tinyint(1) DEFAULT NULL,
  PRIMARY KEY (`id`)
) ENGINE=InnoDB DEFAULT CHARSET=utf8mb4 COLLATE=utf8mb4_0900_ai_ci;

--
-- Dumping data for table `components_common_buttons`
--


--
-- Table structure for table `components_common_content_block_variants`
--

CREATE TABLE `components_common_content_block_variants` (
  `id` int unsigned NOT NULL AUTO_INCREMENT,
  `title` varchar(255) DEFAULT NULL,
  `sub_title` varchar(255) DEFAULT NULL,
  `description` longtext,
  `show_gradient_bg` tinyint(1) DEFAULT NULL,
  PRIMARY KEY (`id`)
) ENGINE=InnoDB AUTO_INCREMENT=392 DEFAULT CHARSET=utf8mb4 COLLATE=utf8mb4_0900_ai_ci;

--
-- Dumping data for table `components_common_content_block_variants`
--

INSERT INTO `components_common_content_block_variants` VALUES (1,NULL,NULL,NULL,1),(10,NULL,NULL,NULL,NULL),(45,'When Should You Rotate Your Tyres?',NULL,'<p>We recommend rotating your tyres <strong>every 8,000-10,000 kilometers or every 6 months</strong>, whichever comes first. However, you should consider more frequent rotation if you notice uneven wear patterns, experience vibrations while driving, or frequently drive in demanding conditions.</p>',NULL),(63,NULL,NULL,NULL,NULL),(67,NULL,NULL,NULL,NULL),(96,NULL,NULL,NULL,NULL),(113,NULL,NULL,NULL,1),(132,NULL,NULL,NULL,1),(138,NULL,NULL,NULL,NULL),(154,NULL,NULL,NULL,1),(155,NULL,NULL,NULL,NULL),(158,NULL,NULL,NULL,NULL),(199,NULL,NULL,NULL,NULL),(200,NULL,NULL,NULL,NULL),(215,NULL,NULL,NULL,0),(223,NULL,NULL,'<p>Proper tyre fitting and balancing are crucial for your vehicle\'s maintenance. Poorly fitted tyres can lead to a rough, uneven, and potentially unsafe ride. When fitting new tyres, make sure they\'re mounted correctly, are the right type for your vehicle, and are balanced accurately to ensure a smooth, safe drive and extend tyre lifespan.</p>',1),(226,'What is a tyre change and wheel balancing service?',NULL,NULL,NULL),(235,NULL,NULL,NULL,NULL),(253,'Technical services from industry experts',NULL,'<p>Loerem ipsum is a dummy text that commonly used among designers</p>',1),(256,'Technical services from industry experts',NULL,'<p>Loerem ipsum is a dummy text that commonly used among designers</p>',1),(257,'Technical services from industry experts',NULL,'<p>Loerem ipsum is a dummy text that commonly used among designers</p>',1),(320,NULL,NULL,NULL,1),(321,NULL,NULL,NULL,NULL),(355,NULL,NULL,NULL,1),(356,NULL,NULL,NULL,NULL),(366,NULL,NULL,NULL,1),(367,NULL,NULL,NULL,NULL),(371,NULL,NULL,NULL,1),(372,NULL,NULL,NULL,NULL),(373,NULL,NULL,NULL,0),(377,NULL,NULL,NULL,NULL),(378,NULL,NULL,NULL,NULL),(379,NULL,NULL,NULL,1),(380,NULL,NULL,NULL,NULL),(381,NULL,NULL,'<p>Proper tyre fitting and balancing are crucial for your vehicle\'s maintenance. Poorly fitted tyres can lead to a rough, uneven, and potentially unsafe ride. When fitting new tyres, make sure they\'re mounted correctly, are the right type for your vehicle, and are balanced accurately to ensure a smooth, safe drive and extend tyre lifespan.</p>',1),(382,'What is a tyre change and wheel balancing service?',NULL,NULL,NULL),(383,NULL,NULL,NULL,NULL),(384,'When Should You Rotate Your Tyres?',NULL,'<p>We recommend rotating your tyres <strong>every 8,000-10,000 kilometers or every 6 months</strong>, whichever comes first. However, you should consider more frequent rotation if you notice uneven wear patterns, experience vibrations while driving, or frequently drive in demanding conditions.</p>',NULL),(385,NULL,NULL,NULL,1),(386,NULL,NULL,NULL,NULL),(388,NULL,NULL,NULL,NULL),(389,NULL,NULL,NULL,NULL),(390,'Technical services from industry experts',NULL,'<p>Loerem ipsum is a dummy text that commonly used among designers</p>',1),(391,NULL,NULL,NULL,NULL);

--
-- Table structure for table `components_common_content_block_variants_cmps`
--

CREATE TABLE `components_common_content_block_variants_cmps` (
  `id` int unsigned NOT NULL AUTO_INCREMENT,
  `entity_id` int unsigned DEFAULT NULL,
  `cmp_id` int unsigned DEFAULT NULL,
  `component_type` varchar(255) DEFAULT NULL,
  `field` varchar(255) DEFAULT NULL,
  `order` double unsigned DEFAULT NULL,
  PRIMARY KEY (`id`),
  UNIQUE KEY `components_common_content_block_variants_uq` (`entity_id`,`cmp_id`,`field`,`component_type`),
  KEY `components_common_content_block_variants_field_idx` (`field`),
  KEY `components_common_content_block780de_component_type_idx` (`component_type`),
  KEY `components_common_content_block_variants_entity_fk` (`entity_id`),
  CONSTRAINT `components_common_content_block_variants_entity_fk` FOREIGN KEY (`entity_id`) REFERENCES `components_common_content_block_variants` (`id`) ON DELETE CASCADE
) ENGINE=InnoDB AUTO_INCREMENT=873 DEFAULT CHARSET=utf8mb4 COLLATE=utf8mb4_0900_ai_ci;

--
-- Dumping data for table `components_common_content_block_variants_cmps`
--

INSERT INTO `components_common_content_block_variants_cmps` VALUES (1,1,1,'common.title-desc-img-position','items',1),(33,10,19,'common.title-desc-img-position','items',1),(109,45,59,'common.title-desc-img-position','items',1),(143,63,77,'common.title-desc-img-position','items',1),(149,67,81,'common.title-desc-img-position','items',1),(182,67,98,'common.title-desc-img-position','items',2),(212,96,116,'common.title-desc-img-position','items',1),(243,113,133,'common.title-desc-img-position','items',1),(283,132,153,'common.title-desc-img-position','items',1),(294,138,159,'common.title-desc-img-position','items',1),(315,138,171,'common.title-desc-img-position','items',2),(321,10,175,'common.title-desc-img-position','items',2),(326,154,179,'common.title-desc-img-position','items',1),(327,155,180,'common.title-desc-img-position','items',1),(330,158,183,'common.title-desc-img-position','items',1),(331,158,184,'common.title-desc-img-position','items',2),(444,199,242,'common.title-desc-img-position','items',1),(445,200,243,'common.title-desc-img-position','items',1),(477,215,259,'common.title-desc-img-position','items',1),(492,223,267,'common.title-desc-img-position','items',1),(497,226,270,'common.title-desc-img-position','items',1),(515,235,281,'common.title-desc-img-position','items',1),(545,253,299,'common.title-desc-img-position','items',1),(549,256,302,'common.title-desc-img-position','items',1),(550,257,303,'common.title-desc-img-position','items',1),(643,235,349,'common.title-desc-img-position','items',2),(644,235,350,'common.title-desc-img-position','items',3),(707,320,386,'common.title-desc-img-position','items',1),(708,321,387,'common.title-desc-img-position','items',1),(780,355,421,'common.title-desc-img-position','items',1),(781,356,422,'common.title-desc-img-position','items',1),(782,356,423,'common.title-desc-img-position','items',2),(810,366,436,'common.title-desc-img-position','items',1),(811,367,437,'common.title-desc-img-position','items',1),(812,367,438,'common.title-desc-img-position','items',2),(823,371,443,'common.title-desc-img-position','items',1),(824,372,444,'common.title-desc-img-position','items',1),(826,373,445,'common.title-desc-img-position','items',1),(837,377,450,'common.title-desc-img-position','items',1),(838,378,451,'common.title-desc-img-position','items',1),(841,379,452,'common.title-desc-img-position','items',1),(842,380,453,'common.title-desc-img-position','items',1),(848,381,454,'common.title-desc-img-position','items',1),(849,382,455,'common.title-desc-img-position','items',1),(850,383,456,'common.title-desc-img-position','items',1),(851,383,457,'common.title-desc-img-position','items',2),(852,383,458,'common.title-desc-img-position','items',3),(854,384,459,'common.title-desc-img-position','items',1),(858,385,460,'common.title-desc-img-position','items',1),(859,386,461,'common.title-desc-img-position','items',1),(860,386,462,'common.title-desc-img-position','items',2),(866,388,464,'common.title-desc-img-position','items',1),(867,389,465,'common.title-desc-img-position','items',1),(868,389,466,'common.title-desc-img-position','items',2),(870,390,467,'common.title-desc-img-position','items',1),(872,391,468,'common.title-desc-img-position','items',1);

--
-- Table structure for table `components_common_content_blocks`
--

CREATE TABLE `components_common_content_blocks` (
  `id` int unsigned NOT NULL AUTO_INCREMENT,
  `title` varchar(255) DEFAULT NULL,
  `sub_title` varchar(255) DEFAULT NULL,
  `show_gradient_bg` tinyint(1) DEFAULT NULL,
  `service_card_variant` tinyint(1) DEFAULT NULL,
  PRIMARY KEY (`id`)
) ENGINE=InnoDB AUTO_INCREMENT=225 DEFAULT CHARSET=utf8mb4 COLLATE=utf8mb4_0900_ai_ci;

--
-- Dumping data for table `components_common_content_blocks`
--

INSERT INTO `components_common_content_blocks` VALUES (1,'Michelin Tyre Plus in Abu Dhabi and Al Ain','Taking care of your car\'s tyres is crucial for safe driving, especially with the challenging road conditions in the UAE.',NULL,NULL),(9,'Why Timely Tyre Repair Matters','A quick fix today prevents costly damage tomorrow. Drive smoother and safer.. Keep your tyres in top condition for smoother, safer rides.',NULL,NULL),(20,'Wide Range of Bosch Power Tools Services in UAE','As the authorized distributor of Bosch Power Tools across Dubai, Sharjah, and the UAE, Central Motors & Equipment (CME) offers a complete range of professional tools and accessories for every trade — making us your trusted destination for genuine Bosch pr',NULL,NULL),(26,'Wide Range of Bosch Power Tools Services in UAE','As the authorized distributor of Bosch Power Tools across Dubai, Sharjah, and the UAE, Central Motors & Equipment (CME) offers a complete range of professional tools and accessories for every trade — making us your trusted destination for genuine Bosch pr',NULL,NULL),(31,'Why Do You Need Regular Tyre Puncture Repair Services?',NULL,NULL,NULL),(98,'Michelin Tyre Plus in Abu Dhabi and Al Ain','Taking care of your car\'s tyres is crucial for safe driving, especially with the challenging road conditions in the UAE.',NULL,NULL),(99,'Why Timely Tyre Repair Matters','A quick fix today prevents costly damage tomorrow. Drive smoother and safer.. Keep your tyres in top condition for smoother, safer rides.',NULL,NULL),(103,'Our Comprehensive Car Brakes Repair Services',NULL,NULL,NULL),(119,'Ultimate Oil Change Solutions','Our Ultimate Oil Change Solutions package keeps your ride in top shape . We change your oil with top-quality oil and filters, check and top-up coolant, brake fluid, and transmission fluid, and conduct a thorough engine inspection to spot potential issues.',NULL,NULL),(121,'Why is Wheel Alignment Important','The proper alignment of the wheels plays a vital role in your vehicle\'s overall performance and safety. Here are a few reasons why you should not ignore it',NULL,NULL),(123,'Service & Support','A quick fix today prevents costly damage tomorrow. Drive smoother and safer.. Keep your tyres in top condition for smoother, safer rides.',NULL,1),(138,NULL,NULL,NULL,NULL),(152,'Why do I need wheel balancing after a tyre change?',NULL,NULL,NULL),(168,'Service & Support','A quick fix today prevents costly damage tomorrow. Drive smoother and safer.. Keep your tyres in top condition for smoother, safer rides.',NULL,NULL),(169,'Service & Support','A quick fix today prevents costly damage tomorrow. Drive smoother and safer.. Keep your tyres in top condition for smoother, safer rides.',NULL,NULL),(194,'Our Car Battery Services','At CME TyrePlus, we specialized in all things related to car batteries. Our experts provide a comprehensive range of car battery services designed to meet the unique needs of every vehicle. Whether you\'re facing an issue with sudden battery failure',NULL,NULL),(211,'Our Comprehensive Car Brakes Repair Services',NULL,NULL,NULL),(216,'Why Do You Need Regular Tyre Puncture Repair Services?',NULL,NULL,NULL),(218,'Our Car Battery Services','At CME TyrePlus, we specialized in all things related to car batteries. Our experts provide a comprehensive range of car battery services designed to meet the unique needs of every vehicle. Whether you\'re facing an issue with sudden battery failure',NULL,NULL),(220,NULL,NULL,NULL,NULL),(221,'Ultimate Oil Change Solutions','Our Ultimate Oil Change Solutions package keeps your ride in top shape . We change your oil with top-quality oil and filters, check and top-up coolant, brake fluid, and transmission fluid, and conduct a thorough engine inspection to spot potential issues.',NULL,NULL),(222,'Why do I need wheel balancing after a tyre change?',NULL,NULL,NULL),(223,'Why is Wheel Alignment Important','The proper alignment of the wheels plays a vital role in your vehicle\'s overall performance and safety. Here are a few reasons why you should not ignore it',NULL,NULL),(224,'Service & Support','A quick fix today prevents costly damage tomorrow. Drive smoother and safer.. Keep your tyres in top condition for smoother, safer rides.',NULL,1);

--
-- Table structure for table `components_common_content_blocks_cmps`
--

CREATE TABLE `components_common_content_blocks_cmps` (
  `id` int unsigned NOT NULL AUTO_INCREMENT,
  `entity_id` int unsigned DEFAULT NULL,
  `cmp_id` int unsigned DEFAULT NULL,
  `component_type` varchar(255) DEFAULT NULL,
  `field` varchar(255) DEFAULT NULL,
  `order` double unsigned DEFAULT NULL,
  PRIMARY KEY (`id`),
  UNIQUE KEY `components_common_content_blocks_uq` (`entity_id`,`cmp_id`,`field`,`component_type`),
  KEY `components_common_content_blocks_field_idx` (`field`),
  KEY `components_common_content_blocks_component_type_idx` (`component_type`),
  KEY `components_common_content_blocks_entity_fk` (`entity_id`),
  CONSTRAINT `components_common_content_blocks_entity_fk` FOREIGN KEY (`entity_id`) REFERENCES `components_common_content_blocks` (`id`) ON DELETE CASCADE
) ENGINE=InnoDB AUTO_INCREMENT=1417 DEFAULT CHARSET=utf8mb4 COLLATE=utf8mb4_0900_ai_ci;

--
-- Dumping data for table `components_common_content_blocks_cmps`
--

INSERT INTO `components_common_content_blocks_cmps` VALUES (17,1,11,'common.title-desc-with-img','items',1),(19,1,13,'common.title-desc-with-img','items',2),(25,9,16,'common.title-desc-with-img','items',1),(26,9,17,'common.title-desc-with-img','items',2),(27,9,18,'common.title-desc-with-img','items',3),(28,9,19,'common.title-desc-with-img','items',4),(29,9,20,'common.title-desc-with-img','items',5),(93,20,121,'common.title-desc-with-img','items',1),(100,26,125,'common.title-desc-with-img','items',1),(136,31,166,'common.title-desc-with-img','items',1),(137,31,167,'common.title-desc-with-img','items',2),(316,31,258,'common.title-desc-with-img','items',3),(317,31,259,'common.title-desc-with-img','items',4),(318,31,260,'common.title-desc-with-img','items',5),(319,31,261,'common.title-desc-with-img','items',6),(634,98,418,'common.title-desc-with-img','items',1),(635,98,419,'common.title-desc-with-img','items',2),(636,99,420,'common.title-desc-with-img','items',1),(637,99,421,'common.title-desc-with-img','items',2),(638,99,422,'common.title-desc-with-img','items',3),(639,99,423,'common.title-desc-with-img','items',4),(640,99,424,'common.title-desc-with-img','items',5),(671,103,443,'common.title-desc-with-img','items',1),(673,103,445,'common.title-desc-with-img','items',2),(674,103,446,'common.title-desc-with-img','items',3),(721,103,471,'common.title-desc-with-img','items',4),(722,103,472,'common.title-desc-with-img','items',5),(793,119,509,'common.title-desc-with-img','items',1),(794,119,510,'common.title-desc-with-img','items',2),(795,119,511,'common.title-desc-with-img','items',3),(799,121,515,'common.title-desc-with-img','items',1),(800,121,516,'common.title-desc-with-img','items',2),(801,121,517,'common.title-desc-with-img','items',3),(802,121,518,'common.title-desc-with-img','items',4),(807,123,523,'common.title-desc-with-img','items',1),(808,123,524,'common.title-desc-with-img','items',2),(809,123,525,'common.title-desc-with-img','items',3),(932,138,586,'common.title-desc-with-img','items',1),(933,138,587,'common.title-desc-with-img','items',2),(975,152,613,'common.title-desc-with-img','items',1),(976,152,614,'common.title-desc-with-img','items',2),(977,152,615,'common.title-desc-with-img','items',3),(1057,168,657,'common.title-desc-with-img','items',1),(1058,168,658,'common.title-desc-with-img','items',2),(1059,168,659,'common.title-desc-with-img','items',3),(1060,169,660,'common.title-desc-with-img','items',1),(1061,169,661,'common.title-desc-with-img','items',2),(1062,169,662,'common.title-desc-with-img','items',3),(1251,194,760,'common.title-desc-with-img','items',1),(1252,194,761,'common.title-desc-with-img','items',2),(1328,211,805,'common.title-desc-with-img','items',1),(1329,211,806,'common.title-desc-with-img','items',2),(1330,211,807,'common.title-desc-with-img','items',3),(1331,211,808,'common.title-desc-with-img','items',4),(1332,211,809,'common.title-desc-with-img','items',5),(1363,216,822,'common.title-desc-with-img','items',1),(1364,216,823,'common.title-desc-with-img','items',2),(1365,216,824,'common.title-desc-with-img','items',3),(1366,216,825,'common.title-desc-with-img','items',4),(1367,216,826,'common.title-desc-with-img','items',5),(1368,216,827,'common.title-desc-with-img','items',6),(1379,218,834,'common.title-desc-with-img','items',1),(1380,218,835,'common.title-desc-with-img','items',2),(1389,220,839,'common.title-desc-with-img','items',1),(1390,220,840,'common.title-desc-with-img','items',2),(1394,221,841,'common.title-desc-with-img','items',1),(1395,221,842,'common.title-desc-with-img','items',2),(1396,221,843,'common.title-desc-with-img','items',3),(1400,222,844,'common.title-desc-with-img','items',1),(1401,222,845,'common.title-desc-with-img','items',2),(1402,222,846,'common.title-desc-with-img','items',3),(1407,223,847,'common.title-desc-with-img','items',1),(1408,223,848,'common.title-desc-with-img','items',2),(1409,223,849,'common.title-desc-with-img','items',3),(1410,223,850,'common.title-desc-with-img','items',4),(1414,224,851,'common.title-desc-with-img','items',1),(1415,224,852,'common.title-desc-with-img','items',2),(1416,224,853,'common.title-desc-with-img','items',3);

--
-- Table structure for table `components_common_content_with_links`
--

CREATE TABLE `components_common_content_with_links` (
  `id` int unsigned NOT NULL AUTO_INCREMENT,
  `title` varchar(255) DEFAULT NULL,
  `sub_title` varchar(255) DEFAULT NULL,
  `description` longtext,
  PRIMARY KEY (`id`)
) ENGINE=InnoDB AUTO_INCREMENT=36 DEFAULT CHARSET=utf8mb4 COLLATE=utf8mb4_0900_ai_ci;

--
-- Dumping data for table `components_common_content_with_links`
--

INSERT INTO `components_common_content_with_links` VALUES (1,'Driving Growth, Shaping  the Future of the UAE',NULL,'<p>ALFAHIM Group is a multi-industry company that is privately held, guided by a steadfast vision and mission, we relentlessly pursue excellence, driving growth and prosperity across diverse sectors.</p>'),(35,'Driving Growth, Shaping  the Future of the UAE',NULL,'<p>ALFAHIM Group is a multi-industry company that is privately held, guided by a steadfast vision and mission, we relentlessly pursue excellence, driving growth and prosperity across diverse sectors.</p>');

--
-- Table structure for table `components_common_content_with_links_cmps`
--

CREATE TABLE `components_common_content_with_links_cmps` (
  `id` int unsigned NOT NULL AUTO_INCREMENT,
  `entity_id` int unsigned DEFAULT NULL,
  `cmp_id` int unsigned DEFAULT NULL,
  `component_type` varchar(255) DEFAULT NULL,
  `field` varchar(255) DEFAULT NULL,
  `order` double unsigned DEFAULT NULL,
  PRIMARY KEY (`id`),
  UNIQUE KEY `components_common_content_with_links_uq` (`entity_id`,`cmp_id`,`field`,`component_type`),
  KEY `components_common_content_with_links_field_idx` (`field`),
  KEY `components_common_content_with_links_component_type_idx` (`component_type`),
  KEY `components_common_content_with_links_entity_fk` (`entity_id`),
  CONSTRAINT `components_common_content_with_links_entity_fk` FOREIGN KEY (`entity_id`) REFERENCES `components_common_content_with_links` (`id`) ON DELETE CASCADE
) ENGINE=InnoDB AUTO_INCREMENT=71 DEFAULT CHARSET=utf8mb4 COLLATE=utf8mb4_0900_ai_ci;

--
-- Dumping data for table `components_common_content_with_links_cmps`
--

INSERT INTO `components_common_content_with_links_cmps` VALUES (1,1,1,'common.link-item','callToAction',NULL),(70,35,858,'common.link-item','callToAction',NULL);

--
-- Table structure for table `components_common_faqs`
--

CREATE TABLE `components_common_faqs` (
  `id` int unsigned NOT NULL AUTO_INCREMENT,
  `title` varchar(255) DEFAULT NULL,
  `sub_title` longtext,
  PRIMARY KEY (`id`)
) ENGINE=InnoDB AUTO_INCREMENT=46 DEFAULT CHARSET=utf8mb4 COLLATE=utf8mb4_0900_ai_ci;

--
-- Dumping data for table `components_common_faqs`
--

INSERT INTO `components_common_faqs` VALUES (1,'Got Questions? We’ve Got Answers','Find quick answers to common questions about our services.'),(45,'Got Questions? We’ve Got Answers','Find quick answers to common questions about our services.');

--
-- Table structure for table `components_common_faqs_cmps`
--

CREATE TABLE `components_common_faqs_cmps` (
  `id` int unsigned NOT NULL AUTO_INCREMENT,
  `entity_id` int unsigned DEFAULT NULL,
  `cmp_id` int unsigned DEFAULT NULL,
  `component_type` varchar(255) DEFAULT NULL,
  `field` varchar(255) DEFAULT NULL,
  `order` double unsigned DEFAULT NULL,
  PRIMARY KEY (`id`),
  UNIQUE KEY `components_common_faqs_uq` (`entity_id`,`cmp_id`,`field`,`component_type`),
  KEY `components_common_faqs_field_idx` (`field`),
  KEY `components_common_faqs_component_type_idx` (`component_type`),
  KEY `components_common_faqs_entity_fk` (`entity_id`),
  CONSTRAINT `components_common_faqs_entity_fk` FOREIGN KEY (`entity_id`) REFERENCES `components_common_faqs` (`id`) ON DELETE CASCADE
) ENGINE=InnoDB AUTO_INCREMENT=233 DEFAULT CHARSET=utf8mb4 COLLATE=utf8mb4_0900_ai_ci;

--
-- Dumping data for table `components_common_faqs_cmps`
--

INSERT INTO `components_common_faqs_cmps` VALUES (1,1,11,'common.title-with-desc','items',1),(2,1,12,'common.title-with-desc','items',2),(3,1,13,'common.title-with-desc','items',3),(230,45,201,'common.title-with-desc','items',1),(231,45,202,'common.title-with-desc','items',2),(232,45,203,'common.title-with-desc','items',3);

--
-- Table structure for table `components_common_link_items`
--

CREATE TABLE `components_common_link_items` (
  `id` int unsigned NOT NULL AUTO_INCREMENT,
  `label` varchar(255) DEFAULT NULL,
  `url` varchar(255) DEFAULT NULL,
  `new_tab` tinyint(1) DEFAULT NULL,
  PRIMARY KEY (`id`)
) ENGINE=InnoDB AUTO_INCREMENT=927 DEFAULT CHARSET=utf8mb4 COLLATE=utf8mb4_0900_ai_ci;

--
-- Dumping data for table `components_common_link_items`
--

INSERT INTO `components_common_link_items` VALUES (1,'Visit Website','/en/about-us',0),(11,'Discover','/automotive-aftermarket',0),(13,'Discover','/power-tools',0),(14,'Discover','/tyres',0),(21,'Discover','/services',0),(26,'Read about CME','/about-us',0),(115,'Home','/',0),(116,'Services','/services',0),(123,'Tyre','/services/tyre',0),(184,'Home','/',0),(185,'Services','/services',0),(186,'Tyre','/services/tyre',0),(187,'Tyre Rotation',NULL,0),(192,'Tyre Repair',NULL,0),(197,'Home','/',0),(198,'Services','/services',0),(199,'Automotive Aftermarket','/services/automotive-aftermarket',0),(200,'Bosch Car Service',NULL,0),(265,'Home','/',0),(266,'Services','/services',0),(267,'Automotive Aftermarket','/services/automotive-aftermarket',0),(268,'Bosch Diesel Service',NULL,0),(281,'Home','/',0),(282,'Services','/services',0),(283,'Automotive Aftermarket','/services/automotive-aftermarket',0),(284,'Workshop Test Equipment Services',NULL,0),(357,'Home','/',0),(358,'Services','/services',0),(359,'Tyre','/services/tyre',0),(360,'Wheel Alilgnment',NULL,0),(393,'Home','/',0),(394,'Services','/services',0),(395,'Tyre','/services/tyre',0),(396,'Break Pads',NULL,0),(449,'Home','/',0),(450,'Services','/services',0),(451,'Tyre','/services/tyre',0),(452,'Nitrogen Inflation',NULL,0),(477,'Home','/',0),(478,'Services','/services',0),(479,'Tyre','/services/tyre',0),(480,'Tyre Change and Balancing / Tyre Replacement',NULL,0),(481,'Home','/',0),(482,'Services','/services',0),(483,'Tyres','/services/tyres',0),(484,'AC Maintenance',NULL,0),(569,'Home','/',0),(570,'Services','/services',0),(571,'Automotive Aftermarket','/services/automotive-aftermarket',0),(572,'Bosch Diesel Service',NULL,0),(573,'Home','/',0),(574,'Services','/services',0),(575,'Automotive Aftermarket','/services/automotive-aftermarket',0),(576,'Bosch Diesel Service',NULL,0),(613,'Home','/',0),(614,'Services','/services',0),(615,'Tyre','/services/tyre',0),(616,'Oil Change',NULL,0),(681,'Home','/',0),(682,'Services','/services',0),(683,'Power Tools','/services/power-tools',0),(684,'Spare Parts Service',NULL,0),(701,'Home','/',0),(702,'Services','/services',0),(703,'Power Tools','/services/power-tools',0),(704,'Callibration Service',NULL,0),(739,'Home','/',0),(740,'Services','/services',0),(741,'Tyre','/services/tyre',0),(742,' Battery Replacement',NULL,0),(811,'Discover','/tyres',0),(812,'Discover','/automotive-aftermarket',0),(813,'Discover','/power-tools',0),(814,'Discover','/services',0),(823,'Home','/',0),(824,'Services','/services',0),(825,'Tyre','/services/tyre',0),(826,'Break Pads',NULL,0),(843,'Home','/',0),(844,'Services','/services',0),(845,'Tyre','/services/tyre',0),(846,'Tyre Repair',NULL,0),(857,'Read about CME','/about-us',0),(858,'Visit Website','/en/about-us',0),(859,'Home','/',0),(860,'Services','/services',0),(861,'Tyre','/services/tyre',0),(862,' Battery Replacement',NULL,0),(863,'Home','/',0),(864,'Services','/services',0),(865,'Tyres','/services/tyres',0),(866,'AC Maintenance',NULL,0),(879,'Home','/',0),(880,'Services','/services',0),(881,'Tyre','/services/tyre',0),(882,'Nitrogen Inflation',NULL,0),(883,'Home','/',0),(884,'Services','/services',0),(885,'Tyre','/services/tyre',0),(886,'Oil Change',NULL,0),(891,'Home','/',0),(892,'Services','/services',0),(893,'Tyre','/services/tyre',0),(894,'Tyre Change and Balancing / Tyre Replacement',NULL,0),(895,'Home','/',0),(896,'Services','/services',0),(897,'Tyre','/services/tyre',0),(898,'Tyre Rotation',NULL,0),(899,'Home','/',0),(900,'Services','/services',0),(901,'Tyre','/services/tyre',0),(902,'Wheel Alilgnment',NULL,0),(907,'Home','/',0),(908,'Services','/services',0),(909,'Automotive Aftermarket','/services/automotive-aftermarket',0),(910,'Bosch Car Service',NULL,0),(911,'Home','/',0),(912,'Services','/services',0),(913,'Automotive Aftermarket','/services/automotive-aftermarket',0),(914,'Bosch Diesel Service',NULL,0),(915,'Home','/',0),(916,'Services','/services',0),(917,'Automotive Aftermarket','/services/automotive-aftermarket',0),(918,'Workshop Test Equipment Services',NULL,0),(919,'Home','/',0),(920,'Services','/services',0),(921,'Power Tools','/services/power-tools',0),(922,'Spare Parts Service',NULL,0),(923,'Home','/',0),(924,'Services','/services',0),(925,'Power Tools','/services/power-tools',0),(926,'Callibration Service',NULL,0);

--
-- Table structure for table `components_common_lists`
--

CREATE TABLE `components_common_lists` (
  `id` int unsigned NOT NULL AUTO_INCREMENT,
  `item` varchar(255) DEFAULT NULL,
  PRIMARY KEY (`id`)
) ENGINE=InnoDB AUTO_INCREMENT=59 DEFAULT CHARSET=utf8mb4 COLLATE=utf8mb4_0900_ai_ci;

--
-- Dumping data for table `components_common_lists`
--

INSERT INTO `components_common_lists` VALUES (3,'General Enquiry'),(4,'Request a Quote'),(29,'Product Information'),(30,'Service Booking'),(31,'Complaint / Support'),(54,'General Enquiry'),(55,'Request a Quote'),(56,'Product Information'),(57,'Service Booking'),(58,'Complaint / Support');

--
-- Table structure for table `components_common_location_cards`
--

CREATE TABLE `components_common_location_cards` (
  `id` int unsigned NOT NULL AUTO_INCREMENT,
  `title` varchar(255) DEFAULT NULL,
  `address` longtext,
  `embeded_map_url` longtext,
  `map_url` longtext,
  PRIMARY KEY (`id`)
) ENGINE=InnoDB AUTO_INCREMENT=14 DEFAULT CHARSET=utf8mb4 COLLATE=utf8mb4_0900_ai_ci;

--
-- Dumping data for table `components_common_location_cards`
--

INSERT INTO `components_common_location_cards` VALUES (1,'CME – Dubai Branch','17, 14b Street, Al Quoz Industrial Area 2, Dubai - 26255','https://www.google.com/maps/embed?pb=!1m18!1m12!1m3!1d3929.0751182426834!2d76.36143617469948!3d10.010653990095298!2m3!1f0!2f0!3f0!3m2!1i1024!2i768!4f13.1!3m3!1m2!1s0x3b080d0134489a65%3A0x12902e6bd8824d01!2sWipro%20Limited!5e0!3m2!1sen!2sin!4v1765689571353!5m2!1sen!2sin','https://www.google.com/maps/embed?pb=!1m18!1m12!1m3!1d3929.0751182426834!2d76.36143617469948!3d10.010653990095298!2m3!1f0!2f0!3f0!3m2!1i1024!2i768!4f13.1!3m3!1m2!1s0x3b080d0134489a65%3A0x12902e6bd8824d01!2sWipro%20Limited!5e0!3m2!1sen!2sin!4v1765689571353!5m2!1sen!2sin'),(3,'Bosch Car Service – Bosch Diesel Service – Dubai','17, 14b Street, Al Quoz Industrial Area 2, Dubai - 26255','https://www.google.com/maps/embed?pb=!1m18!1m12!1m3!1d3929.0751182426834!2d76.36143617469948!3d10.010653990095298!2m3!1f0!2f0!3f0!3m2!1i1024!2i768!4f13.1!3m3!1m2!1s0x3b080d0134489a65%3A0x12902e6bd8824d01!2sWipro%20Limited!5e0!3m2!1sen!2sin!4v1765689571353!5m2!1sen!2sin','https://www.google.com/maps/embed?pb=!1m18!1m12!1m3!1d3929.0751182426834!2d76.36143617469948!3d10.010653990095298!2m3!1f0!2f0!3f0!3m2!1i1024!2i768!4f13.1!3m3!1m2!1s0x3b080d0134489a65%3A0x12902e6bd8824d01!2sWipro%20Limited!5e0!3m2!1sen!2sin!4v1765689571353!5m2!1sen!2sin'),(4,'CME – Dubai Branch','17, 14b Street, Al Quoz Industrial Area 2, Dubai - 26255','https://www.google.com/maps/embed?pb=!1m18!1m12!1m3!1d3929.0751182426834!2d76.36143617469948!3d10.010653990095298!2m3!1f0!2f0!3f0!3m2!1i1024!2i768!4f13.1!3m3!1m2!1s0x3b080d0134489a65%3A0x12902e6bd8824d01!2sWipro%20Limited!5e0!3m2!1sen!2sin!4v1765689571353!5m2!1sen!2sin','https://www.google.com/maps/embed?pb=!1m18!1m12!1m3!1d3929.0751182426834!2d76.36143617469948!3d10.010653990095298!2m3!1f0!2f0!3f0!3m2!1i1024!2i768!4f13.1!3m3!1m2!1s0x3b080d0134489a65%3A0x12902e6bd8824d01!2sWipro%20Limited!5e0!3m2!1sen!2sin!4v1765689571353!5m2!1sen!2sin'),(11,'CME – Dubai Branch','17, 14b Street, Al Quoz Industrial Area 2, Dubai - 26255','https://www.google.com/maps/embed?pb=!1m18!1m12!1m3!1d3929.0751182426834!2d76.36143617469948!3d10.010653990095298!2m3!1f0!2f0!3f0!3m2!1i1024!2i768!4f13.1!3m3!1m2!1s0x3b080d0134489a65%3A0x12902e6bd8824d01!2sWipro%20Limited!5e0!3m2!1sen!2sin!4v1765689571353!5m2!1sen!2sin','https://www.google.com/maps/embed?pb=!1m18!1m12!1m3!1d3929.0751182426834!2d76.36143617469948!3d10.010653990095298!2m3!1f0!2f0!3f0!3m2!1i1024!2i768!4f13.1!3m3!1m2!1s0x3b080d0134489a65%3A0x12902e6bd8824d01!2sWipro%20Limited!5e0!3m2!1sen!2sin!4v1765689571353!5m2!1sen!2sin'),(12,'Bosch Car Service – Bosch Diesel Service – Dubai','17, 14b Street, Al Quoz Industrial Area 2, Dubai - 26255','https://www.google.com/maps/embed?pb=!1m18!1m12!1m3!1d3929.0751182426834!2d76.36143617469948!3d10.010653990095298!2m3!1f0!2f0!3f0!3m2!1i1024!2i768!4f13.1!3m3!1m2!1s0x3b080d0134489a65%3A0x12902e6bd8824d01!2sWipro%20Limited!5e0!3m2!1sen!2sin!4v1765689571353!5m2!1sen!2sin','https://www.google.com/maps/embed?pb=!1m18!1m12!1m3!1d3929.0751182426834!2d76.36143617469948!3d10.010653990095298!2m3!1f0!2f0!3f0!3m2!1i1024!2i768!4f13.1!3m3!1m2!1s0x3b080d0134489a65%3A0x12902e6bd8824d01!2sWipro%20Limited!5e0!3m2!1sen!2sin!4v1765689571353!5m2!1sen!2sin'),(13,'CME – Dubai Branch','17, 14b Street, Al Quoz Industrial Area 2, Dubai - 26255','https://www.google.com/maps/embed?pb=!1m18!1m12!1m3!1d3929.0751182426834!2d76.36143617469948!3d10.010653990095298!2m3!1f0!2f0!3f0!3m2!1i1024!2i768!4f13.1!3m3!1m2!1s0x3b080d0134489a65%3A0x12902e6bd8824d01!2sWipro%20Limited!5e0!3m2!1sen!2sin!4v1765689571353!5m2!1sen!2sin','https://www.google.com/maps/embed?pb=!1m18!1m12!1m3!1d3929.0751182426834!2d76.36143617469948!3d10.010653990095298!2m3!1f0!2f0!3f0!3m2!1i1024!2i768!4f13.1!3m3!1m2!1s0x3b080d0134489a65%3A0x12902e6bd8824d01!2sWipro%20Limited!5e0!3m2!1sen!2sin!4v1765689571353!5m2!1sen!2sin');

--
-- Table structure for table `components_common_location_cards_branch_location_lnk`
--

CREATE TABLE `components_common_location_cards_branch_location_lnk` (
  `id` int unsigned NOT NULL AUTO_INCREMENT,
  `location_card_id` int unsigned DEFAULT NULL,
  `branch_location_id` int unsigned DEFAULT NULL,
  PRIMARY KEY (`id`),
  UNIQUE KEY `components_common_location_cards_branch_location_lnk_uq` (`location_card_id`,`branch_location_id`),
  KEY `components_common_location_cards_branch_location_lnk_fk` (`location_card_id`),
  KEY `components_common_location_cards_branch_locati6432b_ifk` (`branch_location_id`),
  CONSTRAINT `components_common_location_cards_branch_locati6432b_ifk` FOREIGN KEY (`branch_location_id`) REFERENCES `branch_locations` (`id`) ON DELETE CASCADE,
  CONSTRAINT `components_common_location_cards_branch_location_lnk_fk` FOREIGN KEY (`location_card_id`) REFERENCES `components_common_location_cards` (`id`) ON DELETE CASCADE
) ENGINE=InnoDB AUTO_INCREMENT=14 DEFAULT CHARSET=utf8mb4 COLLATE=utf8mb4_0900_ai_ci;

--
-- Dumping data for table `components_common_location_cards_branch_location_lnk`
--

INSERT INTO `components_common_location_cards_branch_location_lnk` VALUES (1,1,1),(3,3,1),(4,4,4),(11,11,3),(12,12,3),(13,13,6);

--
-- Table structure for table `components_common_location_cards_cmps`
--

CREATE TABLE `components_common_location_cards_cmps` (
  `id` int unsigned NOT NULL AUTO_INCREMENT,
  `entity_id` int unsigned DEFAULT NULL,
  `cmp_id` int unsigned DEFAULT NULL,
  `component_type` varchar(255) DEFAULT NULL,
  `field` varchar(255) DEFAULT NULL,
  `order` double unsigned DEFAULT NULL,
  PRIMARY KEY (`id`),
  UNIQUE KEY `components_common_location_cards_uq` (`entity_id`,`cmp_id`,`field`,`component_type`),
  KEY `components_common_location_cards_field_idx` (`field`),
  KEY `components_common_location_cards_component_type_idx` (`component_type`),
  KEY `components_common_location_cards_entity_fk` (`entity_id`),
  CONSTRAINT `components_common_location_cards_entity_fk` FOREIGN KEY (`entity_id`) REFERENCES `components_common_location_cards` (`id`) ON DELETE CASCADE
) ENGINE=InnoDB AUTO_INCREMENT=21 DEFAULT CHARSET=utf8mb4 COLLATE=utf8mb4_0900_ai_ci;

--
-- Dumping data for table `components_common_location_cards_cmps`
--

INSERT INTO `components_common_location_cards_cmps` VALUES (1,1,1,'common.phone','phoneNumbers',1),(3,3,3,'common.phone','phoneNumbers',1),(4,4,4,'common.phone','phoneNumbers',1),(18,11,71,'common.phone','phoneNumbers',1),(19,12,72,'common.phone','phoneNumbers',1),(20,13,73,'common.phone','phoneNumbers',1);

--
-- Table structure for table `components_common_locations`
--

CREATE TABLE `components_common_locations` (
  `id` int unsigned NOT NULL AUTO_INCREMENT,
  `title` varchar(255) DEFAULT NULL,
  PRIMARY KEY (`id`)
) ENGINE=InnoDB AUTO_INCREMENT=6 DEFAULT CHARSET=utf8mb4 COLLATE=utf8mb4_0900_ai_ci;

--
-- Dumping data for table `components_common_locations`
--

INSERT INTO `components_common_locations` VALUES (1,'Service Locations'),(5,'Service Locations');

--
-- Table structure for table `components_common_locations_cmps`
--

CREATE TABLE `components_common_locations_cmps` (
  `id` int unsigned NOT NULL AUTO_INCREMENT,
  `entity_id` int unsigned DEFAULT NULL,
  `cmp_id` int unsigned DEFAULT NULL,
  `component_type` varchar(255) DEFAULT NULL,
  `field` varchar(255) DEFAULT NULL,
  `order` double unsigned DEFAULT NULL,
  PRIMARY KEY (`id`),
  UNIQUE KEY `components_common_locations_uq` (`entity_id`,`cmp_id`,`field`,`component_type`),
  KEY `components_common_locations_field_idx` (`field`),
  KEY `components_common_locations_component_type_idx` (`component_type`),
  KEY `components_common_locations_entity_fk` (`entity_id`),
  CONSTRAINT `components_common_locations_entity_fk` FOREIGN KEY (`entity_id`) REFERENCES `components_common_locations` (`id`) ON DELETE CASCADE
) ENGINE=InnoDB AUTO_INCREMENT=21 DEFAULT CHARSET=utf8mb4 COLLATE=utf8mb4_0900_ai_ci;

--
-- Dumping data for table `components_common_locations_cmps`
--

INSERT INTO `components_common_locations_cmps` VALUES (1,1,1,'common.location-card','items',1),(3,1,3,'common.location-card','items',2),(4,1,4,'common.location-card','items',3),(18,5,11,'common.location-card','items',1),(19,5,12,'common.location-card','items',2),(20,5,13,'common.location-card','items',3);

--
-- Table structure for table `components_common_menu_item_w_services`
--

CREATE TABLE `components_common_menu_item_w_services` (
  `id` int unsigned NOT NULL AUTO_INCREMENT,
  `title` varchar(255) DEFAULT NULL,
  `url` varchar(255) DEFAULT NULL,
  `content` longtext,
  `link_text` varchar(255) DEFAULT NULL,
  PRIMARY KEY (`id`)
) ENGINE=InnoDB AUTO_INCREMENT=11 DEFAULT CHARSET=utf8mb4 COLLATE=utf8mb4_0900_ai_ci;

--
-- Dumping data for table `components_common_menu_item_w_services`
--

INSERT INTO `components_common_menu_item_w_services` VALUES (1,'Services','/services','<p>Delivering expert solutions across Automotive, Tyre, &amp; Power Tools Services.</p>','Explore Services'),(10,'Services','/services','<p>Delivering expert solutions across Automotive, Tyre, &amp; Power Tools Services.</p>','Explore Services');

--
-- Table structure for table `components_common_menu_item_w_subs`
--

CREATE TABLE `components_common_menu_item_w_subs` (
  `id` int unsigned NOT NULL AUTO_INCREMENT,
  `title` varchar(255) DEFAULT NULL,
  `url` varchar(255) DEFAULT NULL,
  `new_tab` tinyint(1) DEFAULT NULL,
  `is_active` tinyint(1) DEFAULT NULL,
  PRIMARY KEY (`id`)
) ENGINE=InnoDB AUTO_INCREMENT=60 DEFAULT CHARSET=utf8mb4 COLLATE=utf8mb4_0900_ai_ci;

--
-- Dumping data for table `components_common_menu_item_w_subs`
--

INSERT INTO `components_common_menu_item_w_subs` VALUES (1,'Company',NULL,NULL,1),(2,'Divisions',NULL,NULL,1),(58,'Company',NULL,NULL,1),(59,'Divisions',NULL,NULL,1);

--
-- Table structure for table `components_common_menu_item_w_subs_cmps`
--

CREATE TABLE `components_common_menu_item_w_subs_cmps` (
  `id` int unsigned NOT NULL AUTO_INCREMENT,
  `entity_id` int unsigned DEFAULT NULL,
  `cmp_id` int unsigned DEFAULT NULL,
  `component_type` varchar(255) DEFAULT NULL,
  `field` varchar(255) DEFAULT NULL,
  `order` double unsigned DEFAULT NULL,
  PRIMARY KEY (`id`),
  UNIQUE KEY `components_common_menu_item_w_subs_uq` (`entity_id`,`cmp_id`,`field`,`component_type`),
  KEY `components_common_menu_item_w_subs_field_idx` (`field`),
  KEY `components_common_menu_item_w_subs_component_type_idx` (`component_type`),
  KEY `components_common_menu_item_w_subs_entity_fk` (`entity_id`),
  CONSTRAINT `components_common_menu_item_w_subs_entity_fk` FOREIGN KEY (`entity_id`) REFERENCES `components_common_menu_item_w_subs` (`id`) ON DELETE CASCADE
) ENGINE=InnoDB AUTO_INCREMENT=369 DEFAULT CHARSET=utf8mb4 COLLATE=utf8mb4_0900_ai_ci;

--
-- Dumping data for table `components_common_menu_item_w_subs_cmps`
--

INSERT INTO `components_common_menu_item_w_subs_cmps` VALUES (1,1,13,'common.menu-item','submenu',1),(2,1,14,'common.menu-item','submenu',2),(3,1,15,'common.menu-item','submenu',3),(4,1,16,'common.menu-item','submenu',4),(5,2,17,'common.menu-item','submenu',2),(6,2,18,'common.menu-item','submenu',3),(7,2,19,'common.menu-item','submenu',1),(8,2,20,'common.menu-item','submenu',4),(361,58,308,'common.menu-item','submenu',1),(362,58,309,'common.menu-item','submenu',2),(363,58,310,'common.menu-item','submenu',3),(364,58,311,'common.menu-item','submenu',4),(365,59,312,'common.menu-item','submenu',1),(366,59,313,'common.menu-item','submenu',2),(367,59,314,'common.menu-item','submenu',3),(368,59,315,'common.menu-item','submenu',4);

--
-- Table structure for table `components_common_metas`
--

CREATE TABLE `components_common_metas` (
  `id` int unsigned NOT NULL AUTO_INCREMENT,
  `name` varchar(255) DEFAULT NULL,
  `content` longtext,
  PRIMARY KEY (`id`)
) ENGINE=InnoDB DEFAULT CHARSET=utf8mb4 COLLATE=utf8mb4_0900_ai_ci;

--
-- Dumping data for table `components_common_metas`
--


--
-- Table structure for table `components_common_phones`
--

CREATE TABLE `components_common_phones` (
  `id` int unsigned NOT NULL AUTO_INCREMENT,
  `phone` varchar(255) DEFAULT NULL,
  PRIMARY KEY (`id`)
) ENGINE=InnoDB AUTO_INCREMENT=509 DEFAULT CHARSET=utf8mb4 COLLATE=utf8mb4_0900_ai_ci;

--
-- Dumping data for table `components_common_phones`
--

INSERT INTO `components_common_phones` VALUES (1,'+971 4 309 0900'),(3,'+971 4 309 0900'),(4,'+971 4 309 0900'),(11,'02 309 0904'),(18,'Tel: +971 43090930'),(20,'02-4017710'),(24,'Tel: +971 4 309 0900'),(26,'02-4017745'),(30,'04-309 0900'),(37,'04-3090911'),(40,' 02-4017765'),(41,'056-4123339'),(46,'06 5932777'),(71,'+971 4 309 0900'),(72,'+971 4 309 0900'),(73,'+971 4 309 0900'),(136,'02-4017753'),(138,'02-6819101'),(143,'02-4017775'),(144,'056-4123337'),(147,' 056-5384480 (Mobile Van Service)'),(150,' 056-4123338'),(157,'02 - 401 7708'),(158,' 056 998 1383'),(164,'02-4017753'),(166,'04 3090930'),(167,'04 3090920'),(174,'04 3090905'),(182,'04 3090905'),(183,' 04 3090930'),(184,' 04 309 0932'),(190,'02 - 401 7708'),(191,' 056 998 1383'),(194,'02-4017753'),(196,'06 5932777'),(240,'06 5932777'),(284,'02 - 401 7708'),(285,'056 998 1383'),(327,'Tel: +971 4 309 0900'),(422,'02-4017753'),(439,'02 - 401 7708'),(440,'056 998 1383'),(458,'04 3090905'),(478,'02-4017710'),(479,'02-4017745'),(480,'02-4017753'),(481,'02 309 0904'),(482,'06 5932777'),(483,'02-4017753'),(484,' 056-5384480 (Mobile Van Service)'),(485,'02-6819101'),(486,' 056-4123338'),(487,'02-4017775'),(488,'056-4123337'),(489,' 02-4017765'),(490,'056-4123339'),(491,'02 - 401 7708'),(492,' 056 998 1383'),(493,'02-4017753'),(494,'04 3090930'),(495,'04 3090920'),(499,'02 - 401 7708'),(500,' 056 998 1383'),(501,'02-4017753'),(502,'04 3090905'),(503,' 04 3090930'),(504,' 04 309 0932'),(505,'06 5932777'),(506,'04 3090905'),(507,'04-309 0900'),(508,'04-3090911');

--
-- Table structure for table `components_common_seos`
--

CREATE TABLE `components_common_seos` (
  `id` int unsigned NOT NULL AUTO_INCREMENT,
  `meta_title` longtext,
  `meta_description` longtext,
  `prevent_indexing` tinyint(1) DEFAULT NULL,
  `keywords` longtext,
  `canonical_url` longtext,
  `meta_head` longtext,
  `word_description` longtext,
  PRIMARY KEY (`id`)
) ENGINE=InnoDB AUTO_INCREMENT=171 DEFAULT CHARSET=utf8mb4 COLLATE=utf8mb4_0900_ai_ci;

--
-- Dumping data for table `components_common_seos`
--

INSERT INTO `components_common_seos` VALUES (1,'test','test',NULL,NULL,NULL,NULL,NULL),(3,'test','test',NULL,NULL,NULL,NULL,NULL),(4,'test','test',NULL,NULL,NULL,NULL,NULL),(5,'test','test',NULL,NULL,NULL,NULL,NULL),(6,'Alfahim - About Us','Alfahim - About Us',NULL,NULL,NULL,NULL,NULL),(8,'test','test',NULL,NULL,NULL,NULL,NULL),(9,'test','test',NULL,NULL,NULL,NULL,NULL),(10,NULL,NULL,NULL,NULL,NULL,NULL,NULL),(11,NULL,NULL,NULL,NULL,NULL,NULL,NULL),(12,NULL,NULL,NULL,NULL,NULL,NULL,NULL),(13,NULL,NULL,NULL,NULL,NULL,NULL,NULL),(14,NULL,NULL,NULL,NULL,NULL,NULL,NULL),(15,NULL,NULL,NULL,NULL,NULL,NULL,NULL),(16,NULL,NULL,NULL,NULL,NULL,NULL,NULL),(17,NULL,NULL,NULL,NULL,NULL,NULL,NULL),(18,'test','test',NULL,NULL,NULL,NULL,NULL),(20,'test','test',NULL,NULL,NULL,NULL,NULL),(22,'test','test',NULL,NULL,NULL,NULL,NULL),(24,'test','test',NULL,NULL,NULL,NULL,NULL),(25,'test','test',NULL,NULL,NULL,NULL,NULL),(26,'test','test',NULL,NULL,NULL,NULL,NULL),(34,'Alfahim - About Us','Alfahim - About Us',NULL,NULL,NULL,NULL,NULL),(35,'A HISTORIC MOMENT FOR CENTRAL MOTORS & & EQUIPMENT! & WE ARE BEYOND EXCITED TO SHARE TRULY E',NULL,NULL,NULL,NULL,NULL,NULL),(37,'A HISTORIC MOMENT FOR CENTRAL MOTORS & & EQUIPMENT! & WE ARE BEYOND EXCITED TO SHARE TRULY EXTRA ORDINARY NEWS!',NULL,NULL,NULL,NULL,NULL,NULL),(39,'Newsroom',NULL,NULL,NULL,NULL,NULL,NULL),(41,'Locations','location',NULL,NULL,NULL,NULL,NULL),(63,'Locations','location',NULL,NULL,NULL,NULL,NULL),(64,'About Us',NULL,NULL,NULL,NULL,NULL,NULL),(66,'Contact Us',NULL,NULL,NULL,NULL,NULL,NULL),(69,'Newsroom',NULL,NULL,NULL,NULL,NULL,NULL),(72,'Services',NULL,NULL,NULL,NULL,NULL,NULL),(73,'Services',NULL,NULL,NULL,NULL,NULL,NULL),(74,'Tyres',NULL,NULL,NULL,NULL,NULL,NULL),(76,'A HISTORIC MOMENT FOR CENTRAL MOTORS & & EQUIPMENT! & WE ARE BEYOND EXCITED TO SHARE TRULY E',NULL,NULL,NULL,NULL,NULL,NULL),(77,'A HISTORIC MOMENT FOR CENTRAL MOTORS & & EQUIPMENT! & WE ARE BEYOND EXCITED TO SHARE TRULY EXTRA ORDINARY NEWS!',NULL,NULL,NULL,NULL,NULL,NULL),(78,'Central Motors and Equipment proudly congratulates Fine Tools on the Grand Opening of their New Experience Center.',NULL,NULL,NULL,NULL,NULL,NULL),(79,'Central Motors and Equipment proudly congratulates Fine Tools on the Grand Opening of their New Experience Center.',NULL,NULL,NULL,NULL,NULL,NULL),(80,'CME Tyre Division- Michelin collaborated with EMC – Mercedes for Track Day Event',NULL,NULL,NULL,NULL,NULL,NULL),(81,'CME Tyre Division- Michelin collaborated with EMC – Mercedes for Track Day Event',NULL,NULL,NULL,NULL,NULL,NULL),(82,'MICHELIN GUIDE Abu Dhabi 2026 ceremony held in October 2025.',NULL,NULL,NULL,NULL,NULL,NULL),(83,'MICHELIN GUIDE Abu Dhabi 2026 ceremony held in October 2025.',NULL,NULL,NULL,NULL,NULL,NULL),(84,'Tyre Repair',NULL,NULL,NULL,NULL,NULL,NULL),(86,'Automotive Aftermarket',NULL,NULL,NULL,NULL,NULL,NULL),(88,'Central Motors Equipment (CME)',NULL,NULL,NULL,NULL,NULL,NULL),(90,'Power Tools Services',NULL,NULL,NULL,NULL,NULL,NULL),(93,'Automotive Aftermarket',NULL,NULL,NULL,NULL,NULL,NULL),(129,NULL,NULL,NULL,NULL,NULL,NULL,NULL),(130,NULL,NULL,NULL,NULL,NULL,NULL,NULL),(131,NULL,NULL,NULL,NULL,NULL,NULL,NULL),(132,NULL,NULL,NULL,NULL,NULL,NULL,NULL),(133,'Services',NULL,NULL,NULL,NULL,NULL,NULL),(134,'Services',NULL,NULL,NULL,NULL,NULL,NULL),(147,'Automotive Aftermarket',NULL,NULL,NULL,NULL,NULL,NULL),(151,'About Us',NULL,NULL,NULL,NULL,NULL,NULL),(157,'Power Tools Services',NULL,NULL,NULL,NULL,NULL,NULL),(158,'Tyre Repair',NULL,NULL,NULL,NULL,NULL,NULL),(159,'Contact Us',NULL,NULL,NULL,NULL,NULL,NULL),(163,'Central Motors Equipment (CME)',NULL,NULL,NULL,NULL,NULL,NULL),(164,'Automotive Aftermarket',NULL,NULL,NULL,NULL,NULL,NULL),(165,'Tyres',NULL,NULL,NULL,NULL,NULL,NULL),(166,'Terms & Conditions  ','Terms & Conditions  ',NULL,NULL,NULL,NULL,NULL),(167,'Terms & Conditions  ','Terms & Conditions  ',NULL,NULL,NULL,NULL,NULL),(168,'Privacy Policy','Privacy Policy',NULL,NULL,NULL,NULL,NULL);

--
-- Table structure for table `components_common_seos_cmps`
--

CREATE TABLE `components_common_seos_cmps` (
  `id` int unsigned NOT NULL AUTO_INCREMENT,
  `entity_id` int unsigned DEFAULT NULL,
  `cmp_id` int unsigned DEFAULT NULL,
  `component_type` varchar(255) DEFAULT NULL,
  `field` varchar(255) DEFAULT NULL,
  `order` double unsigned DEFAULT NULL,
  PRIMARY KEY (`id`),
  UNIQUE KEY `components_common_seos_uq` (`entity_id`,`cmp_id`,`field`,`component_type`),
  KEY `components_common_seos_field_idx` (`field`),
  KEY `components_common_seos_component_type_idx` (`component_type`),
  KEY `components_common_seos_entity_fk` (`entity_id`),
  CONSTRAINT `components_common_seos_entity_fk` FOREIGN KEY (`entity_id`) REFERENCES `components_common_seos` (`id`) ON DELETE CASCADE
) ENGINE=InnoDB DEFAULT CHARSET=utf8mb4 COLLATE=utf8mb4_0900_ai_ci;

--
-- Dumping data for table `components_common_seos_cmps`
--


--
-- Table structure for table `components_common_social_links`
--

CREATE TABLE `components_common_social_links` (
  `id` int unsigned NOT NULL AUTO_INCREMENT,
  `title` varchar(255) DEFAULT NULL,
  `link` varchar(255) DEFAULT NULL,
  `is_active` tinyint(1) DEFAULT NULL,
  PRIMARY KEY (`id`)
) ENGINE=InnoDB AUTO_INCREMENT=91 DEFAULT CHARSET=utf8mb4 COLLATE=utf8mb4_0900_ai_ci;

--
-- Dumping data for table `components_common_social_links`
--

INSERT INTO `components_common_social_links` VALUES (1,'Facebook','https://www.facebook.com/ALFAHIMCME',1),(4,'Linkedin',' https://www.linkedin.com/company/central-motors-&-equipment',1),(5,NULL,NULL,0),(6,'Instagram','https://www.instagram.com/centralmotorsandequipment/ ',1),(87,'Facebook','https://www.facebook.com/ALFAHIMCME',1),(88,'Linkedin',' https://www.linkedin.com/company/central-motors-&-equipment',1),(89,NULL,NULL,0),(90,'Instagram','https://www.instagram.com/centralmotorsandequipment/ ',1);

--
-- Table structure for table `components_common_title_desc_btn_imgs`
--

CREATE TABLE `components_common_title_desc_btn_imgs` (
  `id` int unsigned NOT NULL AUTO_INCREMENT,
  `title` varchar(255) DEFAULT NULL,
  `description` longtext,
  `image_position` varchar(255) DEFAULT NULL,
  PRIMARY KEY (`id`)
) ENGINE=InnoDB AUTO_INCREMENT=80 DEFAULT CHARSET=utf8mb4 COLLATE=utf8mb4_0900_ai_ci;

--
-- Dumping data for table `components_common_title_desc_btn_imgs`
--

INSERT INTO `components_common_title_desc_btn_imgs` VALUES (1,'Automotive Aftermarket','<p>Automotive Aftermarket (AA) synonym of “Complete solutions”, representing Bosch Automotive, Osram, Knorr-Bremse, Valeo, Cyclo, ASNU and many more, operates in the following channels to cater to the specific requirements of the clients to exceed always customer expectations:</p>','right'),(7,'Power Tools','<p>Famous for empowering with governor represents brands such as Bosch and Dremel and nationwide through its state of the art after-sales service network. In order to cater the diversified need of the cliental, it operates through following channels:</p>','left'),(8,'Tyres','<p>Tyres division offers wide range of tyres in the capital of United Arab Emirates, representing world renowned brands i.e. Michelin, Tyreplus and BFGoodrich in the following:</p>','left'),(15,'Services','<p>Known for service excellence and always exceeding customer expectations, Services Division is engaged in catering to the dynamic needs of the automotive service industry with its years of experience through its facilities in both Abu Dhabi and Dubai under the following franchisee :</p>','right'),(76,'Tyres','<p>Tyres division offers wide range of tyres in the capital of United Arab Emirates, representing world renowned brands i.e. Michelin, Tyreplus and BFGoodrich in the following:</p>','left'),(77,'Automotive Aftermarket','<p>Automotive Aftermarket (AA) synonym of “Complete solutions”, representing Bosch Automotive, Osram, Knorr-Bremse, Valeo, Cyclo, ASNU and many more, operates in the following channels to cater to the specific requirements of the clients to exceed always customer expectations:</p>','right'),(78,'Power Tools','<p>Famous for empowering with governor represents brands such as Bosch and Dremel and nationwide through its state of the art after-sales service network. In order to cater the diversified need of the cliental, it operates through following channels:</p>','left'),(79,'Services','<p>Known for service excellence and always exceeding customer expectations, Services Division is engaged in catering to the dynamic needs of the automotive service industry with its years of experience through its facilities in both Abu Dhabi and Dubai under the following franchisee :</p>','right');

--
-- Table structure for table `components_common_title_desc_btn_imgs_cmps`
--

CREATE TABLE `components_common_title_desc_btn_imgs_cmps` (
  `id` int unsigned NOT NULL AUTO_INCREMENT,
  `entity_id` int unsigned DEFAULT NULL,
  `cmp_id` int unsigned DEFAULT NULL,
  `component_type` varchar(255) DEFAULT NULL,
  `field` varchar(255) DEFAULT NULL,
  `order` double unsigned DEFAULT NULL,
  PRIMARY KEY (`id`),
  UNIQUE KEY `components_common_title_desc_btn_imgs_uq` (`entity_id`,`cmp_id`,`field`,`component_type`),
  KEY `components_common_title_desc_btn_imgs_field_idx` (`field`),
  KEY `components_common_title_desc_btfd575_component_type_idx` (`component_type`),
  KEY `components_common_title_desc_btn_imgs_entity_fk` (`entity_id`),
  CONSTRAINT `components_common_title_desc_btn_imgs_entity_fk` FOREIGN KEY (`entity_id`) REFERENCES `components_common_title_desc_btn_imgs` (`id`) ON DELETE CASCADE
) ENGINE=InnoDB AUTO_INCREMENT=699 DEFAULT CHARSET=utf8mb4 COLLATE=utf8mb4_0900_ai_ci;

--
-- Dumping data for table `components_common_title_desc_btn_imgs_cmps`
--

INSERT INTO `components_common_title_desc_btn_imgs_cmps` VALUES (1,1,1,'common.tag','tags',1),(2,1,2,'common.tag','tags',2),(3,1,11,'common.link-item','button',1),(7,7,5,'common.tag','tags',1),(8,7,6,'common.tag','tags',2),(9,7,7,'common.tag','tags',4),(10,8,8,'common.tag','tags',1),(11,8,9,'common.tag','tags',2),(12,7,13,'common.link-item','button',1),(13,8,14,'common.link-item','button',1),(47,15,24,'common.tag','tags',2),(48,15,25,'common.tag','tags',3),(49,15,21,'common.link-item','button',1),(177,1,71,'common.tag','tags',4),(178,1,72,'common.tag','tags',5),(179,1,73,'common.tag','tags',6),(180,1,74,'common.tag','tags',7),(181,1,75,'common.tag','tags',8),(220,7,90,'common.tag','tags',5),(262,8,106,'common.tag','tags',4),(263,8,107,'common.tag','tags',5),(264,8,108,'common.tag','tags',6),(265,8,109,'common.tag','tags',7),(266,8,110,'common.tag','tags',8),(317,15,131,'common.tag','tags',4),(674,76,279,'common.tag','tags',1),(675,76,280,'common.tag','tags',2),(676,76,281,'common.tag','tags',3),(677,76,282,'common.tag','tags',4),(678,76,283,'common.tag','tags',5),(679,76,284,'common.tag','tags',6),(680,76,285,'common.tag','tags',7),(681,77,286,'common.tag','tags',1),(682,77,287,'common.tag','tags',2),(683,77,288,'common.tag','tags',3),(684,77,289,'common.tag','tags',4),(685,77,290,'common.tag','tags',5),(686,77,291,'common.tag','tags',6),(687,77,292,'common.tag','tags',7),(688,78,293,'common.tag','tags',1),(689,78,294,'common.tag','tags',2),(690,78,295,'common.tag','tags',3),(691,78,296,'common.tag','tags',4),(692,79,297,'common.tag','tags',1),(693,79,298,'common.tag','tags',2),(694,79,299,'common.tag','tags',3),(695,76,811,'common.link-item','button',1),(696,77,812,'common.link-item','button',1),(697,78,813,'common.link-item','button',1),(698,79,814,'common.link-item','button',1);

--
-- Table structure for table `components_common_title_desc_img_positions`
--

CREATE TABLE `components_common_title_desc_img_positions` (
  `id` int unsigned NOT NULL AUTO_INCREMENT,
  `title` varchar(255) DEFAULT NULL,
  `description` longtext,
  `image_position` varchar(255) DEFAULT NULL,
  `show_image_border_radius` tinyint(1) DEFAULT NULL,
  `custom_img_class` varchar(255) DEFAULT NULL,
  `custom_img_parent_class` varchar(255) DEFAULT NULL,
  PRIMARY KEY (`id`)
) ENGINE=InnoDB AUTO_INCREMENT=469 DEFAULT CHARSET=utf8mb4 COLLATE=utf8mb4_0900_ai_ci;

--
-- Dumping data for table `components_common_title_desc_img_positions`
--

INSERT INTO `components_common_title_desc_img_positions` VALUES (1,NULL,'<p>A flat tyre has the potential to completely disrupt your day, however, it doesn\'t necessarily mean you\'ll be stuck off the road for an extended period! Our tyre repair services are designed to be swift, budget-friendly, and reliable, ensuring you\'re back on track in no time.</p><p>Maintaining properly inflated and intact tyres is crucial for optimal vehicle performance, which is why prompt tyre puncture repairs are essential at the first sign of trouble, such as bubbles or other issues. Given the significant cost of tyres, frequent replacements can be a considerable expense, but rest assured, we\'re here to provide comprehensive solutions for all your tyre-related problems. Whether you\'re dealing with a puncture, a flat tyre, or a slow leak, our skilled technicians are equipped to offer effective solutions that\'ll have you back driving safely and efficiently</p>','left',1,NULL,NULL),(19,'What To Expect in a Tyre Repair?','<p>It may be tempting to Google, “how to repair tyre puncture” and try to fix your bad tyre(s) yourself. However, unless know a lot about car mechanics, don’t do it! Take your car to a repair shop. But you should not search for a shop doing “tyre puncture repair near me or tyre repair near me online.” Take your car to CME TyrePlus for tyre servicing. Our technicians are professional.</p><p>We will look at your tyres to see if they can repair them. We can repair them if the damage is within the repairable puncture area. The affected area must also be ¼ of an inch in diameter or less and the damaged area is isolated. If we can repair it, we will follow these steps:</p><ul><li>Remove the tyre from the rim.</li><li>Inspect the entire tyre.</li><li>Trim and stabilize damaged cables.</li><li>Seal and patch the puncture.</li><li>Buff the puncture area from inside the tyre.</li><li>Put a vulcanizing glue on the affected area.</li><li>Patch the puncture area’s inner lining - A chemical reaction will occur immediately after the patch is placed which will permanently suture the patch to the affected area’s inner lining</li><li>Re-mount and inflate the tyre.</li><li>Check for leaks.</li></ul>','left',1,NULL,NULL),(59,NULL,'<h3>Tyre Rotation Process</h3><ul><li><strong>Visual Inspection:</strong> Checking for damage, foreign objects, and wear patterns</li><li><strong>Pressure Check:</strong> Adjusting pressures to manufacturer specs</li><li>Professional Rotation: Rotating tyres according to your vehicle\'s drive type</li><li>Torque Specification: Tightening wheel nuts to exact specs</li><li>Final Balance Check: Ensuring tyres are properly balanced post-rotation</li><li>Maintenance Record: Documenting your service for warranty and tracking</li></ul><h3>Tyre Rotation Patterns We Use</h3><p><strong>Different vehicles require different rotation patterns. Our technicians select the appropriate method based on your vehicle\'s drive system and tyre type:</strong></p><ul><li>Forward Cross (Front-Wheel Drive)</li><li>Rearward Cross (Rear-Wheel and 4x4 Vehicles)</li><li>X-Pattern (All-Wheel Drive)</li><li>Side-to-Side (Directional Tyres)<br>&nbsp;</li></ul>','left',1,NULL,NULL),(77,'CENTRAL MOTORS & EQUIPMENT','<p>Many people think that the easiest place to go is the nearest manufacturer’s dealership. CM&amp;E Bosch Car Service workshops are a real alternative, offering quality, affordable servicing, and fitting manufacturer quality parts.</p><p>The headache of finding a good workshop is removed with the national network of CM&amp;E Bosch Car Service workshops:</p><p>Use the workshop locator to find the workshop nearest to you.<br>Have the peace of mind that all CM&amp;E Bosch workshops employ experienced, qualified technicians with the right diagnostic equipment to find and correct faults, cost-effectively. &nbsp;<br>A ‘cheap’ workshop is not a guarantee of value for money in the long run. They often keep their prices down by fitting cheap parts, which may wear out or fail sooner. At CM&amp;E Bosch Car Services, the Bosch parts fitted are made to the same specification as those that we make for car manufacturers.<br>Modern cars are highly sophisticated and a significant proportion of the manufacturing costs go into the electronics and computers. As CM&amp;E Bosch Car Service workshops all have up to date diagnostic equipment, they will be able to diagnose any faults quickly and accurately, getting it right the first time.<br>All CM&amp;E Bosch Car Service workshops are established, independent workshops that we audit annually to ensure that they continue to meet the high standards that we expect.</p>','right',1,NULL,NULL),(81,'Diagnostics from Bosch','<p>Workshop solutions for the future. For professional service on modern vehicles, Bosch provides test and workshop equipment, software and expertise perfectly coordinated from a single source.</p><ul><li>ECU Diagnostic Tools</li><li>ESI[tronic] Diagnostic Software</li><li>Air Conditioning Service</li><li>Battery Service</li><li>Test Benches and Tools</li><li>Calibration of Advanced Driver Assistance Systems</li><li>Emissions Inspections</li><li>Vehicle Systems Analyzers</li><li>Bosch Augmented Reality</li><li>Bosch Connected Repair<br>&nbsp;</li></ul>','left',1,NULL,NULL),(98,'Technical services from industry experts','<p>A wide range of services, partners of the Bosch network can benefit from access to all of Bosch’s knowledge, technological expertise and comprehensive practical experience from decades of workshop support.&nbsp;</p><p>What we offer:</p><ul><li>Service Training</li><li>Technical Support</li><li>Equipment Service</li></ul>','right',1,NULL,NULL),(116,NULL,'<p>Central Motors &amp; Equipment brings the latest state-of-the-art workshop equipment services</p><ul><li>Software</li><li>ECU Diagnostics</li><li>Diagnostic Control Units</li><li>Vehicle System Analyzers</li><li>Battery Service Equipment</li><li>On board Diagnosis</li><li>Air Conditioning Service</li><li>Tyre Changing Equipment</li><li>Wheel Balancing Equipment</li><li>Wheel Alignments</li><li>Nitrogen Inflators</li><li>Emission Analyzers</li><li>Vehicle Inspection Lanes</li><li>Diesel Component Calibration</li><li>Tools &amp; Testers</li></ul>','right',1,NULL,NULL),(133,NULL,'<p>Having your car reliable when you need it isn\'t just a convenience – it\'s a necessity, especially in our scorching summers where temps soar above 50 degrees Celsius. This extreme heat takes a toll on your car brakes, wearing them out faster. That\'s where CME comes in – our premium brake pad services are specifically designed to withstand the harsh UAE climate and road conditions. We\'ll not only get you back on the road but also extend your vehicle\'s lifespan with top-quality components. Ditching the \"brake repair near me\" search? Come to CME – we\'ve built a solid reputation for giving cars the care they deserve.</p>','left',1,NULL,NULL),(153,NULL,'<p>If your vehicle pulls to one side, has uneven tyre wear, or vibrations while driving, it might be an alignment issue. At CME, our expert technicians use advanced equipment to adjust your wheels to manufacturer specs, ensuring smooth and safe driving. Our wheel alignment services across the Abu Dhabi, help improve driving efficiency and safety, extend tyre life, and enhance overall vehicle performance. Book your appointment with CME today!</p>','left',1,NULL,NULL),(159,'Why Your Car Benefits From Routine Brake Pads Repair Services','<p>Keep your ride safe and smooth with regular brake repairs. Here\'s what you get:</p><ol><li><strong>Better Fuel Efficiency:</strong> Optimal brake pads = less fuel wasted = more savings</li><li><strong>Less Frequent Replacements:</strong> Quality parts = longer lifespan = less money spent on repairs</li><li><strong>Higher Car Value:</strong> Regular maintenance = more value when you sell</li><li><strong>Quieter Rides:</strong> No more squealing brakes = more peaceful drives</li><li><strong>Pass Inspections with Ease:</strong> Stay on top of annual checks with a well-maintained brake system.</li></ol>','left',1,NULL,NULL),(171,'Why Your Car Benefits From Routine Brake Pads Repair Services','<p>Keep your ride safe and smooth with regular brake repairs. Here\'s what you get:</p><ol><li><strong>Better Fuel Efficiency:</strong> Optimal brake pads = less fuel wasted = more savings</li><li><strong>Less Frequent Replacements: </strong>Quality parts = longer lifespan = less money spent on repairs</li><li><strong>Higher Car Value: </strong>Regular maintenance = more value when you sell</li><li><strong>Quieter Rides:</strong> No more squealing brakes = more peaceful drives</li><li><strong>Pass Inspections with Ease:</strong> Stay on top of annual checks with a well-maintained brake system.</li></ol>','right',1,NULL,NULL),(175,'Why Choose CME for Tyre Repairing?','<p>For Tyre Repairing or any sort of tyre and car-related services you can count on our skilled technicians. We have the best experts in the industry to execute safe and long-lasting repairs. Any damages are assessed by us to determine if repairs are okay or if replacement methods are required.</p><p><strong>Advanced Equipment: </strong>Using state-of-the-art equipment, we execute a quick repair of every tyre puncture so that your tyres can perform at their best. Many Locations Across Abu Dhabi, UAE and with mobile tyre repair options, we\'re always near you. Whether you are stuck on the road or need a quick fix at home, we can be there.</p><p><strong>Affordable and Transparent Pricing: </strong>Tyre repair terms don\'t have to be expensive. Since TyrePlus asks for reasonable prices, you\'ll be sure that our tyre repair services in Dubai will give you excellent value for your money.</p><p><strong>Wide Range of Services: </strong>Apart from tyre repairing, we provide tyre replacement, wheel balancing, and alignment services, all to maintain your vehicle\'s good condition.</p><p><strong>Mobile Tyre Repairs:</strong> Can\'t reach the workshop? Not to worry! Our mobile car service brings tyre puncture repair to wherever you are, be it at home, in the office, or on the roadside.</p>','right',1,NULL,NULL),(179,NULL,'<p>Oil is the lifeblood of your car\'s engine, playing a crucial role in its performance and longevity. It lubricates engine parts, reduces friction, and helps dissipate heat, ensuring smooth operation. Over time, oil gets contaminated and loses its effectiveness, leading to increased wear and tear on the engine. If left unchecked, this can cause parts to score, resulting in costly repairs. Regular oil changes are essential to prevent this, keeping your engine healthy and running smoothly. Our oil change service uses top-quality oils and filters, meeting or exceeding manufacturer specs, to give your car the best care.</p>','left',1,NULL,NULL),(180,'Why Choose CME for Oil Change?','<p>At CME, we know regular oil changes are crucial for your vehicle\'s health. Here\'s why we\'re the top choice for oil change services in the UAE:</p><ul><li>Multi-Brand Engine Oil Options: Top-quality oils from trusted brands like Castrol and Mobil, tailored to your engine\'s needs</li><li>Expert Technicians: Highly trained team providing best-in-class oil change services</li><li>Convenient Locations: Multiple service centers across the UAE, in Dubai, Sharjah, and more</li><li>State-of-the-Art Equipment: Latest tools and tech for accurate, quick oil changes and engine health checks</li><li>Genuine and High-Quality Oil: Premium engine oil for peak performance</li><li>Fast and Efficient Service: Quick turnaround times to fit your busy schedule</li><li>Affordable and Transparent Pricing: Competitive prices with special offers on oil change services</li></ul>','left',1,NULL,NULL),(183,'What Our Wheel Alignment Service Includes ','<p>At CME, our wheel alignment service includes:</p><ul><li><strong>General Inspection:</strong> We use advanced equipment to check your vehicle\'s alignment and identify potential issues affecting handling or tyre wear.</li><li><strong>Precision Alignment: </strong>We adjust the wheel angles to match your manufacturer\'s specs for optimal performance.</li><li><strong>Tire Rotation:</strong> We rotate your tyres to ensure even wear and extend their lifespan.</li><li><strong>Alignment Report:</strong> You\'ll receive a detailed report outlining the condition of your wheels and the adjustments made.</li></ul>','left',1,NULL,NULL),(184,'Why choose TyrePlus for your wheel alignment services','<p>CME emphasizes the importance of correct wheel alignment for optimal vehicle performance. Our well-trained technicians use state-of-the-art equipment to deliver precise alignments for various vehicle types, ensuring optimal performance. We offer competitive rates across the UAE, with transparent pricing and no hidden charges. Our services include:</p><p><strong>Specialist Personnel:</strong> CME employs qualified technicians whose expertise allows them to carry out accurate wheel alignments of all types of vehicles and therefore deliver optimal performance.</p><p><strong>State-of-the-Art Equipment:</strong> We service vehicles using the latest alignment technology and diagnostic tools, assuring you wheel alignment with precise specifications from the manufacturer.</p><p><strong>Competitive Prices:</strong> Our wheel alignment charges are kept to a minimum without compromising the quality of the service. We\'ve taken care of hidden costs.</p><p><strong>Convenience and Accessibility:</strong> CME has several service centers in major location of Abu Dhabi making it convenient to the customer for better service.</p>','right',1,NULL,NULL),(242,'What is Nitrogen Tyre Inflation?','<p>Tyre inflation is undoubtedly a key element in ensuring tyre longevity. The pressure recommended by the manufacturers is different for each vehicle and must be scrupulously respected for your safety. But did you know that to reach the right pressure level, your tyres can be inflated with either air or nitrogen ?&nbsp;</p><p>Nitrogen tyre inflation uses pure nitrogen gas (typically 95-99% pure) instead of regular compressed air to fill your tyres. Unlike compressed air, which contains approximately 78% nitrogen, 21% oxygen, and trace amounts of water vapor and other gases, pure nitrogen inflation eliminates oxygen and moisture from inside your tyres. This seemingly simple change delivers measurable benefits for your vehicle\'s performance and safety.</p>','left',1,NULL,NULL),(243,'Our Nitrogen Inflation Process','<ul><li><strong>Complete Deflation and Purging:</strong> We fully deflate your current tyres and purge all existing air and moisture from the system.</li><li><strong>High-Purity Nitrogen Fill:</strong> Your tyres are refilled with high-purity nitrogen to your vehicle manufacturer\'s recommended pressure specifications.</li><li><strong>Pressure Verification:</strong> Each tyre receives a pressure check using calibrated gauges to ensure accuracy.</li><li><strong>Identification Markers:</strong> We apply nitrogen valve cap indicators to identify nitrogen-filled tyres for future reference.</li><li><strong>Service Documentation:</strong> You receive complete documentation of your service and recommendations for maintenance intervals<br>&nbsp;</li></ul>','left',1,NULL,NULL),(259,'Signs Your AC Needs Service','<ol><li>Weak or Warm Airflow</li><li>Unusual Noises</li><li>Unpleasant Odors</li><li>Water Leaks Inside the Cabin</li><li>Reduced Cooling Over Time</li><li>AC Takes Longer to Cool</li><li>Visible Refrigerant Leaks</li><li>Dashboard Warning Lights</li></ol>','left',1,NULL,NULL),(267,'What is the tyre change process ?','<p>A tyre change involves replacing a worn or damaged tyre with a new one. Our technicians will remove the old tyre, inspect the rim, and mount a new tyre using specialized equipment, ensuring a safe and smooth ride.</p>','left',1,NULL,NULL),(270,'What is the wheel balancing process ?','<p>Tyre balancing is a precision process that ensures the tyre-wheel assembly is evenly weighted. We use a certified balancing machine to attach small counterweights, eliminating heavy spots that cause vibration, uneven wear, and reduced fuel efficiency. This improves handling, extends tyre life, and enhances safety. Proper balancing prevents premature wear, reduces accident risk, and gives you a smoother, quieter ride. Combined with tyre changes, balancing delivers a safer, more economical driving experience.</p>','left',1,NULL,NULL),(281,'How Often do you Need to Change Tyres?','<ul><li>Replace tyres before they wear out, especially in Middle Eastern heat</li><li>Check tread, damage, and punctures regularly; replace if below 1.6 mm</li><li>Inspect tyres annually after five years; check manufacturing date for age</li><li>Replace all four tyres at once, or put two new ones on the rear axle</li><li>Use professional advice from CME to choose the right tyres</li></ul><p>Tyres are very important as they greatly affect how the car accelerates, handles, and brakes. As the tyres become old and start wearing out they start losing their performance in certain areas. It’s right before this that you need to start looking to invest in a new set of tyres. In a region like the Middle East, the extreme heat of summer can expose the fragility of&nbsp;worn old tyres making them extra prone to blowouts. It is, therefore, important to know when it’s the right time to change your tyres. Read on to know more about how often you need to change tyres, how long do tyres last and much more.</p>','left',1,NULL,NULL),(299,NULL,'<p><img src=\"https://d1i031whgqu7f4.cloudfront.net/image_602_eb6dce2f14.png\" alt=\"image 602.png\" width=\"134\" height=\"75\"></p><p>A wide range of services, partners of the Bosch network can benefit from access to all of Bosch’s knowledge, technological expertise and comprehensive practical experience from decades of workshop support. What we offer:</p>','left',1,NULL,NULL),(302,NULL,'<p><img src=\"https://d1i031whgqu7f4.cloudfront.net/image_602_eb6dce2f14.png\" alt=\"image 602.png\" width=\"134\" height=\"75\"></p><p>A wide range of services, partners of the Bosch network can benefit from access to all of Bosch’s knowledge, technological expertise and comprehensive practical experience from decades of workshop support. What we offer:</p>','left',1,NULL,NULL),(303,NULL,'<p><img src=\"https://d1i031whgqu7f4.cloudfront.net/image_602_eb6dce2f14.png\" alt=\"image 602.png\" width=\"134\" height=\"75\"></p><p>A wide range of services, partners of the Bosch network can benefit from access to all of Bosch’s knowledge, technological expertise and comprehensive practical experience from decades of workshop support. What we offer:</p>','left',1,NULL,NULL),(349,'Choosing Car Tyres - How to Do it Right?','<ul><li>UAE heat and terrain need high-quality, heat-resistant tyres</li><li>Match tyres to driving style, car type, and road conditions</li><li>Regular maintenance like tyre inflation checks and alignment extends tyre life</li><li>Choose quality over price to avoid poor performance</li></ul>','right',1,NULL,NULL),(350,'Know the Difference between Wheel Alignment and Wheel Balancing','<ul><li>Wheel alignment adjusts suspension to ensure optimal tyre positioning, improving handling and tyre life.</li><li>Wheel balancing ensures even weight distribution, reducing vibrations for a smoother ride.</li><li>Misalignment causes pulling to one side and uneven tyre wear; imbalance leads to vibrations.</li><li>Regular checks enhance safety, extend tyre life, and improve fuel efficiency.</li><li>Costs vary, but regular maintenance prevents expensive repairs.</li></ul><p>Visit&nbsp;TYREPLUS&nbsp;for professional alignment and balancing services.</p>','left',1,NULL,NULL),(386,NULL,'<p>Dead battery got you stuck? &nbsp;Need a reliable car battery replacement in the UAE? CME TyrePlushas you covered! We offer fast, affordable, and top-notch battery replacement services across Dubai, Abu Dhabi, and the UAE. Our pros will come to you –whether you\'re at home, work, or stranded. Get back on the road pronto!</p>','left',1,NULL,NULL),(387,'Why Choose CME for Car Battery Replacement','<p data-pm-slice=\"0 0 []\">With years of experience in the industry, CME is a trusted name when it comes to car battery replacement services or any other services related to car maintenance. Here’s why our customers choose us and keep coming back to us:</p><p><strong>Fast &amp; Reliable Service:</strong> We understand how important it is to get your vehicle back on the road quickly. Our team works quickly, but never compromises on the quality of service.</p><p><strong>Certified Technicians:</strong> Our technicians are certified and have extensive experience with all types of car batteries, ensuring the replacement is done correctly and efficiently.</p><p><strong>Convenient Location-Based Service:</strong> We provide car battery replacement in Dubai, Abu Dhabi, and throughout the UAE. Wherever you are, we are just a call &nbsp; &nbsp; &nbsp; &nbsp;away.</p><p><strong>Wide Range of Batteries:</strong> We offer an extensive selection of car batteries suitable for various vehicle models and needs, from budget-friendly options to premium brands.</p>','left',1,NULL,NULL),(421,NULL,'<p>Having your car reliable when you need it isn\'t just a convenience – it\'s a necessity, especially in our scorching summers where temps soar above 50 degrees Celsius. This extreme heat takes a toll on your car brakes, wearing them out faster. That\'s where CME comes in – our premium brake pad services are specifically designed to withstand the harsh UAE climate and road conditions. We\'ll not only get you back on the road but also extend your vehicle\'s lifespan with top-quality components. Ditching the \"brake repair near me\" search? Come to CME – we\'ve built a solid reputation for giving cars the care they deserve.</p>','left',1,NULL,NULL),(422,'Why Your Car Benefits From Routine Brake Pads Repair Services','<p>Keep your ride safe and smooth with regular brake repairs. Here\'s what you get:</p><ol><li><strong>Better Fuel Efficiency:</strong> Optimal brake pads = less fuel wasted = more savings</li><li><strong>Less Frequent Replacements:</strong> Quality parts = longer lifespan = less money spent on repairs</li><li><strong>Higher Car Value:</strong> Regular maintenance = more value when you sell</li><li><strong>Quieter Rides:</strong> No more squealing brakes = more peaceful drives</li><li><strong>Pass Inspections with Ease:</strong> Stay on top of annual checks with a well-maintained brake system.</li></ol>','left',1,NULL,NULL),(423,'Why Your Car Benefits From Routine Brake Pads Repair Services','<p>Keep your ride safe and smooth with regular brake repairs. Here\'s what you get:</p><ol><li><strong>Better Fuel Efficiency:</strong> Optimal brake pads = less fuel wasted = more savings</li><li><strong>Less Frequent Replacements: </strong>Quality parts = longer lifespan = less money spent on repairs</li><li><strong>Higher Car Value: </strong>Regular maintenance = more value when you sell</li><li><strong>Quieter Rides:</strong> No more squealing brakes = more peaceful drives</li><li><strong>Pass Inspections with Ease:</strong> Stay on top of annual checks with a well-maintained brake system.</li></ol>','right',1,NULL,NULL),(436,NULL,'<p>A flat tyre has the potential to completely disrupt your day, however, it doesn\'t necessarily mean you\'ll be stuck off the road for an extended period! Our tyre repair services are designed to be swift, budget-friendly, and reliable, ensuring you\'re back on track in no time.</p><p>Maintaining properly inflated and intact tyres is crucial for optimal vehicle performance, which is why prompt tyre puncture repairs are essential at the first sign of trouble, such as bubbles or other issues. Given the significant cost of tyres, frequent replacements can be a considerable expense, but rest assured, we\'re here to provide comprehensive solutions for all your tyre-related problems. Whether you\'re dealing with a puncture, a flat tyre, or a slow leak, our skilled technicians are equipped to offer effective solutions that\'ll have you back driving safely and efficiently</p>','left',1,NULL,NULL),(437,'What To Expect in a Tyre Repair?','<p>It may be tempting to Google, “how to repair tyre puncture” and try to fix your bad tyre(s) yourself. However, unless know a lot about car mechanics, don’t do it! Take your car to a repair shop. But you should not search for a shop doing “tyre puncture repair near me or tyre repair near me online.” Take your car to CME TyrePlus for tyre servicing. Our technicians are professional.</p><p>We will look at your tyres to see if they can repair them. We can repair them if the damage is within the repairable puncture area. The affected area must also be ¼ of an inch in diameter or less and the damaged area is isolated. If we can repair it, we will follow these steps:</p><ul><li>Remove the tyre from the rim.</li><li>Inspect the entire tyre.</li><li>Trim and stabilize damaged cables.</li><li>Seal and patch the puncture.</li><li>Buff the puncture area from inside the tyre.</li><li>Put a vulcanizing glue on the affected area.</li><li>Patch the puncture area’s inner lining - A chemical reaction will occur immediately after the patch is placed which will permanently suture the patch to the affected area’s inner lining</li><li>Re-mount and inflate the tyre.</li><li>Check for leaks.</li></ul>','left',1,NULL,NULL),(438,'Why Choose CME for Tyre Repairing?','<p>For Tyre Repairing or any sort of tyre and car-related services you can count on our skilled technicians. We have the best experts in the industry to execute safe and long-lasting repairs. Any damages are assessed by us to determine if repairs are okay or if replacement methods are required.</p><p><strong>Advanced Equipment: </strong>Using state-of-the-art equipment, we execute a quick repair of every tyre puncture so that your tyres can perform at their best. Many Locations Across Abu Dhabi, UAE and with mobile tyre repair options, we\'re always near you. Whether you are stuck on the road or need a quick fix at home, we can be there.</p><p><strong>Affordable and Transparent Pricing: </strong>Tyre repair terms don\'t have to be expensive. Since TyrePlus asks for reasonable prices, you\'ll be sure that our tyre repair services in Dubai will give you excellent value for your money.</p><p><strong>Wide Range of Services: </strong>Apart from tyre repairing, we provide tyre replacement, wheel balancing, and alignment services, all to maintain your vehicle\'s good condition.</p><p><strong>Mobile Tyre Repairs:</strong> Can\'t reach the workshop? Not to worry! Our mobile car service brings tyre puncture repair to wherever you are, be it at home, in the office, or on the roadside.</p>','right',1,NULL,NULL),(443,NULL,'<p>Dead battery got you stuck? &nbsp;Need a reliable car battery replacement in the UAE? CME TyrePlushas you covered! We offer fast, affordable, and top-notch battery replacement services across Dubai, Abu Dhabi, and the UAE. Our pros will come to you –whether you\'re at home, work, or stranded. Get back on the road pronto!</p>','left',1,NULL,NULL),(444,'Why Choose CME for Car Battery Replacement','<p data-pm-slice=\"0 0 []\">With years of experience in the industry, CME is a trusted name when it comes to car battery replacement services or any other services related to car maintenance. Here’s why our customers choose us and keep coming back to us:</p><p><strong>Fast &amp; Reliable Service:</strong> We understand how important it is to get your vehicle back on the road quickly. Our team works quickly, but never compromises on the quality of service.</p><p><strong>Certified Technicians:</strong> Our technicians are certified and have extensive experience with all types of car batteries, ensuring the replacement is done correctly and efficiently.</p><p><strong>Convenient Location-Based Service:</strong> We provide car battery replacement in Dubai, Abu Dhabi, and throughout the UAE. Wherever you are, we are just a call &nbsp; &nbsp; &nbsp; &nbsp;away.</p><p><strong>Wide Range of Batteries:</strong> We offer an extensive selection of car batteries suitable for various vehicle models and needs, from budget-friendly options to premium brands.</p>','left',1,NULL,NULL),(445,'Signs Your AC Needs Service','<ol><li>Weak or Warm Airflow</li><li>Unusual Noises</li><li>Unpleasant Odors</li><li>Water Leaks Inside the Cabin</li><li>Reduced Cooling Over Time</li><li>AC Takes Longer to Cool</li><li>Visible Refrigerant Leaks</li><li>Dashboard Warning Lights</li></ol>','left',1,NULL,NULL),(450,'What is Nitrogen Tyre Inflation?','<p>Tyre inflation is undoubtedly a key element in ensuring tyre longevity. The pressure recommended by the manufacturers is different for each vehicle and must be scrupulously respected for your safety. But did you know that to reach the right pressure level, your tyres can be inflated with either air or nitrogen ?&nbsp;</p><p>Nitrogen tyre inflation uses pure nitrogen gas (typically 95-99% pure) instead of regular compressed air to fill your tyres. Unlike compressed air, which contains approximately 78% nitrogen, 21% oxygen, and trace amounts of water vapor and other gases, pure nitrogen inflation eliminates oxygen and moisture from inside your tyres. This seemingly simple change delivers measurable benefits for your vehicle\'s performance and safety.</p>','left',1,NULL,NULL),(451,'Our Nitrogen Inflation Process','<ul><li><strong>Complete Deflation and Purging:</strong> We fully deflate your current tyres and purge all existing air and moisture from the system.</li><li><strong>High-Purity Nitrogen Fill:</strong> Your tyres are refilled with high-purity nitrogen to your vehicle manufacturer\'s recommended pressure specifications.</li><li><strong>Pressure Verification:</strong> Each tyre receives a pressure check using calibrated gauges to ensure accuracy.</li><li><strong>Identification Markers:</strong> We apply nitrogen valve cap indicators to identify nitrogen-filled tyres for future reference.</li><li><strong>Service Documentation:</strong> You receive complete documentation of your service and recommendations for maintenance intervals<br>&nbsp;</li></ul>','left',1,NULL,NULL),(452,NULL,'<p>Oil is the lifeblood of your car\'s engine, playing a crucial role in its performance and longevity. It lubricates engine parts, reduces friction, and helps dissipate heat, ensuring smooth operation. Over time, oil gets contaminated and loses its effectiveness, leading to increased wear and tear on the engine. If left unchecked, this can cause parts to score, resulting in costly repairs. Regular oil changes are essential to prevent this, keeping your engine healthy and running smoothly. Our oil change service uses top-quality oils and filters, meeting or exceeding manufacturer specs, to give your car the best care.</p>','left',1,NULL,NULL),(453,'Why Choose CME for Oil Change?','<p>At CME, we know regular oil changes are crucial for your vehicle\'s health. Here\'s why we\'re the top choice for oil change services in the UAE:</p><ul><li>Multi-Brand Engine Oil Options: Top-quality oils from trusted brands like Castrol and Mobil, tailored to your engine\'s needs</li><li>Expert Technicians: Highly trained team providing best-in-class oil change services</li><li>Convenient Locations: Multiple service centers across the UAE, in Dubai, Sharjah, and more</li><li>State-of-the-Art Equipment: Latest tools and tech for accurate, quick oil changes and engine health checks</li><li>Genuine and High-Quality Oil: Premium engine oil for peak performance</li><li>Fast and Efficient Service: Quick turnaround times to fit your busy schedule</li><li>Affordable and Transparent Pricing: Competitive prices with special offers on oil change services</li></ul>','left',1,NULL,NULL),(454,'What is the tyre change process ?','<p>A tyre change involves replacing a worn or damaged tyre with a new one. Our technicians will remove the old tyre, inspect the rim, and mount a new tyre using specialized equipment, ensuring a safe and smooth ride.</p>','left',1,NULL,NULL),(455,'What is the wheel balancing process ?','<p>Tyre balancing is a precision process that ensures the tyre-wheel assembly is evenly weighted. We use a certified balancing machine to attach small counterweights, eliminating heavy spots that cause vibration, uneven wear, and reduced fuel efficiency. This improves handling, extends tyre life, and enhances safety. Proper balancing prevents premature wear, reduces accident risk, and gives you a smoother, quieter ride. Combined with tyre changes, balancing delivers a safer, more economical driving experience.</p>','left',1,NULL,NULL),(456,'How Often do you Need to Change Tyres?','<ul><li>Replace tyres before they wear out, especially in Middle Eastern heat</li><li>Check tread, damage, and punctures regularly; replace if below 1.6 mm</li><li>Inspect tyres annually after five years; check manufacturing date for age</li><li>Replace all four tyres at once, or put two new ones on the rear axle</li><li>Use professional advice from CME to choose the right tyres</li></ul><p>Tyres are very important as they greatly affect how the car accelerates, handles, and brakes. As the tyres become old and start wearing out they start losing their performance in certain areas. It’s right before this that you need to start looking to invest in a new set of tyres. In a region like the Middle East, the extreme heat of summer can expose the fragility of&nbsp;worn old tyres making them extra prone to blowouts. It is, therefore, important to know when it’s the right time to change your tyres. Read on to know more about how often you need to change tyres, how long do tyres last and much more.</p>','left',1,NULL,NULL),(457,'Choosing Car Tyres - How to Do it Right?','<ul><li>UAE heat and terrain need high-quality, heat-resistant tyres</li><li>Match tyres to driving style, car type, and road conditions</li><li>Regular maintenance like tyre inflation checks and alignment extends tyre life</li><li>Choose quality over price to avoid poor performance</li></ul>','right',1,NULL,NULL),(458,'Know the Difference between Wheel Alignment and Wheel Balancing','<ul><li>Wheel alignment adjusts suspension to ensure optimal tyre positioning, improving handling and tyre life.</li><li>Wheel balancing ensures even weight distribution, reducing vibrations for a smoother ride.</li><li>Misalignment causes pulling to one side and uneven tyre wear; imbalance leads to vibrations.</li><li>Regular checks enhance safety, extend tyre life, and improve fuel efficiency.</li><li>Costs vary, but regular maintenance prevents expensive repairs.</li></ul><p>Visit&nbsp;TYREPLUS&nbsp;for professional alignment and balancing services.</p>','left',1,NULL,NULL),(459,NULL,'<h3>Tyre Rotation Process</h3><ul><li><strong>Visual Inspection:</strong> Checking for damage, foreign objects, and wear patterns</li><li><strong>Pressure Check:</strong> Adjusting pressures to manufacturer specs</li><li>Professional Rotation: Rotating tyres according to your vehicle\'s drive type</li><li>Torque Specification: Tightening wheel nuts to exact specs</li><li>Final Balance Check: Ensuring tyres are properly balanced post-rotation</li><li>Maintenance Record: Documenting your service for warranty and tracking</li></ul><h3>Tyre Rotation Patterns We Use</h3><p><strong>Different vehicles require different rotation patterns. Our technicians select the appropriate method based on your vehicle\'s drive system and tyre type:</strong></p><ul><li>Forward Cross (Front-Wheel Drive)</li><li>Rearward Cross (Rear-Wheel and 4x4 Vehicles)</li><li>X-Pattern (All-Wheel Drive)</li><li>Side-to-Side (Directional Tyres)<br>&nbsp;</li></ul>','left',1,NULL,NULL),(460,NULL,'<p>If your vehicle pulls to one side, has uneven tyre wear, or vibrations while driving, it might be an alignment issue. At CME, our expert technicians use advanced equipment to adjust your wheels to manufacturer specs, ensuring smooth and safe driving. Our wheel alignment services across the Abu Dhabi, help improve driving efficiency and safety, extend tyre life, and enhance overall vehicle performance. Book your appointment with CME today!</p>','left',1,NULL,NULL),(461,'What Our Wheel Alignment Service Includes ','<p>At CME, our wheel alignment service includes:</p><ul><li><strong>General Inspection:</strong> We use advanced equipment to check your vehicle\'s alignment and identify potential issues affecting handling or tyre wear.</li><li><strong>Precision Alignment: </strong>We adjust the wheel angles to match your manufacturer\'s specs for optimal performance.</li><li><strong>Tire Rotation:</strong> We rotate your tyres to ensure even wear and extend their lifespan.</li><li><strong>Alignment Report:</strong> You\'ll receive a detailed report outlining the condition of your wheels and the adjustments made.</li></ul>','left',1,NULL,NULL),(462,'Why choose TyrePlus for your wheel alignment services','<p>CME emphasizes the importance of correct wheel alignment for optimal vehicle performance. Our well-trained technicians use state-of-the-art equipment to deliver precise alignments for various vehicle types, ensuring optimal performance. We offer competitive rates across the UAE, with transparent pricing and no hidden charges. Our services include:</p><p><strong>Specialist Personnel:</strong> CME employs qualified technicians whose expertise allows them to carry out accurate wheel alignments of all types of vehicles and therefore deliver optimal performance.</p><p><strong>State-of-the-Art Equipment:</strong> We service vehicles using the latest alignment technology and diagnostic tools, assuring you wheel alignment with precise specifications from the manufacturer.</p><p><strong>Competitive Prices:</strong> Our wheel alignment charges are kept to a minimum without compromising the quality of the service. We\'ve taken care of hidden costs.</p><p><strong>Convenience and Accessibility:</strong> CME has several service centers in major location of Abu Dhabi making it convenient to the customer for better service.</p>','right',1,NULL,NULL),(464,'CENTRAL MOTORS & EQUIPMENT','<p>Many people think that the easiest place to go is the nearest manufacturer’s dealership. CM&amp;E Bosch Car Service workshops are a real alternative, offering quality, affordable servicing, and fitting manufacturer quality parts.</p><p>The headache of finding a good workshop is removed with the national network of CM&amp;E Bosch Car Service workshops:</p><p>Use the workshop locator to find the workshop nearest to you.<br>Have the peace of mind that all CM&amp;E Bosch workshops employ experienced, qualified technicians with the right diagnostic equipment to find and correct faults, cost-effectively. &nbsp;<br>A ‘cheap’ workshop is not a guarantee of value for money in the long run. They often keep their prices down by fitting cheap parts, which may wear out or fail sooner. At CM&amp;E Bosch Car Services, the Bosch parts fitted are made to the same specification as those that we make for car manufacturers.<br>Modern cars are highly sophisticated and a significant proportion of the manufacturing costs go into the electronics and computers. As CM&amp;E Bosch Car Service workshops all have up to date diagnostic equipment, they will be able to diagnose any faults quickly and accurately, getting it right the first time.<br>All CM&amp;E Bosch Car Service workshops are established, independent workshops that we audit annually to ensure that they continue to meet the high standards that we expect.</p>','right',1,NULL,NULL),(465,'Diagnostics from Bosch','<p>Workshop solutions for the future. For professional service on modern vehicles, Bosch provides test and workshop equipment, software and expertise perfectly coordinated from a single source.</p><ul><li>ECU Diagnostic Tools</li><li>ESI[tronic] Diagnostic Software</li><li>Air Conditioning Service</li><li>Battery Service</li><li>Test Benches and Tools</li><li>Calibration of Advanced Driver Assistance Systems</li><li>Emissions Inspections</li><li>Vehicle Systems Analyzers</li><li>Bosch Augmented Reality</li><li>Bosch Connected Repair<br>&nbsp;</li></ul>','left',1,NULL,NULL),(466,'Technical services from industry experts','<p>A wide range of services, partners of the Bosch network can benefit from access to all of Bosch’s knowledge, technological expertise and comprehensive practical experience from decades of workshop support.&nbsp;</p><p>What we offer:</p><ul><li>Service Training</li><li>Technical Support</li><li>Equipment Service</li></ul>','right',1,NULL,NULL),(467,NULL,'<p><img src=\"https://d1i031whgqu7f4.cloudfront.net/image_602_eb6dce2f14.png\" alt=\"image 602.png\" width=\"134\" height=\"75\"></p><p>A wide range of services, partners of the Bosch network can benefit from access to all of Bosch’s knowledge, technological expertise and comprehensive practical experience from decades of workshop support. What we offer:</p>','left',1,NULL,NULL),(468,NULL,'<p>Central Motors &amp; Equipment brings the latest state-of-the-art workshop equipment services</p><ul><li>Software</li><li>ECU Diagnostics</li><li>Diagnostic Control Units</li><li>Vehicle System Analyzers</li><li>Battery Service Equipment</li><li>On board Diagnosis</li><li>Air Conditioning Service</li><li>Tyre Changing Equipment</li><li>Wheel Balancing Equipment</li><li>Wheel Alignments</li><li>Nitrogen Inflators</li><li>Emission Analyzers</li><li>Vehicle Inspection Lanes</li><li>Diesel Component Calibration</li><li>Tools &amp; Testers</li></ul>','right',1,NULL,NULL);

--
