--
-- Host: dev-mysql.cxd6vtbcnuvz.ap-south-1.rds.amazonaws.com    Database: alfahim_cme_devdb
-- ------------------------------------------------------


--
-- Table structure for table `about_uses`
--

CREATE TABLE `about_uses` (
  `id` int unsigned NOT NULL AUTO_INCREMENT,
  `document_id` varchar(255) DEFAULT NULL,
  `sub_title` varchar(255) DEFAULT NULL,
  `title` varchar(255) DEFAULT NULL,
  `description` longtext,
  `section_title` varchar(255) DEFAULT NULL,
  `section_description` longtext,
  `created_at` datetime(6) DEFAULT NULL,
  `updated_at` datetime(6) DEFAULT NULL,
  `published_at` datetime(6) DEFAULT NULL,
  `created_by_id` int unsigned DEFAULT NULL,
  `updated_by_id` int unsigned DEFAULT NULL,
  `locale` varchar(255) DEFAULT NULL,
  PRIMARY KEY (`id`),
  KEY `about_uses_documents_idx` (`document_id`,`locale`,`published_at`),
  KEY `about_uses_created_by_id_fk` (`created_by_id`),
  KEY `about_uses_updated_by_id_fk` (`updated_by_id`),
  CONSTRAINT `about_uses_created_by_id_fk` FOREIGN KEY (`created_by_id`) REFERENCES `admin_users` (`id`) ON DELETE SET NULL,
  CONSTRAINT `about_uses_updated_by_id_fk` FOREIGN KEY (`updated_by_id`) REFERENCES `admin_users` (`id`) ON DELETE SET NULL
) ENGINE=InnoDB AUTO_INCREMENT=45 DEFAULT CHARSET=utf8mb4 COLLATE=utf8mb4_0900_ai_ci;

--
-- Dumping data for table `about_uses`
--

INSERT INTO `about_uses` VALUES (1,'tzlebik01a0bhajnx2g2py6w',NULL,'Comprehensive Solutions, Single Destination  ',NULL,'CME Divisions','<p>Following four divisions of CME operates nationwide with a unified Logistics operation:</p>','2025-12-12 06:27:58.968000','2026-07-07 06:08:51.509000',NULL,1,1,'en'),(44,'tzlebik01a0bhajnx2g2py6w',NULL,'Comprehensive Solutions, Single Destination  ',NULL,'CME Divisions','<p>Following four divisions of CME operates nationwide with a unified Logistics operation:</p>','2025-12-12 06:27:58.968000','2026-07-07 06:08:51.509000','2026-07-07 06:08:54.370000',1,1,'en');

--
-- Table structure for table `about_uses_cmps`
--

CREATE TABLE `about_uses_cmps` (
  `id` int unsigned NOT NULL AUTO_INCREMENT,
  `entity_id` int unsigned DEFAULT NULL,
  `cmp_id` int unsigned DEFAULT NULL,
  `component_type` varchar(255) DEFAULT NULL,
  `field` varchar(255) DEFAULT NULL,
  `order` double unsigned DEFAULT NULL,
  PRIMARY KEY (`id`),
  UNIQUE KEY `about_uses_uq` (`entity_id`,`cmp_id`,`field`,`component_type`),
  KEY `about_uses_field_idx` (`field`),
  KEY `about_uses_component_type_idx` (`component_type`),
  KEY `about_uses_entity_fk` (`entity_id`),
  CONSTRAINT `about_uses_entity_fk` FOREIGN KEY (`entity_id`) REFERENCES `about_uses` (`id`) ON DELETE CASCADE
) ENGINE=InnoDB AUTO_INCREMENT=575 DEFAULT CHARSET=utf8mb4 COLLATE=utf8mb4_0900_ai_ci;

--
-- Dumping data for table `about_uses_cmps`
--

INSERT INTO `about_uses_cmps` VALUES (1,1,56,'common.title-desc-with-img','aboutSection',8),(4,1,58,'common.title-desc-with-img','cardSection',2),(5,1,59,'common.title-desc-with-img','cardSection',4),(6,1,1,'common.title-desc-btn-img','sections',2),(46,1,7,'common.title-desc-btn-img','sections',3),(47,1,8,'common.title-desc-btn-img','sections',1),(70,1,15,'common.title-desc-btn-img','sections',4),(214,1,64,'common.seo','seo',7),(567,44,990,'common.title-desc-with-img','aboutSection',NULL),(568,44,991,'common.title-desc-with-img','cardSection',1),(569,44,992,'common.title-desc-with-img','cardSection',2),(570,44,144,'common.title-desc-btn-img','sections',1),(571,44,145,'common.title-desc-btn-img','sections',2),(572,44,146,'common.title-desc-btn-img','sections',3),(573,44,147,'common.title-desc-btn-img','sections',4),(574,44,292,'common.seo','seo',NULL);

--
-- Table structure for table `admin_permissions`
--

CREATE TABLE `admin_permissions` (
  `id` int unsigned NOT NULL AUTO_INCREMENT,
  `document_id` varchar(255) DEFAULT NULL,
  `action` varchar(255) DEFAULT NULL,
  `action_parameters` json DEFAULT NULL,
  `subject` varchar(255) DEFAULT NULL,
  `properties` json DEFAULT NULL,
  `conditions` json DEFAULT NULL,
  `created_at` datetime(6) DEFAULT NULL,
  `updated_at` datetime(6) DEFAULT NULL,
  `published_at` datetime(6) DEFAULT NULL,
  `created_by_id` int unsigned DEFAULT NULL,
  `updated_by_id` int unsigned DEFAULT NULL,
  `locale` varchar(255) DEFAULT NULL,
  PRIMARY KEY (`id`),
  KEY `admin_permissions_documents_idx` (`document_id`,`locale`,`published_at`),
  KEY `admin_permissions_created_by_id_fk` (`created_by_id`),
  KEY `admin_permissions_updated_by_id_fk` (`updated_by_id`),
  CONSTRAINT `admin_permissions_created_by_id_fk` FOREIGN KEY (`created_by_id`) REFERENCES `admin_users` (`id`) ON DELETE SET NULL,
  CONSTRAINT `admin_permissions_updated_by_id_fk` FOREIGN KEY (`updated_by_id`) REFERENCES `admin_users` (`id`) ON DELETE SET NULL
) ENGINE=InnoDB AUTO_INCREMENT=655 DEFAULT CHARSET=utf8mb4 COLLATE=utf8mb4_0900_ai_ci;

--
-- Dumping data for table `admin_permissions`
--

INSERT INTO `admin_permissions` VALUES (5,'z6fd7pfv7utwjk3f81tlph81','plugin::content-manager.explorer.create','{}','api::footer.footer','{\"fields\": []}','[]','2025-11-21 05:39:32.038000','2025-12-03 11:57:28.802000','2025-11-21 05:39:32.038000',NULL,NULL,NULL),(6,'gnduwzgr5mp3lf0y6l7l3y5o','plugin::content-manager.explorer.create','{}','api::header.header','{\"fields\": [\"menu\", \"showMultilingual\"]}','[]','2025-11-21 05:39:32.140000','2025-12-12 04:52:38.425000','2025-11-21 05:39:32.141000',NULL,NULL,NULL),(7,'n1lalkm8b0mkl8sd9wj62986','plugin::content-manager.explorer.create','{}','api::home.home','{\"fields\": [\"banner.title\", \"seo.metaTitle\", \"seo.metaDescription\", \"seo.preventIndexing\", \"seo.keywords\", \"seo.canonicalUrl\", \"seo.metaHead\", \"seo.ogMeta.name\", \"seo.ogMeta.content\", \"seo.wordDescription\", \"seo.metaImage\"]}','[]','2025-11-21 05:39:32.242000','2025-12-12 04:52:38.426000','2025-11-21 05:39:32.243000',NULL,NULL,NULL),(16,'ortpcr8h7uj346erjwc94vpz','plugin::content-manager.explorer.read','{}','api::footer.footer','{\"fields\": []}','[]','2025-11-21 05:39:33.159000','2025-12-03 11:57:28.802000','2025-11-21 05:39:33.159000',NULL,NULL,NULL),(17,'aytqdrwx9jubk83ok2hqnl6r','plugin::content-manager.explorer.read','{}','api::header.header','{\"fields\": [\"menu\", \"showMultilingual\"]}','[]','2025-11-21 05:39:33.259000','2025-12-12 04:52:38.426000','2025-11-21 05:39:33.260000',NULL,NULL,NULL),(18,'og0gk020a81srj69zj41028h','plugin::content-manager.explorer.read','{}','api::home.home','{\"fields\": [\"banner.title\", \"seo.metaTitle\", \"seo.metaDescription\", \"seo.preventIndexing\", \"seo.keywords\", \"seo.canonicalUrl\", \"seo.metaHead\", \"seo.ogMeta.name\", \"seo.ogMeta.content\", \"seo.wordDescription\", \"seo.metaImage\"]}','[]','2025-11-21 05:39:33.361000','2025-12-12 04:52:38.426000','2025-11-21 05:39:33.362000',NULL,NULL,NULL),(27,'s6nfoj7s1ct2oldxb67cl8we','plugin::content-manager.explorer.update','{}','api::footer.footer','{\"fields\": []}','[]','2025-11-21 05:39:34.296000','2025-12-03 11:57:28.802000','2025-11-21 05:39:34.296000',NULL,NULL,NULL),(28,'ka86asdihfcs4im63vnw4nl8','plugin::content-manager.explorer.update','{}','api::header.header','{\"fields\": [\"menu\", \"showMultilingual\"]}','[]','2025-11-21 05:39:34.400000','2025-12-12 04:52:38.427000','2025-11-21 05:39:34.400000',NULL,NULL,NULL),(29,'eip1655ua90z89wtvqlfpnfl','plugin::content-manager.explorer.update','{}','api::home.home','{\"fields\": [\"banner.title\", \"seo.metaTitle\", \"seo.metaDescription\", \"seo.preventIndexing\", \"seo.keywords\", \"seo.canonicalUrl\", \"seo.metaHead\", \"seo.ogMeta.name\", \"seo.ogMeta.content\", \"seo.wordDescription\", \"seo.metaImage\"]}','[]','2025-11-21 05:39:34.500000','2025-12-12 04:52:38.427000','2025-11-21 05:39:34.501000',NULL,NULL,NULL),(56,'s338lp3wpywklwbstl9iuq2j','plugin::upload.read','{}',NULL,'{}','[]','2025-11-21 05:39:37.240000','2025-11-21 05:39:37.240000','2025-11-21 05:39:37.240000',NULL,NULL,NULL),(57,'sx2c5d4su96h6y8rmj6j9uxv','plugin::upload.configure-view','{}',NULL,'{}','[]','2025-11-21 05:39:37.339000','2025-11-21 05:39:37.339000','2025-11-21 05:39:37.339000',NULL,NULL,NULL),(58,'avbn6khihr71fjf22pamt75e','plugin::upload.assets.create','{}',NULL,'{}','[]','2025-11-21 05:39:37.439000','2025-11-21 05:39:37.439000','2025-11-21 05:39:37.439000',NULL,NULL,NULL),(59,'mnem39x1rw5ojgzznolduuw7','plugin::upload.assets.update','{}',NULL,'{}','[]','2025-11-21 05:39:37.538000','2025-11-21 05:39:37.538000','2025-11-21 05:39:37.538000',NULL,NULL,NULL),(60,'lgynsjdqqrwp0i3slkjgke24','plugin::upload.assets.download','{}',NULL,'{}','[]','2025-11-21 05:39:37.637000','2025-11-21 05:39:37.637000','2025-11-21 05:39:37.637000',NULL,NULL,NULL),(61,'h6xt81rpzkpblnv296dtt5i4','plugin::upload.assets.copy-link','{}',NULL,'{}','[]','2025-11-21 05:39:37.738000','2025-11-21 05:39:37.738000','2025-11-21 05:39:37.739000',NULL,NULL,NULL),(66,'mm13yp27ddzn2gm5ljq2wk4m','plugin::content-manager.explorer.create','{}','api::footer.footer','{\"fields\": []}','[\"admin::is-creator\"]','2025-11-21 05:39:38.251000','2025-12-03 11:57:28.802000','2025-11-21 05:39:38.252000',NULL,NULL,NULL),(67,'bbmf1xjaa9efxyc2rxchj783','plugin::content-manager.explorer.create','{}','api::header.header','{\"fields\": [\"menu\", \"showMultilingual\"]}','[\"admin::is-creator\"]','2025-11-21 05:39:38.352000','2025-12-12 04:52:38.427000','2025-11-21 05:39:38.352000',NULL,NULL,NULL),(68,'sm5xr4ym5av9bbdmekmju41r','plugin::content-manager.explorer.create','{}','api::home.home','{\"fields\": [\"banner.title\", \"seo.metaTitle\", \"seo.metaDescription\", \"seo.preventIndexing\", \"seo.keywords\", \"seo.canonicalUrl\", \"seo.metaHead\", \"seo.ogMeta.name\", \"seo.ogMeta.content\", \"seo.wordDescription\", \"seo.metaImage\"]}','[\"admin::is-creator\"]','2025-11-21 05:39:38.450000','2025-12-12 04:52:38.427000','2025-11-21 05:39:38.450000',NULL,NULL,NULL),(77,'tmvsgu77jd34jt002thy9g3q','plugin::content-manager.explorer.read','{}','api::footer.footer','{\"fields\": []}','[\"admin::is-creator\"]','2025-11-21 05:39:39.352000','2025-12-03 11:57:28.802000','2025-11-21 05:39:39.353000',NULL,NULL,NULL),(78,'pruz54johax4h7r874wrc017','plugin::content-manager.explorer.read','{}','api::header.header','{\"fields\": [\"menu\", \"showMultilingual\"]}','[\"admin::is-creator\"]','2025-11-21 05:39:39.458000','2025-12-12 04:52:38.427000','2025-11-21 05:39:39.458000',NULL,NULL,NULL),(79,'iksfi88yy61w4ix4k786mkwk','plugin::content-manager.explorer.read','{}','api::home.home','{\"fields\": [\"banner.title\", \"seo.metaTitle\", \"seo.metaDescription\", \"seo.preventIndexing\", \"seo.keywords\", \"seo.canonicalUrl\", \"seo.metaHead\", \"seo.ogMeta.name\", \"seo.ogMeta.content\", \"seo.wordDescription\", \"seo.metaImage\"]}','[\"admin::is-creator\"]','2025-11-21 05:39:39.557000','2025-12-12 04:52:38.427000','2025-11-21 05:39:39.557000',NULL,NULL,NULL),(88,'v8ss4zx9jnf5dqzmtzfuk14k','plugin::content-manager.explorer.update','{}','api::footer.footer','{\"fields\": []}','[\"admin::is-creator\"]','2025-11-21 05:39:40.458000','2025-12-03 11:57:28.802000','2025-11-21 05:39:40.458000',NULL,NULL,NULL),(89,'sdbtgwj941oo5knlxacyzky3','plugin::content-manager.explorer.update','{}','api::header.header','{\"fields\": [\"menu\", \"showMultilingual\"]}','[\"admin::is-creator\"]','2025-11-21 05:39:40.558000','2025-12-12 04:52:38.427000','2025-11-21 05:39:40.559000',NULL,NULL,NULL),(90,'s6ikq59h0ckg7fino1cb6wia','plugin::content-manager.explorer.update','{}','api::home.home','{\"fields\": [\"banner.title\", \"seo.metaTitle\", \"seo.metaDescription\", \"seo.preventIndexing\", \"seo.keywords\", \"seo.canonicalUrl\", \"seo.metaHead\", \"seo.ogMeta.name\", \"seo.ogMeta.content\", \"seo.wordDescription\", \"seo.metaImage\"]}','[\"admin::is-creator\"]','2025-11-21 05:39:40.658000','2025-12-12 04:52:38.427000','2025-11-21 05:39:40.658000',NULL,NULL,NULL),(106,'r23a2yp73480dgtint9io0zn','plugin::upload.read','{}',NULL,'{}','[\"admin::is-creator\"]','2025-11-21 05:39:42.260000','2025-11-21 05:39:42.260000','2025-11-21 05:39:42.261000',NULL,NULL,NULL),(107,'t1f284kltxf9541z3c09apky','plugin::upload.configure-view','{}',NULL,'{}','[]','2025-11-21 05:39:42.359000','2025-11-21 05:39:42.359000','2025-11-21 05:39:42.360000',NULL,NULL,NULL),(108,'cg8qrgmjeagth628f321m2sl','plugin::upload.assets.create','{}',NULL,'{}','[]','2025-11-21 05:39:42.457000','2025-11-21 05:39:42.457000','2025-11-21 05:39:42.458000',NULL,NULL,NULL),(109,'rg71qvy7fbwresob9cjipvh6','plugin::upload.assets.update','{}',NULL,'{}','[\"admin::is-creator\"]','2025-11-21 05:39:42.558000','2025-11-21 05:39:42.558000','2025-11-21 05:39:42.558000',NULL,NULL,NULL),(110,'ztolsappu8mmagtuygxlkwyr','plugin::upload.assets.download','{}',NULL,'{}','[]','2025-11-21 05:39:42.656000','2025-11-21 05:39:42.656000','2025-11-21 05:39:42.657000',NULL,NULL,NULL),(111,'f9yk0kakruofzf3mybjfhh4x','plugin::upload.assets.copy-link','{}',NULL,'{}','[]','2025-11-21 05:39:42.756000','2025-11-21 05:39:42.756000','2025-11-21 05:39:42.756000',NULL,NULL,NULL),(112,'rdbb4ptdtq538d14qjhrrwvv','plugin::content-manager.explorer.create','{}','plugin::users-permissions.user','{\"fields\": [\"username\", \"email\", \"provider\", \"password\", \"resetPasswordToken\", \"confirmationToken\", \"confirmed\", \"blocked\", \"role\"]}','[]','2025-11-21 05:39:43.002000','2025-11-21 05:39:43.002000','2025-11-21 05:39:43.003000',NULL,NULL,NULL),(124,'c3hndlzx5ezqxtyh6g75zolm','plugin::content-manager.explorer.read','{}','plugin::users-permissions.user','{\"fields\": [\"username\", \"email\", \"provider\", \"password\", \"resetPasswordToken\", \"confirmationToken\", \"confirmed\", \"blocked\", \"role\"]}','[]','2025-11-21 05:39:44.203000','2025-11-21 05:39:44.203000','2025-11-21 05:39:44.203000',NULL,NULL,NULL),(136,'cf0tct5odtb6jlb9uo51wg0y','plugin::content-manager.explorer.update','{}','plugin::users-permissions.user','{\"fields\": [\"username\", \"email\", \"provider\", \"password\", \"resetPasswordToken\", \"confirmationToken\", \"confirmed\", \"blocked\", \"role\"]}','[]','2025-11-21 05:39:45.455000','2025-11-21 05:39:45.455000','2025-11-21 05:39:45.456000',NULL,NULL,NULL),(148,'fqisnqi0o3nyi29us751fn1d','plugin::content-manager.explorer.delete','{}','plugin::users-permissions.user','{}','[]','2025-11-21 05:39:46.670000','2025-11-21 05:39:46.670000','2025-11-21 05:39:46.670000',NULL,NULL,NULL),(153,'x5k24n2zwqbgttgx59jpkf56','plugin::content-manager.explorer.delete','{}','api::footer.footer','{\"locales\": [\"en\", \"ar\"]}','[]','2025-11-28 09:33:55.667000','2025-11-28 09:33:55.667000','2025-11-28 09:33:55.668000',NULL,NULL,NULL),(154,'in09sve550hb4yvwbga1bzmv','plugin::content-manager.explorer.delete','{}','api::header.header','{\"locales\": [\"en\", \"ar\"]}','[]','2025-11-28 09:33:55.766000','2025-11-28 09:33:55.766000','2025-11-28 09:33:55.766000',NULL,NULL,NULL),(155,'o3tgvwgsw53i77okzybg1dss','plugin::content-manager.explorer.delete','{}','api::home.home','{\"locales\": [\"en\", \"ar\"]}','[]','2025-11-28 09:33:55.865000','2025-11-28 09:33:55.865000','2025-11-28 09:33:55.865000',NULL,NULL,NULL),(160,'tcvcxbe20kho3gfiou4dvgtm','plugin::content-manager.explorer.publish','{}','plugin::users-permissions.user','{}','[]','2025-11-21 05:39:47.866000','2025-11-21 05:39:47.866000','2025-11-21 05:39:47.867000',NULL,NULL,NULL),(165,'glfxsmsl64yt2ugzl6lqm516','plugin::content-manager.explorer.publish','{}','api::footer.footer','{\"locales\": [\"en\", \"ar\"]}','[]','2025-11-28 09:33:56.764000','2025-11-28 09:33:56.764000','2025-11-28 09:33:56.764000',NULL,NULL,NULL),(166,'rj1nux824k5g153qsov8zpkn','plugin::content-manager.explorer.publish','{}','api::header.header','{\"locales\": [\"en\", \"ar\"]}','[]','2025-11-28 09:33:56.865000','2025-11-28 09:33:56.865000','2025-11-28 09:33:56.865000',NULL,NULL,NULL),(167,'atepomw7qrucdz3nbk97ie85','plugin::content-manager.explorer.publish','{}','api::home.home','{\"locales\": [\"en\", \"ar\"]}','[]','2025-11-28 09:33:56.967000','2025-11-28 09:33:56.967000','2025-11-28 09:33:56.967000',NULL,NULL,NULL),(172,'rnhfrgr06rmnv7dy55e7f5cv','plugin::content-manager.single-types.configure-view','{}',NULL,'{}','[]','2025-11-21 05:39:49.083000','2025-11-21 05:39:49.083000','2025-11-21 05:39:49.083000',NULL,NULL,NULL),(173,'kmoliq8hlbonpbkqtdg3hh5t','plugin::content-manager.collection-types.configure-view','{}',NULL,'{}','[]','2025-11-21 05:39:49.184000','2025-11-21 05:39:49.184000','2025-11-21 05:39:49.184000',NULL,NULL,NULL),(174,'g7pklzprnje6o206mtxcg2sb','plugin::content-manager.components.configure-layout','{}',NULL,'{}','[]','2025-11-21 05:39:49.297000','2025-11-21 05:39:49.297000','2025-11-21 05:39:49.297000',NULL,NULL,NULL),(175,'aodybt6zf1vwvuuamd34ho3m','plugin::content-type-builder.read','{}',NULL,'{}','[]','2025-11-21 05:39:49.395000','2025-11-21 05:39:49.395000','2025-11-21 05:39:49.396000',NULL,NULL,NULL),(176,'xk1jedy1peme9p8rym06qt33','plugin::email.settings.read','{}',NULL,'{}','[]','2025-11-21 05:39:49.495000','2025-11-21 05:39:49.495000','2025-11-21 05:39:49.495000',NULL,NULL,NULL),(177,'cd83hu3fci2trz67vr3stts8','plugin::upload.read','{}',NULL,'{}','[]','2025-11-21 05:39:49.597000','2025-11-21 05:39:49.597000','2025-11-21 05:39:49.597000',NULL,NULL,NULL),(178,'gi8f9isjvhfui2vn7n0omt67','plugin::upload.assets.create','{}',NULL,'{}','[]','2025-11-21 05:39:49.696000','2025-11-21 05:39:49.696000','2025-11-21 05:39:49.697000',NULL,NULL,NULL),(179,'dciq9wrrxv2bm1tysb1ouyqj','plugin::upload.assets.update','{}',NULL,'{}','[]','2025-11-21 05:39:49.795000','2025-11-21 05:39:49.795000','2025-11-21 05:39:49.795000',NULL,NULL,NULL),(180,'nrn9jzjj46xbf01f9mdymbwu','plugin::upload.assets.download','{}',NULL,'{}','[]','2025-11-21 05:39:49.893000','2025-11-21 05:39:49.893000','2025-11-21 05:39:49.894000',NULL,NULL,NULL),(181,'se6l7famt49k161cvze7vnm6','plugin::upload.assets.copy-link','{}',NULL,'{}','[]','2025-11-21 05:39:50.016000','2025-11-21 05:39:50.016000','2025-11-21 05:39:50.016000',NULL,NULL,NULL),(182,'dul3p5k3mtow1aijisomlhic','plugin::upload.configure-view','{}',NULL,'{}','[]','2025-11-21 05:39:50.116000','2025-11-21 05:39:50.116000','2025-11-21 05:39:50.116000',NULL,NULL,NULL),(183,'fdi4v4a4d50lokvwqs86w8r9','plugin::upload.settings.read','{}',NULL,'{}','[]','2025-11-21 05:39:50.216000','2025-11-21 05:39:50.216000','2025-11-21 05:39:50.216000',NULL,NULL,NULL),(184,'pqmvkc0efzojyzc0apby05rp','plugin::i18n.locale.create','{}',NULL,'{}','[]','2025-11-21 05:39:50.318000','2025-11-21 05:39:50.318000','2025-11-21 05:39:50.318000',NULL,NULL,NULL),(185,'dusgjg9tpcr48vh8zplqtxeb','plugin::i18n.locale.read','{}',NULL,'{}','[]','2025-11-21 05:39:50.417000','2025-11-21 05:39:50.417000','2025-11-21 05:39:50.417000',NULL,NULL,NULL),(186,'zcyfs7g3mj520ejmj8kx766n','plugin::i18n.locale.update','{}',NULL,'{}','[]','2025-11-21 05:39:50.515000','2025-11-21 05:39:50.515000','2025-11-21 05:39:50.516000',NULL,NULL,NULL),(187,'rf2os1vd2o1fcpxk7ln0v2q1','plugin::i18n.locale.delete','{}',NULL,'{}','[]','2025-11-21 05:39:50.615000','2025-11-21 05:39:50.615000','2025-11-21 05:39:50.616000',NULL,NULL,NULL),(188,'h5ioxzqpgdxmek4q26uwwzyt','plugin::users-permissions.roles.create','{}',NULL,'{}','[]','2025-11-21 05:39:50.715000','2025-11-21 05:39:50.715000','2025-11-21 05:39:50.715000',NULL,NULL,NULL),(189,'eu75duez5ueafe7poman03tp','plugin::users-permissions.roles.read','{}',NULL,'{}','[]','2025-11-21 05:39:50.814000','2025-11-21 05:39:50.814000','2025-11-21 05:39:50.815000',NULL,NULL,NULL),(190,'law557cfvuhugllfp6izrk4a','plugin::users-permissions.roles.update','{}',NULL,'{}','[]','2025-11-21 05:39:50.913000','2025-11-21 05:39:50.913000','2025-11-21 05:39:50.913000',NULL,NULL,NULL),(191,'jkc0d0yvnqt0908fvs0xvrxm','plugin::users-permissions.roles.delete','{}',NULL,'{}','[]','2025-11-21 05:39:51.013000','2025-11-21 05:39:51.013000','2025-11-21 05:39:51.014000',NULL,NULL,NULL),(192,'ry6f9iflph6duclfnz571uin','plugin::users-permissions.providers.read','{}',NULL,'{}','[]','2025-11-21 05:39:51.113000','2025-11-21 05:39:51.113000','2025-11-21 05:39:51.113000',NULL,NULL,NULL),(193,'fanxvornpoo0p2fur0wwn7w1','plugin::users-permissions.providers.update','{}',NULL,'{}','[]','2025-11-21 05:39:51.215000','2025-11-21 05:39:51.215000','2025-11-21 05:39:51.215000',NULL,NULL,NULL),(194,'bcnwrwtbq6pm7x397kthgqww','plugin::users-permissions.email-templates.read','{}',NULL,'{}','[]','2025-11-21 05:39:51.314000','2025-11-21 05:39:51.314000','2025-11-21 05:39:51.315000',NULL,NULL,NULL),(195,'o4dnxjmupp4zh0mkces5915b','plugin::users-permissions.email-templates.update','{}',NULL,'{}','[]','2025-11-21 05:39:51.413000','2025-11-21 05:39:51.413000','2025-11-21 05:39:51.414000',NULL,NULL,NULL),(196,'hciwkcyx2yaepqtcjn6c26j7','plugin::users-permissions.advanced-settings.read','{}',NULL,'{}','[]','2025-11-21 05:39:51.528000','2025-11-21 05:39:51.528000','2025-11-21 05:39:51.528000',NULL,NULL,NULL),(197,'boeiqjlcid60ys68dt4yme0h','plugin::users-permissions.advanced-settings.update','{}',NULL,'{}','[]','2025-11-21 05:39:51.628000','2025-11-21 05:39:51.628000','2025-11-21 05:39:51.628000',NULL,NULL,NULL),(198,'iyk8thagft4b6h7yjpcl2w6l','admin::marketplace.read','{}',NULL,'{}','[]','2025-11-21 05:39:51.728000','2025-11-21 05:39:51.728000','2025-11-21 05:39:51.728000',NULL,NULL,NULL),(199,'wibrsbca2aedwlkjbpka9j9q','admin::webhooks.create','{}',NULL,'{}','[]','2025-11-21 05:39:51.829000','2025-11-21 05:39:51.829000','2025-11-21 05:39:51.829000',NULL,NULL,NULL),(200,'k4ww6y2d15s8b9feqst6rxxx','admin::webhooks.read','{}',NULL,'{}','[]','2025-11-21 05:39:51.932000','2025-11-21 05:39:51.932000','2025-11-21 05:39:51.932000',NULL,NULL,NULL),(201,'fpe5bmtyrddbpqo8eo7svl7g','admin::webhooks.update','{}',NULL,'{}','[]','2025-11-21 05:39:52.036000','2025-11-21 05:39:52.036000','2025-11-21 05:39:52.037000',NULL,NULL,NULL),(202,'jx4uuikjkzce7iya7q7nb4bo','admin::webhooks.delete','{}',NULL,'{}','[]','2025-11-21 05:39:52.135000','2025-11-21 05:39:52.135000','2025-11-21 05:39:52.136000',NULL,NULL,NULL),(203,'lyulhv5nkndjukqxnrhwlmhc','admin::users.create','{}',NULL,'{}','[]','2025-11-21 05:39:52.235000','2025-11-21 05:39:52.235000','2025-11-21 05:39:52.235000',NULL,NULL,NULL),(204,'whnwz67i7pmk251z8yon34bf','admin::users.read','{}',NULL,'{}','[]','2025-11-21 05:39:52.335000','2025-11-21 05:39:52.335000','2025-11-21 05:39:52.335000',NULL,NULL,NULL),(205,'y1k10sk4ftwwh5ihj9tdj840','admin::users.update','{}',NULL,'{}','[]','2025-11-21 05:39:52.437000','2025-11-21 05:39:52.437000','2025-11-21 05:39:52.438000',NULL,NULL,NULL),(206,'g7t1ez0fryh9h6egtc3p2lr3','admin::users.delete','{}',NULL,'{}','[]','2025-11-21 05:39:52.538000','2025-11-21 05:39:52.538000','2025-11-21 05:39:52.538000',NULL,NULL,NULL),(207,'ygj11rp6871d2s60nopqu6h2','admin::roles.create','{}',NULL,'{}','[]','2025-11-21 05:39:52.637000','2025-11-21 05:39:52.637000','2025-11-21 05:39:52.638000',NULL,NULL,NULL),(208,'y3g9ywa21jv8gp7h9lzjsrfo','admin::roles.read','{}',NULL,'{}','[]','2025-11-21 05:39:52.736000','2025-11-21 05:39:52.736000','2025-11-21 05:39:52.737000',NULL,NULL,NULL),(209,'q09jdseihtm5hlengye4sbrx','admin::roles.update','{}',NULL,'{}','[]','2025-11-21 05:39:52.839000','2025-11-21 05:39:52.839000','2025-11-21 05:39:52.839000',NULL,NULL,NULL),(210,'xi96w40etpy3cos5zrurau3l','admin::roles.delete','{}',NULL,'{}','[]','2025-11-21 05:39:52.938000','2025-11-21 05:39:52.938000','2025-11-21 05:39:52.938000',NULL,NULL,NULL),(211,'zzjwiq5m1ufpd0boxp0tfmw0','admin::api-tokens.access','{}',NULL,'{}','[]','2025-11-21 05:39:53.038000','2025-11-21 05:39:53.038000','2025-11-21 05:39:53.038000',NULL,NULL,NULL),(212,'ewx8m7sakqo6aozb0vmn5i5y','admin::api-tokens.create','{}',NULL,'{}','[]','2025-11-21 05:39:53.137000','2025-11-21 05:39:53.137000','2025-11-21 05:39:53.137000',NULL,NULL,NULL),(213,'euf495b5ipz9dxyaka5xgtoi','admin::api-tokens.read','{}',NULL,'{}','[]','2025-11-21 05:39:53.235000','2025-11-21 05:39:53.235000','2025-11-21 05:39:53.236000',NULL,NULL,NULL),(214,'ctfqxgqzflvn8jz1p5szyts3','admin::api-tokens.update','{}',NULL,'{}','[]','2025-11-21 05:39:53.335000','2025-11-21 05:39:53.335000','2025-11-21 05:39:53.335000',NULL,NULL,NULL),(215,'clw1s0gp6310kzwsi4gn8pc6','admin::api-tokens.regenerate','{}',NULL,'{}','[]','2025-11-21 05:39:53.435000','2025-11-21 05:39:53.435000','2025-11-21 05:39:53.435000',NULL,NULL,NULL),(216,'idm0cq3qfimsfrryjg2upyj3','admin::api-tokens.delete','{}',NULL,'{}','[]','2025-11-21 05:39:53.534000','2025-11-21 05:39:53.534000','2025-11-21 05:39:53.535000',NULL,NULL,NULL),(217,'i1gjg9xnk2uzdeaud43pvmh6','admin::project-settings.update','{}',NULL,'{}','[]','2025-11-21 05:39:53.634000','2025-11-21 05:39:53.634000','2025-11-21 05:39:53.635000',NULL,NULL,NULL),(218,'gl4e6lck1ljza9bgeg39syxb','admin::project-settings.read','{}',NULL,'{}','[]','2025-11-21 05:39:53.734000','2025-11-21 05:39:53.734000','2025-11-21 05:39:53.734000',NULL,NULL,NULL),(219,'xwyef32hxlcyucp0m9wwvfwq','admin::transfer.tokens.access','{}',NULL,'{}','[]','2025-11-21 05:39:53.833000','2025-11-21 05:39:53.833000','2025-11-21 05:39:53.833000',NULL,NULL,NULL),(220,'rp3256biyzu0x3whcqjjnbnt','admin::transfer.tokens.create','{}',NULL,'{}','[]','2025-11-21 05:39:53.932000','2025-11-21 05:39:53.932000','2025-11-21 05:39:53.932000',NULL,NULL,NULL),(221,'k3u24sgciwal4wlkq1358rf1','admin::transfer.tokens.read','{}',NULL,'{}','[]','2025-11-21 05:39:54.033000','2025-11-21 05:39:54.033000','2025-11-21 05:39:54.033000',NULL,NULL,NULL),(222,'um2s5pqeq9jihokphw039t4n','admin::transfer.tokens.update','{}',NULL,'{}','[]','2025-11-21 05:39:54.134000','2025-11-21 05:39:54.134000','2025-11-21 05:39:54.135000',NULL,NULL,NULL),(223,'iav90syl42a5hyw30s7pt97j','admin::transfer.tokens.regenerate','{}',NULL,'{}','[]','2025-11-21 05:39:54.236000','2025-11-21 05:39:54.236000','2025-11-21 05:39:54.236000',NULL,NULL,NULL),(224,'aikhia6tgdo5yg8t6vvm47tb','admin::transfer.tokens.delete','{}',NULL,'{}','[]','2025-11-21 05:39:54.337000','2025-11-21 05:39:54.337000','2025-11-21 05:39:54.338000',NULL,NULL,NULL),(253,'mffmwr0vhygf706qqffjun5m','plugin::content-manager.explorer.delete','{}','api::location.location','{\"locales\": [\"en\", \"ar\"]}','[]','2025-11-28 09:33:59.486000','2025-11-28 09:33:59.486000','2025-11-28 09:33:59.486000',NULL,NULL,NULL),(254,'iy0o6g1b8awfxxzdi6oi4pjo','plugin::content-manager.explorer.publish','{}','api::location.location','{\"locales\": [\"en\", \"ar\"]}','[]','2025-11-28 09:33:59.605000','2025-11-28 09:33:59.605000','2025-11-28 09:33:59.605000',NULL,NULL,NULL),(299,'n5v8dzckz4lhdtzltkb00hrp','plugin::content-manager.explorer.create','{}','api::about-us.about-us','{\"fields\": [\"subTitle\", \"title\", \"description\", \"aboutSection.title\", \"aboutSection.description\", \"aboutSection.image\", \"aboutSection.responsiveImage\", \"cardSection.title\", \"cardSection.description\", \"cardSection.image\", \"cardSection.responsiveImage\", \"sectionTitle\", \"sectionDescription\", \"sections.title\", \"sections.description\", \"sections.image\", \"sections.responsiveImg\", \"sections.imagePosition\", \"sections.tags.title\", \"sections.tags.key\", \"sections.button.label\", \"sections.button.url\", \"sections.button.newTab\", \"seo.metaTitle\", \"seo.metaDescription\", \"seo.preventIndexing\", \"seo.keywords\", \"seo.canonicalUrl\", \"seo.metaHead\", \"seo.ogMeta.name\", \"seo.ogMeta.content\", \"seo.socialMediaMeta.name\", \"seo.socialMediaMeta.content\", \"seo.wordDescription\", \"seo.metaImage\"], \"locales\": [\"en\", \"ar\"]}','[]','2025-12-12 04:52:29.969000','2025-12-12 04:52:29.969000','2025-12-12 04:52:29.978000',NULL,NULL,NULL),(307,'ym2wa2fxiqhydulzq50v5i1p','plugin::content-manager.explorer.create','{}','api::header.header','{\"fields\": [\"logo\", \"colorLogo\", \"menu\", \"showMultilingual\"], \"locales\": [\"en\", \"ar\"]}','[]','2025-12-12 04:52:30.951000','2025-12-12 04:52:30.951000','2025-12-12 04:52:30.951000',NULL,NULL,NULL),(311,'bpypwqm98v2av02ix1j5ph2o','plugin::content-manager.explorer.create','{}','api::news-landing.news-landing','{\"fields\": [\"title\", \"seo.metaTitle\", \"seo.metaDescription\", \"seo.preventIndexing\", \"seo.keywords\", \"seo.canonicalUrl\", \"seo.metaHead\", \"seo.ogMeta.name\", \"seo.ogMeta.content\", \"seo.socialMediaMeta.name\", \"seo.socialMediaMeta.content\", \"seo.wordDescription\", \"seo.metaImage\"], \"locales\": [\"en\", \"ar\"]}','[]','2025-12-12 04:52:31.373000','2025-12-12 04:52:31.373000','2025-12-12 04:52:31.374000',NULL,NULL,NULL),(314,'yh1gjn31cf5sd5rawnlfvehl','plugin::content-manager.explorer.create','{}','api::type.type','{\"fields\": [\"title\", \"key\"], \"locales\": [\"en\", \"ar\"]}','[]','2025-12-12 04:52:31.697000','2025-12-12 04:52:31.697000','2025-12-12 04:52:31.698000',NULL,NULL,NULL),(315,'i5dq31oqz27mjg8qkqj5f9hr','plugin::content-manager.explorer.read','{}','api::about-us.about-us','{\"fields\": [\"subTitle\", \"title\", \"description\", \"aboutSection.title\", \"aboutSection.description\", \"aboutSection.image\", \"aboutSection.responsiveImage\", \"cardSection.title\", \"cardSection.description\", \"cardSection.image\", \"cardSection.responsiveImage\", \"sectionTitle\", \"sectionDescription\", \"sections.title\", \"sections.description\", \"sections.image\", \"sections.responsiveImg\", \"sections.imagePosition\", \"sections.tags.title\", \"sections.tags.key\", \"sections.button.label\", \"sections.button.url\", \"sections.button.newTab\", \"seo.metaTitle\", \"seo.metaDescription\", \"seo.preventIndexing\", \"seo.keywords\", \"seo.canonicalUrl\", \"seo.metaHead\", \"seo.ogMeta.name\", \"seo.ogMeta.content\", \"seo.socialMediaMeta.name\", \"seo.socialMediaMeta.content\", \"seo.wordDescription\", \"seo.metaImage\"], \"locales\": [\"en\", \"ar\"]}','[]','2025-12-12 04:52:31.802000','2025-12-12 04:52:31.802000','2025-12-12 04:52:31.803000',NULL,NULL,NULL),(323,'vl3it4zp397rlblirsimh3nb','plugin::content-manager.explorer.read','{}','api::header.header','{\"fields\": [\"logo\", \"colorLogo\", \"menu\", \"showMultilingual\"], \"locales\": [\"en\", \"ar\"]}','[]','2025-12-12 04:52:32.654000','2025-12-12 04:52:32.654000','2025-12-12 04:52:32.654000',NULL,NULL,NULL),(327,'h2tl19kbujnpfdnwxilvovut','plugin::content-manager.explorer.read','{}','api::news-landing.news-landing','{\"fields\": [\"title\", \"seo.metaTitle\", \"seo.metaDescription\", \"seo.preventIndexing\", \"seo.keywords\", \"seo.canonicalUrl\", \"seo.metaHead\", \"seo.ogMeta.name\", \"seo.ogMeta.content\", \"seo.socialMediaMeta.name\", \"seo.socialMediaMeta.content\", \"seo.wordDescription\", \"seo.metaImage\"], \"locales\": [\"en\", \"ar\"]}','[]','2025-12-12 04:52:33.074000','2025-12-12 04:52:33.074000','2025-12-12 04:52:33.075000',NULL,NULL,NULL),(330,'ssd7hcs1gvs6tccf94lecv0g','plugin::content-manager.explorer.read','{}','api::type.type','{\"fields\": [\"title\", \"key\"], \"locales\": [\"en\", \"ar\"]}','[]','2025-12-12 04:52:33.427000','2025-12-12 04:52:33.427000','2025-12-12 04:52:33.428000',NULL,NULL,NULL),(331,'u6stf5oj74mvnoov1rwo0kdw','plugin::content-manager.explorer.update','{}','api::about-us.about-us','{\"fields\": [\"subTitle\", \"title\", \"description\", \"aboutSection.title\", \"aboutSection.description\", \"aboutSection.image\", \"aboutSection.responsiveImage\", \"cardSection.title\", \"cardSection.description\", \"cardSection.image\", \"cardSection.responsiveImage\", \"sectionTitle\", \"sectionDescription\", \"sections.title\", \"sections.description\", \"sections.image\", \"sections.responsiveImg\", \"sections.imagePosition\", \"sections.tags.title\", \"sections.tags.key\", \"sections.button.label\", \"sections.button.url\", \"sections.button.newTab\", \"seo.metaTitle\", \"seo.metaDescription\", \"seo.preventIndexing\", \"seo.keywords\", \"seo.canonicalUrl\", \"seo.metaHead\", \"seo.ogMeta.name\", \"seo.ogMeta.content\", \"seo.socialMediaMeta.name\", \"seo.socialMediaMeta.content\", \"seo.wordDescription\", \"seo.metaImage\"], \"locales\": [\"en\", \"ar\"]}','[]','2025-12-12 04:52:33.531000','2025-12-12 04:52:33.531000','2025-12-12 04:52:33.532000',NULL,NULL,NULL),(339,'mg7p7hiyfuveqwmos15wgxic','plugin::content-manager.explorer.update','{}','api::header.header','{\"fields\": [\"logo\", \"colorLogo\", \"menu\", \"showMultilingual\"], \"locales\": [\"en\", \"ar\"]}','[]','2025-12-12 04:52:34.532000','2025-12-12 04:52:34.532000','2025-12-12 04:52:34.533000',NULL,NULL,NULL),(343,'si6godpjosad5wfephlfabn4','plugin::content-manager.explorer.update','{}','api::news-landing.news-landing','{\"fields\": [\"title\", \"seo.metaTitle\", \"seo.metaDescription\", \"seo.preventIndexing\", \"seo.keywords\", \"seo.canonicalUrl\", \"seo.metaHead\", \"seo.ogMeta.name\", \"seo.ogMeta.content\", \"seo.socialMediaMeta.name\", \"seo.socialMediaMeta.content\", \"seo.wordDescription\", \"seo.metaImage\"], \"locales\": [\"en\", \"ar\"]}','[]','2025-12-12 04:52:34.954000','2025-12-12 04:52:34.954000','2025-12-12 04:52:34.954000',NULL,NULL,NULL),(346,'m7q37mfmgrhdm4c3cxeyeckk','plugin::content-manager.explorer.update','{}','api::type.type','{\"fields\": [\"title\", \"key\"], \"locales\": [\"en\", \"ar\"]}','[]','2025-12-12 04:52:35.324000','2025-12-12 04:52:35.324000','2025-12-12 04:52:35.324000',NULL,NULL,NULL),(347,'n8lfdbcdy1bbdanj467y2tbq','plugin::content-manager.explorer.delete','{}','api::about-us.about-us','{\"locales\": [\"en\", \"ar\"]}','[]','2025-12-12 04:52:35.439000','2025-12-12 04:52:35.439000','2025-12-12 04:52:35.439000',NULL,NULL,NULL),(348,'mo2p87kqcy7b3prt0uz42ojv','plugin::content-manager.explorer.delete','{}','api::branch.branch','{\"locales\": [\"en\", \"ar\"]}','[]','2025-12-12 04:52:35.551000','2025-12-12 04:52:35.551000','2025-12-12 04:52:35.552000',NULL,NULL,NULL),(349,'w03ufsq7oo1own1bpe4x345b','plugin::content-manager.explorer.delete','{}','api::branch-location.branch-location','{\"locales\": [\"en\", \"ar\"]}','[]','2025-12-12 04:52:35.657000','2025-12-12 04:52:35.657000','2025-12-12 04:52:35.658000',NULL,NULL,NULL),(350,'pb9p98bqww7cf04m0vvyqq63','plugin::content-manager.explorer.delete','{}','api::brand.brand','{\"locales\": [\"en\", \"ar\"]}','[]','2025-12-12 04:52:35.770000','2025-12-12 04:52:35.770000','2025-12-12 04:52:35.771000',NULL,NULL,NULL),(351,'bxzxkz83f2qnn3fs1m5h0oeg','plugin::content-manager.explorer.delete','{}','api::business-stream.business-stream','{\"locales\": [\"en\", \"ar\"]}','[]','2025-12-12 04:52:35.894000','2025-12-12 04:52:35.894000','2025-12-12 04:52:35.895000',NULL,NULL,NULL),(352,'gljql7y74x2gjp01gpflnv98','plugin::content-manager.explorer.delete','{}','api::contact-enquiry.contact-enquiry','{\"locales\": [\"en\", \"ar\"]}','[]','2025-12-12 04:52:36.015000','2025-12-12 04:52:36.015000','2025-12-12 04:52:36.015000',NULL,NULL,NULL),(353,'htpt4ymdfz9vzvljiv1svwed','plugin::content-manager.explorer.delete','{}','api::contact-us.contact-us','{\"locales\": [\"en\", \"ar\"]}','[]','2025-12-12 04:52:36.118000','2025-12-12 04:52:36.118000','2025-12-12 04:52:36.118000',NULL,NULL,NULL),(354,'ybgy55l4f67ly3c9smwb7gzo','plugin::content-manager.explorer.delete','{}','api::news.news','{\"locales\": [\"en\", \"ar\"]}','[]','2025-12-12 04:52:36.221000','2025-12-12 04:52:36.221000','2025-12-12 04:52:36.221000',NULL,NULL,NULL),(355,'k53j1t2yfvgx3ydqotebf5ki','plugin::content-manager.explorer.delete','{}','api::news-landing.news-landing','{\"locales\": [\"en\", \"ar\"]}','[]','2025-12-12 04:52:36.338000','2025-12-12 04:52:36.338000','2025-12-12 04:52:36.338000',NULL,NULL,NULL),(356,'i2emhwurpnca3kcrdoq00koo','plugin::content-manager.explorer.delete','{}','api::service.service','{\"locales\": [\"en\", \"ar\"]}','[]','2025-12-12 04:52:36.443000','2025-12-12 04:52:36.443000','2025-12-12 04:52:36.443000',NULL,NULL,NULL),(357,'zh6lcxgjhhw3cja3ow6848vn','plugin::content-manager.explorer.delete','{}','api::service-category.service-category','{\"locales\": [\"en\", \"ar\"]}','[]','2025-12-12 04:52:36.545000','2025-12-12 04:52:36.545000','2025-12-12 04:52:36.546000',NULL,NULL,NULL),(358,'f6lxpi42tcnwefiea99ok2ar','plugin::content-manager.explorer.delete','{}','api::type.type','{\"locales\": [\"en\", \"ar\"]}','[]','2025-12-12 04:52:36.653000','2025-12-12 04:52:36.653000','2025-12-12 04:52:36.655000',NULL,NULL,NULL),(359,'lcsrcmws2pt03p2a4o4lspen','plugin::content-manager.explorer.publish','{}','api::about-us.about-us','{\"locales\": [\"en\", \"ar\"]}','[]','2025-12-12 04:52:36.772000','2025-12-12 04:52:36.772000','2025-12-12 04:52:36.773000',NULL,NULL,NULL),(360,'yejkha6f3feqq59y7uhii8lv','plugin::content-manager.explorer.publish','{}','api::branch.branch','{\"locales\": [\"en\", \"ar\"]}','[]','2025-12-12 04:52:36.883000','2025-12-12 04:52:36.883000','2025-12-12 04:52:36.884000',NULL,NULL,NULL),(361,'q3rid2seunp2yuzjucrogxrk','plugin::content-manager.explorer.publish','{}','api::branch-location.branch-location','{\"locales\": [\"en\", \"ar\"]}','[]','2025-12-12 04:52:37.000000','2025-12-12 04:52:37.000000','2025-12-12 04:52:37.000000',NULL,NULL,NULL),(362,'kz99xuhovmunbjknnbf83uej','plugin::content-manager.explorer.publish','{}','api::brand.brand','{\"locales\": [\"en\", \"ar\"]}','[]','2025-12-12 04:52:37.111000','2025-12-12 04:52:37.111000','2025-12-12 04:52:37.111000',NULL,NULL,NULL),(363,'ouz9gqavbvdbblggoqpiraia','plugin::content-manager.explorer.publish','{}','api::business-stream.business-stream','{\"locales\": [\"en\", \"ar\"]}','[]','2025-12-12 04:52:37.218000','2025-12-12 04:52:37.218000','2025-12-12 04:52:37.218000',NULL,NULL,NULL),(364,'t8rctpjx400tiqcm6grvs56d','plugin::content-manager.explorer.publish','{}','api::contact-enquiry.contact-enquiry','{\"locales\": [\"en\", \"ar\"]}','[]','2025-12-12 04:52:37.322000','2025-12-12 04:52:37.322000','2025-12-12 04:52:37.322000',NULL,NULL,NULL),(365,'zumelxrppdp65xd2bz4zyplf','plugin::content-manager.explorer.publish','{}','api::contact-us.contact-us','{\"locales\": [\"en\", \"ar\"]}','[]','2025-12-12 04:52:37.423000','2025-12-12 04:52:37.423000','2025-12-12 04:52:37.423000',NULL,NULL,NULL),(366,'bfz3i6c7ufju0qdc1zeocoz2','plugin::content-manager.explorer.publish','{}','api::news.news','{\"locales\": [\"en\", \"ar\"]}','[]','2025-12-12 04:52:37.527000','2025-12-12 04:52:37.527000','2025-12-12 04:52:37.528000',NULL,NULL,NULL),(367,'r2y6ess6n7ehiqun1545a3zn','plugin::content-manager.explorer.publish','{}','api::news-landing.news-landing','{\"locales\": [\"en\", \"ar\"]}','[]','2025-12-12 04:52:37.657000','2025-12-12 04:52:37.657000','2025-12-12 04:52:37.658000',NULL,NULL,NULL),(368,'ohaxvrgso581oqo8w364zrac','plugin::content-manager.explorer.publish','{}','api::service.service','{\"locales\": [\"en\", \"ar\"]}','[]','2025-12-12 04:52:37.773000','2025-12-12 04:52:37.773000','2025-12-12 04:52:37.774000',NULL,NULL,NULL),(369,'wpgaocsinw0850zezyftg187','plugin::content-manager.explorer.publish','{}','api::service-category.service-category','{\"locales\": [\"en\", \"ar\"]}','[]','2025-12-12 04:52:37.882000','2025-12-12 04:52:37.882000','2025-12-12 04:52:37.882000',NULL,NULL,NULL),(370,'ql5nx0epuboesptv9225nz9h','plugin::content-manager.explorer.publish','{}','api::type.type','{\"locales\": [\"en\", \"ar\"]}','[]','2025-12-12 04:52:37.990000','2025-12-12 04:52:37.990000','2025-12-12 04:52:37.991000',NULL,NULL,NULL),(378,'zmfqu7lxzixal447gxa29wyb','plugin::content-manager.explorer.delete','{}','api::service-landing.service-landing','{\"locales\": [\"en\", \"ar\"]}','[]','2025-12-12 12:48:46.408000','2025-12-12 12:48:46.408000','2025-12-12 12:48:46.408000',NULL,NULL,NULL),(380,'zbzc7uaja1c5ncblfqeuy22o','plugin::content-manager.explorer.publish','{}','api::service-landing.service-landing','{\"locales\": [\"en\", \"ar\"]}','[]','2025-12-12 12:48:46.610000','2025-12-12 12:48:46.610000','2025-12-12 12:48:46.611000',NULL,NULL,NULL),(428,'ztuod3bcqwt7ixozuc6dieg5','plugin::content-manager.explorer.create','{}','api::social.social','{\"fields\": [\"title\", \"image\", \"icon\", \"link\", \"typeExternal\"], \"locales\": [\"en\", \"ar\"]}','[]','2026-01-20 05:37:47.112000','2026-01-20 05:37:47.112000','2026-01-20 05:37:47.112000',NULL,NULL,NULL),(432,'r8i2cqxxomj0ovbwqd92wgvj','plugin::content-manager.explorer.read','{}','api::social.social','{\"fields\": [\"title\", \"image\", \"icon\", \"link\", \"typeExternal\"], \"locales\": [\"en\", \"ar\"]}','[]','2026-01-20 05:37:47.546000','2026-01-20 05:37:47.546000','2026-01-20 05:37:47.546000',NULL,NULL,NULL),(436,'rdixmhg3rrmkwutdt7zz1wyl','plugin::content-manager.explorer.update','{}','api::social.social','{\"fields\": [\"title\", \"image\", \"icon\", \"link\", \"typeExternal\"], \"locales\": [\"en\", \"ar\"]}','[]','2026-01-20 05:37:47.971000','2026-01-20 05:37:47.971000','2026-01-20 05:37:47.972000',NULL,NULL,NULL),(437,'qeduujp2axkaf78rwvxpgv0u','plugin::content-manager.explorer.delete','{}','api::automotive-landing.automotive-landing','{\"locales\": [\"en\", \"ar\"]}','[]','2026-01-20 05:37:48.080000','2026-01-20 05:37:48.080000','2026-01-20 05:37:48.081000',NULL,NULL,NULL),(438,'atp9rsbs0s06462drhz7uq0o','plugin::content-manager.explorer.delete','{}','api::product-category.product-category','{\"locales\": [\"en\", \"ar\"]}','[]','2026-01-20 05:37:48.184000','2026-01-20 05:37:48.184000','2026-01-20 05:37:48.185000',NULL,NULL,NULL),(439,'h49iniuxyr5zrdtbu9dunsnw','plugin::content-manager.explorer.delete','{}','api::service-category-type.service-category-type','{\"locales\": [\"en\", \"ar\"]}','[]','2026-01-20 05:37:48.287000','2026-01-20 05:37:48.287000','2026-01-20 05:37:48.288000',NULL,NULL,NULL),(440,'tyhenuqzzeji4l4wpluypic6','plugin::content-manager.explorer.delete','{}','api::social.social','{\"locales\": [\"en\", \"ar\"]}','[]','2026-01-20 05:37:48.393000','2026-01-20 05:37:48.393000','2026-01-20 05:37:48.394000',NULL,NULL,NULL),(441,'tafwelgkoyn6lf8g14jt4965','plugin::content-manager.explorer.publish','{}','api::automotive-landing.automotive-landing','{\"locales\": [\"en\", \"ar\"]}','[]','2026-01-20 05:37:48.497000','2026-01-20 05:37:48.497000','2026-01-20 05:37:48.498000',NULL,NULL,NULL),(442,'t3zd2pp1l5xb56uov2bj1k5a','plugin::content-manager.explorer.publish','{}','api::product-category.product-category','{\"locales\": [\"en\", \"ar\"]}','[]','2026-01-20 05:37:48.600000','2026-01-20 05:37:48.600000','2026-01-20 05:37:48.600000',NULL,NULL,NULL),(443,'rvm3ux7jsy0idw1tisah3yzk','plugin::content-manager.explorer.publish','{}','api::service-category-type.service-category-type','{\"locales\": [\"en\", \"ar\"]}','[]','2026-01-20 05:37:48.707000','2026-01-20 05:37:48.707000','2026-01-20 05:37:48.707000',NULL,NULL,NULL),(444,'ktw2c7479vwvaqo2pq3smjmr','plugin::content-manager.explorer.publish','{}','api::social.social','{\"locales\": [\"en\", \"ar\"]}','[]','2026-01-20 05:37:48.811000','2026-01-20 05:37:48.811000','2026-01-20 05:37:48.811000',NULL,NULL,NULL),(466,'bsspk3zad3nm5q4ogs0kcmcr','plugin::content-manager.explorer.delete','{}','api::power-tool-landing.power-tool-landing','{\"locales\": [\"en\", \"ar\"]}','[]','2026-01-20 06:45:32.031000','2026-01-20 06:45:32.031000','2026-01-20 06:45:32.031000',NULL,NULL,NULL),(467,'a1akpf38pr3pqq6lnr6651sn','plugin::content-manager.explorer.delete','{}','api::tyre-category.tyre-category','{\"locales\": [\"en\", \"ar\"]}','[]','2026-01-20 06:45:32.133000','2026-01-20 06:45:32.133000','2026-01-20 06:45:32.133000',NULL,NULL,NULL),(468,'gor6okngnnnbsy93dclx4m2n','plugin::content-manager.explorer.delete','{}','api::tyre-landing.tyre-landing','{\"locales\": [\"en\", \"ar\"]}','[]','2026-01-20 06:45:32.237000','2026-01-20 06:45:32.237000','2026-01-20 06:45:32.237000',NULL,NULL,NULL),(469,'exf83vwglyclfp5lck147hyl','plugin::content-manager.explorer.delete','{}','api::tyre-service.tyre-service','{\"locales\": [\"en\", \"ar\"]}','[]','2026-01-20 06:45:32.341000','2026-01-20 06:45:32.341000','2026-01-20 06:45:32.341000',NULL,NULL,NULL),(470,'u4pspj8tubheg6dqeyplh11a','plugin::content-manager.explorer.publish','{}','api::power-tool-landing.power-tool-landing','{\"locales\": [\"en\", \"ar\"]}','[]','2026-01-20 06:45:32.443000','2026-01-20 06:45:32.443000','2026-01-20 06:45:32.443000',NULL,NULL,NULL),(471,'vbg8a6cwjfm76y5a2vbpaey5','plugin::content-manager.explorer.publish','{}','api::tyre-category.tyre-category','{\"locales\": [\"en\", \"ar\"]}','[]','2026-01-20 06:45:32.547000','2026-01-20 06:45:32.547000','2026-01-20 06:45:32.547000',NULL,NULL,NULL),(472,'pu1vk2o8162d7f67vkxn9w4w','plugin::content-manager.explorer.publish','{}','api::tyre-landing.tyre-landing','{\"locales\": [\"en\", \"ar\"]}','[]','2026-01-20 06:45:32.653000','2026-01-20 06:45:32.653000','2026-01-20 06:45:32.653000',NULL,NULL,NULL),(473,'m3u5ace8tl359oznoi27l422','plugin::content-manager.explorer.publish','{}','api::tyre-service.tyre-service','{\"locales\": [\"en\", \"ar\"]}','[]','2026-01-20 06:45:32.756000','2026-01-20 06:45:32.756000','2026-01-20 06:45:32.757000',NULL,NULL,NULL),(486,'o4pew4z8mtitoffqkzmrj0bm','plugin::content-manager.explorer.create','{}','api::footer.footer','{\"fields\": [\"logo\", \"description\", \"socialLinks.title\", \"socialLinks.link\", \"socialLinks.icon\", \"socialLinks.isActive\", \"bottomMenu.title\", \"bottomMenu.url\", \"bottomMenu.newTab\", \"bottomMenu.isActive\", \"bottomMenu.key\", \"menu.title\", \"menu.url\", \"menu.newTab\", \"menu.isActive\", \"menu.submenu.title\", \"menu.submenu.url\", \"menu.submenu.newTab\", \"menu.submenu.isActive\", \"menu.submenu.key\", \"copyrightText\"], \"locales\": [\"en\", \"ar\"]}','[]','2026-01-28 10:35:17.423000','2026-01-28 10:35:17.423000','2026-01-28 10:35:17.424000',NULL,NULL,NULL),(487,'b188pe7ut9ntf0ik93kkcgj8','plugin::content-manager.explorer.read','{}','api::footer.footer','{\"fields\": [\"logo\", \"description\", \"socialLinks.title\", \"socialLinks.link\", \"socialLinks.icon\", \"socialLinks.isActive\", \"bottomMenu.title\", \"bottomMenu.url\", \"bottomMenu.newTab\", \"bottomMenu.isActive\", \"bottomMenu.key\", \"menu.title\", \"menu.url\", \"menu.newTab\", \"menu.isActive\", \"menu.submenu.title\", \"menu.submenu.url\", \"menu.submenu.newTab\", \"menu.submenu.isActive\", \"menu.submenu.key\", \"copyrightText\"], \"locales\": [\"en\", \"ar\"]}','[]','2026-01-28 10:35:17.531000','2026-01-28 10:35:17.531000','2026-01-28 10:35:17.532000',NULL,NULL,NULL),(488,'mhkkiivfeivkc4kdazid953f','plugin::content-manager.explorer.update','{}','api::footer.footer','{\"fields\": [\"logo\", \"description\", \"socialLinks.title\", \"socialLinks.link\", \"socialLinks.icon\", \"socialLinks.isActive\", \"bottomMenu.title\", \"bottomMenu.url\", \"bottomMenu.newTab\", \"bottomMenu.isActive\", \"bottomMenu.key\", \"menu.title\", \"menu.url\", \"menu.newTab\", \"menu.isActive\", \"menu.submenu.title\", \"menu.submenu.url\", \"menu.submenu.newTab\", \"menu.submenu.isActive\", \"menu.submenu.key\", \"copyrightText\"], \"locales\": [\"en\", \"ar\"]}','[]','2026-01-28 10:35:17.662000','2026-01-28 10:35:17.662000','2026-01-28 10:35:17.662000',NULL,NULL,NULL),(489,'vb7cd8kvvhtaimlfvwuxpikz','plugin::content-manager.explorer.create','{}','api::contact-enquiry.contact-enquiry','{\"fields\": [\"fullName\", \"email\", \"phoneNumber\", \"message\", \"enquiryType\"], \"locales\": [\"en\", \"ar\"]}','[]','2026-01-30 08:58:18.596000','2026-01-30 08:58:18.596000','2026-01-30 08:58:18.599000',NULL,NULL,NULL),(490,'ugkmzlc69paqub8os8z2tavl','plugin::content-manager.explorer.read','{}','api::contact-enquiry.contact-enquiry','{\"fields\": [\"fullName\", \"email\", \"phoneNumber\", \"message\", \"enquiryType\"], \"locales\": [\"en\", \"ar\"]}','[]','2026-01-30 08:58:18.710000','2026-01-30 08:58:18.710000','2026-01-30 08:58:18.711000',NULL,NULL,NULL),(491,'jvvkjf07jcwh4kz25wq54rh5','plugin::content-manager.explorer.update','{}','api::contact-enquiry.contact-enquiry','{\"fields\": [\"fullName\", \"email\", \"phoneNumber\", \"message\", \"enquiryType\"], \"locales\": [\"en\", \"ar\"]}','[]','2026-01-30 08:58:18.824000','2026-01-30 08:58:18.824000','2026-01-30 08:58:18.824000',NULL,NULL,NULL),(494,'amdthnjcewu2349f51lwtoih','plugin::content-manager.explorer.create','{}','api::location.location','{\"fields\": [\"subTitle\", \"title\", \"description\", \"seo.metaTitle\", \"seo.metaDescription\", \"seo.preventIndexing\", \"seo.keywords\", \"seo.canonicalUrl\", \"seo.metaHead\", \"seo.ogMeta.name\", \"seo.ogMeta.content\", \"seo.socialMediaMeta.name\", \"seo.socialMediaMeta.content\", \"seo.wordDescription\", \"seo.metaImage\", \"locationTypes\"], \"locales\": [\"en\", \"ar\"]}','[]','2026-02-02 05:33:23.725000','2026-02-02 05:33:23.725000','2026-02-02 05:33:23.725000',NULL,NULL,NULL),(495,'s9jk6ok3u9so6au2s6avcjuj','plugin::content-manager.explorer.create','{}','api::news.news','{\"fields\": [\"title\", \"slug\", \"postedDate\", \"smallDescription\", \"description\", \"image\", \"isFeatured\", \"readTime\", \"seo.metaTitle\", \"seo.metaDescription\", \"seo.preventIndexing\", \"seo.keywords\", \"seo.canonicalUrl\", \"seo.metaHead\", \"seo.ogMeta.name\", \"seo.ogMeta.content\", \"seo.socialMediaMeta.name\", \"seo.socialMediaMeta.content\", \"seo.wordDescription\", \"seo.metaImage\", \"types\"], \"locales\": [\"en\", \"ar\"]}','[]','2026-02-02 05:33:23.829000','2026-02-02 05:33:23.829000','2026-02-02 05:33:23.829000',NULL,NULL,NULL),(498,'ko9jek7y3z7p8a3uhz0d9prf','plugin::content-manager.explorer.read','{}','api::location.location','{\"fields\": [\"subTitle\", \"title\", \"description\", \"seo.metaTitle\", \"seo.metaDescription\", \"seo.preventIndexing\", \"seo.keywords\", \"seo.canonicalUrl\", \"seo.metaHead\", \"seo.ogMeta.name\", \"seo.ogMeta.content\", \"seo.socialMediaMeta.name\", \"seo.socialMediaMeta.content\", \"seo.wordDescription\", \"seo.metaImage\", \"locationTypes\"], \"locales\": [\"en\", \"ar\"]}','[]','2026-02-02 05:33:24.157000','2026-02-02 05:33:24.157000','2026-02-02 05:33:24.158000',NULL,NULL,NULL),(499,'cxr67hzckp6vpst9kgxhe4pg','plugin::content-manager.explorer.read','{}','api::news.news','{\"fields\": [\"title\", \"slug\", \"postedDate\", \"smallDescription\", \"description\", \"image\", \"isFeatured\", \"readTime\", \"seo.metaTitle\", \"seo.metaDescription\", \"seo.preventIndexing\", \"seo.keywords\", \"seo.canonicalUrl\", \"seo.metaHead\", \"seo.ogMeta.name\", \"seo.ogMeta.content\", \"seo.socialMediaMeta.name\", \"seo.socialMediaMeta.content\", \"seo.wordDescription\", \"seo.metaImage\", \"types\"], \"locales\": [\"en\", \"ar\"]}','[]','2026-02-02 05:33:24.277000','2026-02-02 05:33:24.277000','2026-02-02 05:33:24.277000',NULL,NULL,NULL),(502,'kljviv9mv1k6svvye2v2v7cc','plugin::content-manager.explorer.update','{}','api::location.location','{\"fields\": [\"subTitle\", \"title\", \"description\", \"seo.metaTitle\", \"seo.metaDescription\", \"seo.preventIndexing\", \"seo.keywords\", \"seo.canonicalUrl\", \"seo.metaHead\", \"seo.ogMeta.name\", \"seo.ogMeta.content\", \"seo.socialMediaMeta.name\", \"seo.socialMediaMeta.content\", \"seo.wordDescription\", \"seo.metaImage\", \"locationTypes\"], \"locales\": [\"en\", \"ar\"]}','[]','2026-02-02 05:33:24.628000','2026-02-02 05:33:24.628000','2026-02-02 05:33:24.629000',NULL,NULL,NULL),(503,'bhkiipwrhyrjs6twlevp6co4','plugin::content-manager.explorer.update','{}','api::news.news','{\"fields\": [\"title\", \"slug\", \"postedDate\", \"smallDescription\", \"description\", \"image\", \"isFeatured\", \"readTime\", \"seo.metaTitle\", \"seo.metaDescription\", \"seo.preventIndexing\", \"seo.keywords\", \"seo.canonicalUrl\", \"seo.metaHead\", \"seo.ogMeta.name\", \"seo.ogMeta.content\", \"seo.socialMediaMeta.name\", \"seo.socialMediaMeta.content\", \"seo.wordDescription\", \"seo.metaImage\", \"types\"], \"locales\": [\"en\", \"ar\"]}','[]','2026-02-02 05:33:24.748000','2026-02-02 05:33:24.748000','2026-02-02 05:33:24.748000',NULL,NULL,NULL),(510,'u47e37s15jr3mqa59i4z13zk','plugin::content-manager.explorer.delete','{}','api::power-category.power-category','{\"locales\": [\"en\", \"ar\"]}','[]','2026-02-05 04:41:14.221000','2026-02-05 04:41:14.221000','2026-02-05 04:41:14.221000',NULL,NULL,NULL),(511,'jbrf0whrenj8w674kjzy8evp','plugin::content-manager.explorer.publish','{}','api::power-category.power-category','{\"locales\": [\"en\", \"ar\"]}','[]','2026-02-05 04:41:14.327000','2026-02-05 04:41:14.327000','2026-02-05 04:41:14.327000',NULL,NULL,NULL),(521,'x9s4i1q6erki31gax29w3c56','plugin::content-manager.explorer.delete','{}','api::power-top-category.power-top-category','{\"locales\": [\"en\", \"ar\"]}','[]','2026-03-06 05:21:43.207000','2026-03-06 05:21:43.207000','2026-03-06 05:21:43.208000',NULL,NULL,NULL),(522,'xvjabm3okp8nti40zw7gwocy','plugin::content-manager.explorer.publish','{}','api::power-top-category.power-top-category','{\"locales\": [\"en\", \"ar\"]}','[]','2026-03-06 05:21:43.309000','2026-03-06 05:21:43.309000','2026-03-06 05:21:43.309000',NULL,NULL,NULL),(523,'m7afyda8w75lxihmxxxd05y8','plugin::content-manager.explorer.create','{}','api::power-category.power-category','{\"fields\": [\"title\", \"image\", \"slug\", \"displayOrder\"], \"locales\": [\"en\", \"ar\"]}','[]','2026-03-09 06:43:11.220000','2026-03-09 06:43:11.220000','2026-03-09 06:43:11.223000',NULL,NULL,NULL),(524,'o3bo0w1dcazov48eyzmnlzm8','plugin::content-manager.explorer.create','{}','api::power-top-category.power-top-category','{\"fields\": [\"title\", \"image\", \"slug\", \"displayOrder\"], \"locales\": [\"en\", \"ar\"]}','[]','2026-03-09 06:43:11.332000','2026-03-09 06:43:11.332000','2026-03-09 06:43:11.332000',NULL,NULL,NULL),(525,'qk04o2pqqc0uioa7ami0ggy1','plugin::content-manager.explorer.create','{}','api::product-category.product-category','{\"fields\": [\"title\", \"image\", \"slug\", \"displayOrder\"], \"locales\": [\"en\", \"ar\"]}','[]','2026-03-09 06:43:11.433000','2026-03-09 06:43:11.433000','2026-03-09 06:43:11.434000',NULL,NULL,NULL),(526,'f3dqekn0ehglr8k610brhmdh','plugin::content-manager.explorer.create','{}','api::service-category-type.service-category-type','{\"fields\": [\"title\", \"image\", \"slug\", \"displayOrder\"], \"locales\": [\"en\", \"ar\"]}','[]','2026-03-09 06:43:11.538000','2026-03-09 06:43:11.538000','2026-03-09 06:43:11.538000',NULL,NULL,NULL),(527,'xizb6tznvgmje7bfjz3s6vzi','plugin::content-manager.explorer.create','{}','api::tyre-category.tyre-category','{\"fields\": [\"title\", \"image\", \"slug\", \"displayOrder\"], \"locales\": [\"en\", \"ar\"]}','[]','2026-03-09 06:43:11.646000','2026-03-09 06:43:11.646000','2026-03-09 06:43:11.646000',NULL,NULL,NULL),(528,'pm1b3ki9btjcqqw9pwc59r6m','plugin::content-manager.explorer.read','{}','api::power-category.power-category','{\"fields\": [\"title\", \"image\", \"slug\", \"displayOrder\"], \"locales\": [\"en\", \"ar\"]}','[]','2026-03-09 06:43:11.755000','2026-03-09 06:43:11.755000','2026-03-09 06:43:11.755000',NULL,NULL,NULL),(529,'al8v9r92qz116jmmx7dzydet','plugin::content-manager.explorer.read','{}','api::power-top-category.power-top-category','{\"fields\": [\"title\", \"image\", \"slug\", \"displayOrder\"], \"locales\": [\"en\", \"ar\"]}','[]','2026-03-09 06:43:11.858000','2026-03-09 06:43:11.858000','2026-03-09 06:43:11.858000',NULL,NULL,NULL),(530,'zpaycgqxjccxs1n3rbe7euhg','plugin::content-manager.explorer.read','{}','api::product-category.product-category','{\"fields\": [\"title\", \"image\", \"slug\", \"displayOrder\"], \"locales\": [\"en\", \"ar\"]}','[]','2026-03-09 06:43:11.967000','2026-03-09 06:43:11.967000','2026-03-09 06:43:11.967000',NULL,NULL,NULL),(531,'kplg0ktpa6fmuz62nzqba4h5','plugin::content-manager.explorer.read','{}','api::service-category-type.service-category-type','{\"fields\": [\"title\", \"image\", \"slug\", \"displayOrder\"], \"locales\": [\"en\", \"ar\"]}','[]','2026-03-09 06:43:12.077000','2026-03-09 06:43:12.077000','2026-03-09 06:43:12.078000',NULL,NULL,NULL),(532,'dusnwj9eq2mlvs3m1tys8fbm','plugin::content-manager.explorer.read','{}','api::tyre-category.tyre-category','{\"fields\": [\"title\", \"image\", \"slug\", \"displayOrder\"], \"locales\": [\"en\", \"ar\"]}','[]','2026-03-09 06:43:12.182000','2026-03-09 06:43:12.182000','2026-03-09 06:43:12.183000',NULL,NULL,NULL),(533,'mex7c31ckgpwv4lh1obw6msp','plugin::content-manager.explorer.update','{}','api::power-category.power-category','{\"fields\": [\"title\", \"image\", \"slug\", \"displayOrder\"], \"locales\": [\"en\", \"ar\"]}','[]','2026-03-09 06:43:12.304000','2026-03-09 06:43:12.304000','2026-03-09 06:43:12.304000',NULL,NULL,NULL),(534,'qrxl4ri258mszbuhjg7m4ael','plugin::content-manager.explorer.update','{}','api::power-top-category.power-top-category','{\"fields\": [\"title\", \"image\", \"slug\", \"displayOrder\"], \"locales\": [\"en\", \"ar\"]}','[]','2026-03-09 06:43:12.411000','2026-03-09 06:43:12.411000','2026-03-09 06:43:12.411000',NULL,NULL,NULL),(535,'rbg2znp4zichcq2wz15ub2hx','plugin::content-manager.explorer.update','{}','api::product-category.product-category','{\"fields\": [\"title\", \"image\", \"slug\", \"displayOrder\"], \"locales\": [\"en\", \"ar\"]}','[]','2026-03-09 06:43:12.529000','2026-03-09 06:43:12.529000','2026-03-09 06:43:12.530000',NULL,NULL,NULL),(536,'fgy3otxm4yjoj3wc3pub3klu','plugin::content-manager.explorer.update','{}','api::service-category-type.service-category-type','{\"fields\": [\"title\", \"image\", \"slug\", \"displayOrder\"], \"locales\": [\"en\", \"ar\"]}','[]','2026-03-09 06:43:12.642000','2026-03-09 06:43:12.642000','2026-03-09 06:43:12.642000',NULL,NULL,NULL),(537,'w2377ycwbvidblw87jqzs33n','plugin::content-manager.explorer.update','{}','api::tyre-category.tyre-category','{\"fields\": [\"title\", \"image\", \"slug\", \"displayOrder\"], \"locales\": [\"en\", \"ar\"]}','[]','2026-03-09 06:43:12.745000','2026-03-09 06:43:12.745000','2026-03-09 06:43:12.746000',NULL,NULL,NULL),(538,'bp9jtusi8cf59nb1kyjwlepx','plugin::content-manager.explorer.create','{}','api::tyre-service.tyre-service','{\"fields\": [\"title\", \"image\", \"slug\", \"displayOrder\"], \"locales\": [\"en\", \"ar\"]}','[]','2026-03-09 07:23:53.398000','2026-03-09 07:23:53.398000','2026-03-09 07:23:53.400000',NULL,NULL,NULL),(539,'sap9qhgcf7s9x1tzgblpbhum','plugin::content-manager.explorer.read','{}','api::tyre-service.tyre-service','{\"fields\": [\"title\", \"image\", \"slug\", \"displayOrder\"], \"locales\": [\"en\", \"ar\"]}','[]','2026-03-09 07:23:53.541000','2026-03-09 07:23:53.541000','2026-03-09 07:23:53.543000',NULL,NULL,NULL),(540,'bj00sdpdk4oeztboeqdfd8hg','plugin::content-manager.explorer.update','{}','api::tyre-service.tyre-service','{\"fields\": [\"title\", \"image\", \"slug\", \"displayOrder\"], \"locales\": [\"en\", \"ar\"]}','[]','2026-03-09 07:23:53.676000','2026-03-09 07:23:53.676000','2026-03-09 07:23:53.677000',NULL,NULL,NULL),(571,'ns6ofwvbsnlh99e0no3s3gb4','plugin::content-manager.explorer.create','{}','api::business-stream.business-stream','{\"fields\": [\"title\", \"slug\", \"smallDescription\", \"image\", \"seo.metaTitle\", \"seo.metaDescription\", \"seo.preventIndexing\", \"seo.keywords\", \"seo.canonicalUrl\", \"seo.metaHead\", \"seo.ogMeta.name\", \"seo.ogMeta.content\", \"seo.socialMediaMeta.name\", \"seo.socialMediaMeta.content\", \"seo.wordDescription\", \"seo.metaImage\", \"homePageSortOrder\"], \"locales\": [\"en\", \"ar\"]}','[]','2026-03-26 13:19:53.767000','2026-03-26 13:19:53.767000','2026-03-26 13:19:53.769000',NULL,NULL,NULL),(572,'ikk1c4npwts2gb64z1wjo5z2','plugin::content-manager.explorer.read','{}','api::business-stream.business-stream','{\"fields\": [\"title\", \"slug\", \"smallDescription\", \"image\", \"seo.metaTitle\", \"seo.metaDescription\", \"seo.preventIndexing\", \"seo.keywords\", \"seo.canonicalUrl\", \"seo.metaHead\", \"seo.ogMeta.name\", \"seo.ogMeta.content\", \"seo.socialMediaMeta.name\", \"seo.socialMediaMeta.content\", \"seo.wordDescription\", \"seo.metaImage\", \"homePageSortOrder\"], \"locales\": [\"en\", \"ar\"]}','[]','2026-03-26 13:19:53.871000','2026-03-26 13:19:53.871000','2026-03-26 13:19:53.872000',NULL,NULL,NULL),(573,'s3hjl9mmfq6r0ses6bwc1r9i','plugin::content-manager.explorer.update','{}','api::business-stream.business-stream','{\"fields\": [\"title\", \"slug\", \"smallDescription\", \"image\", \"seo.metaTitle\", \"seo.metaDescription\", \"seo.preventIndexing\", \"seo.keywords\", \"seo.canonicalUrl\", \"seo.metaHead\", \"seo.ogMeta.name\", \"seo.ogMeta.content\", \"seo.socialMediaMeta.name\", \"seo.socialMediaMeta.content\", \"seo.wordDescription\", \"seo.metaImage\", \"homePageSortOrder\"], \"locales\": [\"en\", \"ar\"]}','[]','2026-03-26 13:19:53.972000','2026-03-26 13:19:53.972000','2026-03-26 13:19:53.972000',NULL,NULL,NULL),(575,'omc4c9ym4przj2i386vf5zls','plugin::content-manager.explorer.create','{}','api::branch-location.branch-location','{\"fields\": [\"title\", \"key\", \"tabSortOrder\"], \"locales\": [\"en\", \"ar\"]}','[]','2026-04-01 09:36:53.682000','2026-04-01 09:36:53.682000','2026-04-01 09:36:53.682000',NULL,NULL,NULL),(578,'ibqj8o9i7760ozod06h7do76','plugin::content-manager.explorer.read','{}','api::branch-location.branch-location','{\"fields\": [\"title\", \"key\", \"tabSortOrder\"], \"locales\": [\"en\", \"ar\"]}','[]','2026-04-01 09:36:53.980000','2026-04-01 09:36:53.980000','2026-04-01 09:36:53.980000',NULL,NULL,NULL),(581,'be3csegnjl824xz7taus0bsj','plugin::content-manager.explorer.update','{}','api::branch-location.branch-location','{\"fields\": [\"title\", \"key\", \"tabSortOrder\"], \"locales\": [\"en\", \"ar\"]}','[]','2026-04-01 09:36:54.274000','2026-04-01 09:36:54.274000','2026-04-01 09:36:54.275000',NULL,NULL,NULL),(586,'bkuopgpmpp9t649tdf9aaudc','plugin::content-manager.explorer.create','{}','api::privacy-policy.privacy-policy','{\"fields\": [\"title\", \"description\", \"seo.metaTitle\", \"seo.metaDescription\", \"seo.preventIndexing\", \"seo.keywords\", \"seo.canonicalUrl\", \"seo.metaHead\", \"seo.ogMeta.name\", \"seo.ogMeta.content\", \"seo.socialMediaMeta.name\", \"seo.socialMediaMeta.content\", \"seo.wordDescription\", \"seo.metaImage\"], \"locales\": [\"en\", \"ar\"]}','[]','2026-04-02 05:04:47.352000','2026-04-02 05:04:47.352000','2026-04-02 05:04:47.353000',NULL,NULL,NULL),(587,'y28lwb0d0o95eg5sjh64ft74','plugin::content-manager.explorer.create','{}','api::terms-condition.terms-condition','{\"fields\": [\"title\", \"description\", \"seo.metaTitle\", \"seo.metaDescription\", \"seo.preventIndexing\", \"seo.keywords\", \"seo.canonicalUrl\", \"seo.metaHead\", \"seo.ogMeta.name\", \"seo.ogMeta.content\", \"seo.socialMediaMeta.name\", \"seo.socialMediaMeta.content\", \"seo.wordDescription\", \"seo.metaImage\"], \"locales\": [\"en\", \"ar\"]}','[]','2026-04-02 05:04:47.463000','2026-04-02 05:04:47.463000','2026-04-02 05:04:47.463000',NULL,NULL,NULL),(588,'s6cs9ygp87q6jgsbp2q03jyp','plugin::content-manager.explorer.read','{}','api::privacy-policy.privacy-policy','{\"fields\": [\"title\", \"description\", \"seo.metaTitle\", \"seo.metaDescription\", \"seo.preventIndexing\", \"seo.keywords\", \"seo.canonicalUrl\", \"seo.metaHead\", \"seo.ogMeta.name\", \"seo.ogMeta.content\", \"seo.socialMediaMeta.name\", \"seo.socialMediaMeta.content\", \"seo.wordDescription\", \"seo.metaImage\"], \"locales\": [\"en\", \"ar\"]}','[]','2026-04-02 05:04:47.591000','2026-04-02 05:04:47.591000','2026-04-02 05:04:47.591000',NULL,NULL,NULL),(589,'b664ivayrt610etaq6c8wvn2','plugin::content-manager.explorer.read','{}','api::terms-condition.terms-condition','{\"fields\": [\"title\", \"description\", \"seo.metaTitle\", \"seo.metaDescription\", \"seo.preventIndexing\", \"seo.keywords\", \"seo.canonicalUrl\", \"seo.metaHead\", \"seo.ogMeta.name\", \"seo.ogMeta.content\", \"seo.socialMediaMeta.name\", \"seo.socialMediaMeta.content\", \"seo.wordDescription\", \"seo.metaImage\"], \"locales\": [\"en\", \"ar\"]}','[]','2026-04-02 05:04:47.696000','2026-04-02 05:04:47.696000','2026-04-02 05:04:47.696000',NULL,NULL,NULL),(590,'tysidmw4m00veld9iof0j8a9','plugin::content-manager.explorer.update','{}','api::privacy-policy.privacy-policy','{\"fields\": [\"title\", \"description\", \"seo.metaTitle\", \"seo.metaDescription\", \"seo.preventIndexing\", \"seo.keywords\", \"seo.canonicalUrl\", \"seo.metaHead\", \"seo.ogMeta.name\", \"seo.ogMeta.content\", \"seo.socialMediaMeta.name\", \"seo.socialMediaMeta.content\", \"seo.wordDescription\", \"seo.metaImage\"], \"locales\": [\"en\", \"ar\"]}','[]','2026-04-02 05:04:47.796000','2026-04-02 05:04:47.796000','2026-04-02 05:04:47.796000',NULL,NULL,NULL),(591,'cp6xz24dnaypttyhz0ndbmq1','plugin::content-manager.explorer.update','{}','api::terms-condition.terms-condition','{\"fields\": [\"title\", \"description\", \"seo.metaTitle\", \"seo.metaDescription\", \"seo.preventIndexing\", \"seo.keywords\", \"seo.canonicalUrl\", \"seo.metaHead\", \"seo.ogMeta.name\", \"seo.ogMeta.content\", \"seo.socialMediaMeta.name\", \"seo.socialMediaMeta.content\", \"seo.wordDescription\", \"seo.metaImage\"], \"locales\": [\"en\", \"ar\"]}','[]','2026-04-02 05:04:47.898000','2026-04-02 05:04:47.898000','2026-04-02 05:04:47.898000',NULL,NULL,NULL),(592,'jeznigpc78q6u5av8uxgn3rk','plugin::content-manager.explorer.delete','{}','api::privacy-policy.privacy-policy','{\"locales\": [\"en\", \"ar\"]}','[]','2026-04-02 05:04:48.002000','2026-04-02 05:04:48.002000','2026-04-02 05:04:48.002000',NULL,NULL,NULL),(593,'efz9lut0qc0eybgea0c3gooy','plugin::content-manager.explorer.delete','{}','api::terms-condition.terms-condition','{\"locales\": [\"en\", \"ar\"]}','[]','2026-04-02 05:04:48.129000','2026-04-02 05:04:48.129000','2026-04-02 05:04:48.130000',NULL,NULL,NULL),(594,'s4km2f7qhixmqgyh8f88mtzk','plugin::content-manager.explorer.publish','{}','api::privacy-policy.privacy-policy','{\"locales\": [\"en\", \"ar\"]}','[]','2026-04-02 05:04:48.230000','2026-04-02 05:04:48.230000','2026-04-02 05:04:48.231000',NULL,NULL,NULL),(595,'pfouc7oxb8h4ye6nlq9ld0jq','plugin::content-manager.explorer.publish','{}','api::terms-condition.terms-condition','{\"locales\": [\"en\", \"ar\"]}','[]','2026-04-02 05:04:48.331000','2026-04-02 05:04:48.331000','2026-04-02 05:04:48.332000',NULL,NULL,NULL),(599,'xua1gwwa3dik2nx0wznk3e7p','plugin::content-manager.explorer.create','{}','api::automotive-landing.automotive-landing','{\"fields\": [\"title\", \"banner.title\", \"banner.subtitle\", \"banner.media\", \"banner.responsiveMedia\", \"banner.type\", \"banner.callToAction.label\", \"banner.callToAction.url\", \"banner.callToAction.newTab\", \"banner.bannerClickUrl\", \"banner.bannerClickOpenNewTab\", \"seo.metaTitle\", \"seo.metaDescription\", \"seo.preventIndexing\", \"seo.keywords\", \"seo.canonicalUrl\", \"seo.metaHead\", \"seo.ogMeta.name\", \"seo.ogMeta.content\", \"seo.socialMediaMeta.name\", \"seo.socialMediaMeta.content\", \"seo.wordDescription\", \"seo.metaImage\", \"locationTypes\", \"socialFeeds.title\", \"socialFeeds.subTitle\"], \"locales\": [\"en\", \"ar\"]}','[]','2026-04-29 07:53:43.889000','2026-04-29 07:53:43.889000','2026-04-29 07:53:43.891000',NULL,NULL,NULL),(601,'l1ru4pwsysrgwrmp74zp1lx5','plugin::content-manager.explorer.create','{}','api::home.home','{\"fields\": [\"banner.title\", \"banner.subtitle\", \"banner.media\", \"banner.responsiveMedia\", \"banner.type\", \"banner.callToAction.label\", \"banner.callToAction.url\", \"banner.callToAction.newTab\", \"banner.bannerClickUrl\", \"banner.bannerClickOpenNewTab\", \"aboutCme.title\", \"aboutCme.subTitle\", \"aboutCme.description\", \"aboutCme.callToAction.label\", \"aboutCme.callToAction.url\", \"aboutCme.callToAction.newTab\", \"aboutCme.image\", \"businessStreams.title\", \"businessStreams.subTitle\", \"businessStreams.serviceData.title\", \"businessStreams.serviceData.description\", \"businessStreams.serviceData.image\", \"businessStreams.serviceData.responsiveImage\", \"trustedBrands.title\", \"trustedBrands.subTitle\", \"trustedPartners.title\", \"trustedPartners.subTitle\", \"trustedPartners.items.title\", \"trustedPartners.items.logo\", \"socialFeeds.title\", \"socialFeeds.subTitle\", \"ourLocations.title\", \"ourLocations.subTitle\", \"aboutGroup.title\", \"aboutGroup.subTitle\", \"aboutGroup.description\", \"aboutGroup.image\", \"aboutGroup.callToAction.label\", \"aboutGroup.callToAction.url\", \"aboutGroup.callToAction.newTab\", \"isNewsEnabled\", \"seo.metaTitle\", \"seo.metaDescription\", \"seo.preventIndexing\", \"seo.keywords\", \"seo.canonicalUrl\", \"seo.metaHead\", \"seo.ogMeta.name\", \"seo.ogMeta.content\", \"seo.socialMediaMeta.name\", \"seo.socialMediaMeta.content\", \"seo.wordDescription\", \"seo.metaImage\"], \"locales\": [\"en\", \"ar\"]}','[]','2026-04-29 07:53:44.175000','2026-04-29 07:53:44.175000','2026-04-29 07:53:44.176000',NULL,NULL,NULL),(602,'tgyn3syxrf9ks1dksyq4ff30','plugin::content-manager.explorer.create','{}','api::offer.offer','{\"fields\": [\"title\", \"slug\", \"service_types\", \"banner.title\", \"banner.subtitle\", \"banner.media\", \"banner.responsiveMedia\", \"banner.type\", \"banner.callToAction.label\", \"banner.callToAction.url\", \"banner.callToAction.newTab\", \"banner.bannerClickUrl\", \"banner.bannerClickOpenNewTab\", \"offerContent\", \"seo.metaTitle\", \"seo.metaDescription\", \"seo.preventIndexing\", \"seo.keywords\", \"seo.canonicalUrl\", \"seo.metaHead\", \"seo.ogMeta.name\", \"seo.ogMeta.content\", \"seo.socialMediaMeta.name\", \"seo.socialMediaMeta.content\", \"seo.wordDescription\", \"seo.metaImage\"], \"locales\": [\"en\", \"ar\"]}','[]','2026-04-29 07:53:44.291000','2026-04-29 07:53:44.291000','2026-04-29 07:53:44.291000',NULL,NULL,NULL),(603,'ycazc0kdx3g88vtdwsricezb','plugin::content-manager.explorer.create','{}','api::power-tool-landing.power-tool-landing','{\"fields\": [\"title\", \"banner.title\", \"banner.subtitle\", \"banner.media\", \"banner.responsiveMedia\", \"banner.type\", \"banner.callToAction.label\", \"banner.callToAction.url\", \"banner.callToAction.newTab\", \"banner.bannerClickUrl\", \"banner.bannerClickOpenNewTab\", \"mainTitle\", \"mainDescription\", \"seo.metaTitle\", \"seo.metaDescription\", \"seo.preventIndexing\", \"seo.keywords\", \"seo.canonicalUrl\", \"seo.metaHead\", \"seo.ogMeta.name\", \"seo.ogMeta.content\", \"seo.socialMediaMeta.name\", \"seo.socialMediaMeta.content\", \"seo.wordDescription\", \"seo.metaImage\", \"locationTypes\", \"socialFeeds.title\", \"socialFeeds.subTitle\"], \"locales\": [\"en\", \"ar\"]}','[]','2026-04-29 07:53:44.394000','2026-04-29 07:53:44.394000','2026-04-29 07:53:44.394000',NULL,NULL,NULL),(605,'yts815zuyyj5od5l5qw55v65','plugin::content-manager.explorer.create','{}','api::service-category.service-category','{\"fields\": [\"title\", \"slug\", \"description\", \"image\", \"menuImage\", \"banner.title\", \"banner.subtitle\", \"banner.media\", \"banner.responsiveMedia\", \"banner.type\", \"banner.callToAction.label\", \"banner.callToAction.url\", \"banner.callToAction.newTab\", \"banner.bannerClickUrl\", \"banner.bannerClickOpenNewTab\", \"servicesList.title\", \"servicesList.subTitle\", \"servicesList.description\", \"servicesList.horizontalAlignment\", \"seo.metaTitle\", \"seo.metaDescription\", \"seo.preventIndexing\", \"seo.keywords\", \"seo.canonicalUrl\", \"seo.metaHead\", \"seo.ogMeta.name\", \"seo.ogMeta.content\", \"seo.socialMediaMeta.name\", \"seo.socialMediaMeta.content\", \"seo.wordDescription\", \"seo.metaImage\", \"headerServicesSortOrder\"], \"locales\": [\"en\", \"ar\"]}','[]','2026-04-29 07:53:44.603000','2026-04-29 07:53:44.603000','2026-04-29 07:53:44.604000',NULL,NULL,NULL),(606,'yqw03wre2alg4263aj7twn70','plugin::content-manager.explorer.create','{}','api::service-landing.service-landing','{\"fields\": [\"banner.title\", \"banner.subtitle\", \"banner.media\", \"banner.responsiveMedia\", \"banner.type\", \"banner.callToAction.label\", \"banner.callToAction.url\", \"banner.callToAction.newTab\", \"banner.bannerClickUrl\", \"banner.bannerClickOpenNewTab\", \"serviceHeading\", \"description\", \"seo.metaTitle\", \"seo.metaDescription\", \"seo.preventIndexing\", \"seo.keywords\", \"seo.canonicalUrl\", \"seo.metaHead\", \"seo.ogMeta.name\", \"seo.ogMeta.content\", \"seo.socialMediaMeta.name\", \"seo.socialMediaMeta.content\", \"seo.wordDescription\", \"seo.metaImage\", \"serviceLocations.title\", \"serviceLocations.slug\", \"serviceLocations.address\", \"serviceLocations.branchLocation\", \"serviceLocations.phoneNumbers.phone\", \"serviceLocations.image\", \"serviceLocations.previewImage\", \"serviceLocations.embededMapUrl\", \"serviceLocations.mapUrl\", \"locationTypes\"], \"locales\": [\"en\", \"ar\"]}','[]','2026-04-29 07:53:44.708000','2026-04-29 07:53:44.708000','2026-04-29 07:53:44.709000',NULL,NULL,NULL),(607,'mxojrxqbir2pvd55yu90cm06','plugin::content-manager.explorer.create','{}','api::tyre-landing.tyre-landing','{\"fields\": [\"title\", \"banner.title\", \"banner.subtitle\", \"banner.media\", \"banner.responsiveMedia\", \"banner.type\", \"banner.callToAction.label\", \"banner.callToAction.url\", \"banner.callToAction.newTab\", \"banner.bannerClickUrl\", \"banner.bannerClickOpenNewTab\", \"bookService.title\", \"bookService.description\", \"mobileService.title\", \"mobileService.description\", \"seo.metaTitle\", \"seo.metaDescription\", \"seo.preventIndexing\", \"seo.keywords\", \"seo.canonicalUrl\", \"seo.metaHead\", \"seo.ogMeta.name\", \"seo.ogMeta.content\", \"seo.socialMediaMeta.name\", \"seo.socialMediaMeta.content\", \"seo.wordDescription\", \"seo.metaImage\", \"locationTypes\", \"socialFeeds.title\", \"socialFeeds.subTitle\"], \"locales\": [\"en\", \"ar\"]}','[]','2026-04-29 07:53:44.812000','2026-04-29 07:53:44.812000','2026-04-29 07:53:44.813000',NULL,NULL,NULL),(608,'okpstapevnjdtxhfyrz82vut','plugin::content-manager.explorer.read','{}','api::automotive-landing.automotive-landing','{\"fields\": [\"title\", \"banner.title\", \"banner.subtitle\", \"banner.media\", \"banner.responsiveMedia\", \"banner.type\", \"banner.callToAction.label\", \"banner.callToAction.url\", \"banner.callToAction.newTab\", \"banner.bannerClickUrl\", \"banner.bannerClickOpenNewTab\", \"seo.metaTitle\", \"seo.metaDescription\", \"seo.preventIndexing\", \"seo.keywords\", \"seo.canonicalUrl\", \"seo.metaHead\", \"seo.ogMeta.name\", \"seo.ogMeta.content\", \"seo.socialMediaMeta.name\", \"seo.socialMediaMeta.content\", \"seo.wordDescription\", \"seo.metaImage\", \"locationTypes\", \"socialFeeds.title\", \"socialFeeds.subTitle\"], \"locales\": [\"en\", \"ar\"]}','[]','2026-04-29 07:53:44.916000','2026-04-29 07:53:44.916000','2026-04-29 07:53:44.916000',NULL,NULL,NULL),(610,'d6f87uiihz5ueuusqyaiirov','plugin::content-manager.explorer.read','{}','api::home.home','{\"fields\": [\"banner.title\", \"banner.subtitle\", \"banner.media\", \"banner.responsiveMedia\", \"banner.type\", \"banner.callToAction.label\", \"banner.callToAction.url\", \"banner.callToAction.newTab\", \"banner.bannerClickUrl\", \"banner.bannerClickOpenNewTab\", \"aboutCme.title\", \"aboutCme.subTitle\", \"aboutCme.description\", \"aboutCme.callToAction.label\", \"aboutCme.callToAction.url\", \"aboutCme.callToAction.newTab\", \"aboutCme.image\", \"businessStreams.title\", \"businessStreams.subTitle\", \"businessStreams.serviceData.title\", \"businessStreams.serviceData.description\", \"businessStreams.serviceData.image\", \"businessStreams.serviceData.responsiveImage\", \"trustedBrands.title\", \"trustedBrands.subTitle\", \"trustedPartners.title\", \"trustedPartners.subTitle\", \"trustedPartners.items.title\", \"trustedPartners.items.logo\", \"socialFeeds.title\", \"socialFeeds.subTitle\", \"ourLocations.title\", \"ourLocations.subTitle\", \"aboutGroup.title\", \"aboutGroup.subTitle\", \"aboutGroup.description\", \"aboutGroup.image\", \"aboutGroup.callToAction.label\", \"aboutGroup.callToAction.url\", \"aboutGroup.callToAction.newTab\", \"isNewsEnabled\", \"seo.metaTitle\", \"seo.metaDescription\", \"seo.preventIndexing\", \"seo.keywords\", \"seo.canonicalUrl\", \"seo.metaHead\", \"seo.ogMeta.name\", \"seo.ogMeta.content\", \"seo.socialMediaMeta.name\", \"seo.socialMediaMeta.content\", \"seo.wordDescription\", \"seo.metaImage\"], \"locales\": [\"en\", \"ar\"]}','[]','2026-04-29 07:53:45.208000','2026-04-29 07:53:45.208000','2026-04-29 07:53:45.208000',NULL,NULL,NULL),(611,'d6ofvfrgddizf6p2irbfo2ru','plugin::content-manager.explorer.read','{}','api::offer.offer','{\"fields\": [\"title\", \"slug\", \"service_types\", \"banner.title\", \"banner.subtitle\", \"banner.media\", \"banner.responsiveMedia\", \"banner.type\", \"banner.callToAction.label\", \"banner.callToAction.url\", \"banner.callToAction.newTab\", \"banner.bannerClickUrl\", \"banner.bannerClickOpenNewTab\", \"offerContent\", \"seo.metaTitle\", \"seo.metaDescription\", \"seo.preventIndexing\", \"seo.keywords\", \"seo.canonicalUrl\", \"seo.metaHead\", \"seo.ogMeta.name\", \"seo.ogMeta.content\", \"seo.socialMediaMeta.name\", \"seo.socialMediaMeta.content\", \"seo.wordDescription\", \"seo.metaImage\"], \"locales\": [\"en\", \"ar\"]}','[]','2026-04-29 07:53:45.327000','2026-04-29 07:53:45.327000','2026-04-29 07:53:45.328000',NULL,NULL,NULL),(612,'i6ze3pdzg0zgczv61jql6n18','plugin::content-manager.explorer.read','{}','api::power-tool-landing.power-tool-landing','{\"fields\": [\"title\", \"banner.title\", \"banner.subtitle\", \"banner.media\", \"banner.responsiveMedia\", \"banner.type\", \"banner.callToAction.label\", \"banner.callToAction.url\", \"banner.callToAction.newTab\", \"banner.bannerClickUrl\", \"banner.bannerClickOpenNewTab\", \"mainTitle\", \"mainDescription\", \"seo.metaTitle\", \"seo.metaDescription\", \"seo.preventIndexing\", \"seo.keywords\", \"seo.canonicalUrl\", \"seo.metaHead\", \"seo.ogMeta.name\", \"seo.ogMeta.content\", \"seo.socialMediaMeta.name\", \"seo.socialMediaMeta.content\", \"seo.wordDescription\", \"seo.metaImage\", \"locationTypes\", \"socialFeeds.title\", \"socialFeeds.subTitle\"], \"locales\": [\"en\", \"ar\"]}','[]','2026-04-29 07:53:45.451000','2026-04-29 07:53:45.451000','2026-04-29 07:53:45.452000',NULL,NULL,NULL),(614,'sq7a118webnjp20zcku8wgpu','plugin::content-manager.explorer.read','{}','api::service-category.service-category','{\"fields\": [\"title\", \"slug\", \"description\", \"image\", \"menuImage\", \"banner.title\", \"banner.subtitle\", \"banner.media\", \"banner.responsiveMedia\", \"banner.type\", \"banner.callToAction.label\", \"banner.callToAction.url\", \"banner.callToAction.newTab\", \"banner.bannerClickUrl\", \"banner.bannerClickOpenNewTab\", \"servicesList.title\", \"servicesList.subTitle\", \"servicesList.description\", \"servicesList.horizontalAlignment\", \"seo.metaTitle\", \"seo.metaDescription\", \"seo.preventIndexing\", \"seo.keywords\", \"seo.canonicalUrl\", \"seo.metaHead\", \"seo.ogMeta.name\", \"seo.ogMeta.content\", \"seo.socialMediaMeta.name\", \"seo.socialMediaMeta.content\", \"seo.wordDescription\", \"seo.metaImage\", \"headerServicesSortOrder\"], \"locales\": [\"en\", \"ar\"]}','[]','2026-04-29 07:53:45.671000','2026-04-29 07:53:45.671000','2026-04-29 07:53:45.671000',NULL,NULL,NULL),(615,'j9a71749jj1or53ths51jipm','plugin::content-manager.explorer.read','{}','api::service-landing.service-landing','{\"fields\": [\"banner.title\", \"banner.subtitle\", \"banner.media\", \"banner.responsiveMedia\", \"banner.type\", \"banner.callToAction.label\", \"banner.callToAction.url\", \"banner.callToAction.newTab\", \"banner.bannerClickUrl\", \"banner.bannerClickOpenNewTab\", \"serviceHeading\", \"description\", \"seo.metaTitle\", \"seo.metaDescription\", \"seo.preventIndexing\", \"seo.keywords\", \"seo.canonicalUrl\", \"seo.metaHead\", \"seo.ogMeta.name\", \"seo.ogMeta.content\", \"seo.socialMediaMeta.name\", \"seo.socialMediaMeta.content\", \"seo.wordDescription\", \"seo.metaImage\", \"serviceLocations.title\", \"serviceLocations.slug\", \"serviceLocations.address\", \"serviceLocations.branchLocation\", \"serviceLocations.phoneNumbers.phone\", \"serviceLocations.image\", \"serviceLocations.previewImage\", \"serviceLocations.embededMapUrl\", \"serviceLocations.mapUrl\", \"locationTypes\"], \"locales\": [\"en\", \"ar\"]}','[]','2026-04-29 07:53:45.774000','2026-04-29 07:53:45.774000','2026-04-29 07:53:45.774000',NULL,NULL,NULL),(616,'e4wgssdt82wslyl84zvwcqgd','plugin::content-manager.explorer.read','{}','api::tyre-landing.tyre-landing','{\"fields\": [\"title\", \"banner.title\", \"banner.subtitle\", \"banner.media\", \"banner.responsiveMedia\", \"banner.type\", \"banner.callToAction.label\", \"banner.callToAction.url\", \"banner.callToAction.newTab\", \"banner.bannerClickUrl\", \"banner.bannerClickOpenNewTab\", \"bookService.title\", \"bookService.description\", \"mobileService.title\", \"mobileService.description\", \"seo.metaTitle\", \"seo.metaDescription\", \"seo.preventIndexing\", \"seo.keywords\", \"seo.canonicalUrl\", \"seo.metaHead\", \"seo.ogMeta.name\", \"seo.ogMeta.content\", \"seo.socialMediaMeta.name\", \"seo.socialMediaMeta.content\", \"seo.wordDescription\", \"seo.metaImage\", \"locationTypes\", \"socialFeeds.title\", \"socialFeeds.subTitle\"], \"locales\": [\"en\", \"ar\"]}','[]','2026-04-29 07:53:45.881000','2026-04-29 07:53:45.881000','2026-04-29 07:53:45.881000',NULL,NULL,NULL),(617,'l51l1jerykkugct5upcy3qhz','plugin::content-manager.explorer.update','{}','api::automotive-landing.automotive-landing','{\"fields\": [\"title\", \"banner.title\", \"banner.subtitle\", \"banner.media\", \"banner.responsiveMedia\", \"banner.type\", \"banner.callToAction.label\", \"banner.callToAction.url\", \"banner.callToAction.newTab\", \"banner.bannerClickUrl\", \"banner.bannerClickOpenNewTab\", \"seo.metaTitle\", \"seo.metaDescription\", \"seo.preventIndexing\", \"seo.keywords\", \"seo.canonicalUrl\", \"seo.metaHead\", \"seo.ogMeta.name\", \"seo.ogMeta.content\", \"seo.socialMediaMeta.name\", \"seo.socialMediaMeta.content\", \"seo.wordDescription\", \"seo.metaImage\", \"locationTypes\", \"socialFeeds.title\", \"socialFeeds.subTitle\"], \"locales\": [\"en\", \"ar\"]}','[]','2026-04-29 07:53:45.992000','2026-04-29 07:53:45.992000','2026-04-29 07:53:45.993000',NULL,NULL,NULL),(619,'xrv9jedhe4mk29rmp1bllfq6','plugin::content-manager.explorer.update','{}','api::home.home','{\"fields\": [\"banner.title\", \"banner.subtitle\", \"banner.media\", \"banner.responsiveMedia\", \"banner.type\", \"banner.callToAction.label\", \"banner.callToAction.url\", \"banner.callToAction.newTab\", \"banner.bannerClickUrl\", \"banner.bannerClickOpenNewTab\", \"aboutCme.title\", \"aboutCme.subTitle\", \"aboutCme.description\", \"aboutCme.callToAction.label\", \"aboutCme.callToAction.url\", \"aboutCme.callToAction.newTab\", \"aboutCme.image\", \"businessStreams.title\", \"businessStreams.subTitle\", \"businessStreams.serviceData.title\", \"businessStreams.serviceData.description\", \"businessStreams.serviceData.image\", \"businessStreams.serviceData.responsiveImage\", \"trustedBrands.title\", \"trustedBrands.subTitle\", \"trustedPartners.title\", \"trustedPartners.subTitle\", \"trustedPartners.items.title\", \"trustedPartners.items.logo\", \"socialFeeds.title\", \"socialFeeds.subTitle\", \"ourLocations.title\", \"ourLocations.subTitle\", \"aboutGroup.title\", \"aboutGroup.subTitle\", \"aboutGroup.description\", \"aboutGroup.image\", \"aboutGroup.callToAction.label\", \"aboutGroup.callToAction.url\", \"aboutGroup.callToAction.newTab\", \"isNewsEnabled\", \"seo.metaTitle\", \"seo.metaDescription\", \"seo.preventIndexing\", \"seo.keywords\", \"seo.canonicalUrl\", \"seo.metaHead\", \"seo.ogMeta.name\", \"seo.ogMeta.content\", \"seo.socialMediaMeta.name\", \"seo.socialMediaMeta.content\", \"seo.wordDescription\", \"seo.metaImage\"], \"locales\": [\"en\", \"ar\"]}','[]','2026-04-29 07:53:46.204000','2026-04-29 07:53:46.204000','2026-04-29 07:53:46.205000',NULL,NULL,NULL),(620,'chs4i0e24kwiy7wnw5jof2q9','plugin::content-manager.explorer.update','{}','api::offer.offer','{\"fields\": [\"title\", \"slug\", \"service_types\", \"banner.title\", \"banner.subtitle\", \"banner.media\", \"banner.responsiveMedia\", \"banner.type\", \"banner.callToAction.label\", \"banner.callToAction.url\", \"banner.callToAction.newTab\", \"banner.bannerClickUrl\", \"banner.bannerClickOpenNewTab\", \"offerContent\", \"seo.metaTitle\", \"seo.metaDescription\", \"seo.preventIndexing\", \"seo.keywords\", \"seo.canonicalUrl\", \"seo.metaHead\", \"seo.ogMeta.name\", \"seo.ogMeta.content\", \"seo.socialMediaMeta.name\", \"seo.socialMediaMeta.content\", \"seo.wordDescription\", \"seo.metaImage\"], \"locales\": [\"en\", \"ar\"]}','[]','2026-04-29 07:53:46.308000','2026-04-29 07:53:46.308000','2026-04-29 07:53:46.308000',NULL,NULL,NULL),(621,'ivojbu5oo2izdp4n0qe23bi6','plugin::content-manager.explorer.update','{}','api::power-tool-landing.power-tool-landing','{\"fields\": [\"title\", \"banner.title\", \"banner.subtitle\", \"banner.media\", \"banner.responsiveMedia\", \"banner.type\", \"banner.callToAction.label\", \"banner.callToAction.url\", \"banner.callToAction.newTab\", \"banner.bannerClickUrl\", \"banner.bannerClickOpenNewTab\", \"mainTitle\", \"mainDescription\", \"seo.metaTitle\", \"seo.metaDescription\", \"seo.preventIndexing\", \"seo.keywords\", \"seo.canonicalUrl\", \"seo.metaHead\", \"seo.ogMeta.name\", \"seo.ogMeta.content\", \"seo.socialMediaMeta.name\", \"seo.socialMediaMeta.content\", \"seo.wordDescription\", \"seo.metaImage\", \"locationTypes\", \"socialFeeds.title\", \"socialFeeds.subTitle\"], \"locales\": [\"en\", \"ar\"]}','[]','2026-04-29 07:53:46.415000','2026-04-29 07:53:46.415000','2026-04-29 07:53:46.416000',NULL,NULL,NULL),(623,'ahirkronx2ikq6jo6vihi93c','plugin::content-manager.explorer.update','{}','api::service-category.service-category','{\"fields\": [\"title\", \"slug\", \"description\", \"image\", \"menuImage\", \"banner.title\", \"banner.subtitle\", \"banner.media\", \"banner.responsiveMedia\", \"banner.type\", \"banner.callToAction.label\", \"banner.callToAction.url\", \"banner.callToAction.newTab\", \"banner.bannerClickUrl\", \"banner.bannerClickOpenNewTab\", \"servicesList.title\", \"servicesList.subTitle\", \"servicesList.description\", \"servicesList.horizontalAlignment\", \"seo.metaTitle\", \"seo.metaDescription\", \"seo.preventIndexing\", \"seo.keywords\", \"seo.canonicalUrl\", \"seo.metaHead\", \"seo.ogMeta.name\", \"seo.ogMeta.content\", \"seo.socialMediaMeta.name\", \"seo.socialMediaMeta.content\", \"seo.wordDescription\", \"seo.metaImage\", \"headerServicesSortOrder\"], \"locales\": [\"en\", \"ar\"]}','[]','2026-04-29 07:53:46.622000','2026-04-29 07:53:46.622000','2026-04-29 07:53:46.622000',NULL,NULL,NULL),(624,'jt4fma1tn5v6aoq7glnpv0ia','plugin::content-manager.explorer.update','{}','api::service-landing.service-landing','{\"fields\": [\"banner.title\", \"banner.subtitle\", \"banner.media\", \"banner.responsiveMedia\", \"banner.type\", \"banner.callToAction.label\", \"banner.callToAction.url\", \"banner.callToAction.newTab\", \"banner.bannerClickUrl\", \"banner.bannerClickOpenNewTab\", \"serviceHeading\", \"description\", \"seo.metaTitle\", \"seo.metaDescription\", \"seo.preventIndexing\", \"seo.keywords\", \"seo.canonicalUrl\", \"seo.metaHead\", \"seo.ogMeta.name\", \"seo.ogMeta.content\", \"seo.socialMediaMeta.name\", \"seo.socialMediaMeta.content\", \"seo.wordDescription\", \"seo.metaImage\", \"serviceLocations.title\", \"serviceLocations.slug\", \"serviceLocations.address\", \"serviceLocations.branchLocation\", \"serviceLocations.phoneNumbers.phone\", \"serviceLocations.image\", \"serviceLocations.previewImage\", \"serviceLocations.embededMapUrl\", \"serviceLocations.mapUrl\", \"locationTypes\"], \"locales\": [\"en\", \"ar\"]}','[]','2026-04-29 07:53:46.725000','2026-04-29 07:53:46.725000','2026-04-29 07:53:46.726000',NULL,NULL,NULL),(625,'o6oj4bmbop7ghpb9rsrtf15a','plugin::content-manager.explorer.update','{}','api::tyre-landing.tyre-landing','{\"fields\": [\"title\", \"banner.title\", \"banner.subtitle\", \"banner.media\", \"banner.responsiveMedia\", \"banner.type\", \"banner.callToAction.label\", \"banner.callToAction.url\", \"banner.callToAction.newTab\", \"banner.bannerClickUrl\", \"banner.bannerClickOpenNewTab\", \"bookService.title\", \"bookService.description\", \"mobileService.title\", \"mobileService.description\", \"seo.metaTitle\", \"seo.metaDescription\", \"seo.preventIndexing\", \"seo.keywords\", \"seo.canonicalUrl\", \"seo.metaHead\", \"seo.ogMeta.name\", \"seo.ogMeta.content\", \"seo.socialMediaMeta.name\", \"seo.socialMediaMeta.content\", \"seo.wordDescription\", \"seo.metaImage\", \"locationTypes\", \"socialFeeds.title\", \"socialFeeds.subTitle\"], \"locales\": [\"en\", \"ar\"]}','[]','2026-04-29 07:53:46.833000','2026-04-29 07:53:46.833000','2026-04-29 07:53:46.833000',NULL,NULL,NULL),(626,'dnvkl04enz7vnvj54371fp2s','plugin::content-manager.explorer.delete','{}','api::offer.offer','{\"locales\": [\"en\", \"ar\"]}','[]','2026-04-29 07:53:46.937000','2026-04-29 07:53:46.937000','2026-04-29 07:53:46.937000',NULL,NULL,NULL),(627,'mqrtw84pa21qxmkelrt3ei82','plugin::content-manager.explorer.publish','{}','api::offer.offer','{\"locales\": [\"en\", \"ar\"]}','[]','2026-04-29 07:53:47.049000','2026-04-29 07:53:47.049000','2026-04-29 07:53:47.050000',NULL,NULL,NULL),(634,'n60ewouqcozscor3z5tdmui5','plugin::content-manager.explorer.create','{}','api::brand.brand','{\"fields\": [\"title\", \"image\", \"types\", \"commonUrl\", \"enableCommonUrl\", \"automotiveUrl\", \"enableAutomotiveUrl\", \"powerToolUrl\", \"enablePowerToolUrl\", \"tyreUrl\", \"enableTyreUrl\", \"isFeatured\", \"homeDisplayOrder\", \"automotiveDisplayOrder\", \"tyreDisplayOrder\", \"powertoolsDisplayOrder\", \"homePosition\", \"automotivePosition\", \"tyrePosition\", \"powertoolsPosition\"], \"locales\": [\"en\", \"ar\"]}','[]','2026-06-15 13:34:57.846000','2026-06-15 13:34:57.846000','2026-06-15 13:34:57.848000',NULL,NULL,NULL),(635,'htl5w75db66u6ls1jwnxigxj','plugin::content-manager.explorer.read','{}','api::brand.brand','{\"fields\": [\"title\", \"image\", \"types\", \"commonUrl\", \"enableCommonUrl\", \"automotiveUrl\", \"enableAutomotiveUrl\", \"powerToolUrl\", \"enablePowerToolUrl\", \"tyreUrl\", \"enableTyreUrl\", \"isFeatured\", \"homeDisplayOrder\", \"automotiveDisplayOrder\", \"tyreDisplayOrder\", \"powertoolsDisplayOrder\", \"homePosition\", \"automotivePosition\", \"tyrePosition\", \"powertoolsPosition\"], \"locales\": [\"en\", \"ar\"]}','[]','2026-06-15 13:34:57.957000','2026-06-15 13:34:57.957000','2026-06-15 13:34:57.958000',NULL,NULL,NULL),(636,'mio1kuif6dshzpalfxapont8','plugin::content-manager.explorer.update','{}','api::brand.brand','{\"fields\": [\"title\", \"image\", \"types\", \"commonUrl\", \"enableCommonUrl\", \"automotiveUrl\", \"enableAutomotiveUrl\", \"powerToolUrl\", \"enablePowerToolUrl\", \"tyreUrl\", \"enableTyreUrl\", \"isFeatured\", \"homeDisplayOrder\", \"automotiveDisplayOrder\", \"tyreDisplayOrder\", \"powertoolsDisplayOrder\", \"homePosition\", \"automotivePosition\", \"tyrePosition\", \"powertoolsPosition\"], \"locales\": [\"en\", \"ar\"]}','[]','2026-06-15 13:34:58.061000','2026-06-15 13:34:58.061000','2026-06-15 13:34:58.061000',NULL,NULL,NULL),(643,'dvzsfm51766as6lwepqwk4yu','plugin::content-manager.explorer.create','{}','api::service.service','{\"fields\": [\"title\", \"slug\", \"serviceType\", \"banner.title\", \"banner.subtitle\", \"banner.media\", \"banner.responsiveMedia\", \"banner.type\", \"banner.callToAction.label\", \"banner.callToAction.url\", \"banner.callToAction.newTab\", \"banner.bannerClickUrl\", \"banner.bannerClickOpenNewTab\", \"listDesc\", \"listImage\", \"locationTypes\", \"breadCrumb.label\", \"breadCrumb.url\", \"breadCrumb.newTab\", \"serviceContent\", \"seo.metaTitle\", \"seo.metaDescription\", \"seo.preventIndexing\", \"seo.keywords\", \"seo.canonicalUrl\", \"seo.metaHead\", \"seo.ogMeta.name\", \"seo.ogMeta.content\", \"seo.socialMediaMeta.name\", \"seo.socialMediaMeta.content\", \"seo.wordDescription\", \"seo.metaImage\", \"showBookServiceForm\", \"showMobileServiceForm\", \"bookService.title\", \"bookService.description\", \"mobileService.title\", \"mobileService.description\", \"headerServiceSortOrder\", \"hideFromCategoryDropdown\", \"branches\"], \"locales\": [\"en\", \"ar\"]}','[]','2026-06-18 06:15:22.575000','2026-06-18 06:15:22.575000','2026-06-18 06:15:22.589000',NULL,NULL,NULL),(644,'lkyc87ppyea695secn8xbxiu','plugin::content-manager.explorer.read','{}','api::service.service','{\"fields\": [\"title\", \"slug\", \"serviceType\", \"banner.title\", \"banner.subtitle\", \"banner.media\", \"banner.responsiveMedia\", \"banner.type\", \"banner.callToAction.label\", \"banner.callToAction.url\", \"banner.callToAction.newTab\", \"banner.bannerClickUrl\", \"banner.bannerClickOpenNewTab\", \"listDesc\", \"listImage\", \"locationTypes\", \"breadCrumb.label\", \"breadCrumb.url\", \"breadCrumb.newTab\", \"serviceContent\", \"seo.metaTitle\", \"seo.metaDescription\", \"seo.preventIndexing\", \"seo.keywords\", \"seo.canonicalUrl\", \"seo.metaHead\", \"seo.ogMeta.name\", \"seo.ogMeta.content\", \"seo.socialMediaMeta.name\", \"seo.socialMediaMeta.content\", \"seo.wordDescription\", \"seo.metaImage\", \"showBookServiceForm\", \"showMobileServiceForm\", \"bookService.title\", \"bookService.description\", \"mobileService.title\", \"mobileService.description\", \"headerServiceSortOrder\", \"hideFromCategoryDropdown\", \"branches\"], \"locales\": [\"en\", \"ar\"]}','[]','2026-06-18 06:15:22.704000','2026-06-18 06:15:22.704000','2026-06-18 06:15:22.707000',NULL,NULL,NULL),(645,'rgqfxcccik5n5y92j0b6yaf7','plugin::content-manager.explorer.update','{}','api::service.service','{\"fields\": [\"title\", \"slug\", \"serviceType\", \"banner.title\", \"banner.subtitle\", \"banner.media\", \"banner.responsiveMedia\", \"banner.type\", \"banner.callToAction.label\", \"banner.callToAction.url\", \"banner.callToAction.newTab\", \"banner.bannerClickUrl\", \"banner.bannerClickOpenNewTab\", \"listDesc\", \"listImage\", \"locationTypes\", \"breadCrumb.label\", \"breadCrumb.url\", \"breadCrumb.newTab\", \"serviceContent\", \"seo.metaTitle\", \"seo.metaDescription\", \"seo.preventIndexing\", \"seo.keywords\", \"seo.canonicalUrl\", \"seo.metaHead\", \"seo.ogMeta.name\", \"seo.ogMeta.content\", \"seo.socialMediaMeta.name\", \"seo.socialMediaMeta.content\", \"seo.wordDescription\", \"seo.metaImage\", \"showBookServiceForm\", \"showMobileServiceForm\", \"bookService.title\", \"bookService.description\", \"mobileService.title\", \"mobileService.description\", \"headerServiceSortOrder\", \"hideFromCategoryDropdown\", \"branches\"], \"locales\": [\"en\", \"ar\"]}','[]','2026-06-18 06:15:22.822000','2026-06-18 06:15:22.822000','2026-06-18 06:15:22.823000',NULL,NULL,NULL),(649,'gjokf0mapkyoszki9x5qqhc1','plugin::content-manager.explorer.create','{}','api::contact-us.contact-us','{\"fields\": [\"banner.title\", \"banner.subtitle\", \"banner.media\", \"banner.responsiveMedia\", \"banner.type\", \"banner.callToAction.label\", \"banner.callToAction.url\", \"banner.callToAction.newTab\", \"banner.bannerClickUrl\", \"banner.bannerClickOpenNewTab\", \"boxComponent.logo\", \"boxComponent.responsiveLogo\", \"boxComponent.title\", \"boxComponent.listItem.item\", \"boxComponent.description\", \"boxComponent.phone\", \"boxComponent.latitude\", \"boxComponent.longitude\", \"boxComponent.subTitle\", \"boxComponent.bgImage\", \"formTitle\", \"seo.metaTitle\", \"seo.metaDescription\", \"seo.preventIndexing\", \"seo.keywords\", \"seo.canonicalUrl\", \"seo.metaHead\", \"seo.ogMeta.name\", \"seo.ogMeta.content\", \"seo.socialMediaMeta.name\", \"seo.socialMediaMeta.content\", \"seo.wordDescription\", \"seo.metaImage\", \"locations\"], \"locales\": [\"en\", \"ar\"]}','[]','2026-07-01 05:56:20.041000','2026-07-01 05:56:20.041000','2026-07-01 05:56:20.042000',NULL,NULL,NULL),(650,'ydq09ewd3cm5a5a2q1whm07f','plugin::content-manager.explorer.read','{}','api::contact-us.contact-us','{\"fields\": [\"banner.title\", \"banner.subtitle\", \"banner.media\", \"banner.responsiveMedia\", \"banner.type\", \"banner.callToAction.label\", \"banner.callToAction.url\", \"banner.callToAction.newTab\", \"banner.bannerClickUrl\", \"banner.bannerClickOpenNewTab\", \"boxComponent.logo\", \"boxComponent.responsiveLogo\", \"boxComponent.title\", \"boxComponent.listItem.item\", \"boxComponent.description\", \"boxComponent.phone\", \"boxComponent.latitude\", \"boxComponent.longitude\", \"boxComponent.subTitle\", \"boxComponent.bgImage\", \"formTitle\", \"seo.metaTitle\", \"seo.metaDescription\", \"seo.preventIndexing\", \"seo.keywords\", \"seo.canonicalUrl\", \"seo.metaHead\", \"seo.ogMeta.name\", \"seo.ogMeta.content\", \"seo.socialMediaMeta.name\", \"seo.socialMediaMeta.content\", \"seo.wordDescription\", \"seo.metaImage\", \"locations\"], \"locales\": [\"en\", \"ar\"]}','[]','2026-07-01 05:56:20.154000','2026-07-01 05:56:20.154000','2026-07-01 05:56:20.154000',NULL,NULL,NULL),(651,'wmjpgspunzj2xrywvrq8d62i','plugin::content-manager.explorer.update','{}','api::contact-us.contact-us','{\"fields\": [\"banner.title\", \"banner.subtitle\", \"banner.media\", \"banner.responsiveMedia\", \"banner.type\", \"banner.callToAction.label\", \"banner.callToAction.url\", \"banner.callToAction.newTab\", \"banner.bannerClickUrl\", \"banner.bannerClickOpenNewTab\", \"boxComponent.logo\", \"boxComponent.responsiveLogo\", \"boxComponent.title\", \"boxComponent.listItem.item\", \"boxComponent.description\", \"boxComponent.phone\", \"boxComponent.latitude\", \"boxComponent.longitude\", \"boxComponent.subTitle\", \"boxComponent.bgImage\", \"formTitle\", \"seo.metaTitle\", \"seo.metaDescription\", \"seo.preventIndexing\", \"seo.keywords\", \"seo.canonicalUrl\", \"seo.metaHead\", \"seo.ogMeta.name\", \"seo.ogMeta.content\", \"seo.socialMediaMeta.name\", \"seo.socialMediaMeta.content\", \"seo.wordDescription\", \"seo.metaImage\", \"locations\"], \"locales\": [\"en\", \"ar\"]}','[]','2026-07-01 05:56:20.257000','2026-07-01 05:56:20.257000','2026-07-01 05:56:20.257000',NULL,NULL,NULL),(652,'vcyli1bw9osem1ffihihxqgg','plugin::content-manager.explorer.create','{}','api::branch.branch','{\"fields\": [\"title\", \"slug\", \"address\", \"branchLocation\", \"phoneNumbers.phone\", \"image\", \"seo.metaTitle\", \"seo.metaDescription\", \"seo.preventIndexing\", \"seo.keywords\", \"seo.canonicalUrl\", \"seo.metaHead\", \"seo.ogMeta.name\", \"seo.ogMeta.content\", \"seo.socialMediaMeta.name\", \"seo.socialMediaMeta.content\", \"seo.wordDescription\", \"seo.metaImage\", \"previewImage\", \"embededMapUrl\", \"mapUrl\", \"isFeatured\", \"type\", \"locationSortOrder\", \"products\", \"showAddressInLocation\", \"services\", \"isServiceButton\"], \"locales\": [\"en\", \"ar\"]}','[]','2026-07-06 08:14:53.442000','2026-07-06 08:14:53.442000','2026-07-06 08:14:53.445000',NULL,NULL,NULL),(653,'v575zz6xlo0zp4o4lzxbiqxp','plugin::content-manager.explorer.read','{}','api::branch.branch','{\"fields\": [\"title\", \"slug\", \"address\", \"branchLocation\", \"phoneNumbers.phone\", \"image\", \"seo.metaTitle\", \"seo.metaDescription\", \"seo.preventIndexing\", \"seo.keywords\", \"seo.canonicalUrl\", \"seo.metaHead\", \"seo.ogMeta.name\", \"seo.ogMeta.content\", \"seo.socialMediaMeta.name\", \"seo.socialMediaMeta.content\", \"seo.wordDescription\", \"seo.metaImage\", \"previewImage\", \"embededMapUrl\", \"mapUrl\", \"isFeatured\", \"type\", \"locationSortOrder\", \"products\", \"showAddressInLocation\", \"services\", \"isServiceButton\"], \"locales\": [\"en\", \"ar\"]}','[]','2026-07-06 08:14:53.552000','2026-07-06 08:14:53.552000','2026-07-06 08:14:53.553000',NULL,NULL,NULL),(654,'l7k6fc6avvd4ywx9htf5fwb3','plugin::content-manager.explorer.update','{}','api::branch.branch','{\"fields\": [\"title\", \"slug\", \"address\", \"branchLocation\", \"phoneNumbers.phone\", \"image\", \"seo.metaTitle\", \"seo.metaDescription\", \"seo.preventIndexing\", \"seo.keywords\", \"seo.canonicalUrl\", \"seo.metaHead\", \"seo.ogMeta.name\", \"seo.ogMeta.content\", \"seo.socialMediaMeta.name\", \"seo.socialMediaMeta.content\", \"seo.wordDescription\", \"seo.metaImage\", \"previewImage\", \"embededMapUrl\", \"mapUrl\", \"isFeatured\", \"type\", \"locationSortOrder\", \"products\", \"showAddressInLocation\", \"services\", \"isServiceButton\"], \"locales\": [\"en\", \"ar\"]}','[]','2026-07-06 08:14:53.660000','2026-07-06 08:14:53.660000','2026-07-06 08:14:53.660000',NULL,NULL,NULL);

--
-- Table structure for table `admin_permissions_role_lnk`
--

CREATE TABLE `admin_permissions_role_lnk` (
  `id` int unsigned NOT NULL AUTO_INCREMENT,
  `permission_id` int unsigned DEFAULT NULL,
  `role_id` int unsigned DEFAULT NULL,
  `permission_ord` double unsigned DEFAULT NULL,
  PRIMARY KEY (`id`),
  UNIQUE KEY `admin_permissions_role_lnk_uq` (`permission_id`,`role_id`),
  KEY `admin_permissions_role_lnk_fk` (`permission_id`),
  KEY `admin_permissions_role_lnk_ifk` (`role_id`),
  KEY `admin_permissions_role_lnk_oifk` (`permission_ord`),
  CONSTRAINT `admin_permissions_role_lnk_fk` FOREIGN KEY (`permission_id`) REFERENCES `admin_permissions` (`id`) ON DELETE CASCADE,
  CONSTRAINT `admin_permissions_role_lnk_ifk` FOREIGN KEY (`role_id`) REFERENCES `admin_roles` (`id`) ON DELETE CASCADE
) ENGINE=InnoDB AUTO_INCREMENT=735 DEFAULT CHARSET=utf8mb4 COLLATE=utf8mb4_0900_ai_ci;

--
-- Dumping data for table `admin_permissions_role_lnk`
--

INSERT INTO `admin_permissions_role_lnk` VALUES (5,5,2,5),(6,6,2,6),(7,7,2,7),(16,16,2,16),(17,17,2,17),(18,18,2,18),(27,27,2,27),(28,28,2,28),(29,29,2,29),(56,56,2,56),(57,57,2,57),(58,58,2,58),(59,59,2,59),(60,60,2,60),(61,61,2,61),(66,66,3,5),(67,67,3,6),(68,68,3,7),(77,77,3,16),(78,78,3,17),(79,79,3,18),(88,88,3,27),(89,89,3,28),(90,90,3,29),(106,106,3,45),(107,107,3,46),(108,108,3,47),(109,109,3,48),(110,110,3,49),(111,111,3,50),(112,112,1,1),(124,124,1,13),(136,136,1,25),(148,148,1,37),(160,160,1,49),(172,172,1,61),(173,173,1,62),(174,174,1,63),(175,175,1,64),(176,176,1,65),(177,177,1,66),(178,178,1,67),(179,179,1,68),(180,180,1,69),(181,181,1,70),(182,182,1,71),(183,183,1,72),(184,184,1,73),(185,185,1,74),(186,186,1,75),(187,187,1,76),(188,188,1,77),(189,189,1,78),(190,190,1,79),(191,191,1,80),(192,192,1,81),(193,193,1,82),(194,194,1,83),(195,195,1,84),(196,196,1,85),(197,197,1,86),(198,198,1,87),(199,199,1,88),(200,200,1,89),(201,201,1,90),(202,202,1,91),(203,203,1,92),(204,204,1,93),(205,205,1,94),(206,206,1,95),(207,207,1,96),(208,208,1,97),(209,209,1,98),(210,210,1,99),(211,211,1,100),(212,212,1,101),(213,213,1,102),(214,214,1,103),(215,215,1,104),(216,216,1,105),(217,217,1,106),(218,218,1,107),(219,219,1,108),(220,220,1,109),(221,221,1,110),(222,222,1,111),(223,223,1,112),(224,224,1,113),(296,153,1,139),(297,154,1,140),(298,155,1,141),(307,165,1,150),(308,166,1,151),(309,167,1,152),(333,253,1,176),(334,254,1,177),(379,299,1,178),(387,307,1,186),(391,311,1,190),(394,314,1,193),(395,315,1,194),(403,323,1,202),(407,327,1,206),(410,330,1,209),(411,331,1,210),(419,339,1,218),(423,343,1,222),(426,346,1,225),(427,347,1,226),(428,348,1,227),(429,349,1,228),(430,350,1,229),(431,351,1,230),(432,352,1,231),(433,353,1,232),(434,354,1,233),(435,355,1,234),(436,356,1,235),(437,357,1,236),(438,358,1,237),(439,359,1,238),(440,360,1,239),(441,361,1,240),(442,362,1,241),(443,363,1,242),(444,364,1,243),(445,365,1,244),(446,366,1,245),(447,367,1,246),(448,368,1,247),(449,369,1,248),(450,370,1,249),(458,378,1,257),(460,380,1,259),(508,428,1,278),(512,432,1,282),(516,436,1,286),(517,437,1,287),(518,438,1,288),(519,439,1,289),(520,440,1,290),(521,441,1,291),(522,442,1,292),(523,443,1,293),(524,444,1,294),(546,466,1,316),(547,467,1,317),(548,468,1,318),(549,469,1,319),(550,470,1,320),(551,471,1,321),(552,472,1,322),(553,473,1,323),(566,486,1,336),(567,487,1,337),(568,488,1,338),(569,489,1,339),(570,490,1,340),(571,491,1,341),(574,494,1,344),(575,495,1,345),(578,498,1,348),(579,499,1,349),(582,502,1,352),(583,503,1,353),(590,510,1,360),(591,511,1,361),(601,521,1,371),(602,522,1,372),(603,523,1,373),(604,524,1,374),(605,525,1,375),(606,526,1,376),(607,527,1,377),(608,528,1,378),(609,529,1,379),(610,530,1,380),(611,531,1,381),(612,532,1,382),(613,533,1,383),(614,534,1,384),(615,535,1,385),(616,536,1,386),(617,537,1,387),(618,538,1,388),(619,539,1,389),(620,540,1,390),(651,571,1,406),(652,572,1,407),(653,573,1,408),(655,575,1,410),(658,578,1,413),(661,581,1,416),(666,586,1,421),(667,587,1,422),(668,588,1,423),(669,589,1,424),(670,590,1,425),(671,591,1,426),(672,592,1,427),(673,593,1,428),(674,594,1,429),(675,595,1,430),(679,599,1,434),(681,601,1,436),(682,602,1,437),(683,603,1,438),(685,605,1,440),(686,606,1,441),(687,607,1,442),(688,608,1,443),(690,610,1,445),(691,611,1,446),(692,612,1,447),(694,614,1,449),(695,615,1,450),(696,616,1,451),(697,617,1,452),(699,619,1,454),(700,620,1,455),(701,621,1,456),(703,623,1,458),(704,624,1,459),(705,625,1,460),(706,626,1,461),(707,627,1,462),(714,634,1,463),(715,635,1,464),(716,636,1,465),(723,643,1,471),(724,644,1,472),(725,645,1,473),(729,649,1,477),(730,650,1,478),(731,651,1,479),(732,652,1,480),(733,653,1,481),(734,654,1,482);

--
-- Table structure for table `admin_roles`
--

CREATE TABLE `admin_roles` (
  `id` int unsigned NOT NULL AUTO_INCREMENT,
  `document_id` varchar(255) DEFAULT NULL,
  `name` varchar(255) DEFAULT NULL,
  `code` varchar(255) DEFAULT NULL,
  `description` varchar(255) DEFAULT NULL,
  `created_at` datetime(6) DEFAULT NULL,
  `updated_at` datetime(6) DEFAULT NULL,
  `published_at` datetime(6) DEFAULT NULL,
  `created_by_id` int unsigned DEFAULT NULL,
  `updated_by_id` int unsigned DEFAULT NULL,
  `locale` varchar(255) DEFAULT NULL,
  PRIMARY KEY (`id`),
  KEY `admin_roles_documents_idx` (`document_id`,`locale`,`published_at`),
  KEY `admin_roles_created_by_id_fk` (`created_by_id`),
  KEY `admin_roles_updated_by_id_fk` (`updated_by_id`),
  CONSTRAINT `admin_roles_created_by_id_fk` FOREIGN KEY (`created_by_id`) REFERENCES `admin_users` (`id`) ON DELETE SET NULL,
  CONSTRAINT `admin_roles_updated_by_id_fk` FOREIGN KEY (`updated_by_id`) REFERENCES `admin_users` (`id`) ON DELETE SET NULL
) ENGINE=InnoDB AUTO_INCREMENT=4 DEFAULT CHARSET=utf8mb4 COLLATE=utf8mb4_0900_ai_ci;

--
-- Dumping data for table `admin_roles`
--

INSERT INTO `admin_roles` VALUES (1,'sq3dy7yykozdkep59pa5y7r9','Super Admin','strapi-super-admin','Super Admins can access and manage all features and settings.','2025-11-21 05:39:31.331000','2025-11-21 05:39:31.331000','2025-11-21 05:39:31.331000',NULL,NULL,NULL),(2,'ssb2qe1cn7qg8jcuw0l6ftq8','Editor','strapi-editor','Editors can manage and publish contents including those of other users.','2025-11-21 05:39:31.438000','2025-11-21 05:39:31.438000','2025-11-21 05:39:31.439000',NULL,NULL,NULL),(3,'jpd85fm2s81tounee91e1e46','Author','strapi-author','Authors can manage the content they have created.','2025-11-21 05:39:31.521000','2025-11-21 05:39:31.521000','2025-11-21 05:39:31.521000',NULL,NULL,NULL);

--
-- Table structure for table `admin_users_roles_lnk`
--

CREATE TABLE `admin_users_roles_lnk` (
  `id` int unsigned NOT NULL AUTO_INCREMENT,
  `user_id` int unsigned DEFAULT NULL,
  `role_id` int unsigned DEFAULT NULL,
  `role_ord` double unsigned DEFAULT NULL,
  `user_ord` double unsigned DEFAULT NULL,
  PRIMARY KEY (`id`),
  UNIQUE KEY `admin_users_roles_lnk_uq` (`user_id`,`role_id`),
  KEY `admin_users_roles_lnk_fk` (`user_id`),
  KEY `admin_users_roles_lnk_ifk` (`role_id`),
  KEY `admin_users_roles_lnk_ofk` (`role_ord`),
  KEY `admin_users_roles_lnk_oifk` (`user_ord`),
  CONSTRAINT `admin_users_roles_lnk_fk` FOREIGN KEY (`user_id`) REFERENCES `admin_users` (`id`) ON DELETE CASCADE,
  CONSTRAINT `admin_users_roles_lnk_ifk` FOREIGN KEY (`role_id`) REFERENCES `admin_roles` (`id`) ON DELETE CASCADE
) ENGINE=InnoDB AUTO_INCREMENT=2 DEFAULT CHARSET=utf8mb4 COLLATE=utf8mb4_0900_ai_ci;

--
-- Dumping data for table `admin_users_roles_lnk`
--

INSERT INTO `admin_users_roles_lnk` VALUES (1,1,1,1,1);

--
-- Table structure for table `automotive_landings`
--

CREATE TABLE `automotive_landings` (
  `id` int unsigned NOT NULL AUTO_INCREMENT,
  `document_id` varchar(255) DEFAULT NULL,
  `title` varchar(255) DEFAULT NULL,
  `created_at` datetime(6) DEFAULT NULL,
  `updated_at` datetime(6) DEFAULT NULL,
  `published_at` datetime(6) DEFAULT NULL,
  `created_by_id` int unsigned DEFAULT NULL,
  `updated_by_id` int unsigned DEFAULT NULL,
  `locale` varchar(255) DEFAULT NULL,
  PRIMARY KEY (`id`),
  KEY `automotive_landings_documents_idx` (`document_id`,`locale`,`published_at`),
  KEY `automotive_landings_created_by_id_fk` (`created_by_id`),
  KEY `automotive_landings_updated_by_id_fk` (`updated_by_id`),
  CONSTRAINT `automotive_landings_created_by_id_fk` FOREIGN KEY (`created_by_id`) REFERENCES `admin_users` (`id`) ON DELETE SET NULL,
  CONSTRAINT `automotive_landings_updated_by_id_fk` FOREIGN KEY (`updated_by_id`) REFERENCES `admin_users` (`id`) ON DELETE SET NULL
) ENGINE=InnoDB AUTO_INCREMENT=19 DEFAULT CHARSET=utf8mb4 COLLATE=utf8mb4_0900_ai_ci;

--
-- Dumping data for table `automotive_landings`
--

INSERT INTO `automotive_landings` VALUES (1,'jaxueeht8w2xdjvy15a9hae5','Automotive Aftermarket','2026-01-20 07:03:23.660000','2026-07-01 13:04:51.748000',NULL,1,1,'en'),(18,'jaxueeht8w2xdjvy15a9hae5','Automotive Aftermarket','2026-01-20 07:03:23.660000','2026-07-01 13:04:51.748000','2026-07-01 13:04:53.001000',1,1,'en');

--
-- Table structure for table `automotive_landings_cmps`
--

CREATE TABLE `automotive_landings_cmps` (
  `id` int unsigned NOT NULL AUTO_INCREMENT,
  `entity_id` int unsigned DEFAULT NULL,
  `cmp_id` int unsigned DEFAULT NULL,
  `component_type` varchar(255) DEFAULT NULL,
  `field` varchar(255) DEFAULT NULL,
  `order` double unsigned DEFAULT NULL,
  PRIMARY KEY (`id`),
  UNIQUE KEY `automotive_landings_uq` (`entity_id`,`cmp_id`,`field`,`component_type`),
  KEY `automotive_landings_field_idx` (`field`),
  KEY `automotive_landings_component_type_idx` (`component_type`),
  KEY `automotive_landings_entity_fk` (`entity_id`),
  CONSTRAINT `automotive_landings_entity_fk` FOREIGN KEY (`entity_id`) REFERENCES `automotive_landings` (`id`) ON DELETE CASCADE
) ENGINE=InnoDB AUTO_INCREMENT=127 DEFAULT CHARSET=utf8mb4 COLLATE=utf8mb4_0900_ai_ci;

--
-- Dumping data for table `automotive_landings_cmps`
--

INSERT INTO `automotive_landings_cmps` VALUES (1,1,107,'common.banner','banner',1),(7,1,128,'common.banner','banner',2),(25,1,86,'common.seo','seo',6),(29,1,184,'common.banner','banner',4),(41,1,84,'home.content-section','socialFeeds',1),(77,1,283,'common.banner','banner',3),(121,18,481,'common.banner','banner',1),(122,18,482,'common.banner','banner',2),(123,18,483,'common.banner','banner',3),(124,18,484,'common.banner','banner',4),(125,18,270,'common.seo','seo',NULL),(126,18,164,'home.content-section','socialFeeds',NULL);

--
-- Table structure for table `automotive_landings_location_types_lnk`
--

CREATE TABLE `automotive_landings_location_types_lnk` (
  `id` int unsigned NOT NULL AUTO_INCREMENT,
  `automotive_landing_id` int unsigned DEFAULT NULL,
  `branch_location_id` int unsigned DEFAULT NULL,
  `branch_location_ord` double unsigned DEFAULT NULL,
  PRIMARY KEY (`id`),
  UNIQUE KEY `automotive_landings_location_types_lnk_uq` (`automotive_landing_id`,`branch_location_id`),
  KEY `automotive_landings_location_types_lnk_fk` (`automotive_landing_id`),
  KEY `automotive_landings_location_types_lnk_ifk` (`branch_location_id`),
  KEY `automotive_landings_location_types_lnk_ofk` (`branch_location_ord`),
  CONSTRAINT `automotive_landings_location_types_lnk_fk` FOREIGN KEY (`automotive_landing_id`) REFERENCES `automotive_landings` (`id`) ON DELETE CASCADE,
  CONSTRAINT `automotive_landings_location_types_lnk_ifk` FOREIGN KEY (`branch_location_id`) REFERENCES `branch_locations` (`id`) ON DELETE CASCADE
) ENGINE=InnoDB AUTO_INCREMENT=44 DEFAULT CHARSET=utf8mb4 COLLATE=utf8mb4_0900_ai_ci;

--
-- Dumping data for table `automotive_landings_location_types_lnk`
--

INSERT INTO `automotive_landings_location_types_lnk` VALUES (1,1,13,2),(13,1,11,3),(24,1,29,1),(41,18,31,1),(42,18,32,2),(43,18,33,3);

--
-- Table structure for table `branches`
--

CREATE TABLE `branches` (
  `id` int unsigned NOT NULL AUTO_INCREMENT,
  `document_id` varchar(255) DEFAULT NULL,
  `title` varchar(255) DEFAULT NULL,
  `slug` varchar(255) DEFAULT NULL,
  `address` longtext,
  `embeded_map_url` longtext,
  `map_url` longtext,
  `created_at` datetime(6) DEFAULT NULL,
  `updated_at` datetime(6) DEFAULT NULL,
  `published_at` datetime(6) DEFAULT NULL,
  `created_by_id` int unsigned DEFAULT NULL,
  `updated_by_id` int unsigned DEFAULT NULL,
  `locale` varchar(255) DEFAULT NULL,
  `is_featured` tinyint(1) DEFAULT NULL,
  `type` varchar(255) DEFAULT NULL,
  `location_sort_order` int DEFAULT NULL,
  `show_address_in_location` tinyint(1) DEFAULT NULL,
  `is_service_button` tinyint(1) DEFAULT NULL,
  PRIMARY KEY (`id`),
  KEY `branches_documents_idx` (`document_id`,`locale`,`published_at`),
  KEY `branches_created_by_id_fk` (`created_by_id`),
  KEY `branches_updated_by_id_fk` (`updated_by_id`),
  CONSTRAINT `branches_created_by_id_fk` FOREIGN KEY (`created_by_id`) REFERENCES `admin_users` (`id`) ON DELETE SET NULL,
  CONSTRAINT `branches_updated_by_id_fk` FOREIGN KEY (`updated_by_id`) REFERENCES `admin_users` (`id`) ON DELETE SET NULL
) ENGINE=InnoDB AUTO_INCREMENT=426 DEFAULT CHARSET=utf8mb4 COLLATE=utf8mb4_0900_ai_ci;

--
-- Dumping data for table `branches`
--

INSERT INTO `branches` VALUES (1,'pqc40p7zxv2233qi2y6f74kh','CME Branch Office - Dubai','central-motors-and-equipment-dubai-branch','No.17, 14b Street Al Quoz Industrial Area 1 – 364, Hadaeq Mohammed Bin Rashid, Dubai','https://www.google.com/maps/embed?pb=!1m18!1m12!1m3!1d3612.005843330099!2d55.227679599999995!3d25.1354933!2m3!1f0!2f0!3f0!3m2!1i1024!2i768!4f13.1!3m3!1m2!1s0x3e5f697da5fc80e5%3A0x110be5ae66636227!2sCentral%20Motors%20%26%20Equipment%20-%20Dubai%20Branch!5e0!3m2!1sen!2sin!4v1776764297164!5m2!1sen!2sin','https://www.google.com/maps/place/Central+Motors+%26+Equipment+-+Dubai+Branch/@25.1354933,55.2276796,17z/data=!3m1!4b1!4m6!3m5!1s0x3e5f697da5fc80e5:0x110be5ae66636227!8m2!3d25.1354933!4d55.2276796!16s%2Fg%2F11bbwnnm7c?entry=ttu&g_ep=EgoyMDI2MDQxNS4wIKXMDSoASAFQAw%3D%3D','2025-12-12 06:00:16.228000','2026-04-21 09:38:37.450000',NULL,1,1,'en',1,'CME Branch Office',2,NULL,NULL),(5,'qrmazqgnqrqfeux66p1jxsdu','Central Motors and Equipment – Central Warehouse Dubai ','central-motors-and-equipment-central-warehouse-dubai','Address: Al Quoz Industrial Area 4, Dubai – 26255 \n','https://www.google.com/maps/embed?pb=!1m18!1m12!1m3!1d3612.73265691592!2d55.222828899999996!3d25.1109096!2m3!1f0!2f0!3f0!3m2!1i1024!2i768!4f13.1!3m3!1m2!1s0x3e5f6be3288499d9%3A0x67e82e59cb04aeaa!2sCME%20Bosch%20Power%20Tools%20Service%20Center!5e0!3m2!1sen!2sin!4v1776765691564!5m2!1sen!2sin','https://www.google.com/maps/place/CME+Bosch+Power+Tools+Service+Center/@25.1109096,55.2228289,17z/data=!3m1!4b1!4m6!3m5!1s0x3e5f6be3288499d9:0x67e82e59cb04aeaa!8m2!3d25.1109096!4d55.2228289!16s%2Fg%2F11bbwn52pq?entry=ttu&g_ep=EgoyMDI2MDQxNS4wIKXMDSoASAFQAw%3D%3D','2025-12-12 06:02:35.089000','2026-04-21 11:51:29.797000',NULL,1,1,'en',0,'Ware houses',18,NULL,NULL),(17,'is45vbdrifkfjeqk6oxpqel9','CME Head Office - Abu Dhabi ','central-motors-and-equipment-abudhabi-branch','Street 8 - Next to Western Motors - Musaffah - M15 - Abu Dhabi','https://www.google.com/maps/embed?pb=!1m18!1m12!1m3!1d3634.2265966885648!2d54.4876376!3d24.373419499999997!2m3!1f0!2f0!3f0!3m2!1i1024!2i768!4f13.1!3m3!1m2!1s0x3e5e4152bc4cc43d%3A0x1198e64599eddbd!2sCentral%20Motors%20%26%20Equipment%20-%20Abu%20Dhabi%20Branch!5e0!3m2!1sen!2sin!4v1776764169402!5m2!1sen!2sin','https://www.google.com/maps/place/Central+Motors+%26+Equipment+-+Abu+Dhabi+Branch/@24.3734195,54.4876376,17z/data=!3m1!4b1!4m6!3m5!1s0x3e5e4152bc4cc43d:0x1198e64599eddbd!8m2!3d24.3734195!4d54.4876376!16s%2Fg%2F11h6t_sf8r?entry=ttu&g_ep=EgoyMDI2MDQxNS4wIKXMDSoASAFQAw%3D%3D','2026-01-08 11:07:41.413000','2026-07-06 05:44:24.991000',NULL,1,1,'en',1,'CME Branch Office',1,NULL,NULL),(21,'l1pe3kiqppp8jbpiyujrsrf7','Bosch DIESEL Car Service – Bosch Diesel Service – Dubai','bosch-car-service-bosch-diesel-service-dubai','Address: 17, 14b Street, Al Quoz Industrial Area 2, Dubai - 26255\n','https://www.google.com/maps/embed?pb=!1m18!1m12!1m3!1d3612.005843330099!2d55.227679599999995!3d25.1354933!2m3!1f0!2f0!3f0!3m2!1i1024!2i768!4f13.1!3m3!1m2!1s0x3e5f697da5fc80e5%3A0x110be5ae66636227!2sCentral%20Motors%20%26%20Equipment%20-%20Dubai%20Branch!5e0!3m2!1sen!2sin!4v1776765473191!5m2!1sen!2sin','https://www.google.com/maps/place/Central+Motors+%26+Equipment+-+Dubai+Branch/@25.1354933,55.2276796,17z/data=!3m1!4b1!4m6!3m5!1s0x3e5f697da5fc80e5:0x110be5ae66636227!8m2!3d25.1354933!4d55.2276796!16s%2Fg%2F11bbwnnm7c?entry=ttu&g_ep=EgoyMDI2MDQxNS4wIKXMDSoASAFQAw%3D%3D','2026-01-08 11:16:07.450000','2026-06-17 12:58:03.725000',NULL,1,1,'en',0,'Service Locations',NULL,NULL,NULL),(25,'w4sbhlmmjgce36ch8z11tb2g','CME Bosch Car Service ','cme-bosch-car-service-embassy','No.17, 14b Street Al Quoz Industrial Area 1 – 364, Hadaeq Mohammed Bin Rashid, Dubai\n\n','https://www.google.com/maps/embed?pb=!1m18!1m12!1m3!1d3612.005843330099!2d55.227679599999995!3d25.1354933!2m3!1f0!2f0!3f0!3m2!1i1024!2i768!4f13.1!3m3!1m2!1s0x3e5f697da5fc80e5%3A0x110be5ae66636227!2sCentral%20Motors%20%26%20Equipment%20-%20Dubai%20Branch!5e0!3m2!1sen!2sin!4v1776765412895!5m2!1sen!2sin','https://www.google.com/maps/place/Central+Motors+%26+Equipment+-+Dubai+Branch/@25.1354933,55.2276796,17z/data=!3m1!4b1!4m6!3m5!1s0x3e5f697da5fc80e5:0x110be5ae66636227!8m2!3d25.1354933!4d55.2276796!16s%2Fg%2F11bbwnnm7c?entry=ttu&g_ep=EgoyMDI2MDQxNS4wIKXMDSoASAFQAw%3D%3D','2026-01-08 11:31:40.929000','2026-06-19 09:32:41.803000',NULL,1,1,'en',NULL,'Service Locations',13,1,NULL),(27,'bdlnapyhrxyt5jfd8jv37b4o','CME BOSCH Diesel Service','cme-diesel-car-service','No.17, 14b Street Al Quoz Industrial Area 1 – 364, Hadaeq Mohammed Bin Rashid, Dubai \n','https://www.google.com/maps/embed?pb=!1m18!1m12!1m3!1d3612.005843330099!2d55.227679599999995!3d25.1354933!2m3!1f0!2f0!3f0!3m2!1i1024!2i768!4f13.1!3m3!1m2!1s0x3e5f697da5fc80e5%3A0x110be5ae66636227!2sCentral%20Motors%20%26%20Equipment%20-%20Dubai%20Branch!5e0!3m2!1sen!2sin!4v1776765473191!5m2!1sen!2sin','https://www.google.com/maps/place/Central+Motors+%26+Equipment+-+Dubai+Branch/@25.1354933,55.2276796,17z/data=!3m1!4b1!4m6!3m5!1s0x3e5f697da5fc80e5:0x110be5ae66636227!8m2!3d25.1354933!4d55.2276796!16s%2Fg%2F11bbwnnm7c?entry=ttu&g_ep=EgoyMDI2MDQxNS4wIKXMDSoASAFQAw%3D%3D','2026-01-08 11:35:09.195000','2026-06-19 09:33:35.032000',NULL,1,1,'en',NULL,'Service Locations',14,1,NULL),(29,'xlc5mzazk1kuw6hwwzylye2r','CME Tyre Plus - ADNOC Shakhbout Station ','tyreplus-cme-adnoc-shakhbout-station','ADNOC - Shakhbout City - MSH10 - Abu Dhabi. ','https://www.google.com/maps/embed?pb=!1m18!1m12!1m3!1d3634.3782998181646!2d54.626400000000004!3d24.368139999999997!2m3!1f0!2f0!3f0!3m2!1i1024!2i768!4f13.1!3m3!1m2!1s0x3e5e48195e902957%3A0x85d44437b2e0543d!2sTYREPLUS%20CME%20-%20ADNOC%20Shakhbout%20Station!5e0!3m2!1sen!2sin!4v1776764843527!5m2!1sen!2sin','https://www.google.com/maps/place/TYREPLUS+CME+-+ADNOC+Shakhbout+Station/@24.36814,54.6264,17z/data=!3m1!4b1!4m6!3m5!1s0x3e5e48195e902957:0x85d44437b2e0543d!8m2!3d24.36814!4d54.6264!16s%2Fg%2F11d_z9dp3r?entry=ttu&g_ep=EgoyMDI2MDQxNS4wIKXMDSoASAFQAw%3D%3D','2026-01-08 11:39:38.091000','2026-04-21 09:47:41.256000',NULL,1,1,'en',0,'Service Locations',7,NULL,NULL),(31,'vfdarffnc0b9hshpv6yhiyif','CME Branch Office - Northern Emirates','central-motors-and-equipment-northern-emirates-branch','Showroom 23, 24 Maliha Street, Sharjah – 1984 ','https://www.google.com/maps/embed?pb=!1m18!1m12!1m3!1d4439.859883758936!2d55.5016706!3d25.2615995!2m3!1f0!2f0!3f0!3m2!1i1024!2i768!4f13.1!3m3!1m2!1s0x3e5f5ff13b22c10f%3A0x85b9a43643148123!2sCentral%20Motors%20%26%20Equipment%20LLC%20-%20Northern%20Emirates!5e1!3m2!1sen!2sin!4v1781505275019!5m2!1sen!2sin','https://maps.app.goo.gl/h39wNBnfxonrD4fW8','2026-01-08 11:48:43.715000','2026-07-06 09:43:06.799000',NULL,1,1,'en',1,'CME Branch Office',3,NULL,1),(86,'z7kox30x9nfdo5mkbos77bwm','CME Tyre Plus - Mussafah','mussafah',' Street 8 - behind Premier Motor - Musaffah - M15 - Abu Dhabi','https://www.google.com/maps/embed?pb=!1m18!1m12!1m3!1d3634.232042386424!2d54.487370000000006!3d24.373230000000003!2m3!1f0!2f0!3f0!3m2!1i1024!2i768!4f13.1!3m3!1m2!1s0x3e5e4104980e74c9%3A0x6ad866f6ef9e457!2sTYREPLUS%20CME%20-%20Central%20Motor%20Equipment%20-%20Musaffah%20M15!5e0!3m2!1sen!2sin!4v1776764645821!5m2!1sen!2sin','https://www.google.com/maps/place/TYREPLUS+CME+-+Central+Motor+Equipment+-+Musaffah+M15/@24.37323,54.48737,17z/data=!3m1!4b1!4m6!3m5!1s0x3e5e4104980e74c9:0x6ad866f6ef9e457!8m2!3d24.37323!4d54.48737!16s%2Fg%2F11b6js32fv?entry=ttu&g_ep=EgoyMDI2MDQxNS4wIKXMDSoASAFQAw%3D%3D','2026-02-02 10:27:07.933000','2026-04-21 09:44:32.588000',NULL,1,1,'en',0,'Service Locations',4,NULL,NULL),(88,'lpiq97cqjr5omxx1u4nfrqe4','CME Tyre Plus - ADNOC Bateen Station ','bateen','ADNOC Souq - Zone 2, 32nd St cor - 27st St - Al Bateen - Abu Dhabi ','https://www.google.com/maps/embed?pb=!1m18!1m12!1m3!1d3631.785391670482!2d54.34921000000001!3d24.458229999999997!2m3!1f0!2f0!3f0!3m2!1i1024!2i768!4f13.1!3m3!1m2!1s0x3e5e6768daf9fa01%3A0xeb1357e732a1cfd6!2sTYREPLUS%20CME%20-%20Central%20Motor%20Equipment%20-%20Al%20Bateen!5e0!3m2!1sen!2sin!4v1776764721592!5m2!1sen!2sin','https://www.google.com/maps/place/TYREPLUS+CME+-+Central+Motor+Equipment+-+Al+Bateen/@24.45823,54.34921,17z/data=!3m1!4b1!4m6!3m5!1s0x3e5e6768daf9fa01:0xeb1357e732a1cfd6!8m2!3d24.45823!4d54.34921!16s%2Fg%2F11bbwqtn54?entry=ttu&g_ep=EgoyMDI2MDQxNS4wIKXMDSoASAFQAw%3D%3D','2026-02-02 10:27:59.878000','2026-04-21 09:45:40.228000',NULL,1,1,'en',0,'Service Locations',5,NULL,NULL),(90,'wb49fb3roz6ub0akub8frto3','CME Tyre Plus - ADNOC Embassy Station ','embassy','ADNOC Embassy Station - Airport Rd - Al Sa`Adah - Zone 1 - Abu Dhabi ','https://www.google.com/maps/embed?pb=!1m18!1m12!1m3!1d3632.6394610939356!2d54.43204!3d24.428589999999996!2m3!1f0!2f0!3f0!3m2!1i1024!2i768!4f13.1!3m3!1m2!1s0x3e5e69d6708a720d%3A0xa811d8820907237!2sTYREPLUS%20CME%20-Central%20Motor%20Equipment-%20ADNOC%20Embassy%20Station!5e0!3m2!1sen!2sin!4v1776764776489!5m2!1sen!2sin','https://www.google.com/maps/place/TYREPLUS+CME+-Central+Motor+Equipment-+ADNOC+Embassy+Station/@24.42859,54.43204,17z/data=!3m1!4b1!4m6!3m5!1s0x3e5e69d6708a720d:0xa811d8820907237!8m2!3d24.42859!4d54.43204!16s%2Fg%2F11d_z7pvrl?entry=ttu&g_ep=EgoyMDI2MDQxNS4wIKXMDSoASAFQAw%3D%3D','2026-02-02 10:31:47.294000','2026-04-21 09:46:39.809000',NULL,1,1,'en',0,'Service Locations',6,NULL,NULL),(103,'jjoju2mg5e56qe3rgmwqpoy3','CME MTSC - Mafraq ','mafraq','Mafraq Industrial City 1, \nGate # 111\n','https://www.google.com/maps/embed?pb=!1m18!1m12!1m3!1d3636.593884595249!2d54.593223699999996!3d24.2909115!2m3!1f0!2f0!3f0!3m2!1i1024!2i768!4f13.1!3m3!1m2!1s0x3e5e39001abfce55%3A0xeb39b47b77ff3be0!2sMichelin%20Tyres%20Warehouse%20CME!5e0!3m2!1sen!2sin!4v1776765980271!5m2!1sen!2sin','https://www.google.com/maps/place/Michelin+Tyres+Warehouse+CME/@24.2909115,54.5932237,17z/data=!3m1!4b1!4m6!3m5!1s0x3e5e39001abfce55:0xeb39b47b77ff3be0!8m2!3d24.2909115!4d54.5932237!16s%2Fg%2F11z36fdgnp?hl=en&entry=ttu&g_ep=EgoyMDI2MDQxNS4wIKXMDSoASAFQAw%3D%3D','2026-02-02 10:57:36.804000','2026-04-22 06:11:02.774000',NULL,1,1,'en',0,'Service Locations',8,NULL,NULL),(106,'yd0p5t3vduf85a3dx1lmt5o5','CME Power Tools Service - Abu Dhabi ','power-tools-service',' Street 8 - behind Premier Motor - Musaffah - M15 - Abu Dhabi \n','https://www.google.com/maps/embed?pb=!1m18!1m12!1m3!1d3634.2265966885648!2d54.4876376!3d24.373419499999997!2m3!1f0!2f0!3f0!3m2!1i1024!2i768!4f13.1!3m3!1m2!1s0x3e5e4152bc4cc43d%3A0x1198e64599eddbd!2sCentral%20Motors%20%26%20Equipment%20-%20Abu%20Dhabi%20Branch!5e0!3m2!1sen!2sin!4v1776765052743!5m2!1sen!2sin','https://www.google.com/maps/place/Central+Motors+%26+Equipment+-+Abu+Dhabi+Branch/@24.3734195,54.4876376,17z/data=!3m1!4b1!4m6!3m5!1s0x3e5e4152bc4cc43d:0x1198e64599eddbd!8m2!3d24.3734195!4d54.4876376!16s%2Fg%2F11h6t_sf8r?entry=ttu&g_ep=EgoyMDI2MDQxNS4wIKXMDSoASAFQAw%3D%3D','2026-02-02 11:04:14.002000','2026-07-06 06:00:31.173000',NULL,1,1,'en',0,'Service Locations',9,NULL,NULL),(108,'xgqmsn3nxf2380gpv17r1gq5','CME Power Tools Service - Dubai ','power-tools-dubai','Al Quoz Industrial Area 4, Dubai – 26255 \n\n','https://www.google.com/maps/embed?pb=!1m18!1m12!1m3!1d3612.73265691592!2d55.222828899999996!3d25.1109096!2m3!1f0!2f0!3f0!3m2!1i1024!2i768!4f13.1!3m3!1m2!1s0x3e5f6be3288499d9%3A0x67e82e59cb04aeaa!2sCME%20Bosch%20Power%20Tools%20Service%20Center!5e0!3m2!1sen!2sin!4v1776765106576!5m2!1sen!2sin','https://www.google.com/maps/place/CME+Bosch+Power+Tools+Service+Center/@25.1109096,55.2228289,17z/data=!3m1!4b1!4m6!3m5!1s0x3e5f6be3288499d9:0x67e82e59cb04aeaa!8m2!3d25.1109096!4d55.2228289!16s%2Fg%2F11bbwn52pq?entry=ttu&g_ep=EgoyMDI2MDQxNS4wIKXMDSoASAFQAw%3D%3D','2026-02-02 11:07:27.018000','2026-07-06 06:01:14.246000',NULL,1,1,'en',0,'Service Locations',10,NULL,NULL),(113,'vl0fb9ldtwpgn56a91ztj0h8','CME Workshop Test Equipment','workshop','Al Quoz Industrial Area 4, Dubai – 26255 \n','https://www.google.com/maps/embed?pb=!1m18!1m12!1m3!1d3612.73265691592!2d55.222828899999996!3d25.1109096!2m3!1f0!2f0!3f0!3m2!1i1024!2i768!4f13.1!3m3!1m2!1s0x3e5f6be3288499d9%3A0x67e82e59cb04aeaa!2sCME%20Bosch%20Power%20Tools%20Service%20Center!5e0!3m2!1sen!2sin!4v1776765315938!5m2!1sen!2sin','https://www.google.com/maps/place/CME+Bosch+Power+Tools+Service+Center/@25.1109096,55.2228289,17z/data=!3m1!4b1!4m6!3m5!1s0x3e5f6be3288499d9:0x67e82e59cb04aeaa!8m2!3d25.1109096!4d55.2228289!16s%2Fg%2F11bbwn52pq?entry=ttu&g_ep=EgoyMDI2MDQxNS4wIKXMDSoASAFQAw%3D%3D','2026-02-02 11:14:02.855000','2026-06-19 10:06:30.709000',NULL,1,1,'en',0,'Service Locations',12,1,NULL),(118,'ltf9b8zwf9edwf7l3zvz9qvz','CME Al Qouz Warehouse ','alqouz','Al Quoz Industrial Area 4, Dubai – 26255\n','https://www.google.com/maps/embed?pb=!1m18!1m12!1m3!1d3612.73265691592!2d55.222828899999996!3d25.1109096!2m3!1f0!2f0!3f0!3m2!1i1024!2i768!4f13.1!3m3!1m2!1s0x3e5f6be3288499d9%3A0x67e82e59cb04aeaa!2sCME%20Bosch%20Power%20Tools%20Service%20Center!5e0!3m2!1sen!2sin!4v1776765691564!5m2!1sen!2sin','https://www.google.com/maps/place/CME+Bosch+Power+Tools+Service+Center/@25.1109096,55.2228289,17z/data=!3m1!4b1!4m6!3m5!1s0x3e5f6be3288499d9:0x67e82e59cb04aeaa!8m2!3d25.1109096!4d55.2228289!16s%2Fg%2F11bbwn52pq?entry=ttu&g_ep=EgoyMDI2MDQxNS4wIKXMDSoASAFQAw%3D%3D','2026-02-02 11:19:14.158000','2026-04-22 05:27:34.308000',NULL,1,1,'en',0,'Ware houses',17,NULL,NULL),(121,'m50znna6mzc3nhkc6v03unak','CME Mafraq Warehouse','mafraqwarehouse','Mafraq Industrial City 1, \nGate # 111\n','https://www.google.com/maps/embed?pb=!1m18!1m12!1m3!1d3636.593884595249!2d54.593223699999996!3d24.2909115!2m3!1f0!2f0!3f0!3m2!1i1024!2i768!4f13.1!3m3!1m2!1s0x3e5e39001abfce55%3A0xeb39b47b77ff3be0!2sMichelin%20Tyres%20Warehouse%20CME!5e0!3m2!1sen!2sin!4v1776766117818!5m2!1sen!2sin','https://www.google.com/maps/place/Michelin+Tyres+Warehouse+CME/@24.2909115,54.5932237,17z/data=!3m1!4b1!4m6!3m5!1s0x3e5e39001abfce55:0xeb39b47b77ff3be0!8m2!3d24.2909115!4d54.5932237!16s%2Fg%2F11z36fdgnp?hl=en&entry=ttu&g_ep=EgoyMDI2MDQxNS4wIKXMDSoASAFQAw%3D%3D','2026-02-02 11:30:15.149000','2026-04-22 05:26:44.037000',NULL,1,1,'en',0,'Ware houses',15,NULL,NULL),(123,'zebw4v32p0q2lxdrrzftsicj','CME Mussafah Warehouse','mussafahwarehouse',' Street 8 - behind Premier Motor - Musaffah - M15 - Abu Dhabi\n','https://www.google.com/maps/embed?pb=!1m18!1m12!1m3!1d3634.2265966885648!2d54.4876376!3d24.373419499999997!2m3!1f0!2f0!3f0!3m2!1i1024!2i768!4f13.1!3m3!1m2!1s0x3e5e4152bc4cc43d%3A0x1198e64599eddbd!2sCentral%20Motors%20%26%20Equipment%20-%20Abu%20Dhabi%20Branch!5e0!3m2!1sen!2sin!4v1776765614601!5m2!1sen!2sin','https://www.google.com/maps/place/Central+Motors+%26+Equipment+-+Abu+Dhabi+Branch/@24.3734195,54.4876376,17z/data=!3m1!4b1!4m6!3m5!1s0x3e5e4152bc4cc43d:0x1198e64599eddbd!8m2!3d24.3734195!4d54.4876376!16s%2Fg%2F11h6t_sf8r?entry=ttu&g_ep=EgoyMDI2MDQxNS4wIKXMDSoASAFQAw%3D%3D','2026-02-02 11:32:11.045000','2026-04-22 05:27:11.842000',NULL,1,1,'en',0,'Ware houses',16,NULL,NULL),(125,'a0ydsn8tsbeon3p866a1o2th','CME Warehouse - Northern Emirates ','northern-emirates-warehouse','Warehouse no 23, 24 Maliha Street, Sharjah – 1984\n\n','https://www.google.com/maps/embed?pb=!1m18!1m12!1m3!1d4439.859883758936!2d55.5016706!3d25.2615995!2m3!1f0!2f0!3f0!3m2!1i1024!2i768!4f13.1!3m3!1m2!1s0x3e5f5ff13b22c10f%3A0x85b9a43643148123!2sCentral%20Motors%20%26%20Equipment%20LLC%20-%20Northern%20Emirates!5e1!3m2!1sen!2sin!4v1781505275019!5m2!1sen!2sin','https://maps.app.goo.gl/h39wNBnfxonrD4fW8','2026-02-02 11:35:09.682000','2026-07-06 10:18:30.134000',NULL,1,1,'en',0,'Ware houses',18,NULL,NULL),(144,'i34b83zy5qwld38q5n0cmcb9','CME Service - Northern Emirates','powertools-northern-emirates','Showroom 23, 24 Maliha Street, Sharjah – 1984 \n\n','https://www.google.com/maps/embed?pb=!1m18!1m12!1m3!1d4439.859883758936!2d55.5016706!3d25.2615995!2m3!1f0!2f0!3f0!3m2!1i1024!2i768!4f13.1!3m3!1m2!1s0x3e5f5ff13b22c10f%3A0x85b9a43643148123!2sCentral%20Motors%20%26%20Equipment%20LLC%20-%20Northern%20Emirates!5e1!3m2!1sen!2sin!4v1781505275019!5m2!1sen!2sin','https://maps.app.goo.gl/h39wNBnfxonrD4fW8','2026-02-12 05:48:18.915000','2026-07-06 10:16:55.736000',NULL,1,1,'en',0,'Service Locations',11,NULL,1),(173,'dx6c5tyqnqrkqv9pid719mmu','CME MTSC - Mafraq ','CME-MTSC-Mafraq','Mafraq Industrial City 1, \nGate # 111','https://www.google.com/maps/embed?pb=!1m18!1m12!1m3!1d3636.593884595249!2d54.593223699999996!3d24.2909115!2m3!1f0!2f0!3f0!3m2!1i1024!2i768!4f13.1!3m3!1m2!1s0x3e5e39001abfce55%3A0xeb39b47b77ff3be0!2sMichelin%20Tyres%20Warehouse%20CME!5e0!3m2!1sen!2sin!4v1776765980271!5m2!1sen!2sin','https://www.google.com/maps/place/Michelin+Tyres+Warehouse+CME/@24.2909115,54.5932237,17z/data=!3m1!4b1!4m6!3m5!1s0x3e5e39001abfce55:0xeb39b47b77ff3be0!8m2!3d24.2909115!4d54.5932237!16s%2Fg%2F11z36fdgnp?hl=en&entry=ttu&g_ep=EgoyMDI2MDQxNS4wIKXMDSoASAFQAw%3D%3D','2026-03-04 08:40:08.622000','2026-04-22 06:10:43.115000',NULL,1,1,'en',0,'Service Locations',8,NULL,NULL),(273,'trger5nz2n0kcnv17tcr8wnm','CME Workshop Test Equipment','workshop-test-equipment','Al Quoz Industrial Area 4, Dubai – 26255','https://www.google.com/maps/embed?pb=!1m18!1m12!1m3!1d3612.73265691592!2d55.222828899999996!3d25.1109096!2m3!1f0!2f0!3f0!3m2!1i1024!2i768!4f13.1!3m3!1m2!1s0x3e5f6be3288499d9%3A0x67e82e59cb04aeaa!2sCME%20Bosch%20Power%20Tools%20Service%20Center!5e0!3m2!1sen!2sin!4v1776765315938!5m2!1sen!2sin','https://www.google.com/maps/place/CME+Bosch+Power+Tools+Service+Center/@25.1109096,55.2228289,17z/data=!3m1!4b1!4m6!3m5!1s0x3e5f6be3288499d9:0x67e82e59cb04aeaa!8m2!3d25.1109096!4d55.2228289!16s%2Fg%2F11bbwn52pq?entry=ttu&g_ep=EgoyMDI2MDQxNS4wIKXMDSoASAFQAw%3D%3D','2026-04-01 06:55:58.094000','2026-06-17 13:10:12.752000',NULL,1,1,'en',NULL,'Service Locations',NULL,NULL,NULL),(353,'pqc40p7zxv2233qi2y6f74kh','CME Branch Office - Dubai','central-motors-and-equipment-dubai-branch','No.17, 14b Street Al Quoz Industrial Area 1 – 364, Hadaeq Mohammed Bin Rashid, Dubai','https://www.google.com/maps/embed?pb=!1m18!1m12!1m3!1d3612.005843330099!2d55.227679599999995!3d25.1354933!2m3!1f0!2f0!3f0!3m2!1i1024!2i768!4f13.1!3m3!1m2!1s0x3e5f697da5fc80e5%3A0x110be5ae66636227!2sCentral%20Motors%20%26%20Equipment%20-%20Dubai%20Branch!5e0!3m2!1sen!2sin!4v1776764297164!5m2!1sen!2sin','https://www.google.com/maps/place/Central+Motors+%26+Equipment+-+Dubai+Branch/@25.1354933,55.2276796,17z/data=!3m1!4b1!4m6!3m5!1s0x3e5f697da5fc80e5:0x110be5ae66636227!8m2!3d25.1354933!4d55.2276796!16s%2Fg%2F11bbwnnm7c?entry=ttu&g_ep=EgoyMDI2MDQxNS4wIKXMDSoASAFQAw%3D%3D','2025-12-12 06:00:16.228000','2026-04-21 09:38:37.450000','2026-04-21 09:38:38.069000',1,1,'en',1,'CME Branch Office',2,NULL,NULL),(354,'z7kox30x9nfdo5mkbos77bwm','CME Tyre Plus - Mussafah','mussafah',' Street 8 - behind Premier Motor - Musaffah - M15 - Abu Dhabi','https://www.google.com/maps/embed?pb=!1m18!1m12!1m3!1d3634.232042386424!2d54.487370000000006!3d24.373230000000003!2m3!1f0!2f0!3f0!3m2!1i1024!2i768!4f13.1!3m3!1m2!1s0x3e5e4104980e74c9%3A0x6ad866f6ef9e457!2sTYREPLUS%20CME%20-%20Central%20Motor%20Equipment%20-%20Musaffah%20M15!5e0!3m2!1sen!2sin!4v1776764645821!5m2!1sen!2sin','https://www.google.com/maps/place/TYREPLUS+CME+-+Central+Motor+Equipment+-+Musaffah+M15/@24.37323,54.48737,17z/data=!3m1!4b1!4m6!3m5!1s0x3e5e4104980e74c9:0x6ad866f6ef9e457!8m2!3d24.37323!4d54.48737!16s%2Fg%2F11b6js32fv?entry=ttu&g_ep=EgoyMDI2MDQxNS4wIKXMDSoASAFQAw%3D%3D','2026-02-02 10:27:07.933000','2026-04-21 09:44:32.588000','2026-04-21 09:44:33.222000',1,1,'en',0,'Service Locations',4,NULL,NULL),(355,'lpiq97cqjr5omxx1u4nfrqe4','CME Tyre Plus - ADNOC Bateen Station ','bateen','ADNOC Souq - Zone 2, 32nd St cor - 27st St - Al Bateen - Abu Dhabi ','https://www.google.com/maps/embed?pb=!1m18!1m12!1m3!1d3631.785391670482!2d54.34921000000001!3d24.458229999999997!2m3!1f0!2f0!3f0!3m2!1i1024!2i768!4f13.1!3m3!1m2!1s0x3e5e6768daf9fa01%3A0xeb1357e732a1cfd6!2sTYREPLUS%20CME%20-%20Central%20Motor%20Equipment%20-%20Al%20Bateen!5e0!3m2!1sen!2sin!4v1776764721592!5m2!1sen!2sin','https://www.google.com/maps/place/TYREPLUS+CME+-+Central+Motor+Equipment+-+Al+Bateen/@24.45823,54.34921,17z/data=!3m1!4b1!4m6!3m5!1s0x3e5e6768daf9fa01:0xeb1357e732a1cfd6!8m2!3d24.45823!4d54.34921!16s%2Fg%2F11bbwqtn54?entry=ttu&g_ep=EgoyMDI2MDQxNS4wIKXMDSoASAFQAw%3D%3D','2026-02-02 10:27:59.878000','2026-04-21 09:45:40.228000','2026-04-21 09:45:40.864000',1,1,'en',0,'Service Locations',5,NULL,NULL),(356,'wb49fb3roz6ub0akub8frto3','CME Tyre Plus - ADNOC Embassy Station ','embassy','ADNOC Embassy Station - Airport Rd - Al Sa`Adah - Zone 1 - Abu Dhabi ','https://www.google.com/maps/embed?pb=!1m18!1m12!1m3!1d3632.6394610939356!2d54.43204!3d24.428589999999996!2m3!1f0!2f0!3f0!3m2!1i1024!2i768!4f13.1!3m3!1m2!1s0x3e5e69d6708a720d%3A0xa811d8820907237!2sTYREPLUS%20CME%20-Central%20Motor%20Equipment-%20ADNOC%20Embassy%20Station!5e0!3m2!1sen!2sin!4v1776764776489!5m2!1sen!2sin','https://www.google.com/maps/place/TYREPLUS+CME+-Central+Motor+Equipment-+ADNOC+Embassy+Station/@24.42859,54.43204,17z/data=!3m1!4b1!4m6!3m5!1s0x3e5e69d6708a720d:0xa811d8820907237!8m2!3d24.42859!4d54.43204!16s%2Fg%2F11d_z7pvrl?entry=ttu&g_ep=EgoyMDI2MDQxNS4wIKXMDSoASAFQAw%3D%3D','2026-02-02 10:31:47.294000','2026-04-21 09:46:39.809000','2026-04-21 09:46:40.460000',1,1,'en',0,'Service Locations',6,NULL,NULL),(357,'xlc5mzazk1kuw6hwwzylye2r','CME Tyre Plus - ADNOC Shakhbout Station ','tyreplus-cme-adnoc-shakhbout-station','ADNOC - Shakhbout City - MSH10 - Abu Dhabi. ','https://www.google.com/maps/embed?pb=!1m18!1m12!1m3!1d3634.3782998181646!2d54.626400000000004!3d24.368139999999997!2m3!1f0!2f0!3f0!3m2!1i1024!2i768!4f13.1!3m3!1m2!1s0x3e5e48195e902957%3A0x85d44437b2e0543d!2sTYREPLUS%20CME%20-%20ADNOC%20Shakhbout%20Station!5e0!3m2!1sen!2sin!4v1776764843527!5m2!1sen!2sin','https://www.google.com/maps/place/TYREPLUS+CME+-+ADNOC+Shakhbout+Station/@24.36814,54.6264,17z/data=!3m1!4b1!4m6!3m5!1s0x3e5e48195e902957:0x85d44437b2e0543d!8m2!3d24.36814!4d54.6264!16s%2Fg%2F11d_z9dp3r?entry=ttu&g_ep=EgoyMDI2MDQxNS4wIKXMDSoASAFQAw%3D%3D','2026-01-08 11:39:38.091000','2026-04-21 09:47:41.256000','2026-04-21 09:47:41.890000',1,1,'en',0,'Service Locations',7,NULL,NULL),(387,'m50znna6mzc3nhkc6v03unak','CME Mafraq Warehouse','mafraqwarehouse','Mafraq Industrial City 1, \nGate # 111\n','https://www.google.com/maps/embed?pb=!1m18!1m12!1m3!1d3636.593884595249!2d54.593223699999996!3d24.2909115!2m3!1f0!2f0!3f0!3m2!1i1024!2i768!4f13.1!3m3!1m2!1s0x3e5e39001abfce55%3A0xeb39b47b77ff3be0!2sMichelin%20Tyres%20Warehouse%20CME!5e0!3m2!1sen!2sin!4v1776766117818!5m2!1sen!2sin','https://www.google.com/maps/place/Michelin+Tyres+Warehouse+CME/@24.2909115,54.5932237,17z/data=!3m1!4b1!4m6!3m5!1s0x3e5e39001abfce55:0xeb39b47b77ff3be0!8m2!3d24.2909115!4d54.5932237!16s%2Fg%2F11z36fdgnp?hl=en&entry=ttu&g_ep=EgoyMDI2MDQxNS4wIKXMDSoASAFQAw%3D%3D','2026-02-02 11:30:15.149000','2026-04-22 05:26:44.037000','2026-04-22 05:26:44.667000',1,1,'en',0,'Ware houses',15,NULL,NULL),(388,'zebw4v32p0q2lxdrrzftsicj','CME Mussafah Warehouse','mussafahwarehouse',' Street 8 - behind Premier Motor - Musaffah - M15 - Abu Dhabi\n','https://www.google.com/maps/embed?pb=!1m18!1m12!1m3!1d3634.2265966885648!2d54.4876376!3d24.373419499999997!2m3!1f0!2f0!3f0!3m2!1i1024!2i768!4f13.1!3m3!1m2!1s0x3e5e4152bc4cc43d%3A0x1198e64599eddbd!2sCentral%20Motors%20%26%20Equipment%20-%20Abu%20Dhabi%20Branch!5e0!3m2!1sen!2sin!4v1776765614601!5m2!1sen!2sin','https://www.google.com/maps/place/Central+Motors+%26+Equipment+-+Abu+Dhabi+Branch/@24.3734195,54.4876376,17z/data=!3m1!4b1!4m6!3m5!1s0x3e5e4152bc4cc43d:0x1198e64599eddbd!8m2!3d24.3734195!4d54.4876376!16s%2Fg%2F11h6t_sf8r?entry=ttu&g_ep=EgoyMDI2MDQxNS4wIKXMDSoASAFQAw%3D%3D','2026-02-02 11:32:11.045000','2026-04-22 05:27:11.842000','2026-04-22 05:27:12.478000',1,1,'en',0,'Ware houses',16,NULL,NULL),(389,'ltf9b8zwf9edwf7l3zvz9qvz','CME Al Qouz Warehouse ','alqouz','Al Quoz Industrial Area 4, Dubai – 26255\n','https://www.google.com/maps/embed?pb=!1m18!1m12!1m3!1d3612.73265691592!2d55.222828899999996!3d25.1109096!2m3!1f0!2f0!3f0!3m2!1i1024!2i768!4f13.1!3m3!1m2!1s0x3e5f6be3288499d9%3A0x67e82e59cb04aeaa!2sCME%20Bosch%20Power%20Tools%20Service%20Center!5e0!3m2!1sen!2sin!4v1776765691564!5m2!1sen!2sin','https://www.google.com/maps/place/CME+Bosch+Power+Tools+Service+Center/@25.1109096,55.2228289,17z/data=!3m1!4b1!4m6!3m5!1s0x3e5f6be3288499d9:0x67e82e59cb04aeaa!8m2!3d25.1109096!4d55.2228289!16s%2Fg%2F11bbwn52pq?entry=ttu&g_ep=EgoyMDI2MDQxNS4wIKXMDSoASAFQAw%3D%3D','2026-02-02 11:19:14.158000','2026-04-22 05:27:34.308000','2026-04-22 05:27:35.008000',1,1,'en',0,'Ware houses',17,NULL,NULL),(393,'dx6c5tyqnqrkqv9pid719mmu','CME MTSC - Mafraq ','CME-MTSC-Mafraq','Mafraq Industrial City 1, \nGate # 111','https://www.google.com/maps/embed?pb=!1m18!1m12!1m3!1d3636.593884595249!2d54.593223699999996!3d24.2909115!2m3!1f0!2f0!3f0!3m2!1i1024!2i768!4f13.1!3m3!1m2!1s0x3e5e39001abfce55%3A0xeb39b47b77ff3be0!2sMichelin%20Tyres%20Warehouse%20CME!5e0!3m2!1sen!2sin!4v1776765980271!5m2!1sen!2sin','https://www.google.com/maps/place/Michelin+Tyres+Warehouse+CME/@24.2909115,54.5932237,17z/data=!3m1!4b1!4m6!3m5!1s0x3e5e39001abfce55:0xeb39b47b77ff3be0!8m2!3d24.2909115!4d54.5932237!16s%2Fg%2F11z36fdgnp?hl=en&entry=ttu&g_ep=EgoyMDI2MDQxNS4wIKXMDSoASAFQAw%3D%3D','2026-03-04 08:40:08.622000','2026-04-22 06:10:43.115000','2026-04-22 06:10:43.761000',1,1,'en',0,'Service Locations',8,NULL,NULL),(394,'jjoju2mg5e56qe3rgmwqpoy3','CME MTSC - Mafraq ','mafraq','Mafraq Industrial City 1, \nGate # 111\n','https://www.google.com/maps/embed?pb=!1m18!1m12!1m3!1d3636.593884595249!2d54.593223699999996!3d24.2909115!2m3!1f0!2f0!3f0!3m2!1i1024!2i768!4f13.1!3m3!1m2!1s0x3e5e39001abfce55%3A0xeb39b47b77ff3be0!2sMichelin%20Tyres%20Warehouse%20CME!5e0!3m2!1sen!2sin!4v1776765980271!5m2!1sen!2sin','https://www.google.com/maps/place/Michelin+Tyres+Warehouse+CME/@24.2909115,54.5932237,17z/data=!3m1!4b1!4m6!3m5!1s0x3e5e39001abfce55:0xeb39b47b77ff3be0!8m2!3d24.2909115!4d54.5932237!16s%2Fg%2F11z36fdgnp?hl=en&entry=ttu&g_ep=EgoyMDI2MDQxNS4wIKXMDSoASAFQAw%3D%3D','2026-02-02 10:57:36.804000','2026-04-22 06:11:02.774000','2026-04-22 06:11:03.417000',1,1,'en',0,'Service Locations',8,NULL,NULL),(404,'l1pe3kiqppp8jbpiyujrsrf7','Bosch DIESEL Car Service – Bosch Diesel Service – Dubai','bosch-car-service-bosch-diesel-service-dubai','Address: 17, 14b Street, Al Quoz Industrial Area 2, Dubai - 26255\n','https://www.google.com/maps/embed?pb=!1m18!1m12!1m3!1d3612.005843330099!2d55.227679599999995!3d25.1354933!2m3!1f0!2f0!3f0!3m2!1i1024!2i768!4f13.1!3m3!1m2!1s0x3e5f697da5fc80e5%3A0x110be5ae66636227!2sCentral%20Motors%20%26%20Equipment%20-%20Dubai%20Branch!5e0!3m2!1sen!2sin!4v1776765473191!5m2!1sen!2sin','https://www.google.com/maps/place/Central+Motors+%26+Equipment+-+Dubai+Branch/@25.1354933,55.2276796,17z/data=!3m1!4b1!4m6!3m5!1s0x3e5f697da5fc80e5:0x110be5ae66636227!8m2!3d25.1354933!4d55.2276796!16s%2Fg%2F11bbwnnm7c?entry=ttu&g_ep=EgoyMDI2MDQxNS4wIKXMDSoASAFQAw%3D%3D','2026-01-08 11:16:07.450000','2026-06-17 12:58:03.725000','2026-06-17 12:58:04.380000',1,1,'en',0,'Service Locations',NULL,NULL,NULL),(409,'w4sbhlmmjgce36ch8z11tb2g','CME Bosch Car Service ','cme-bosch-car-service-embassy','No.17, 14b Street Al Quoz Industrial Area 1 – 364, Hadaeq Mohammed Bin Rashid, Dubai\n\n','https://www.google.com/maps/embed?pb=!1m18!1m12!1m3!1d3612.005843330099!2d55.227679599999995!3d25.1354933!2m3!1f0!2f0!3f0!3m2!1i1024!2i768!4f13.1!3m3!1m2!1s0x3e5f697da5fc80e5%3A0x110be5ae66636227!2sCentral%20Motors%20%26%20Equipment%20-%20Dubai%20Branch!5e0!3m2!1sen!2sin!4v1776765412895!5m2!1sen!2sin','https://www.google.com/maps/place/Central+Motors+%26+Equipment+-+Dubai+Branch/@25.1354933,55.2276796,17z/data=!3m1!4b1!4m6!3m5!1s0x3e5f697da5fc80e5:0x110be5ae66636227!8m2!3d25.1354933!4d55.2276796!16s%2Fg%2F11bbwnnm7c?entry=ttu&g_ep=EgoyMDI2MDQxNS4wIKXMDSoASAFQAw%3D%3D','2026-01-08 11:31:40.929000','2026-06-19 09:32:41.803000','2026-06-19 09:32:42.652000',1,1,'en',NULL,'Service Locations',13,1,NULL),(410,'bdlnapyhrxyt5jfd8jv37b4o','CME BOSCH Diesel Service','cme-diesel-car-service','No.17, 14b Street Al Quoz Industrial Area 1 – 364, Hadaeq Mohammed Bin Rashid, Dubai \n','https://www.google.com/maps/embed?pb=!1m18!1m12!1m3!1d3612.005843330099!2d55.227679599999995!3d25.1354933!2m3!1f0!2f0!3f0!3m2!1i1024!2i768!4f13.1!3m3!1m2!1s0x3e5f697da5fc80e5%3A0x110be5ae66636227!2sCentral%20Motors%20%26%20Equipment%20-%20Dubai%20Branch!5e0!3m2!1sen!2sin!4v1776765473191!5m2!1sen!2sin','https://www.google.com/maps/place/Central+Motors+%26+Equipment+-+Dubai+Branch/@25.1354933,55.2276796,17z/data=!3m1!4b1!4m6!3m5!1s0x3e5f697da5fc80e5:0x110be5ae66636227!8m2!3d25.1354933!4d55.2276796!16s%2Fg%2F11bbwnnm7c?entry=ttu&g_ep=EgoyMDI2MDQxNS4wIKXMDSoASAFQAw%3D%3D','2026-01-08 11:35:09.195000','2026-06-19 09:33:35.032000','2026-06-19 09:33:35.796000',1,1,'en',NULL,'Service Locations',14,1,NULL),(413,'vl0fb9ldtwpgn56a91ztj0h8','CME Workshop Test Equipment','workshop','Al Quoz Industrial Area 4, Dubai – 26255 \n','https://www.google.com/maps/embed?pb=!1m18!1m12!1m3!1d3612.73265691592!2d55.222828899999996!3d25.1109096!2m3!1f0!2f0!3f0!3m2!1i1024!2i768!4f13.1!3m3!1m2!1s0x3e5f6be3288499d9%3A0x67e82e59cb04aeaa!2sCME%20Bosch%20Power%20Tools%20Service%20Center!5e0!3m2!1sen!2sin!4v1776765315938!5m2!1sen!2sin','https://www.google.com/maps/place/CME+Bosch+Power+Tools+Service+Center/@25.1109096,55.2228289,17z/data=!3m1!4b1!4m6!3m5!1s0x3e5f6be3288499d9:0x67e82e59cb04aeaa!8m2!3d25.1109096!4d55.2228289!16s%2Fg%2F11bbwn52pq?entry=ttu&g_ep=EgoyMDI2MDQxNS4wIKXMDSoASAFQAw%3D%3D','2026-02-02 11:14:02.855000','2026-06-19 10:06:30.709000','2026-06-19 10:06:31.680000',1,1,'en',0,'Service Locations',12,1,NULL),(415,'is45vbdrifkfjeqk6oxpqel9','CME Head Office - Abu Dhabi ','central-motors-and-equipment-abudhabi-branch','Street 8 - Next to Western Motors - Musaffah - M15 - Abu Dhabi','https://www.google.com/maps/embed?pb=!1m18!1m12!1m3!1d3634.2265966885648!2d54.4876376!3d24.373419499999997!2m3!1f0!2f0!3f0!3m2!1i1024!2i768!4f13.1!3m3!1m2!1s0x3e5e4152bc4cc43d%3A0x1198e64599eddbd!2sCentral%20Motors%20%26%20Equipment%20-%20Abu%20Dhabi%20Branch!5e0!3m2!1sen!2sin!4v1776764169402!5m2!1sen!2sin','https://www.google.com/maps/place/Central+Motors+%26+Equipment+-+Abu+Dhabi+Branch/@24.3734195,54.4876376,17z/data=!3m1!4b1!4m6!3m5!1s0x3e5e4152bc4cc43d:0x1198e64599eddbd!8m2!3d24.3734195!4d54.4876376!16s%2Fg%2F11h6t_sf8r?entry=ttu&g_ep=EgoyMDI2MDQxNS4wIKXMDSoASAFQAw%3D%3D','2026-01-08 11:07:41.413000','2026-07-06 05:44:24.991000','2026-07-06 05:44:25.765000',1,1,'en',1,'CME Branch Office',1,NULL,NULL),(419,'yd0p5t3vduf85a3dx1lmt5o5','CME Power Tools Service - Abu Dhabi ','power-tools-service',' Street 8 - behind Premier Motor - Musaffah - M15 - Abu Dhabi \n','https://www.google.com/maps/embed?pb=!1m18!1m12!1m3!1d3634.2265966885648!2d54.4876376!3d24.373419499999997!2m3!1f0!2f0!3f0!3m2!1i1024!2i768!4f13.1!3m3!1m2!1s0x3e5e4152bc4cc43d%3A0x1198e64599eddbd!2sCentral%20Motors%20%26%20Equipment%20-%20Abu%20Dhabi%20Branch!5e0!3m2!1sen!2sin!4v1776765052743!5m2!1sen!2sin','https://www.google.com/maps/place/Central+Motors+%26+Equipment+-+Abu+Dhabi+Branch/@24.3734195,54.4876376,17z/data=!3m1!4b1!4m6!3m5!1s0x3e5e4152bc4cc43d:0x1198e64599eddbd!8m2!3d24.3734195!4d54.4876376!16s%2Fg%2F11h6t_sf8r?entry=ttu&g_ep=EgoyMDI2MDQxNS4wIKXMDSoASAFQAw%3D%3D','2026-02-02 11:04:14.002000','2026-07-06 06:00:31.173000','2026-07-06 06:00:31.853000',1,1,'en',0,'Service Locations',9,NULL,NULL),(420,'xgqmsn3nxf2380gpv17r1gq5','CME Power Tools Service - Dubai ','power-tools-dubai','Al Quoz Industrial Area 4, Dubai – 26255 \n\n','https://www.google.com/maps/embed?pb=!1m18!1m12!1m3!1d3612.73265691592!2d55.222828899999996!3d25.1109096!2m3!1f0!2f0!3f0!3m2!1i1024!2i768!4f13.1!3m3!1m2!1s0x3e5f6be3288499d9%3A0x67e82e59cb04aeaa!2sCME%20Bosch%20Power%20Tools%20Service%20Center!5e0!3m2!1sen!2sin!4v1776765106576!5m2!1sen!2sin','https://www.google.com/maps/place/CME+Bosch+Power+Tools+Service+Center/@25.1109096,55.2228289,17z/data=!3m1!4b1!4m6!3m5!1s0x3e5f6be3288499d9:0x67e82e59cb04aeaa!8m2!3d25.1109096!4d55.2228289!16s%2Fg%2F11bbwn52pq?entry=ttu&g_ep=EgoyMDI2MDQxNS4wIKXMDSoASAFQAw%3D%3D','2026-02-02 11:07:27.018000','2026-07-06 06:01:14.246000','2026-07-06 06:01:14.957000',1,1,'en',0,'Service Locations',10,NULL,NULL),(422,'vfdarffnc0b9hshpv6yhiyif','CME Branch Office - Northern Emirates','central-motors-and-equipment-northern-emirates-branch','Showroom 23, 24 Maliha Street, Sharjah – 1984 ','https://www.google.com/maps/embed?pb=!1m18!1m12!1m3!1d4439.859883758936!2d55.5016706!3d25.2615995!2m3!1f0!2f0!3f0!3m2!1i1024!2i768!4f13.1!3m3!1m2!1s0x3e5f5ff13b22c10f%3A0x85b9a43643148123!2sCentral%20Motors%20%26%20Equipment%20LLC%20-%20Northern%20Emirates!5e1!3m2!1sen!2sin!4v1781505275019!5m2!1sen!2sin','https://maps.app.goo.gl/h39wNBnfxonrD4fW8','2026-01-08 11:48:43.715000','2026-07-06 09:43:06.799000','2026-07-06 09:43:07.488000',1,1,'en',1,'CME Branch Office',3,NULL,1),(423,'i34b83zy5qwld38q5n0cmcb9','CME Service - Northern Emirates','powertools-northern-emirates','Showroom 23, 24 Maliha Street, Sharjah – 1984 \n\n','https://www.google.com/maps/embed?pb=!1m18!1m12!1m3!1d4439.859883758936!2d55.5016706!3d25.2615995!2m3!1f0!2f0!3f0!3m2!1i1024!2i768!4f13.1!3m3!1m2!1s0x3e5f5ff13b22c10f%3A0x85b9a43643148123!2sCentral%20Motors%20%26%20Equipment%20LLC%20-%20Northern%20Emirates!5e1!3m2!1sen!2sin!4v1781505275019!5m2!1sen!2sin','https://maps.app.goo.gl/h39wNBnfxonrD4fW8','2026-02-12 05:48:18.915000','2026-07-06 10:16:55.736000','2026-07-06 10:16:56.424000',1,1,'en',0,'Service Locations',11,NULL,1),(425,'a0ydsn8tsbeon3p866a1o2th','CME Warehouse - Northern Emirates ','northern-emirates-warehouse','Warehouse no 23, 24 Maliha Street, Sharjah – 1984\n\n','https://www.google.com/maps/embed?pb=!1m18!1m12!1m3!1d4439.859883758936!2d55.5016706!3d25.2615995!2m3!1f0!2f0!3f0!3m2!1i1024!2i768!4f13.1!3m3!1m2!1s0x3e5f5ff13b22c10f%3A0x85b9a43643148123!2sCentral%20Motors%20%26%20Equipment%20LLC%20-%20Northern%20Emirates!5e1!3m2!1sen!2sin!4v1781505275019!5m2!1sen!2sin','https://maps.app.goo.gl/h39wNBnfxonrD4fW8','2026-02-02 11:35:09.682000','2026-07-06 10:18:30.134000','2026-07-06 10:18:30.813000',1,1,'en',0,'Ware houses',18,NULL,NULL);

--
-- Table structure for table `branches_branch_location_lnk`
--

CREATE TABLE `branches_branch_location_lnk` (
  `id` int unsigned NOT NULL AUTO_INCREMENT,
  `branch_id` int unsigned DEFAULT NULL,
  `branch_location_id` int unsigned DEFAULT NULL,
  `branch_location_ord` double unsigned DEFAULT NULL,
  PRIMARY KEY (`id`),
  UNIQUE KEY `branches_branch_location_lnk_uq` (`branch_id`,`branch_location_id`),
  KEY `branches_branch_location_lnk_fk` (`branch_id`),
  KEY `branches_branch_location_lnk_ifk` (`branch_location_id`),
  KEY `branches_branch_location_lnk_ofk` (`branch_location_ord`),
  CONSTRAINT `branches_branch_location_lnk_fk` FOREIGN KEY (`branch_id`) REFERENCES `branches` (`id`) ON DELETE CASCADE,
  CONSTRAINT `branches_branch_location_lnk_ifk` FOREIGN KEY (`branch_location_id`) REFERENCES `branch_locations` (`id`) ON DELETE CASCADE
) ENGINE=InnoDB AUTO_INCREMENT=682 DEFAULT CHARSET=utf8mb4 COLLATE=utf8mb4_0900_ai_ci;

--
-- Dumping data for table `branches_branch_location_lnk`
--

INSERT INTO `branches_branch_location_lnk` VALUES (5,1,1,1),(18,5,1,1),(20,17,4,1),(34,31,7,1),(87,17,17,2),(90,1,17,2),(93,31,17,2),(99,5,21,2),(119,86,4,1),(121,88,4,1),(123,90,4,1),(136,103,4,0),(138,29,4,1),(140,106,4,1),(145,108,1,1),(147,113,1,1),(149,27,1,1),(151,25,1,1),(156,121,4,0),(158,125,7,0),(160,118,1,1),(167,88,15,2),(170,90,15,2),(173,86,15,2),(176,29,15,2),(189,144,7,1),(193,123,4,1),(222,27,11,2),(231,106,23,2),(234,108,25,2),(237,144,27,2),(246,173,15,0),(433,273,1,1),(439,25,13,2),(443,273,29,2),(482,113,29,2),(556,353,3,1),(557,353,18,2),(558,354,6,1),(559,354,16,2),(560,355,6,1),(561,355,16,2),(562,356,6,1),(563,356,16,2),(564,357,6,1),(565,357,16,2),(619,387,6,1),(620,388,6,1),(621,389,3,1),(625,393,16,1),(626,394,6,1),(650,409,3,1),(651,409,32,2),(652,410,3,1),(653,410,33,2),(658,413,3,1),(659,413,31,2),(662,415,6,1),(663,415,18,2),(670,419,6,1),(671,419,24,2),(672,420,3,1),(673,420,26,2),(676,422,35,1),(677,422,18,2),(678,423,35,1),(679,423,34,2),(681,425,35,1);

--
-- Table structure for table `branches_cmps`
--

CREATE TABLE `branches_cmps` (
  `id` int unsigned NOT NULL AUTO_INCREMENT,
  `entity_id` int unsigned DEFAULT NULL,
  `cmp_id` int unsigned DEFAULT NULL,
  `component_type` varchar(255) DEFAULT NULL,
  `field` varchar(255) DEFAULT NULL,
  `order` double unsigned DEFAULT NULL,
  PRIMARY KEY (`id`),
  UNIQUE KEY `branches_uq` (`entity_id`,`cmp_id`,`field`,`component_type`),
  KEY `branches_field_idx` (`field`),
  KEY `branches_component_type_idx` (`component_type`),
  KEY `branches_entity_fk` (`entity_id`),
  CONSTRAINT `branches_entity_fk` FOREIGN KEY (`entity_id`) REFERENCES `branches` (`id`) ON DELETE CASCADE
) ENGINE=InnoDB AUTO_INCREMENT=1238 DEFAULT CHARSET=utf8mb4 COLLATE=utf8mb4_0900_ai_ci;

--
-- Dumping data for table `branches_cmps`
--

INSERT INTO `branches_cmps` VALUES (1,1,11,'common.phone','phoneNumbers',1),(13,5,18,'common.phone','phoneNumbers',1),(15,17,20,'common.phone','phoneNumbers',1),(21,21,24,'common.phone','phoneNumbers',1),(23,17,26,'common.phone','phoneNumbers',2),(29,25,30,'common.phone','phoneNumbers',1),(36,27,37,'common.phone','phoneNumbers',1),(39,29,40,'common.phone','phoneNumbers',1),(40,29,41,'common.phone','phoneNumbers',2),(45,31,46,'common.phone','phoneNumbers',1),(215,86,136,'common.phone','phoneNumbers',1),(217,88,138,'common.phone','phoneNumbers',1),(225,90,143,'common.phone','phoneNumbers',1),(226,90,144,'common.phone','phoneNumbers',2),(229,86,147,'common.phone','phoneNumbers',2),(233,88,150,'common.phone','phoneNumbers',2),(247,103,157,'common.phone','phoneNumbers',1),(248,103,158,'common.phone','phoneNumbers',2),(257,106,164,'common.phone','phoneNumbers',1),(259,108,166,'common.phone','phoneNumbers',1),(260,108,167,'common.phone','phoneNumbers',2),(271,113,174,'common.phone','phoneNumbers',1),(285,118,182,'common.phone','phoneNumbers',1),(286,118,183,'common.phone','phoneNumbers',2),(287,118,184,'common.phone','phoneNumbers',3),(293,121,190,'common.phone','phoneNumbers',1),(294,121,191,'common.phone','phoneNumbers',2),(297,123,194,'common.phone','phoneNumbers',1),(299,125,196,'common.phone','phoneNumbers',1),(387,144,240,'common.phone','phoneNumbers',1),(473,173,284,'common.phone','phoneNumbers',1),(474,173,285,'common.phone','phoneNumbers',2),(745,17,422,'common.phone','phoneNumbers',3),(815,273,458,'common.phone','phoneNumbers',1),(1048,353,574,'common.phone','phoneNumbers',1),(1051,354,575,'common.phone','phoneNumbers',1),(1052,354,576,'common.phone','phoneNumbers',2),(1055,355,577,'common.phone','phoneNumbers',1),(1056,355,578,'common.phone','phoneNumbers',2),(1059,356,579,'common.phone','phoneNumbers',1),(1060,356,580,'common.phone','phoneNumbers',2),(1063,357,581,'common.phone','phoneNumbers',1),(1064,357,582,'common.phone','phoneNumbers',2),(1138,387,618,'common.phone','phoneNumbers',1),(1139,387,619,'common.phone','phoneNumbers',2),(1141,388,620,'common.phone','phoneNumbers',1),(1145,389,621,'common.phone','phoneNumbers',1),(1146,389,622,'common.phone','phoneNumbers',2),(1147,389,623,'common.phone','phoneNumbers',3),(1160,393,629,'common.phone','phoneNumbers',1),(1161,393,630,'common.phone','phoneNumbers',2),(1164,394,631,'common.phone','phoneNumbers',1),(1165,394,632,'common.phone','phoneNumbers',2),(1185,404,642,'common.phone','phoneNumbers',1),(1195,409,647,'common.phone','phoneNumbers',1),(1197,410,648,'common.phone','phoneNumbers',1),(1203,413,651,'common.phone','phoneNumbers',1),(1213,415,655,'common.phone','phoneNumbers',1),(1214,415,656,'common.phone','phoneNumbers',2),(1215,415,657,'common.phone','phoneNumbers',3),(1223,419,661,'common.phone','phoneNumbers',1),(1226,420,662,'common.phone','phoneNumbers',1),(1227,420,663,'common.phone','phoneNumbers',2),(1231,422,665,'common.phone','phoneNumbers',1),(1233,423,666,'common.phone','phoneNumbers',1),(1237,425,668,'common.phone','phoneNumbers',1);

--
-- Table structure for table `branches_products_lnk`
--

CREATE TABLE `branches_products_lnk` (
  `id` int unsigned NOT NULL AUTO_INCREMENT,
  `branch_id` int unsigned DEFAULT NULL,
  `business_stream_id` int unsigned DEFAULT NULL,
  `business_stream_ord` double unsigned DEFAULT NULL,
  PRIMARY KEY (`id`),
  UNIQUE KEY `branches_products_lnk_uq` (`branch_id`,`business_stream_id`),
  KEY `branches_products_lnk_fk` (`branch_id`),
  KEY `branches_products_lnk_ifk` (`business_stream_id`),
  KEY `branches_products_lnk_ofk` (`business_stream_ord`),
  CONSTRAINT `branches_products_lnk_fk` FOREIGN KEY (`branch_id`) REFERENCES `branches` (`id`) ON DELETE CASCADE,
  CONSTRAINT `branches_products_lnk_ifk` FOREIGN KEY (`business_stream_id`) REFERENCES `business_streams` (`id`) ON DELETE CASCADE
) ENGINE=InnoDB AUTO_INCREMENT=173 DEFAULT CHARSET=utf8mb4 COLLATE=utf8mb4_0900_ai_ci;

--
-- Dumping data for table `branches_products_lnk`
--

INSERT INTO `branches_products_lnk` VALUES (1,17,1,1),(2,17,3,2),(3,17,6,3),(7,1,1,1),(8,1,3,2),(11,31,1,1),(12,31,3,2),(15,86,6,1),(17,88,6,1),(19,90,6,1),(21,29,6,1),(23,103,6,1),(25,106,3,1),(27,108,3,1),(29,144,3,1),(31,113,1,1),(33,25,1,1),(35,27,1,1),(37,121,6,1),(39,123,1,1),(40,123,3,2),(41,123,6,3),(45,118,1,1),(46,118,3,2),(49,125,1,1),(50,125,3,2),(81,353,45,1),(82,353,47,2),(83,354,42,1),(84,355,42,1),(85,356,42,1),(86,357,42,1),(119,387,42,1),(120,388,45,1),(121,388,47,2),(122,388,42,3),(123,389,45,1),(124,389,47,2),(128,394,42,1),(143,273,1,1),(148,409,45,1),(149,410,45,1),(152,413,45,1),(156,415,45,1),(157,415,47,2),(158,415,42,3),(163,419,47,1),(164,420,47,1),(166,422,45,1),(167,422,47,2),(168,423,47,1),(171,425,45,1),(172,425,47,2);

--
-- Table structure for table `branches_services_lnk`
--

CREATE TABLE `branches_services_lnk` (
  `id` int unsigned NOT NULL AUTO_INCREMENT,
  `branch_id` int unsigned DEFAULT NULL,
  `service_id` int unsigned DEFAULT NULL,
  `service_ord` double unsigned DEFAULT NULL,
  PRIMARY KEY (`id`),
  UNIQUE KEY `branches_services_lnk_uq` (`branch_id`,`service_id`),
  KEY `branches_services_lnk_fk` (`branch_id`),
  KEY `branches_services_lnk_ifk` (`service_id`),
  KEY `branches_services_lnk_ofk` (`service_ord`),
  CONSTRAINT `branches_services_lnk_fk` FOREIGN KEY (`branch_id`) REFERENCES `branches` (`id`) ON DELETE CASCADE,
  CONSTRAINT `branches_services_lnk_ifk` FOREIGN KEY (`service_id`) REFERENCES `services` (`id`) ON DELETE CASCADE
) ENGINE=InnoDB AUTO_INCREMENT=11 DEFAULT CHARSET=utf8mb4 COLLATE=utf8mb4_0900_ai_ci;

--
-- Dumping data for table `branches_services_lnk`
--

INSERT INTO `branches_services_lnk` VALUES (1,25,82,1),(2,409,326,1),(3,27,99,1),(4,410,328,1),(5,113,105,1),(10,413,329,1);

--
-- Table structure for table `brands`
--

CREATE TABLE `brands` (
  `id` int unsigned NOT NULL AUTO_INCREMENT,
  `document_id` varchar(255) DEFAULT NULL,
  `title` varchar(255) DEFAULT NULL,
  `created_at` datetime(6) DEFAULT NULL,
  `updated_at` datetime(6) DEFAULT NULL,
  `published_at` datetime(6) DEFAULT NULL,
  `created_by_id` int unsigned DEFAULT NULL,
  `updated_by_id` int unsigned DEFAULT NULL,
  `locale` varchar(255) DEFAULT NULL,
  `common_url` longtext,
  `enable_common_url` tinyint(1) DEFAULT NULL,
  `automotive_url` longtext,
  `enable_automotive_url` tinyint(1) DEFAULT NULL,
  `power_tool_url` longtext,
  `enable_power_tool_url` tinyint(1) DEFAULT NULL,
  `tyre_url` longtext,
  `enable_tyre_url` tinyint(1) DEFAULT NULL,
  `is_featured` tinyint(1) DEFAULT NULL,
  `home_display_order` int DEFAULT NULL,
  `automotive_display_order` int DEFAULT NULL,
  `tyre_display_order` int DEFAULT NULL,
  `powertools_display_order` int DEFAULT NULL,
  `home_position` varchar(255) DEFAULT NULL,
  `automotive_position` varchar(255) DEFAULT NULL,
  `tyre_position` varchar(255) DEFAULT NULL,
  `powertools_position` varchar(255) DEFAULT NULL,
  PRIMARY KEY (`id`),
  KEY `brands_documents_idx` (`document_id`,`locale`,`published_at`),
  KEY `brands_created_by_id_fk` (`created_by_id`),
  KEY `brands_updated_by_id_fk` (`updated_by_id`),
  CONSTRAINT `brands_created_by_id_fk` FOREIGN KEY (`created_by_id`) REFERENCES `admin_users` (`id`) ON DELETE SET NULL,
  CONSTRAINT `brands_updated_by_id_fk` FOREIGN KEY (`updated_by_id`) REFERENCES `admin_users` (`id`) ON DELETE SET NULL
) ENGINE=InnoDB AUTO_INCREMENT=238 DEFAULT CHARSET=utf8mb4 COLLATE=utf8mb4_0900_ai_ci;

--
-- Dumping data for table `brands`
--

INSERT INTO `brands` VALUES (14,'n9gt88bkyk17osl5dpg0gzfu','Michelin','2026-01-21 07:02:55.412000','2026-02-05 11:51:19.841000',NULL,1,1,'en',NULL,NULL,NULL,NULL,NULL,NULL,NULL,NULL,NULL,NULL,NULL,NULL,NULL,NULL,NULL,NULL,NULL),(16,'q8w465abn879jdhys84s67q0','cyclo','2026-01-21 07:04:12.011000','2026-01-21 09:49:01.854000',NULL,1,1,'en',NULL,NULL,NULL,NULL,NULL,NULL,NULL,NULL,NULL,NULL,NULL,NULL,NULL,NULL,NULL,NULL,NULL),(18,'s7a4l0meuzwakqhimpikwqfp','car go','2026-01-21 07:05:04.460000','2026-01-21 10:28:52.628000',NULL,1,1,'en',NULL,NULL,NULL,NULL,NULL,NULL,NULL,NULL,NULL,NULL,NULL,NULL,NULL,NULL,NULL,NULL,NULL),(20,'xrykpx56ixcerdh4etv7xssq','bridge stone','2026-01-21 07:05:44.072000','2026-06-15 06:56:41.378000',NULL,1,1,'en',NULL,NULL,NULL,NULL,NULL,NULL,NULL,NULL,NULL,NULL,NULL,NULL,NULL,NULL,NULL,NULL,NULL),(22,'paydf8yd8sfv2rwi9i68rbhe','Optima','2026-01-21 07:06:18.095000','2026-01-21 07:06:18.095000',NULL,1,1,'en',NULL,NULL,NULL,NULL,NULL,NULL,NULL,NULL,NULL,NULL,NULL,NULL,NULL,NULL,NULL,NULL,NULL),(24,'kjr2sfyhldpuxprhp1qixscx','knorr-bremse','2026-01-21 07:07:34.838000','2026-06-15 12:51:22.020000',NULL,1,1,'en',NULL,NULL,NULL,NULL,NULL,NULL,NULL,NULL,NULL,NULL,10,NULL,NULL,NULL,NULL,NULL,NULL),(28,'kglawfbw52b3j6lzyzpjj00s','Tyre Plus','2026-01-21 09:08:24.007000','2026-06-16 05:12:56.767000',NULL,1,1,'en',NULL,NULL,NULL,NULL,NULL,NULL,NULL,NULL,NULL,11,NULL,1,NULL,'right_to_featured',NULL,'left_to_featured',NULL),(30,'zf0ykpcq16dhi8y791i2ra3j','Michelin','2026-01-21 09:10:15.898000','2026-02-18 06:07:29.960000',NULL,1,1,'en',NULL,NULL,NULL,NULL,NULL,NULL,NULL,NULL,1,NULL,NULL,NULL,NULL,NULL,NULL,NULL,NULL),(34,'uizxpc8g5mfb7zuwa401ovz6','sicam','2026-01-21 09:20:37.148000','2026-06-16 05:12:26.289000',NULL,1,1,'en',NULL,NULL,NULL,NULL,NULL,NULL,NULL,NULL,NULL,11,11,NULL,NULL,'right_to_featured','right_to_featured',NULL,NULL),(36,'a24wm087ru1fx6vjqwj6lt5b','osram','2026-01-21 09:21:01.479000','2026-01-21 09:21:01.479000',NULL,1,1,'en',NULL,NULL,NULL,NULL,NULL,NULL,NULL,NULL,NULL,NULL,NULL,NULL,NULL,NULL,NULL,NULL,NULL),(38,'n1jpa7y9lx7n4ddey6lt17g5','grantex','2026-01-21 09:21:27.338000','2026-06-16 04:55:08.654000',NULL,1,1,'en',NULL,NULL,NULL,NULL,NULL,NULL,NULL,NULL,NULL,12,12,NULL,NULL,'left_to_featured','left_to_featured',NULL,NULL),(40,'vrocse3wnomun5t46br0vf5k','AZPI','2026-01-21 09:21:47.206000','2026-01-21 09:36:19.347000',NULL,1,1,'en',NULL,NULL,NULL,NULL,NULL,NULL,NULL,NULL,NULL,NULL,NULL,NULL,NULL,NULL,NULL,NULL,NULL),(44,'fgfkoncx79tw2m0jepdtzsvl','bosch','2026-01-21 09:23:57.652000','2026-06-17 11:17:51.419000',NULL,1,1,'en',NULL,NULL,NULL,NULL,NULL,NULL,NULL,NULL,1,5,5,NULL,NULL,'left_to_featured','left_to_featured',NULL,NULL),(47,'vrocse3wnomun5t46br0vf5k','AZPI','2026-01-21 09:21:47.206000','2026-01-21 09:36:19.347000','2026-01-21 09:36:19.677000',1,1,'en',NULL,NULL,NULL,NULL,NULL,NULL,NULL,NULL,NULL,NULL,NULL,NULL,NULL,NULL,NULL,NULL,NULL),(53,'q8w465abn879jdhys84s67q0','cyclo','2026-01-21 07:04:12.011000','2026-01-21 09:49:01.854000','2026-01-21 09:49:02.266000',1,1,'en',NULL,NULL,NULL,NULL,NULL,NULL,NULL,NULL,NULL,NULL,NULL,NULL,NULL,NULL,NULL,NULL,NULL),(54,'f0o7hr9kqdz1ptycmc7c87ip','bosch','2026-01-21 10:21:21.918000','2026-01-21 10:21:21.918000',NULL,1,1,'en',NULL,NULL,NULL,NULL,NULL,NULL,NULL,NULL,NULL,NULL,NULL,NULL,NULL,NULL,NULL,NULL,NULL),(55,'f0o7hr9kqdz1ptycmc7c87ip','bosch','2026-01-21 10:21:21.918000','2026-01-21 10:21:21.918000','2026-01-21 10:21:22.293000',1,1,'en',NULL,NULL,NULL,NULL,NULL,NULL,NULL,NULL,NULL,NULL,NULL,NULL,NULL,NULL,NULL,NULL,NULL),(56,'eyz4jl7obr9jgwlgfz9g7mej','Azpi','2026-01-21 10:23:04.864000','2026-06-16 04:27:16.982000',NULL,1,1,'en',NULL,NULL,NULL,NULL,NULL,NULL,NULL,NULL,NULL,4,4,NULL,NULL,'left_to_featured','left_to_featured',NULL,NULL),(58,'ry7hcveftvo8a57h1zbiow15','osram','2026-01-21 10:23:26.683000','2026-06-16 05:11:35.876000',NULL,1,1,'en',NULL,NULL,NULL,NULL,NULL,NULL,NULL,NULL,NULL,10,NULL,NULL,NULL,'right_to_featured',NULL,NULL,NULL),(60,'g9vbvowxeuqigmc9m1hvfrct','Asnu','2026-01-21 10:23:43.514000','2026-06-30 04:57:01.540000',NULL,1,1,'en',NULL,NULL,NULL,NULL,NULL,NULL,NULL,NULL,NULL,3,2,NULL,NULL,'left_to_featured','left_to_featured',NULL,NULL),(63,'s7a4l0meuzwakqhimpikwqfp','car go','2026-01-21 07:05:04.460000','2026-01-21 10:28:52.628000','2026-01-21 10:28:53.018000',1,1,'en',NULL,NULL,NULL,NULL,NULL,NULL,NULL,NULL,NULL,NULL,NULL,NULL,NULL,NULL,NULL,NULL,NULL),(81,'zf0ykpcq16dhi8y791i2ra3j','Michelin','2026-01-21 09:10:15.898000','2026-02-18 06:07:29.960000','2026-02-18 06:07:30.433000',1,1,'en',NULL,NULL,NULL,NULL,NULL,NULL,NULL,NULL,1,NULL,NULL,NULL,NULL,NULL,NULL,NULL,NULL),(83,'yxe2n9us8mnwmmp6w8691k7a','Bosch blue','2026-03-06 06:45:37.438000','2026-06-23 11:14:01.327000',NULL,1,1,'en',NULL,0,NULL,0,NULL,0,NULL,0,0,2,6,NULL,NULL,'right_to_featured','left_to_featured',NULL,NULL),(85,'j0d1isggo94gqpod0tp21e70','Bosch green','2026-03-06 06:47:17.323000','2026-06-16 04:52:50.856000',NULL,1,1,'en',NULL,0,NULL,0,NULL,0,NULL,0,0,2,NULL,NULL,NULL,'right_to_featured',NULL,NULL,NULL),(87,'hy2fm3xfnsn1ben80a6ms7ds','Dremel blue','2026-03-06 06:48:23.106000','2026-06-23 11:17:28.916000',NULL,1,1,'en',NULL,0,NULL,0,NULL,0,NULL,0,0,3,11,NULL,NULL,'right_to_featured','left_to_featured',NULL,NULL),(89,'u7f7jlmf7mn6k0wl9odu67od','Bf good rich tires','2026-03-06 06:51:43.771000','2026-06-16 04:25:11.596000',NULL,1,1,'en',NULL,0,NULL,0,NULL,0,NULL,0,0,1,1,1,NULL,'right_to_featured','right_to_featured','right_to_featured',NULL),(91,'r6j6oa2hv8dweui4sbucqoyr','Michelin','2026-03-06 06:53:15.741000','2026-03-06 06:53:15.741000',NULL,1,1,'en',NULL,0,NULL,0,NULL,0,NULL,0,0,NULL,NULL,NULL,NULL,NULL,NULL,NULL,NULL),(92,'r6j6oa2hv8dweui4sbucqoyr','Michelin','2026-03-06 06:53:15.741000','2026-03-06 06:53:15.741000','2026-03-06 06:53:16.097000',1,1,'en',NULL,0,NULL,0,NULL,0,NULL,0,0,NULL,NULL,NULL,NULL,NULL,NULL,NULL,NULL),(93,'dwnov4yhx4i33bjx0upssjy9','Bosch diesel service','2026-03-06 06:56:03.521000','2026-06-16 04:24:49.906000',NULL,1,1,'en',NULL,0,NULL,0,NULL,0,NULL,0,0,1,1,NULL,NULL,'left_to_featured','left_to_featured',NULL,NULL),(95,'a86vmfxmfkky9nmt42rl07gk','Bosch car service','2026-03-06 06:59:19.228000','2026-06-16 04:28:38.561000',NULL,1,1,'en',NULL,0,NULL,0,NULL,0,NULL,0,0,7,NULL,NULL,NULL,'left_to_featured',NULL,NULL,NULL),(97,'nov1tq3irri2ewn15ip95exi','Clas','2026-03-06 07:03:03.107000','2026-06-16 04:53:27.331000',NULL,1,1,'en',NULL,0,NULL,0,NULL,0,NULL,0,0,8,8,NULL,NULL,'left_to_featured','left_to_featured',NULL,NULL),(99,'hd8txznuhzmzyudm3xhcnrbw','Eveready logo','2026-03-06 07:05:37.833000','2026-06-16 04:54:52.300000',NULL,1,1,'en',NULL,0,NULL,0,NULL,0,NULL,0,0,11,11,NULL,NULL,'left_to_featured','left_to_featured',NULL,NULL),(101,'gxgib4pfy19brbmwpdh3a7m5','JP Group Automotive','2026-03-06 07:09:16.934000','2026-03-06 10:10:36.636000',NULL,1,1,'en',NULL,0,NULL,0,NULL,0,NULL,0,0,NULL,NULL,NULL,NULL,NULL,NULL,NULL,NULL),(103,'mwq8lkkfove6qh1rhwnmb7zb','JP Group Automotive pos','2026-03-06 07:10:47.589000','2026-06-23 11:18:18.954000',NULL,1,1,'en',NULL,0,NULL,0,NULL,0,NULL,0,0,4,4,NULL,NULL,'right_to_featured','right_to_featured',NULL,NULL),(105,'q1wxkvxhnlcu78uoq1f10i20','KB logo left RGB','2026-03-06 07:12:35.395000','2026-06-16 05:09:21.903000',NULL,1,1,'en',NULL,0,NULL,0,NULL,0,NULL,0,0,5,5,NULL,NULL,'right_to_featured','right_to_featured',NULL,NULL),(107,'wjbmc7tcw6bjgp7wpgsq95zm','Manatec','2026-03-06 07:15:58.648000','2026-06-16 05:09:41.534000',NULL,1,1,'en',NULL,0,NULL,0,NULL,0,NULL,0,0,6,6,NULL,NULL,'right_to_featured','right_to_featured',NULL,NULL),(109,'gzzwiflegzyui5vh8xcg240f','Optima by clarios','2026-03-06 07:17:42.385000','2026-06-16 05:11:19.945000',NULL,1,1,'en',NULL,0,NULL,0,NULL,0,NULL,0,0,9,NULL,NULL,NULL,'right_to_featured',NULL,NULL,NULL),(111,'zfrdrjvzvwu9pde7ymtxst9b','Sicam','2026-03-06 07:18:45.763000','2026-03-06 07:18:45.763000',NULL,1,1,'en',NULL,0,NULL,0,NULL,0,NULL,0,0,NULL,NULL,NULL,NULL,NULL,NULL,NULL,NULL),(131,'m8zihl17z32by4hdhkf3nge7','Zexel','2026-03-13 06:11:06.683000','2026-06-16 05:13:30.448000',NULL,1,1,'en',NULL,0,NULL,0,NULL,0,NULL,0,0,13,NULL,NULL,NULL,'right_to_featured','right_to_featured',NULL,NULL),(133,'pa84vx9ihg55rf8drcq1fn1r','NRF','2026-03-13 06:11:23.486000','2026-06-16 05:10:48.151000',NULL,1,1,'en',NULL,0,NULL,0,NULL,0,NULL,0,0,7,7,NULL,NULL,'right_to_featured','right_to_featured',NULL,NULL),(135,'kjch4f9x106n854z7jys3hwf','Valeo','2026-03-13 06:11:49.016000','2026-06-16 05:13:13.822000',NULL,1,1,'en',NULL,0,NULL,0,NULL,0,NULL,0,0,12,12,NULL,NULL,'right_to_featured','right_to_featured',NULL,NULL),(138,'tug7ukxz2qmqb5ud92zg6cmk','HC Cargo','2026-03-13 06:12:28.771000','2026-06-16 04:55:29.232000',NULL,1,1,'en',NULL,0,NULL,0,NULL,0,NULL,0,0,13,13,NULL,NULL,'left_to_featured','left_to_featured',NULL,NULL),(141,'n3n6hb12tar080ker4etskk7','Cyclo','2026-03-13 06:12:58.381000','2026-06-16 04:53:49.908000',NULL,1,1,'en',NULL,0,NULL,0,NULL,0,NULL,0,0,9,9,NULL,NULL,'left_to_featured','left_to_featured',NULL,NULL),(145,'mawkhhvukp8c9dilultoinkn','Optima','2026-03-13 06:13:56.771000','2026-06-16 05:11:04.134000',NULL,1,1,'en',NULL,0,NULL,0,NULL,0,NULL,0,0,8,8,NULL,NULL,'right_to_featured','right_to_featured',NULL,NULL),(147,'ap8xcbpncn7i8kkdsnpjvmbb','Autopart Battery','2026-03-13 06:14:24.611000','2026-06-16 04:27:03.253000',NULL,1,1,'en',NULL,0,NULL,0,NULL,0,NULL,0,0,3,3,NULL,NULL,'left_to_featured','left_to_featured',NULL,NULL),(153,'naxhzh9icj7zdt2e4ayc4i3s','Sicam','2026-03-13 06:15:18.764000','2026-06-15 06:59:13.869000',NULL,1,1,'en',NULL,0,NULL,0,NULL,0,NULL,0,0,NULL,NULL,NULL,NULL,NULL,NULL,NULL,NULL),(156,'zt77vel4geqx9tqvbb2l73pu','HPA Faip','2026-03-13 06:15:49.362000','2026-06-16 05:05:37.765000',NULL,1,1,'en',NULL,0,NULL,0,NULL,0,NULL,0,0,3,3,NULL,NULL,'right_to_featured','right_to_featured',NULL,NULL),(160,'kaqtmxkxbgg19gc7n9slwigc','Osram','2026-03-13 10:46:12.174000','2026-06-16 05:11:57.974000',NULL,1,1,'en',NULL,0,NULL,0,NULL,0,NULL,0,0,10,10,NULL,NULL,'right_to_featured','right_to_featured',NULL,NULL),(193,'kjr2sfyhldpuxprhp1qixscx','knorr-bremse','2026-01-21 07:07:34.838000','2026-06-15 12:51:22.020000','2026-06-15 12:51:22.365000',1,1,'en',NULL,NULL,NULL,NULL,NULL,NULL,NULL,NULL,NULL,NULL,10,NULL,NULL,NULL,NULL,NULL,NULL),(198,'dwnov4yhx4i33bjx0upssjy9','Bosch diesel service','2026-03-06 06:56:03.521000','2026-06-16 04:24:49.906000','2026-06-16 04:24:50.381000',1,1,'en',NULL,0,NULL,0,NULL,0,NULL,0,0,1,1,NULL,NULL,'left_to_featured','left_to_featured',NULL,NULL),(199,'u7f7jlmf7mn6k0wl9odu67od','Bf good rich tires','2026-03-06 06:51:43.771000','2026-06-16 04:25:11.596000','2026-06-16 04:25:12.059000',1,1,'en',NULL,0,NULL,0,NULL,0,NULL,0,0,1,1,1,NULL,'right_to_featured','right_to_featured','right_to_featured',NULL),(201,'ap8xcbpncn7i8kkdsnpjvmbb','Autopart Battery','2026-03-13 06:14:24.611000','2026-06-16 04:27:03.253000','2026-06-16 04:27:03.773000',1,1,'en',NULL,0,NULL,0,NULL,0,NULL,0,0,3,3,NULL,NULL,'left_to_featured','left_to_featured',NULL,NULL),(202,'eyz4jl7obr9jgwlgfz9g7mej','Azpi','2026-01-21 10:23:04.864000','2026-06-16 04:27:16.982000','2026-06-16 04:27:17.440000',1,1,'en',NULL,NULL,NULL,NULL,NULL,NULL,NULL,NULL,NULL,4,4,NULL,NULL,'left_to_featured','left_to_featured',NULL,NULL),(205,'a86vmfxmfkky9nmt42rl07gk','Bosch car service','2026-03-06 06:59:19.228000','2026-06-16 04:28:38.561000','2026-06-16 04:28:39.019000',1,1,'en',NULL,0,NULL,0,NULL,0,NULL,0,0,7,NULL,NULL,NULL,'left_to_featured',NULL,NULL,NULL),(207,'nov1tq3irri2ewn15ip95exi','Clas','2026-03-06 07:03:03.107000','2026-06-16 04:53:27.331000','2026-06-16 04:53:27.800000',1,1,'en',NULL,0,NULL,0,NULL,0,NULL,0,0,8,8,NULL,NULL,'left_to_featured','left_to_featured',NULL,NULL),(208,'n3n6hb12tar080ker4etskk7','Cyclo','2026-03-13 06:12:58.381000','2026-06-16 04:53:49.908000','2026-06-16 04:53:50.399000',1,1,'en',NULL,0,NULL,0,NULL,0,NULL,0,0,9,9,NULL,NULL,'left_to_featured','left_to_featured',NULL,NULL),(210,'hd8txznuhzmzyudm3xhcnrbw','Eveready logo','2026-03-06 07:05:37.833000','2026-06-16 04:54:52.300000','2026-06-16 04:54:52.754000',1,1,'en',NULL,0,NULL,0,NULL,0,NULL,0,0,11,11,NULL,NULL,'left_to_featured','left_to_featured',NULL,NULL),(211,'n1jpa7y9lx7n4ddey6lt17g5','grantex','2026-01-21 09:21:27.338000','2026-06-16 04:55:08.654000','2026-06-16 04:55:09.135000',1,1,'en',NULL,NULL,NULL,NULL,NULL,NULL,NULL,NULL,NULL,12,12,NULL,NULL,'left_to_featured','left_to_featured',NULL,NULL),(212,'tug7ukxz2qmqb5ud92zg6cmk','HC Cargo','2026-03-13 06:12:28.771000','2026-06-16 04:55:29.232000','2026-06-16 04:55:29.690000',1,1,'en',NULL,0,NULL,0,NULL,0,NULL,0,0,13,13,NULL,NULL,'left_to_featured','left_to_featured',NULL,NULL),(213,'zt77vel4geqx9tqvbb2l73pu','HPA Faip','2026-03-13 06:15:49.362000','2026-06-16 05:05:37.765000','2026-06-16 05:05:38.232000',1,1,'en',NULL,0,NULL,0,NULL,0,NULL,0,0,3,3,NULL,NULL,'right_to_featured','right_to_featured',NULL,NULL),(215,'q1wxkvxhnlcu78uoq1f10i20','KB logo left RGB','2026-03-06 07:12:35.395000','2026-06-16 05:09:21.903000','2026-06-16 05:09:22.369000',1,1,'en',NULL,0,NULL,0,NULL,0,NULL,0,0,5,5,NULL,NULL,'right_to_featured','right_to_featured',NULL,NULL),(216,'wjbmc7tcw6bjgp7wpgsq95zm','Manatec','2026-03-06 07:15:58.648000','2026-06-16 05:09:41.534000','2026-06-16 05:09:41.998000',1,1,'en',NULL,0,NULL,0,NULL,0,NULL,0,0,6,6,NULL,NULL,'right_to_featured','right_to_featured',NULL,NULL),(217,'pa84vx9ihg55rf8drcq1fn1r','NRF','2026-03-13 06:11:23.486000','2026-06-16 05:10:48.151000','2026-06-16 05:10:48.612000',1,1,'en',NULL,0,NULL,0,NULL,0,NULL,0,0,7,7,NULL,NULL,'right_to_featured','right_to_featured',NULL,NULL),(218,'mawkhhvukp8c9dilultoinkn','Optima','2026-03-13 06:13:56.771000','2026-06-16 05:11:04.134000','2026-06-16 05:11:04.638000',1,1,'en',NULL,0,NULL,0,NULL,0,NULL,0,0,8,8,NULL,NULL,'right_to_featured','right_to_featured',NULL,NULL),(221,'kaqtmxkxbgg19gc7n9slwigc','Osram','2026-03-13 10:46:12.174000','2026-06-16 05:11:57.974000','2026-06-16 05:11:58.443000',1,1,'en',NULL,0,NULL,0,NULL,0,NULL,0,0,10,10,NULL,NULL,'right_to_featured','right_to_featured',NULL,NULL),(222,'uizxpc8g5mfb7zuwa401ovz6','sicam','2026-01-21 09:20:37.148000','2026-06-16 05:12:26.289000','2026-06-16 05:12:26.758000',1,1,'en',NULL,NULL,NULL,NULL,NULL,NULL,NULL,NULL,NULL,11,11,NULL,NULL,'right_to_featured','right_to_featured',NULL,NULL),(223,'kglawfbw52b3j6lzyzpjj00s','Tyre Plus','2026-01-21 09:08:24.007000','2026-06-16 05:12:56.767000','2026-06-16 05:12:57.239000',1,1,'en',NULL,NULL,NULL,NULL,NULL,NULL,NULL,NULL,NULL,11,NULL,1,NULL,'right_to_featured',NULL,'left_to_featured',NULL),(224,'kjch4f9x106n854z7jys3hwf','Valeo','2026-03-13 06:11:49.016000','2026-06-16 05:13:13.822000','2026-06-16 05:13:14.284000',1,1,'en',NULL,0,NULL,0,NULL,0,NULL,0,0,12,12,NULL,NULL,'right_to_featured','right_to_featured',NULL,NULL),(225,'m8zihl17z32by4hdhkf3nge7','Zexel','2026-03-13 06:11:06.683000','2026-06-16 05:13:30.448000','2026-06-16 05:13:30.914000',1,1,'en',NULL,0,NULL,0,NULL,0,NULL,0,0,13,NULL,NULL,NULL,'right_to_featured','right_to_featured',NULL,NULL),(228,'fgfkoncx79tw2m0jepdtzsvl','bosch','2026-01-21 09:23:57.652000','2026-06-17 11:17:51.419000','2026-06-17 11:17:51.767000',1,1,'en',NULL,NULL,NULL,NULL,NULL,NULL,NULL,NULL,1,5,5,NULL,NULL,'left_to_featured','left_to_featured',NULL,NULL),(229,'yxe2n9us8mnwmmp6w8691k7a','Bosch blue','2026-03-06 06:45:37.438000','2026-06-23 11:14:01.327000','2026-06-23 11:14:02.865000',1,1,'en',NULL,0,NULL,0,NULL,0,NULL,0,0,2,6,NULL,NULL,'right_to_featured','left_to_featured',NULL,NULL),(231,'hy2fm3xfnsn1ben80a6ms7ds','Dremel blue','2026-03-06 06:48:23.106000','2026-06-23 11:17:28.916000','2026-06-23 11:17:29.251000',1,1,'en',NULL,0,NULL,0,NULL,0,NULL,0,0,3,11,NULL,NULL,'right_to_featured','left_to_featured',NULL,NULL),(233,'mwq8lkkfove6qh1rhwnmb7zb','JP Group Automotive pos','2026-03-06 07:10:47.589000','2026-06-23 11:18:18.954000','2026-06-23 11:18:19.288000',1,1,'en',NULL,0,NULL,0,NULL,0,NULL,0,0,4,4,NULL,NULL,'right_to_featured','right_to_featured',NULL,NULL),(234,'w6tmxyq2tuswxlbdv0qmbbcv','Bosch service','2026-06-29 09:01:43.470000','2026-06-30 04:56:20.580000',NULL,1,1,'en',NULL,0,NULL,0,NULL,0,NULL,0,0,2,NULL,NULL,NULL,'left_to_featured',NULL,NULL,NULL),(236,'w6tmxyq2tuswxlbdv0qmbbcv','Bosch service','2026-06-29 09:01:43.470000','2026-06-30 04:56:20.580000','2026-06-30 04:56:21.001000',1,1,'en',NULL,0,NULL,0,NULL,0,NULL,0,0,2,NULL,NULL,NULL,'left_to_featured',NULL,NULL,NULL),(237,'g9vbvowxeuqigmc9m1hvfrct','Asnu','2026-01-21 10:23:43.514000','2026-06-30 04:57:01.540000','2026-06-30 04:57:02.045000',1,1,'en',NULL,NULL,NULL,NULL,NULL,NULL,NULL,NULL,NULL,3,2,NULL,NULL,'left_to_featured','left_to_featured',NULL,NULL);

--
-- Table structure for table `brands_types_lnk`
--

CREATE TABLE `brands_types_lnk` (
  `id` int unsigned NOT NULL AUTO_INCREMENT,
  `brand_id` int unsigned DEFAULT NULL,
  `type_id` int unsigned DEFAULT NULL,
  `type_ord` double unsigned DEFAULT NULL,
  PRIMARY KEY (`id`),
  UNIQUE KEY `brands_types_lnk_uq` (`brand_id`,`type_id`),
  KEY `brands_types_lnk_fk` (`brand_id`),
  KEY `brands_types_lnk_ifk` (`type_id`),
  KEY `brands_types_lnk_ofk` (`type_ord`),
  CONSTRAINT `brands_types_lnk_fk` FOREIGN KEY (`brand_id`) REFERENCES `brands` (`id`) ON DELETE CASCADE,
  CONSTRAINT `brands_types_lnk_ifk` FOREIGN KEY (`type_id`) REFERENCES `types` (`id`) ON DELETE CASCADE
) ENGINE=InnoDB AUTO_INCREMENT=293 DEFAULT CHARSET=utf8mb4 COLLATE=utf8mb4_0900_ai_ci;

--
-- Dumping data for table `brands_types_lnk`
--

INSERT INTO `brands_types_lnk` VALUES (1,44,5,1),(3,30,5,1),(5,58,5,1),(7,28,5,1),(11,44,3,2),(14,28,7,2),(17,30,7,2),(20,60,3,1),(22,56,3,1),(24,20,7,1),(26,38,3,1),(28,14,7,1),(32,81,6,1),(33,81,8,2),(35,83,5,1),(37,85,5,1),(39,87,5,1),(41,89,5,1),(43,91,5,0),(44,92,6,1),(45,93,5,1),(47,95,5,0),(49,97,5,1),(51,99,5,1),(53,101,5,1),(55,103,5,1),(57,105,5,1),(59,107,5,1),(61,109,5,0),(63,111,5,0),(65,85,1,2),(68,83,1,2),(71,87,1,2),(74,89,7,2),(77,93,3,2),(80,97,3,2),(83,99,3,2),(89,103,3,2),(93,105,3,2),(96,107,3,2),(99,34,3,1),(101,34,5,2),(110,131,3,1),(112,135,3,1),(114,133,3,1),(116,138,3,1),(118,141,3,1),(121,145,3,1),(123,147,3,1),(127,153,3,1),(129,156,3,1),(133,160,3,1),(135,60,5,2),(138,147,5,2),(141,56,5,2),(144,20,5,2),(147,141,5,2),(150,38,5,2),(153,138,5,2),(156,156,5,2),(159,133,5,2),(162,145,5,2),(165,160,5,2),(168,153,5,2),(171,135,5,2),(174,131,5,2),(219,198,6,1),(220,198,4,2),(221,199,6,1),(222,199,8,2),(225,201,4,1),(226,201,6,2),(227,202,4,1),(228,202,6,2),(233,205,6,1),(236,207,6,1),(237,207,4,2),(238,208,4,1),(239,208,6,2),(242,210,6,1),(243,210,4,2),(244,211,4,1),(245,211,6,2),(246,212,4,1),(247,212,6,2),(248,213,4,1),(249,213,6,2),(252,215,6,1),(253,215,4,2),(254,216,6,1),(255,216,4,2),(256,217,4,1),(257,217,6,2),(258,218,4,1),(259,218,6,2),(262,221,4,1),(263,221,6,2),(264,222,4,1),(265,222,6,2),(266,223,6,1),(267,223,8,2),(268,224,4,1),(269,224,6,2),(270,225,4,1),(271,225,6,2),(276,228,6,1),(277,228,4,2),(278,229,6,1),(279,229,9,2),(282,231,6,1),(283,231,9,2),(286,233,6,1),(287,233,4,2),(288,234,5,0),(290,236,6,1),(291,237,4,1),(292,237,6,2);

--
-- Table structure for table `business_streams`
--

CREATE TABLE `business_streams` (
  `id` int unsigned NOT NULL AUTO_INCREMENT,
  `document_id` varchar(255) DEFAULT NULL,
  `title` varchar(255) DEFAULT NULL,
  `slug` varchar(255) DEFAULT NULL,
  `small_description` longtext,
  `created_at` datetime(6) DEFAULT NULL,
  `updated_at` datetime(6) DEFAULT NULL,
  `published_at` datetime(6) DEFAULT NULL,
  `created_by_id` int unsigned DEFAULT NULL,
  `updated_by_id` int unsigned DEFAULT NULL,
  `locale` varchar(255) DEFAULT NULL,
  `home_page_sort_order` int DEFAULT NULL,
  PRIMARY KEY (`id`),
  KEY `business_streams_documents_idx` (`document_id`,`locale`,`published_at`),
  KEY `business_streams_created_by_id_fk` (`created_by_id`),
  KEY `business_streams_updated_by_id_fk` (`updated_by_id`),
  CONSTRAINT `business_streams_created_by_id_fk` FOREIGN KEY (`created_by_id`) REFERENCES `admin_users` (`id`) ON DELETE SET NULL,
  CONSTRAINT `business_streams_updated_by_id_fk` FOREIGN KEY (`updated_by_id`) REFERENCES `admin_users` (`id`) ON DELETE SET NULL
) ENGINE=InnoDB AUTO_INCREMENT=48 DEFAULT CHARSET=utf8mb4 COLLATE=utf8mb4_0900_ai_ci;

--
-- Dumping data for table `business_streams`
--

INSERT INTO `business_streams` VALUES (1,'semdayauouae374mkamo72yl','Automotive Aftermarket','automotive-aftermarket','Representing Bosch Automotive, Osram, Knorr-Bremse, Valeo and many more. From spare parts to workshop equipment, we cover your complete aftermarket needs.','2026-01-12 09:26:08.434000','2026-04-17 12:14:06.935000',NULL,1,1,'en',2),(3,'dglhxwmayfeota23fl2yd0t8','Power Tools','power-tools','The authorized BOSCH Power Tools Dealer in the UAE. With the full range of professional tools covering all trades. Representing also its state-of-the-art after-sales service network. ','2026-01-12 09:27:04.552000','2026-06-29 09:51:03.095000',NULL,1,1,'en',3),(6,'dnsii2cxp3ugenaunb2dixyu','Tyres','tyres','At CME, We provide premium quality tyres designed to deliver exceptional performance, superior safety, and long-lasting value for every drive. ','2026-01-13 09:12:52.655000','2026-03-27 09:28:45.732000',NULL,1,1,'en',1),(8,'pp9najkpda2ntigsifskhfnv','Services','services','We sepecialize in providing expert solutions across Automotive Aftermarket Services, Tyre Services and Power Tools Services. ','2026-01-13 09:14:07.257000','2026-03-26 13:47:49.346000',NULL,1,1,'en',4),(41,'pp9najkpda2ntigsifskhfnv','Services','services','We sepecialize in providing expert solutions across Automotive Aftermarket Services, Tyre Services and Power Tools Services. ','2026-01-13 09:14:07.257000','2026-03-26 13:47:49.346000','2026-03-26 13:47:49.726000',1,1,'en',4),(42,'dnsii2cxp3ugenaunb2dixyu','Tyres','tyres','At CME, We provide premium quality tyres designed to deliver exceptional performance, superior safety, and long-lasting value for every drive. ','2026-01-13 09:12:52.655000','2026-03-27 09:28:45.732000','2026-03-27 09:28:46.122000',1,1,'en',1),(45,'semdayauouae374mkamo72yl','Automotive Aftermarket','automotive-aftermarket','Representing Bosch Automotive, Osram, Knorr-Bremse, Valeo and many more. From spare parts to workshop equipment, we cover your complete aftermarket needs.','2026-01-12 09:26:08.434000','2026-04-17 12:14:06.935000','2026-04-17 12:14:07.601000',1,1,'en',2),(47,'dglhxwmayfeota23fl2yd0t8','Power Tools','power-tools','The authorized BOSCH Power Tools Dealer in the UAE. With the full range of professional tools covering all trades. Representing also its state-of-the-art after-sales service network. ','2026-01-12 09:27:04.552000','2026-06-29 09:51:03.095000','2026-06-29 09:51:03.522000',1,1,'en',3);

--
-- Table structure for table `business_streams_cmps`
--

CREATE TABLE `business_streams_cmps` (
  `id` int unsigned NOT NULL AUTO_INCREMENT,
  `entity_id` int unsigned DEFAULT NULL,
  `cmp_id` int unsigned DEFAULT NULL,
  `component_type` varchar(255) DEFAULT NULL,
  `field` varchar(255) DEFAULT NULL,
  `order` double unsigned DEFAULT NULL,
  PRIMARY KEY (`id`),
  UNIQUE KEY `business_streams_uq` (`entity_id`,`cmp_id`,`field`,`component_type`),
  KEY `business_streams_field_idx` (`field`),
  KEY `business_streams_component_type_idx` (`component_type`),
  KEY `business_streams_entity_fk` (`entity_id`),
  CONSTRAINT `business_streams_entity_fk` FOREIGN KEY (`entity_id`) REFERENCES `business_streams` (`id`) ON DELETE CASCADE
) ENGINE=InnoDB AUTO_INCREMENT=13 DEFAULT CHARSET=utf8mb4 COLLATE=utf8mb4_0900_ai_ci;

--
-- Dumping data for table `business_streams_cmps`
--

INSERT INTO `business_streams_cmps` VALUES (1,1,93,'common.seo','seo',NULL),(12,45,182,'common.seo','seo',NULL);

--
-- Table structure for table `components_common_banners`
--

CREATE TABLE `components_common_banners` (
  `id` int unsigned NOT NULL AUTO_INCREMENT,
  `title` varchar(255) DEFAULT NULL,
  `subtitle` varchar(255) DEFAULT NULL,
  `type` varchar(255) DEFAULT NULL,
  `banner_click_url` varchar(255) DEFAULT NULL,
  `banner_click_open_new_tab` tinyint(1) DEFAULT NULL,
  PRIMARY KEY (`id`)
) ENGINE=InnoDB AUTO_INCREMENT=495 DEFAULT CHARSET=utf8mb4 COLLATE=utf8mb4_0900_ai_ci;

--
-- Dumping data for table `components_common_banners`
--

INSERT INTO `components_common_banners` VALUES (15,'Contact Us',NULL,NULL,NULL,NULL),(19,'Contact Us',NULL,NULL,NULL,NULL),(20,'Contact Us','At your service. We would love to hear from you!','image',NULL,NULL),(24,'Everything  You Need to Keep Moving',NULL,'image',NULL,NULL),(26,'Everything  You Need to Keep Moving.',NULL,'image',NULL,NULL),(31,'Everything  You Need to Keep Moving',NULL,'image',NULL,NULL),(35,'Quality Aftermarket Parts for Every Drive.',NULL,'image',NULL,NULL),(37,'test',NULL,'image',NULL,NULL),(40,'test',NULL,'image',NULL,NULL),(41,'test',NULL,'image',NULL,NULL),(42,'test',NULL,'image',NULL,NULL),(43,'Quality Aftermarket Parts for Every Drive.',NULL,'image',NULL,NULL),(44,'Everything  You Need to Keep Moving',NULL,'image',NULL,NULL),(59,'Quality Aftermarket Parts for Every Drive.',NULL,'image',NULL,NULL),(80,'Everything  You Need to Keep Moving',NULL,'image',NULL,NULL),(101,NULL,NULL,'image',NULL,NULL),(102,NULL,NULL,'image',NULL,NULL),(107,NULL,NULL,'image',NULL,NULL),(109,NULL,'test','image',NULL,NULL),(111,NULL,NULL,'image',NULL,NULL),(124,NULL,NULL,'image',NULL,NULL),(128,NULL,NULL,'image',NULL,NULL),(184,NULL,NULL,'image',NULL,NULL),(193,NULL,NULL,'image',NULL,NULL),(194,NULL,NULL,'image',NULL,NULL),(227,'Everything  You Need to Keep Moving',NULL,'image',NULL,NULL),(228,'Everything  You Need to Keep Moving',NULL,'image',NULL,NULL),(232,NULL,NULL,'video',NULL,NULL),(235,NULL,NULL,'video',NULL,NULL),(236,NULL,NULL,'video',NULL,NULL),(241,NULL,NULL,'image',NULL,NULL),(258,NULL,NULL,'image',NULL,NULL),(260,NULL,NULL,'image',NULL,NULL),(283,NULL,NULL,'image',NULL,NULL),(288,NULL,NULL,'image',NULL,NULL),(290,NULL,NULL,'image','offers/michelin-amazon-campaign',0),(291,NULL,NULL,'image',NULL,NULL),(292,NULL,NULL,'image',NULL,NULL),(300,'Quality Aftermarket Parts for Every Drive.',NULL,'image',NULL,NULL),(320,NULL,NULL,'image',NULL,NULL),(332,NULL,NULL,'image',NULL,NULL),(365,NULL,NULL,'image',NULL,0),(390,NULL,NULL,'image',NULL,NULL),(428,NULL,NULL,'image',NULL,NULL),(434,NULL,NULL,'image',NULL,NULL),(437,NULL,NULL,'image',NULL,NULL),(441,NULL,NULL,'image',NULL,NULL),(458,NULL,NULL,'image',NULL,NULL),(476,NULL,NULL,'image',NULL,NULL),(477,NULL,NULL,'video',NULL,NULL),(478,NULL,NULL,'video',NULL,NULL),(479,NULL,NULL,'video',NULL,NULL),(481,NULL,NULL,'image',NULL,NULL),(482,NULL,NULL,'image',NULL,NULL),(483,NULL,NULL,'image',NULL,NULL),(484,NULL,NULL,'image',NULL,NULL),(485,NULL,'test','image',NULL,NULL),(486,NULL,NULL,'image','offers/michelin-amazon-campaign',0),(487,NULL,NULL,'image',NULL,NULL),(488,NULL,NULL,'image',NULL,NULL),(489,NULL,NULL,'image',NULL,NULL),(492,'Contact Us','At your service. We would love to hear from you!','image',NULL,NULL),(493,NULL,NULL,'image',NULL,0),(494,'Everything  You Need to Keep Moving.',NULL,'image',NULL,NULL);

--
-- Table structure for table `components_common_banners_cmps`
--

CREATE TABLE `components_common_banners_cmps` (
  `id` int unsigned NOT NULL AUTO_INCREMENT,
  `entity_id` int unsigned DEFAULT NULL,
  `cmp_id` int unsigned DEFAULT NULL,
  `component_type` varchar(255) DEFAULT NULL,
  `field` varchar(255) DEFAULT NULL,
  `order` double unsigned DEFAULT NULL,
  PRIMARY KEY (`id`),
  UNIQUE KEY `components_common_banners_uq` (`entity_id`,`cmp_id`,`field`,`component_type`),
  KEY `components_common_banners_field_idx` (`field`),
  KEY `components_common_banners_component_type_idx` (`component_type`),
  KEY `components_common_banners_entity_fk` (`entity_id`),
  CONSTRAINT `components_common_banners_entity_fk` FOREIGN KEY (`entity_id`) REFERENCES `components_common_banners` (`id`) ON DELETE CASCADE
) ENGINE=InnoDB AUTO_INCREMENT=3 DEFAULT CHARSET=utf8mb4 COLLATE=utf8mb4_0900_ai_ci;

--
-- Dumping data for table `components_common_banners_cmps`
--


--
-- Table structure for table `components_common_box_components`
--

CREATE TABLE `components_common_box_components` (
  `id` int unsigned NOT NULL AUTO_INCREMENT,
  `title` varchar(255) DEFAULT NULL,
  `description` varchar(255) DEFAULT NULL,
  `phone` varchar(255) DEFAULT NULL,
  `latitude` varchar(255) DEFAULT NULL,
  `longitude` varchar(255) DEFAULT NULL,
  `sub_title` longtext,
  PRIMARY KEY (`id`)
) ENGINE=InnoDB AUTO_INCREMENT=25 DEFAULT CHARSET=utf8mb4 COLLATE=utf8mb4_0900_ai_ci;

--
-- Dumping data for table `components_common_box_components`
--

INSERT INTO `components_common_box_components` VALUES (1,NULL,NULL,NULL,NULL,NULL,'Reach out to us for'),(24,NULL,NULL,NULL,NULL,NULL,'Reach out to us for');

--
-- Table structure for table `components_common_box_components_cmps`
--

CREATE TABLE `components_common_box_components_cmps` (
  `id` int unsigned NOT NULL AUTO_INCREMENT,
  `entity_id` int unsigned DEFAULT NULL,
  `cmp_id` int unsigned DEFAULT NULL,
  `component_type` varchar(255) DEFAULT NULL,
  `field` varchar(255) DEFAULT NULL,
  `order` double unsigned DEFAULT NULL,
  PRIMARY KEY (`id`),
  UNIQUE KEY `components_common_box_components_uq` (`entity_id`,`cmp_id`,`field`,`component_type`),
  KEY `components_common_box_components_field_idx` (`field`),
  KEY `components_common_box_components_component_type_idx` (`component_type`),
  KEY `components_common_box_components_entity_fk` (`entity_id`),
  CONSTRAINT `components_common_box_components_entity_fk` FOREIGN KEY (`entity_id`) REFERENCES `components_common_box_components` (`id`) ON DELETE CASCADE
) ENGINE=InnoDB AUTO_INCREMENT=219 DEFAULT CHARSET=utf8mb4 COLLATE=utf8mb4_0900_ai_ci;

--
-- Dumping data for table `components_common_box_components_cmps`
--

INSERT INTO `components_common_box_components_cmps` VALUES (3,1,3,'common.list','listItem',1),(4,1,4,'common.list','listItem',2),(49,1,29,'common.list','listItem',3),(50,1,30,'common.list','listItem',4),(209,1,113,'common.list','listItem',5),(214,24,114,'common.list','listItem',1),(215,24,115,'common.list','listItem',2),(216,24,116,'common.list','listItem',3),(217,24,117,'common.list','listItem',4),(218,24,118,'common.list','listItem',5);

--
-- Table structure for table `components_common_buttons`
--

CREATE TABLE `components_common_buttons` (
  `id` int unsigned NOT NULL AUTO_INCREMENT,
  `title` varchar(255) DEFAULT NULL,
  `url` varchar(255) DEFAULT NULL,
  `type_external` tinyint(1) DEFAULT NULL,
  PRIMARY KEY (`id`)
) ENGINE=InnoDB DEFAULT CHARSET=utf8mb4 COLLATE=utf8mb4_0900_ai_ci;

--
-- Dumping data for table `components_common_buttons`
--


--
-- Table structure for table `components_common_content_block_variants`
--

CREATE TABLE `components_common_content_block_variants` (
  `id` int unsigned NOT NULL AUTO_INCREMENT,
  `title` varchar(255) DEFAULT NULL,
  `sub_title` varchar(255) DEFAULT NULL,
  `description` longtext,
  `show_gradient_bg` tinyint(1) DEFAULT NULL,
  PRIMARY KEY (`id`)
) ENGINE=InnoDB AUTO_INCREMENT=467 DEFAULT CHARSET=utf8mb4 COLLATE=utf8mb4_0900_ai_ci;

--
-- Dumping data for table `components_common_content_block_variants`
--

INSERT INTO `components_common_content_block_variants` VALUES (1,NULL,NULL,NULL,1),(10,NULL,NULL,NULL,NULL),(45,'When Should You Rotate Your Tyres?',NULL,'<p>We recommend rotating your tyres <strong>every 8,000-10,000 kilometers or every 6 months</strong>, whichever comes first. However, you should consider more frequent rotation if you notice uneven wear patterns, experience vibrations while driving, or frequently drive in demanding conditions.</p>',NULL),(63,NULL,NULL,NULL,NULL),(67,NULL,NULL,NULL,NULL),(96,NULL,NULL,NULL,NULL),(113,NULL,NULL,NULL,1),(132,NULL,NULL,NULL,1),(138,NULL,NULL,NULL,NULL),(154,NULL,NULL,NULL,1),(155,NULL,NULL,NULL,NULL),(158,NULL,NULL,NULL,NULL),(199,NULL,NULL,NULL,NULL),(200,NULL,NULL,NULL,NULL),(215,NULL,NULL,NULL,0),(223,NULL,NULL,'<p>Proper tyre fitting and balancing are crucial for your vehicle\'s maintenance. Poorly fitted tyres can lead to a rough, uneven, and potentially unsafe ride. When fitting new tyres, make sure they\'re mounted correctly, are the right type for your vehicle, and are balanced accurately to ensure a smooth, safe drive and extend tyre lifespan.</p>',1),(226,'What is a tyre change and wheel balancing service?',NULL,NULL,NULL),(235,NULL,NULL,NULL,NULL),(253,'Technical services from industry experts',NULL,NULL,1),(256,'Technical services from industry experts',NULL,'<p>Loerem ipsum is a dummy text that commonly used among designers</p>',1),(257,'Technical services from industry experts',NULL,'<p>Loerem ipsum is a dummy text that commonly used among designers</p>',1),(320,NULL,NULL,NULL,1),(321,NULL,NULL,NULL,NULL),(399,NULL,NULL,NULL,1),(409,NULL,NULL,NULL,NULL),(415,NULL,NULL,NULL,0),(416,NULL,NULL,NULL,NULL),(417,NULL,NULL,NULL,NULL),(418,NULL,NULL,'<p>Proper tyre fitting and balancing are crucial for your vehicle\'s maintenance. Poorly fitted tyres can lead to a rough, uneven, and potentially unsafe ride. When fitting new tyres, make sure they\'re mounted correctly, are the right type for your vehicle, and are balanced accurately to ensure a smooth, safe drive and extend tyre lifespan.</p>',1),(419,'What is a tyre change and wheel balancing service?',NULL,NULL,NULL),(420,NULL,NULL,NULL,NULL),(421,NULL,NULL,NULL,1),(422,NULL,NULL,NULL,NULL),(423,'When Should You Rotate Your Tyres?',NULL,'<p>We recommend rotating your tyres <strong>every 8,000-10,000 kilometers or every 6 months</strong>, whichever comes first. However, you should consider more frequent rotation if you notice uneven wear patterns, experience vibrations while driving, or frequently drive in demanding conditions.</p>',NULL),(424,NULL,NULL,NULL,1),(425,NULL,NULL,NULL,NULL),(426,NULL,NULL,NULL,1),(427,NULL,NULL,NULL,NULL),(440,NULL,NULL,NULL,1),(441,NULL,NULL,NULL,NULL),(444,NULL,NULL,NULL,1),(445,NULL,NULL,NULL,NULL),(453,NULL,NULL,NULL,NULL),(454,NULL,NULL,NULL,NULL),(456,'Technical services from industry experts',NULL,NULL,1),(457,NULL,NULL,NULL,NULL),(458,NULL,NULL,NULL,NULL),(461,NULL,NULL,NULL,1),(462,NULL,NULL,NULL,NULL),(463,NULL,NULL,NULL,1),(464,NULL,NULL,NULL,NULL),(466,NULL,NULL,NULL,1);

--
-- Table structure for table `components_common_content_block_variants_cmps`
--

CREATE TABLE `components_common_content_block_variants_cmps` (
  `id` int unsigned NOT NULL AUTO_INCREMENT,
  `entity_id` int unsigned DEFAULT NULL,
  `cmp_id` int unsigned DEFAULT NULL,
  `component_type` varchar(255) DEFAULT NULL,
  `field` varchar(255) DEFAULT NULL,
  `order` double unsigned DEFAULT NULL,
  PRIMARY KEY (`id`),
  UNIQUE KEY `components_common_content_block_variants_uq` (`entity_id`,`cmp_id`,`field`,`component_type`),
  KEY `components_common_content_block_variants_field_idx` (`field`),
  KEY `components_common_content_block780de_component_type_idx` (`component_type`),
  KEY `components_common_content_block_variants_entity_fk` (`entity_id`),
  CONSTRAINT `components_common_content_block_variants_entity_fk` FOREIGN KEY (`entity_id`) REFERENCES `components_common_content_block_variants` (`id`) ON DELETE CASCADE
) ENGINE=InnoDB AUTO_INCREMENT=1039 DEFAULT CHARSET=utf8mb4 COLLATE=utf8mb4_0900_ai_ci;

--
-- Dumping data for table `components_common_content_block_variants_cmps`
--

INSERT INTO `components_common_content_block_variants_cmps` VALUES (1,1,1,'common.title-desc-img-position','items',1),(33,10,19,'common.title-desc-img-position','items',1),(109,45,59,'common.title-desc-img-position','items',1),(143,63,77,'common.title-desc-img-position','items',1),(149,67,81,'common.title-desc-img-position','items',1),(182,67,98,'common.title-desc-img-position','items',2),(212,96,116,'common.title-desc-img-position','items',1),(243,113,133,'common.title-desc-img-position','items',1),(283,132,153,'common.title-desc-img-position','items',1),(294,138,159,'common.title-desc-img-position','items',1),(315,138,171,'common.title-desc-img-position','items',2),(321,10,175,'common.title-desc-img-position','items',2),(326,154,179,'common.title-desc-img-position','items',1),(327,155,180,'common.title-desc-img-position','items',1),(330,158,183,'common.title-desc-img-position','items',1),(331,158,184,'common.title-desc-img-position','items',2),(444,199,242,'common.title-desc-img-position','items',1),(445,200,243,'common.title-desc-img-position','items',1),(477,215,259,'common.title-desc-img-position','items',1),(492,223,267,'common.title-desc-img-position','items',1),(497,226,270,'common.title-desc-img-position','items',1),(515,235,281,'common.title-desc-img-position','items',1),(545,253,299,'common.title-desc-img-position','items',1),(549,256,302,'common.title-desc-img-position','items',1),(550,257,303,'common.title-desc-img-position','items',1),(643,235,349,'common.title-desc-img-position','items',2),(644,235,350,'common.title-desc-img-position','items',3),(707,320,386,'common.title-desc-img-position','items',1),(708,321,387,'common.title-desc-img-position','items',1),(887,399,477,'common.title-desc-img-position','items',1),(905,409,488,'common.title-desc-img-position','items',1),(919,415,496,'common.title-desc-img-position','items',1),(922,416,497,'common.title-desc-img-position','items',1),(923,417,498,'common.title-desc-img-position','items',1),(929,418,499,'common.title-desc-img-position','items',1),(930,419,500,'common.title-desc-img-position','items',1),(931,420,501,'common.title-desc-img-position','items',1),(932,420,502,'common.title-desc-img-position','items',2),(933,420,503,'common.title-desc-img-position','items',3),(937,421,504,'common.title-desc-img-position','items',1),(938,422,505,'common.title-desc-img-position','items',1),(939,422,506,'common.title-desc-img-position','items',2),(941,423,507,'common.title-desc-img-position','items',1),(944,424,508,'common.title-desc-img-position','items',1),(945,425,509,'common.title-desc-img-position','items',1),(949,426,510,'common.title-desc-img-position','items',1),(950,427,511,'common.title-desc-img-position','items',1),(951,427,512,'common.title-desc-img-position','items',2),(976,440,526,'common.title-desc-img-position','items',1),(977,441,527,'common.title-desc-img-position','items',1),(978,441,528,'common.title-desc-img-position','items',2),(988,444,532,'common.title-desc-img-position','items',1),(989,445,533,'common.title-desc-img-position','items',1),(990,445,534,'common.title-desc-img-position','items',2),(1008,453,542,'common.title-desc-img-position','items',1),(1009,454,543,'common.title-desc-img-position','items',1),(1010,454,544,'common.title-desc-img-position','items',2),(1014,456,546,'common.title-desc-img-position','items',1),(1016,457,547,'common.title-desc-img-position','items',1),(1018,458,548,'common.title-desc-img-position','items',1),(1027,461,552,'common.title-desc-img-position','items',1),(1028,462,553,'common.title-desc-img-position','items',1),(1032,463,554,'common.title-desc-img-position','items',1),(1033,464,555,'common.title-desc-img-position','items',1),(1034,464,556,'common.title-desc-img-position','items',2),(1038,466,558,'common.title-desc-img-position','items',1);

--
-- Table structure for table `components_common_content_blocks`
--

CREATE TABLE `components_common_content_blocks` (
  `id` int unsigned NOT NULL AUTO_INCREMENT,
  `title` varchar(255) DEFAULT NULL,
  `sub_title` varchar(255) DEFAULT NULL,
  `show_gradient_bg` tinyint(1) DEFAULT NULL,
  `service_card_variant` tinyint(1) DEFAULT NULL,
  PRIMARY KEY (`id`)
) ENGINE=InnoDB AUTO_INCREMENT=246 DEFAULT CHARSET=utf8mb4 COLLATE=utf8mb4_0900_ai_ci;

--
-- Dumping data for table `components_common_content_blocks`
--

INSERT INTO `components_common_content_blocks` VALUES (1,'Michelin Tyre Plus in Abu Dhabi and Al Ain','Taking care of your car\'s tyres is crucial for safe driving, especially with the challenging road conditions in the UAE.',NULL,NULL),(9,'Why Timely Tyre Repair Matters','A quick fix today prevents costly damage tomorrow. Drive smoother and safer.. Keep your tyres in top condition for smoother, safer rides.',NULL,NULL),(20,'Wide Range of Bosch Power Tools Services in UAE','As the authorized distributor of Bosch Power Tools across Dubai, Sharjah, and the UAE, Central Motors & Equipment (CME) offers a complete range of professional tools and accessories for every trade — making us your trusted destination for genuine Bosch pr',NULL,NULL),(26,'Wide Range of Bosch Power Tools Services in UAE','As the authorized distributor of Bosch Power Tools across Dubai, Sharjah, and the UAE, Central Motors & Equipment (CME) offers a complete range of professional tools and accessories for every trade — making us your trusted destination for genuine Bosch pr',NULL,NULL),(31,'Why Do You Need Regular Tyre Puncture Repair Services?',NULL,NULL,NULL),(98,'Michelin Tyre Plus in Abu Dhabi and Al Ain','Taking care of your car\'s tyres is crucial for safe driving, especially with the challenging road conditions in the UAE.',NULL,NULL),(99,'Why Timely Tyre Repair Matters','A quick fix today prevents costly damage tomorrow. Drive smoother and safer.. Keep your tyres in top condition for smoother, safer rides.',NULL,NULL),(103,'Our Comprehensive Car Brakes Repair Services',NULL,NULL,NULL),(119,'Ultimate Oil Change Solutions','Our Ultimate Oil Change Solutions package keeps your ride in top shape . We change your oil with top-quality oil and filters, check and top-up coolant, brake fluid, and transmission fluid, and conduct a thorough engine inspection to spot potential issues.',NULL,NULL),(121,'Why is Wheel Alignment Important','The proper alignment of the wheels plays a vital role in your vehicle\'s overall performance and safety. Here are a few reasons why you should not ignore it',NULL,NULL),(123,'Service & Support',NULL,NULL,1),(138,NULL,NULL,NULL,NULL),(152,'Why do I need wheel balancing after a tyre change?',NULL,NULL,NULL),(168,'Service & Support','A quick fix today prevents costly damage tomorrow. Drive smoother and safer.. Keep your tyres in top condition for smoother, safer rides.',NULL,NULL),(169,'Service & Support','A quick fix today prevents costly damage tomorrow. Drive smoother and safer.. Keep your tyres in top condition for smoother, safer rides.',NULL,NULL),(194,'Our Car Battery Services','At CME TyrePlus, we specialized in all things related to car batteries. Our experts provide a comprehensive range of car battery services designed to meet the unique needs of every vehicle. Whether you\'re facing an issue with sudden battery failure',NULL,NULL),(228,NULL,NULL,NULL,NULL),(229,'Why do I need wheel balancing after a tyre change?',NULL,NULL,NULL),(230,'Why is Wheel Alignment Important','The proper alignment of the wheels plays a vital role in your vehicle\'s overall performance and safety. Here are a few reasons why you should not ignore it',NULL,NULL),(231,'Ultimate Oil Change Solutions','Our Ultimate Oil Change Solutions package keeps your ride in top shape . We change your oil with top-quality oil and filters, check and top-up coolant, brake fluid, and transmission fluid, and conduct a thorough engine inspection to spot potential issues.',NULL,NULL),(232,'Our Comprehensive Car Brakes Repair Services',NULL,NULL,NULL),(238,'Our Comprehensive Car Brakes Repair Services',NULL,NULL,NULL),(240,'Our Comprehensive Car Brakes Repair Services',NULL,NULL,NULL),(242,'Service & Support',NULL,NULL,1),(244,'Our Car Battery Services','At CME TyrePlus, we specialized in all things related to car batteries. Our experts provide a comprehensive range of car battery services designed to meet the unique needs of every vehicle. Whether you\'re facing an issue with sudden battery failure',NULL,NULL),(245,'Why Do You Need Regular Tyre Puncture Repair Services?',NULL,NULL,NULL);

--
-- Table structure for table `components_common_content_blocks_cmps`
--

CREATE TABLE `components_common_content_blocks_cmps` (
  `id` int unsigned NOT NULL AUTO_INCREMENT,
  `entity_id` int unsigned DEFAULT NULL,
  `cmp_id` int unsigned DEFAULT NULL,
  `component_type` varchar(255) DEFAULT NULL,
  `field` varchar(255) DEFAULT NULL,
  `order` double unsigned DEFAULT NULL,
  PRIMARY KEY (`id`),
  UNIQUE KEY `components_common_content_blocks_uq` (`entity_id`,`cmp_id`,`field`,`component_type`),
  KEY `components_common_content_blocks_field_idx` (`field`),
  KEY `components_common_content_blocks_component_type_idx` (`component_type`),
  KEY `components_common_content_blocks_entity_fk` (`entity_id`),
  CONSTRAINT `components_common_content_blocks_entity_fk` FOREIGN KEY (`entity_id`) REFERENCES `components_common_content_blocks` (`id`) ON DELETE CASCADE
) ENGINE=InnoDB AUTO_INCREMENT=1558 DEFAULT CHARSET=utf8mb4 COLLATE=utf8mb4_0900_ai_ci;

--
-- Dumping data for table `components_common_content_blocks_cmps`
--

INSERT INTO `components_common_content_blocks_cmps` VALUES (17,1,11,'common.title-desc-with-img','items',1),(19,1,13,'common.title-desc-with-img','items',2),(25,9,16,'common.title-desc-with-img','items',1),(26,9,17,'common.title-desc-with-img','items',2),(27,9,18,'common.title-desc-with-img','items',3),(28,9,19,'common.title-desc-with-img','items',4),(29,9,20,'common.title-desc-with-img','items',5),(93,20,121,'common.title-desc-with-img','items',1),(100,26,125,'common.title-desc-with-img','items',1),(136,31,166,'common.title-desc-with-img','items',1),(137,31,167,'common.title-desc-with-img','items',2),(316,31,258,'common.title-desc-with-img','items',3),(317,31,259,'common.title-desc-with-img','items',4),(318,31,260,'common.title-desc-with-img','items',5),(319,31,261,'common.title-desc-with-img','items',6),(634,98,418,'common.title-desc-with-img','items',1),(635,98,419,'common.title-desc-with-img','items',2),(636,99,420,'common.title-desc-with-img','items',1),(637,99,421,'common.title-desc-with-img','items',2),(638,99,422,'common.title-desc-with-img','items',3),(639,99,423,'common.title-desc-with-img','items',4),(640,99,424,'common.title-desc-with-img','items',5),(671,103,443,'common.title-desc-with-img','items',1),(673,103,445,'common.title-desc-with-img','items',2),(674,103,446,'common.title-desc-with-img','items',3),(721,103,471,'common.title-desc-with-img','items',4),(722,103,472,'common.title-desc-with-img','items',5),(793,119,509,'common.title-desc-with-img','items',1),(794,119,510,'common.title-desc-with-img','items',2),(795,119,511,'common.title-desc-with-img','items',3),(799,121,515,'common.title-desc-with-img','items',1),(800,121,516,'common.title-desc-with-img','items',2),(801,121,517,'common.title-desc-with-img','items',3),(802,121,518,'common.title-desc-with-img','items',4),(807,123,523,'common.title-desc-with-img','items',1),(808,123,524,'common.title-desc-with-img','items',2),(809,123,525,'common.title-desc-with-img','items',3),(932,138,586,'common.title-desc-with-img','items',1),(933,138,587,'common.title-desc-with-img','items',2),(975,152,613,'common.title-desc-with-img','items',1),(976,152,614,'common.title-desc-with-img','items',2),(977,152,615,'common.title-desc-with-img','items',3),(1057,168,657,'common.title-desc-with-img','items',1),(1058,168,658,'common.title-desc-with-img','items',2),(1059,168,659,'common.title-desc-with-img','items',3),(1060,169,660,'common.title-desc-with-img','items',1),(1061,169,661,'common.title-desc-with-img','items',2),(1062,169,662,'common.title-desc-with-img','items',3),(1251,194,760,'common.title-desc-with-img','items',1),(1252,194,761,'common.title-desc-with-img','items',2),(1435,228,878,'common.title-desc-with-img','items',1),(1436,228,879,'common.title-desc-with-img','items',2),(1440,229,880,'common.title-desc-with-img','items',1),(1441,229,881,'common.title-desc-with-img','items',2),(1442,229,882,'common.title-desc-with-img','items',3),(1447,230,883,'common.title-desc-with-img','items',1),(1448,230,884,'common.title-desc-with-img','items',2),(1449,230,885,'common.title-desc-with-img','items',3),(1450,230,886,'common.title-desc-with-img','items',4),(1454,231,887,'common.title-desc-with-img','items',1),(1455,231,888,'common.title-desc-with-img','items',2),(1456,231,889,'common.title-desc-with-img','items',3),(1462,232,890,'common.title-desc-with-img','items',1),(1463,232,891,'common.title-desc-with-img','items',2),(1464,232,892,'common.title-desc-with-img','items',3),(1465,232,893,'common.title-desc-with-img','items',4),(1466,232,894,'common.title-desc-with-img','items',5),(1493,238,909,'common.title-desc-with-img','items',1),(1494,238,910,'common.title-desc-with-img','items',2),(1495,238,911,'common.title-desc-with-img','items',3),(1496,238,912,'common.title-desc-with-img','items',4),(1497,238,913,'common.title-desc-with-img','items',5),(1513,240,919,'common.title-desc-with-img','items',1),(1514,240,920,'common.title-desc-with-img','items',2),(1515,240,921,'common.title-desc-with-img','items',3),(1516,240,922,'common.title-desc-with-img','items',4),(1517,240,923,'common.title-desc-with-img','items',5),(1527,242,936,'common.title-desc-with-img','items',1),(1528,242,937,'common.title-desc-with-img','items',2),(1529,242,938,'common.title-desc-with-img','items',3),(1544,244,963,'common.title-desc-with-img','items',1),(1545,244,964,'common.title-desc-with-img','items',2),(1552,245,969,'common.title-desc-with-img','items',1),(1553,245,970,'common.title-desc-with-img','items',2),(1554,245,971,'common.title-desc-with-img','items',3),(1555,245,972,'common.title-desc-with-img','items',4),(1556,245,973,'common.title-desc-with-img','items',5),(1557,245,974,'common.title-desc-with-img','items',6);

--
-- Table structure for table `components_common_content_with_links`
--

CREATE TABLE `components_common_content_with_links` (
  `id` int unsigned NOT NULL AUTO_INCREMENT,
  `title` varchar(255) DEFAULT NULL,
  `sub_title` varchar(255) DEFAULT NULL,
  `description` longtext,
  PRIMARY KEY (`id`)
) ENGINE=InnoDB AUTO_INCREMENT=50 DEFAULT CHARSET=utf8mb4 COLLATE=utf8mb4_0900_ai_ci;

--
-- Dumping data for table `components_common_content_with_links`
--

INSERT INTO `components_common_content_with_links` VALUES (1,'Driving Growth, Shaping  the Future of the UAE',NULL,'<p>ALFAHIM Group is a multi-industry company that is privately held, guided by a steadfast vision and mission, we relentlessly pursue excellence, driving growth and prosperity across diverse sectors.</p>'),(49,'Driving Growth, Shaping  the Future of the UAE',NULL,'<p>ALFAHIM Group is a multi-industry company that is privately held, guided by a steadfast vision and mission, we relentlessly pursue excellence, driving growth and prosperity across diverse sectors.</p>');

--
-- Table structure for table `components_common_content_with_links_cmps`
--

CREATE TABLE `components_common_content_with_links_cmps` (
  `id` int unsigned NOT NULL AUTO_INCREMENT,
  `entity_id` int unsigned DEFAULT NULL,
  `cmp_id` int unsigned DEFAULT NULL,
  `component_type` varchar(255) DEFAULT NULL,
  `field` varchar(255) DEFAULT NULL,
  `order` double unsigned DEFAULT NULL,
  PRIMARY KEY (`id`),
  UNIQUE KEY `components_common_content_with_links_uq` (`entity_id`,`cmp_id`,`field`,`component_type`),
  KEY `components_common_content_with_links_field_idx` (`field`),
  KEY `components_common_content_with_links_component_type_idx` (`component_type`),
  KEY `components_common_content_with_links_entity_fk` (`entity_id`),
  CONSTRAINT `components_common_content_with_links_entity_fk` FOREIGN KEY (`entity_id`) REFERENCES `components_common_content_with_links` (`id`) ON DELETE CASCADE
) ENGINE=InnoDB AUTO_INCREMENT=100 DEFAULT CHARSET=utf8mb4 COLLATE=utf8mb4_0900_ai_ci;

--
-- Dumping data for table `components_common_content_with_links_cmps`
--

INSERT INTO `components_common_content_with_links_cmps` VALUES (1,1,1,'common.link-item','callToAction',NULL),(99,49,1184,'common.link-item','callToAction',NULL);

--
-- Table structure for table `components_common_faqs`
--

CREATE TABLE `components_common_faqs` (
  `id` int unsigned NOT NULL AUTO_INCREMENT,
  `title` varchar(255) DEFAULT NULL,
  `sub_title` longtext,
  PRIMARY KEY (`id`)
) ENGINE=InnoDB AUTO_INCREMENT=46 DEFAULT CHARSET=utf8mb4 COLLATE=utf8mb4_0900_ai_ci;

--
-- Dumping data for table `components_common_faqs`
--

INSERT INTO `components_common_faqs` VALUES (1,'Got Questions? We’ve Got Answers','Find quick answers to common questions about our services.'),(45,'Got Questions? We’ve Got Answers','Find quick answers to common questions about our services.');

--
-- Table structure for table `components_common_faqs_cmps`
--

CREATE TABLE `components_common_faqs_cmps` (
  `id` int unsigned NOT NULL AUTO_INCREMENT,
  `entity_id` int unsigned DEFAULT NULL,
  `cmp_id` int unsigned DEFAULT NULL,
  `component_type` varchar(255) DEFAULT NULL,
  `field` varchar(255) DEFAULT NULL,
  `order` double unsigned DEFAULT NULL,
  PRIMARY KEY (`id`),
  UNIQUE KEY `components_common_faqs_uq` (`entity_id`,`cmp_id`,`field`,`component_type`),
  KEY `components_common_faqs_field_idx` (`field`),
  KEY `components_common_faqs_component_type_idx` (`component_type`),
  KEY `components_common_faqs_entity_fk` (`entity_id`),
  CONSTRAINT `components_common_faqs_entity_fk` FOREIGN KEY (`entity_id`) REFERENCES `components_common_faqs` (`id`) ON DELETE CASCADE
) ENGINE=InnoDB AUTO_INCREMENT=233 DEFAULT CHARSET=utf8mb4 COLLATE=utf8mb4_0900_ai_ci;

--
-- Dumping data for table `components_common_faqs_cmps`
--

INSERT INTO `components_common_faqs_cmps` VALUES (1,1,11,'common.title-with-desc','items',1),(2,1,12,'common.title-with-desc','items',2),(3,1,13,'common.title-with-desc','items',3),(230,45,201,'common.title-with-desc','items',1),(231,45,202,'common.title-with-desc','items',2),(232,45,203,'common.title-with-desc','items',3);

--
-- Table structure for table `components_common_link_items`
--

CREATE TABLE `components_common_link_items` (
  `id` int unsigned NOT NULL AUTO_INCREMENT,
  `label` varchar(255) DEFAULT NULL,
  `url` varchar(255) DEFAULT NULL,
  `new_tab` tinyint(1) DEFAULT NULL,
  PRIMARY KEY (`id`)
) ENGINE=InnoDB AUTO_INCREMENT=1217 DEFAULT CHARSET=utf8mb4 COLLATE=utf8mb4_0900_ai_ci;

--
-- Dumping data for table `components_common_link_items`
--

INSERT INTO `components_common_link_items` VALUES (1,'Visit Website','https://alfahim.com/',1),(11,'Discover','/automotive-aftermarket',0),(13,'Discover','/power-tools',0),(14,'Discover','/tyres',0),(21,'Discover','/services',0),(26,'Read about CME','/about-us',0),(115,'Home','/',0),(116,'Services','/services',0),(123,'Tyre','/services/tyre',0),(184,'Home','/',0),(185,'Services','/services',0),(186,'Tyre','/services/tyre',0),(187,'Tyre Rotation',NULL,0),(192,'Tyre Repair',NULL,0),(197,'Home','/',0),(198,'Services','/services',0),(199,'Automotive Aftermarket','/services/automotive-aftermarket',0),(200,'Bosch Car Service',NULL,0),(265,'Home','/',0),(266,'Services','/services',0),(267,'Automotive Aftermarket','/services/automotive-aftermarket',0),(268,'Bosch Diesel Service',NULL,0),(281,'Home','/',0),(282,'Services','/services',0),(283,'Automotive Aftermarket','/services/automotive-aftermarket',0),(284,'Workshop Test Equipment Services',NULL,0),(357,'Home','/',0),(358,'Services','/services',0),(359,'Tyre','/services/tyre',0),(360,'Wheel Alilgnment',NULL,0),(393,'Home','/',0),(394,'Services','/services',0),(395,'Tyre','/services/tyre',0),(396,'Break Pads',NULL,0),(449,'Home','/',0),(450,'Services','/services',0),(451,'Tyre','/services/tyre',0),(452,'Nitrogen Inflation',NULL,0),(477,'Home','/',0),(478,'Services','/services',0),(479,'Tyre','/services/tyre',0),(480,'Tyre Change and Balancing / Tyre Replacement',NULL,0),(481,'Home','/',0),(482,'Services','/services',0),(483,'Tyres','/services/tyres',0),(484,'AC Maintenance',NULL,0),(569,'Home','/',0),(570,'Services','/services',0),(571,'Automotive Aftermarket','/services/automotive-aftermarket',0),(572,'Bosch Diesel Service',NULL,0),(573,'Home','/',0),(574,'Services','/services',0),(575,'Automotive Aftermarket','/services/automotive-aftermarket',0),(576,'Bosch Diesel Service',NULL,0),(613,'Home','/',0),(614,'Services','/services',0),(615,'Tyre','/services/tyre',0),(616,'Oil Change',NULL,0),(681,'Home','/',0),(682,'Services','/services',0),(683,'Power Tools','/services/powertool',0),(684,'Spare Parts Service',NULL,0),(739,'Home','/',0),(740,'Services','/services',0),(741,'Tyre','/services/tyre',0),(742,' Battery Replacement',NULL,0),(981,'Home','/',0),(982,'Services','/services',0),(983,'Power Tools','/services/powertool',0),(984,'Spare Parts Service',NULL,0),(997,'Home','/',0),(998,'Services','/services',0),(999,'Tyres','/services/tyre',0),(1000,'Bosch Car Service',NULL,0),(1009,'Home','/',0),(1010,'Services','/services',0),(1011,'Tyres','/services/tyres',0),(1012,'AC Maintenance',NULL,0),(1013,'Home','/',0),(1014,'Services','/services',0),(1015,'Tyre','/services/tyre',0),(1016,'Nitrogen Inflation',NULL,0),(1017,'Home','/',0),(1018,'Services','/services',0),(1019,'Tyre','/services/tyre',0),(1020,'Tyre Change and Balancing / Tyre Replacement',NULL,0),(1021,'Home','/',0),(1022,'Services','/services',0),(1023,'Tyre','/services/tyre',0),(1024,'Wheel Alilgnment',NULL,0),(1025,'Home','/',0),(1026,'Services','/services',0),(1027,'Tyre','/services/tyre',0),(1028,'Tyre Rotation',NULL,0),(1029,'Home','/',0),(1030,'Services','/services',0),(1031,'Tyre','/services/tyre',0),(1032,'Oil Change',NULL,0),(1033,'Home','/',0),(1034,'Services','/services',0),(1035,'Tyre','/services/tyre',0),(1036,'Break Pads',NULL,0),(1057,'Home','/',0),(1058,'Services','/services',0),(1059,'Tyre','/services/tyre',0),(1060,'Break Pads',NULL,0),(1065,'Home','/',0),(1066,'Services','/services',0),(1067,'Tyre','/services/tyre',0),(1068,'Break Pads',NULL,0),(1091,'Home','/',0),(1092,'Services','/services',0),(1093,'Power Tools','/services/powertool',0),(1094,'Bosch – Repair Request Form',NULL,0),(1099,'Home','/',0),(1100,'Services','/services',0),(1101,'Power Tools','/services/powertool',0),(1102,'Callibration Service',NULL,0),(1111,'Home','/',0),(1112,'Services','/services',0),(1113,'Power Tools','/services/powertool',0),(1114,'Callibration Service',NULL,0),(1123,'Home','/',0),(1124,'Services','/services',0),(1125,'Automotive Aftermarket','/services/automotive-aftermarket',0),(1126,'Bosch Car Service',NULL,0),(1131,'Home','/',0),(1132,'Services','/services',0),(1133,'Automotive Aftermarket','/services/automotive-aftermarket',0),(1134,'Bosch Diesel Service',NULL,0),(1135,'Home','/',0),(1136,'Services','/services',0),(1137,'Automotive Aftermarket','/services/automotive-aftermarket',0),(1138,'Workshop Test Equipment Services',NULL,0),(1163,'Home','/',0),(1164,'Services','/services',0),(1165,'Power Tools','/services/powertool',0),(1166,'Bosch – Repair Request Form',NULL,0),(1171,'Home','/',0),(1172,'Services','/services',0),(1173,'Tyres','/services/tyre',0),(1174,'Bosch Car Service',NULL,0),(1179,'Home','/',0),(1180,'Services','/services',0),(1181,'Tyre','/services/tyre',0),(1182,' Battery Replacement',NULL,0),(1183,'Read about CME','/about-us',0),(1184,'Visit Website','https://alfahim.com/',1),(1189,'Home','/',0),(1190,'Services','/services',0),(1191,'Tyre','/services/tyre',0),(1192,'Tyre Repair',NULL,0),(1213,'Discover','/tyres',0),(1214,'Discover','/automotive-aftermarket',0),(1215,'Discover','/power-tools',0),(1216,'Discover','/services',0);

--
-- Table structure for table `components_common_lists`
--

CREATE TABLE `components_common_lists` (
  `id` int unsigned NOT NULL AUTO_INCREMENT,
  `item` varchar(255) DEFAULT NULL,
  PRIMARY KEY (`id`)
) ENGINE=InnoDB AUTO_INCREMENT=119 DEFAULT CHARSET=utf8mb4 COLLATE=utf8mb4_0900_ai_ci;

--
-- Dumping data for table `components_common_lists`
--

INSERT INTO `components_common_lists` VALUES (3,'General Enquiry'),(4,'Request a Quote'),(29,'Product Information'),(30,'Service Booking'),(113,'Complaint / Support'),(114,'General Enquiry'),(115,'Request a Quote'),(116,'Product Information'),(117,'Service Booking'),(118,'Complaint / Support');

--
-- Table structure for table `components_common_location_cards`
--

CREATE TABLE `components_common_location_cards` (
  `id` int unsigned NOT NULL AUTO_INCREMENT,
  `title` varchar(255) DEFAULT NULL,
  `address` longtext,
  `embeded_map_url` longtext,
  `map_url` longtext,
  PRIMARY KEY (`id`)
) ENGINE=InnoDB AUTO_INCREMENT=14 DEFAULT CHARSET=utf8mb4 COLLATE=utf8mb4_0900_ai_ci;

--
-- Dumping data for table `components_common_location_cards`
--

INSERT INTO `components_common_location_cards` VALUES (1,'CME – Dubai Branch','17, 14b Street, Al Quoz Industrial Area 2, Dubai - 26255','https://www.google.com/maps/embed?pb=!1m18!1m12!1m3!1d3929.0751182426834!2d76.36143617469948!3d10.010653990095298!2m3!1f0!2f0!3f0!3m2!1i1024!2i768!4f13.1!3m3!1m2!1s0x3b080d0134489a65%3A0x12902e6bd8824d01!2sWipro%20Limited!5e0!3m2!1sen!2sin!4v1765689571353!5m2!1sen!2sin','https://www.google.com/maps/embed?pb=!1m18!1m12!1m3!1d3929.0751182426834!2d76.36143617469948!3d10.010653990095298!2m3!1f0!2f0!3f0!3m2!1i1024!2i768!4f13.1!3m3!1m2!1s0x3b080d0134489a65%3A0x12902e6bd8824d01!2sWipro%20Limited!5e0!3m2!1sen!2sin!4v1765689571353!5m2!1sen!2sin'),(3,'Bosch Car Service – Bosch Diesel Service – Dubai','17, 14b Street, Al Quoz Industrial Area 2, Dubai - 26255','https://www.google.com/maps/embed?pb=!1m18!1m12!1m3!1d3929.0751182426834!2d76.36143617469948!3d10.010653990095298!2m3!1f0!2f0!3f0!3m2!1i1024!2i768!4f13.1!3m3!1m2!1s0x3b080d0134489a65%3A0x12902e6bd8824d01!2sWipro%20Limited!5e0!3m2!1sen!2sin!4v1765689571353!5m2!1sen!2sin','https://www.google.com/maps/embed?pb=!1m18!1m12!1m3!1d3929.0751182426834!2d76.36143617469948!3d10.010653990095298!2m3!1f0!2f0!3f0!3m2!1i1024!2i768!4f13.1!3m3!1m2!1s0x3b080d0134489a65%3A0x12902e6bd8824d01!2sWipro%20Limited!5e0!3m2!1sen!2sin!4v1765689571353!5m2!1sen!2sin'),(4,'CME – Dubai Branch','17, 14b Street, Al Quoz Industrial Area 2, Dubai - 26255','https://www.google.com/maps/embed?pb=!1m18!1m12!1m3!1d3929.0751182426834!2d76.36143617469948!3d10.010653990095298!2m3!1f0!2f0!3f0!3m2!1i1024!2i768!4f13.1!3m3!1m2!1s0x3b080d0134489a65%3A0x12902e6bd8824d01!2sWipro%20Limited!5e0!3m2!1sen!2sin!4v1765689571353!5m2!1sen!2sin','https://www.google.com/maps/embed?pb=!1m18!1m12!1m3!1d3929.0751182426834!2d76.36143617469948!3d10.010653990095298!2m3!1f0!2f0!3f0!3m2!1i1024!2i768!4f13.1!3m3!1m2!1s0x3b080d0134489a65%3A0x12902e6bd8824d01!2sWipro%20Limited!5e0!3m2!1sen!2sin!4v1765689571353!5m2!1sen!2sin'),(11,'CME – Dubai Branch','17, 14b Street, Al Quoz Industrial Area 2, Dubai - 26255','https://www.google.com/maps/embed?pb=!1m18!1m12!1m3!1d3929.0751182426834!2d76.36143617469948!3d10.010653990095298!2m3!1f0!2f0!3f0!3m2!1i1024!2i768!4f13.1!3m3!1m2!1s0x3b080d0134489a65%3A0x12902e6bd8824d01!2sWipro%20Limited!5e0!3m2!1sen!2sin!4v1765689571353!5m2!1sen!2sin','https://www.google.com/maps/embed?pb=!1m18!1m12!1m3!1d3929.0751182426834!2d76.36143617469948!3d10.010653990095298!2m3!1f0!2f0!3f0!3m2!1i1024!2i768!4f13.1!3m3!1m2!1s0x3b080d0134489a65%3A0x12902e6bd8824d01!2sWipro%20Limited!5e0!3m2!1sen!2sin!4v1765689571353!5m2!1sen!2sin'),(12,'Bosch Car Service – Bosch Diesel Service – Dubai','17, 14b Street, Al Quoz Industrial Area 2, Dubai - 26255','https://www.google.com/maps/embed?pb=!1m18!1m12!1m3!1d3929.0751182426834!2d76.36143617469948!3d10.010653990095298!2m3!1f0!2f0!3f0!3m2!1i1024!2i768!4f13.1!3m3!1m2!1s0x3b080d0134489a65%3A0x12902e6bd8824d01!2sWipro%20Limited!5e0!3m2!1sen!2sin!4v1765689571353!5m2!1sen!2sin','https://www.google.com/maps/embed?pb=!1m18!1m12!1m3!1d3929.0751182426834!2d76.36143617469948!3d10.010653990095298!2m3!1f0!2f0!3f0!3m2!1i1024!2i768!4f13.1!3m3!1m2!1s0x3b080d0134489a65%3A0x12902e6bd8824d01!2sWipro%20Limited!5e0!3m2!1sen!2sin!4v1765689571353!5m2!1sen!2sin'),(13,'CME – Dubai Branch','17, 14b Street, Al Quoz Industrial Area 2, Dubai - 26255','https://www.google.com/maps/embed?pb=!1m18!1m12!1m3!1d3929.0751182426834!2d76.36143617469948!3d10.010653990095298!2m3!1f0!2f0!3f0!3m2!1i1024!2i768!4f13.1!3m3!1m2!1s0x3b080d0134489a65%3A0x12902e6bd8824d01!2sWipro%20Limited!5e0!3m2!1sen!2sin!4v1765689571353!5m2!1sen!2sin','https://www.google.com/maps/embed?pb=!1m18!1m12!1m3!1d3929.0751182426834!2d76.36143617469948!3d10.010653990095298!2m3!1f0!2f0!3f0!3m2!1i1024!2i768!4f13.1!3m3!1m2!1s0x3b080d0134489a65%3A0x12902e6bd8824d01!2sWipro%20Limited!5e0!3m2!1sen!2sin!4v1765689571353!5m2!1sen!2sin');

--
-- Table structure for table `components_common_location_cards_branch_location_lnk`
--

CREATE TABLE `components_common_location_cards_branch_location_lnk` (
  `id` int unsigned NOT NULL AUTO_INCREMENT,
  `location_card_id` int unsigned DEFAULT NULL,
  `branch_location_id` int unsigned DEFAULT NULL,
  PRIMARY KEY (`id`),
  UNIQUE KEY `components_common_location_cards_branch_location_lnk_uq` (`location_card_id`,`branch_location_id`),
  KEY `components_common_location_cards_branch_location_lnk_fk` (`location_card_id`),
  KEY `components_common_location_cards_branch_locati6432b_ifk` (`branch_location_id`),
  CONSTRAINT `components_common_location_cards_branch_locati6432b_ifk` FOREIGN KEY (`branch_location_id`) REFERENCES `branch_locations` (`id`) ON DELETE CASCADE,
  CONSTRAINT `components_common_location_cards_branch_location_lnk_fk` FOREIGN KEY (`location_card_id`) REFERENCES `components_common_location_cards` (`id`) ON DELETE CASCADE
) ENGINE=InnoDB AUTO_INCREMENT=14 DEFAULT CHARSET=utf8mb4 COLLATE=utf8mb4_0900_ai_ci;

--
-- Dumping data for table `components_common_location_cards_branch_location_lnk`
--

INSERT INTO `components_common_location_cards_branch_location_lnk` VALUES (1,1,1),(3,3,1),(4,4,4),(11,11,3),(12,12,3),(13,13,6);

--
-- Table structure for table `components_common_location_cards_cmps`
--

CREATE TABLE `components_common_location_cards_cmps` (
  `id` int unsigned NOT NULL AUTO_INCREMENT,
  `entity_id` int unsigned DEFAULT NULL,
  `cmp_id` int unsigned DEFAULT NULL,
  `component_type` varchar(255) DEFAULT NULL,
  `field` varchar(255) DEFAULT NULL,
  `order` double unsigned DEFAULT NULL,
  PRIMARY KEY (`id`),
  UNIQUE KEY `components_common_location_cards_uq` (`entity_id`,`cmp_id`,`field`,`component_type`),
  KEY `components_common_location_cards_field_idx` (`field`),
  KEY `components_common_location_cards_component_type_idx` (`component_type`),
  KEY `components_common_location_cards_entity_fk` (`entity_id`),
  CONSTRAINT `components_common_location_cards_entity_fk` FOREIGN KEY (`entity_id`) REFERENCES `components_common_location_cards` (`id`) ON DELETE CASCADE
) ENGINE=InnoDB AUTO_INCREMENT=21 DEFAULT CHARSET=utf8mb4 COLLATE=utf8mb4_0900_ai_ci;

--
-- Dumping data for table `components_common_location_cards_cmps`
--

INSERT INTO `components_common_location_cards_cmps` VALUES (1,1,1,'common.phone','phoneNumbers',1),(3,3,3,'common.phone','phoneNumbers',1),(4,4,4,'common.phone','phoneNumbers',1),(18,11,71,'common.phone','phoneNumbers',1),(19,12,72,'common.phone','phoneNumbers',1),(20,13,73,'common.phone','phoneNumbers',1);

--
-- Table structure for table `components_common_locations`
--

CREATE TABLE `components_common_locations` (
  `id` int unsigned NOT NULL AUTO_INCREMENT,
  `title` varchar(255) DEFAULT NULL,
  PRIMARY KEY (`id`)
) ENGINE=InnoDB AUTO_INCREMENT=6 DEFAULT CHARSET=utf8mb4 COLLATE=utf8mb4_0900_ai_ci;

--
-- Dumping data for table `components_common_locations`
--

INSERT INTO `components_common_locations` VALUES (1,'Service Locations'),(5,'Service Locations');

--
-- Table structure for table `components_common_locations_cmps`
--

CREATE TABLE `components_common_locations_cmps` (
  `id` int unsigned NOT NULL AUTO_INCREMENT,
  `entity_id` int unsigned DEFAULT NULL,
  `cmp_id` int unsigned DEFAULT NULL,
  `component_type` varchar(255) DEFAULT NULL,
  `field` varchar(255) DEFAULT NULL,
  `order` double unsigned DEFAULT NULL,
  PRIMARY KEY (`id`),
  UNIQUE KEY `components_common_locations_uq` (`entity_id`,`cmp_id`,`field`,`component_type`),
  KEY `components_common_locations_field_idx` (`field`),
  KEY `components_common_locations_component_type_idx` (`component_type`),
  KEY `components_common_locations_entity_fk` (`entity_id`),
  CONSTRAINT `components_common_locations_entity_fk` FOREIGN KEY (`entity_id`) REFERENCES `components_common_locations` (`id`) ON DELETE CASCADE
) ENGINE=InnoDB AUTO_INCREMENT=21 DEFAULT CHARSET=utf8mb4 COLLATE=utf8mb4_0900_ai_ci;

--
-- Dumping data for table `components_common_locations_cmps`
--

INSERT INTO `components_common_locations_cmps` VALUES (1,1,1,'common.location-card','items',1),(3,1,3,'common.location-card','items',2),(4,1,4,'common.location-card','items',3),(18,5,11,'common.location-card','items',1),(19,5,12,'common.location-card','items',2),(20,5,13,'common.location-card','items',3);

--
-- Table structure for table `components_common_menu_item_w_services`
--

CREATE TABLE `components_common_menu_item_w_services` (
  `id` int unsigned NOT NULL AUTO_INCREMENT,
  `title` varchar(255) DEFAULT NULL,
  `url` varchar(255) DEFAULT NULL,
  `content` longtext,
  `link_text` varchar(255) DEFAULT NULL,
  PRIMARY KEY (`id`)
) ENGINE=InnoDB AUTO_INCREMENT=12 DEFAULT CHARSET=utf8mb4 COLLATE=utf8mb4_0900_ai_ci;

--
-- Dumping data for table `components_common_menu_item_w_services`
--

INSERT INTO `components_common_menu_item_w_services` VALUES (1,'Services','/en/services','<p>Delivering expert solutions across Automotive, Tyre, &amp; Power Tools Services.</p>','Explore Services'),(11,'Services','/en/services','<p>Delivering expert solutions across Automotive, Tyre, &amp; Power Tools Services.</p>','Explore Services');

--
-- Table structure for table `components_common_menu_item_w_subs`
--

CREATE TABLE `components_common_menu_item_w_subs` (
  `id` int unsigned NOT NULL AUTO_INCREMENT,
  `title` varchar(255) DEFAULT NULL,
  `url` varchar(255) DEFAULT NULL,
  `new_tab` tinyint(1) DEFAULT NULL,
  `is_active` tinyint(1) DEFAULT NULL,
  PRIMARY KEY (`id`)
) ENGINE=InnoDB AUTO_INCREMENT=64 DEFAULT CHARSET=utf8mb4 COLLATE=utf8mb4_0900_ai_ci;

--
-- Dumping data for table `components_common_menu_item_w_subs`
--

INSERT INTO `components_common_menu_item_w_subs` VALUES (1,'Company',NULL,NULL,1),(2,'Divisions',NULL,NULL,1),(62,'Company',NULL,NULL,1),(63,'Divisions',NULL,NULL,1);

--
-- Table structure for table `components_common_menu_item_w_subs_cmps`
--

CREATE TABLE `components_common_menu_item_w_subs_cmps` (
  `id` int unsigned NOT NULL AUTO_INCREMENT,
  `entity_id` int unsigned DEFAULT NULL,
  `cmp_id` int unsigned DEFAULT NULL,
  `component_type` varchar(255) DEFAULT NULL,
  `field` varchar(255) DEFAULT NULL,
  `order` double unsigned DEFAULT NULL,
  PRIMARY KEY (`id`),
  UNIQUE KEY `components_common_menu_item_w_subs_uq` (`entity_id`,`cmp_id`,`field`,`component_type`),
  KEY `components_common_menu_item_w_subs_field_idx` (`field`),
  KEY `components_common_menu_item_w_subs_component_type_idx` (`component_type`),
  KEY `components_common_menu_item_w_subs_entity_fk` (`entity_id`),
  CONSTRAINT `components_common_menu_item_w_subs_entity_fk` FOREIGN KEY (`entity_id`) REFERENCES `components_common_menu_item_w_subs` (`id`) ON DELETE CASCADE
) ENGINE=InnoDB AUTO_INCREMENT=401 DEFAULT CHARSET=utf8mb4 COLLATE=utf8mb4_0900_ai_ci;

--
-- Dumping data for table `components_common_menu_item_w_subs_cmps`
--

INSERT INTO `components_common_menu_item_w_subs_cmps` VALUES (1,1,13,'common.menu-item','submenu',1),(2,1,14,'common.menu-item','submenu',2),(3,1,15,'common.menu-item','submenu',3),(4,1,16,'common.menu-item','submenu',4),(5,2,17,'common.menu-item','submenu',2),(6,2,18,'common.menu-item','submenu',3),(7,2,19,'common.menu-item','submenu',1),(8,2,20,'common.menu-item','submenu',4),(393,62,334,'common.menu-item','submenu',1),(394,62,335,'common.menu-item','submenu',2),(395,62,336,'common.menu-item','submenu',3),(396,62,337,'common.menu-item','submenu',4),(397,63,338,'common.menu-item','submenu',1),(398,63,339,'common.menu-item','submenu',2),(399,63,340,'common.menu-item','submenu',3),(400,63,341,'common.menu-item','submenu',4);

--
-- Table structure for table `components_common_metas`
--

CREATE TABLE `components_common_metas` (
  `id` int unsigned NOT NULL AUTO_INCREMENT,
  `name` varchar(255) DEFAULT NULL,
  `content` longtext,
  PRIMARY KEY (`id`)
) ENGINE=InnoDB DEFAULT CHARSET=utf8mb4 COLLATE=utf8mb4_0900_ai_ci;

--
-- Dumping data for table `components_common_metas`
--


--
-- Table structure for table `components_common_phones`
--

CREATE TABLE `components_common_phones` (
  `id` int unsigned NOT NULL AUTO_INCREMENT,
  `phone` varchar(255) DEFAULT NULL,
  PRIMARY KEY (`id`)
) ENGINE=InnoDB AUTO_INCREMENT=669 DEFAULT CHARSET=utf8mb4 COLLATE=utf8mb4_0900_ai_ci;

--
-- Dumping data for table `components_common_phones`
--

INSERT INTO `components_common_phones` VALUES (1,'+971 4 309 0900'),(3,'+971 4 309 0900'),(4,'+971 4 309 0900'),(11,'02 309 0904'),(18,'Tel: +971 43090930'),(20,'02-4017710'),(24,'Tel: +971 4 309 0900'),(26,'02-4017745'),(30,'04-309 0900'),(37,'04-3090911'),(40,' 02-4017765'),(41,'056-4123339'),(46,'06 5932777'),(71,'+971 4 309 0900'),(72,'+971 4 309 0900'),(73,'+971 4 309 0900'),(136,'02-4017753'),(138,'02-6819101'),(143,'02-4017775'),(144,'056-4123337'),(147,' 056-5384480 (Mobile Van Service)'),(150,' 056-4123338'),(157,'02 - 401 7708'),(158,' 056 998 1383'),(164,'02-4017753'),(166,'04 3090930'),(167,'04 3090920'),(174,'04 3090905'),(182,'04 3090905'),(183,' 04 3090930'),(184,' 04 309 0932'),(190,'02 - 401 7708'),(191,' 056 998 1383'),(194,'02-4017753'),(196,'06 5932777'),(240,'06 5932777'),(284,'02 - 401 7708'),(285,'056 998 1383'),(422,'02-4017753'),(458,'04 3090905'),(574,'02 309 0904'),(575,'02-4017753'),(576,' 056-5384480 (Mobile Van Service)'),(577,'02-6819101'),(578,' 056-4123338'),(579,'02-4017775'),(580,'056-4123337'),(581,' 02-4017765'),(582,'056-4123339'),(618,'02 - 401 7708'),(619,' 056 998 1383'),(620,'02-4017753'),(621,'04 3090905'),(622,' 04 3090930'),(623,' 04 309 0932'),(629,'02 - 401 7708'),(630,'056 998 1383'),(631,'02 - 401 7708'),(632,' 056 998 1383'),(642,'Tel: +971 4 309 0900'),(647,'04-309 0900'),(648,'04-3090911'),(651,'04 3090905'),(655,'02-4017710'),(656,'02-4017745'),(657,'02-4017753'),(661,'02-4017753'),(662,'04 3090930'),(663,'04 3090920'),(665,'06 5932777'),(666,'06 5932777'),(668,'06 5932777');

--
-- Table structure for table `components_common_seos`
--

CREATE TABLE `components_common_seos` (
  `id` int unsigned NOT NULL AUTO_INCREMENT,
  `meta_title` longtext,
  `meta_description` longtext,
  `prevent_indexing` tinyint(1) DEFAULT NULL,
  `keywords` longtext,
  `canonical_url` longtext,
  `meta_head` longtext,
  `word_description` longtext,
  PRIMARY KEY (`id`)
) ENGINE=InnoDB AUTO_INCREMENT=293 DEFAULT CHARSET=utf8mb4 COLLATE=utf8mb4_0900_ai_ci;

--
-- Dumping data for table `components_common_seos`
--

INSERT INTO `components_common_seos` VALUES (1,'test','test',NULL,NULL,NULL,NULL,NULL),(3,'test','test',NULL,NULL,NULL,NULL,NULL),(4,'test','test',NULL,NULL,NULL,NULL,NULL),(5,'test','test',NULL,NULL,NULL,NULL,NULL),(6,'Alfahim - About Us','Alfahim - About Us',NULL,NULL,NULL,NULL,NULL),(8,'test','test',NULL,NULL,NULL,NULL,NULL),(9,'test','test',NULL,NULL,NULL,NULL,NULL),(10,NULL,NULL,NULL,NULL,NULL,NULL,NULL),(11,NULL,NULL,NULL,NULL,NULL,NULL,NULL),(12,NULL,NULL,NULL,NULL,NULL,NULL,NULL),(13,NULL,NULL,NULL,NULL,NULL,NULL,NULL),(14,NULL,NULL,NULL,NULL,NULL,NULL,NULL),(15,NULL,NULL,NULL,NULL,NULL,NULL,NULL),(16,NULL,NULL,NULL,NULL,NULL,NULL,NULL),(17,NULL,NULL,NULL,NULL,NULL,NULL,NULL),(18,'test','test',NULL,NULL,NULL,NULL,NULL),(20,'test','test',NULL,NULL,NULL,NULL,NULL),(22,'test','test',NULL,NULL,NULL,NULL,NULL),(24,'test','test',NULL,NULL,NULL,NULL,NULL),(25,'test','test',NULL,NULL,NULL,NULL,NULL),(26,'test','test',NULL,NULL,NULL,NULL,NULL),(34,'Alfahim - About Us','Alfahim - About Us',NULL,NULL,NULL,NULL,NULL),(35,'Newsroom | Latest News & Updates | Central Motors UAE','Stay updated with the latest news from Central Motors UAE. Explore announcements, product launches, industry updates, and company milestones from across the UAE.',NULL,NULL,NULL,NULL,NULL),(37,'Newsroom | Latest News & Updates | Central Motors UAE','Stay updated with the latest news from Central Motors UAE. Explore announcements, product launches, industry updates, and company milestones from across the UAE.',NULL,NULL,NULL,NULL,NULL),(39,'Newsroom | Latest News & Updates | Central Motors UAE','Stay updated with the latest news from Central Motors UAE. Explore announcements, product launches, industry updates, and company milestones from across the UAE.',NULL,NULL,NULL,NULL,NULL),(41,'Central Motors UAE Locations | Find Us Near You','Find your nearest Central Motors UAE location. With service centres and retail outlets across the UAE, quality automotive products and expert services are always close to you.',NULL,NULL,NULL,NULL,NULL),(64,'About Central Motors UAE | Our Story & Mission','Learn about Central Motors UAE. Discover our history, values, and commitment to delivering quality automotive parts, tyres, and power tools to customers across the UAE.',NULL,NULL,NULL,NULL,NULL),(66,'Contact Central Motors UAE | Get in Touch','Get in touch with Central Motors UAE. Reach our team for product enquiries, service bookings, and support. We are here to help customers across the UAE.',NULL,NULL,NULL,NULL,NULL),(72,'Services',NULL,NULL,NULL,NULL,NULL,NULL),(74,'Tyres & Tyre Services | Central Motors UAE',NULL,NULL,NULL,NULL,NULL,NULL),(78,'Newsroom | Latest News & Updates | Central Motors UAE','Stay updated with the latest news from Central Motors UAE. Explore announcements, product launches, industry updates, and company milestones from across the UAE.',NULL,NULL,NULL,NULL,NULL),(80,'Newsroom | Latest News & Updates | Central Motors UAE','Stay updated with the latest news from Central Motors UAE. Explore announcements, product launches, industry updates, and company milestones from across the UAE.',NULL,NULL,NULL,NULL,NULL),(82,'Newsroom | Latest News & Updates | Central Motors UAE','Stay updated with the latest news from Central Motors UAE. Explore announcements, product launches, industry updates, and company milestones from across the UAE.',NULL,NULL,NULL,NULL,NULL),(84,'Tyres & Tyre Services | Central Motors UAE','Shop quality tyres at Central Motors UAE. A full range of car, 4x4, truck, and industrial tyres, plus tyre fitting, balancing, and related services available across the UAE.',NULL,NULL,NULL,NULL,NULL),(86,'Automotive Aftermarket Parts & Products | Central Motors UAE','Shop genuine automotive aftermarket parts in the UAE. Central Motors offers a wide range of products for passenger cars, trucks, motorcycles, and more. Quality you can trust.',NULL,NULL,NULL,NULL,NULL),(88,'Central Motors UAE | Automotive, Tyres & Power Tools','Central Motors UAE is your trusted destination for automotive aftermarket parts, tyres, and power tools. Explore our full range of products and expert services across the UAE.',NULL,NULL,NULL,NULL,NULL),(90,'Power Tools Services',NULL,NULL,NULL,NULL,NULL,NULL),(93,'Automotive Aftermarket',NULL,NULL,NULL,NULL,NULL,NULL),(129,NULL,NULL,NULL,NULL,NULL,NULL,NULL),(130,NULL,NULL,NULL,NULL,NULL,NULL,NULL),(131,NULL,NULL,NULL,NULL,NULL,NULL,NULL),(132,NULL,NULL,NULL,NULL,NULL,NULL,NULL),(133,'Services',NULL,NULL,NULL,NULL,NULL,NULL),(134,'Services',NULL,NULL,NULL,NULL,NULL,NULL),(166,'Terms & Conditions | Central Motors UAE','Read the Central Motors UAE Terms & Conditions to understand the rules, responsibilities, and conditions governing the use of our website and services.',NULL,NULL,NULL,NULL,NULL),(168,'Privacy Policy | Central Motors UAE','Read the Central Motors UAE Privacy Policy to learn how we collect, use, store, and protect your personal information when you use our website and services.',NULL,NULL,NULL,NULL,NULL),(182,'Automotive Aftermarket',NULL,NULL,NULL,NULL,NULL,NULL),(187,'MICHELIN x AMAZON UAE CAMPAIGN TERMS & CONDITIONS','MICHELIN x AMAZON UAE CAMPAIGN TERMS & CONDITIONS',NULL,NULL,NULL,NULL,NULL),(246,'Power Tools Services',NULL,NULL,NULL,NULL,NULL,NULL),(265,'Central Motors UAE | Automotive, Tyres & Power Tools','Central Motors UAE is your trusted destination for automotive aftermarket parts, tyres, and power tools. Explore our full range of products and expert services across the UAE.',NULL,NULL,NULL,NULL,NULL),(267,'Central Motors UAE Locations | Find Us Near You','Find your nearest Central Motors UAE location. With service centres and retail outlets across the UAE, quality automotive products and expert services are always close to you.',NULL,NULL,NULL,NULL,NULL),(269,'Newsroom | Latest News & Updates | Central Motors UAE','Stay updated with the latest news from Central Motors UAE. Explore announcements, product launches, industry updates, and company milestones from across the UAE.',NULL,NULL,NULL,NULL,NULL),(270,'Automotive Aftermarket Parts & Products | Central Motors UAE','Shop genuine automotive aftermarket parts in the UAE. Central Motors offers a wide range of products for passenger cars, trucks, motorcycles, and more. Quality you can trust.',NULL,NULL,NULL,NULL,NULL),(271,'Tyres & Tyre Services | Central Motors UAE',NULL,NULL,NULL,NULL,NULL,NULL),(272,'Tyres & Tyre Services | Central Motors UAE','Shop quality tyres at Central Motors UAE. A full range of car, 4x4, truck, and industrial tyres, plus tyre fitting, balancing, and related services available across the UAE.',NULL,NULL,NULL,NULL,NULL),(273,'Privacy Policy | Central Motors UAE','Read the Central Motors UAE Privacy Policy to learn how we collect, use, store, and protect your personal information when you use our website and services.',NULL,NULL,NULL,NULL,NULL),(274,'Terms & Conditions | Central Motors UAE','Read the Central Motors UAE Terms & Conditions to understand the rules, responsibilities, and conditions governing the use of our website and services.',NULL,NULL,NULL,NULL,NULL),(275,'Newsroom | Latest News & Updates | Central Motors UAE','Stay updated with the latest news from Central Motors UAE. Explore announcements, product launches, industry updates, and company milestones from across the UAE.',NULL,NULL,NULL,NULL,NULL),(277,'Newsroom | Latest News & Updates | Central Motors UAE','Stay updated with the latest news from Central Motors UAE. Explore announcements, product launches, industry updates, and company milestones from across the UAE.',NULL,NULL,NULL,NULL,NULL),(278,'Newsroom | Latest News & Updates | Central Motors UAE','Stay updated with the latest news from Central Motors UAE. Explore announcements, product launches, industry updates, and company milestones from across the UAE.',NULL,NULL,NULL,NULL,NULL),(279,'Newsroom | Latest News & Updates | Central Motors UAE','Stay updated with the latest news from Central Motors UAE. Explore announcements, product launches, industry updates, and company milestones from across the UAE.',NULL,NULL,NULL,NULL,NULL),(281,'Newsroom | Latest News & Updates | Central Motors UAE','Stay updated with the latest news from Central Motors UAE. Explore announcements, product launches, industry updates, and company milestones from across the UAE.',NULL,NULL,NULL,NULL,NULL),(287,'Contact Central Motors UAE | Get in Touch','Get in touch with Central Motors UAE. Reach our team for product enquiries, service bookings, and support. We are here to help customers across the UAE.',NULL,NULL,NULL,NULL,NULL),(288,'MICHELIN x AMAZON UAE CAMPAIGN TERMS & CONDITIONS','MICHELIN x AMAZON UAE CAMPAIGN TERMS & CONDITIONS',NULL,NULL,NULL,NULL,NULL),(291,'Services',NULL,NULL,NULL,NULL,NULL,NULL),(292,'About Central Motors UAE | Our Story & Mission','Learn about Central Motors UAE. Discover our history, values, and commitment to delivering quality automotive parts, tyres, and power tools to customers across the UAE.',NULL,NULL,NULL,NULL,NULL);

--
-- Table structure for table `components_common_seos_cmps`
--

CREATE TABLE `components_common_seos_cmps` (
  `id` int unsigned NOT NULL AUTO_INCREMENT,
  `entity_id` int unsigned DEFAULT NULL,
  `cmp_id` int unsigned DEFAULT NULL,
  `component_type` varchar(255) DEFAULT NULL,
  `field` varchar(255) DEFAULT NULL,
  `order` double unsigned DEFAULT NULL,
  PRIMARY KEY (`id`),
  UNIQUE KEY `components_common_seos_uq` (`entity_id`,`cmp_id`,`field`,`component_type`),
  KEY `components_common_seos_field_idx` (`field`),
  KEY `components_common_seos_component_type_idx` (`component_type`),
  KEY `components_common_seos_entity_fk` (`entity_id`),
  CONSTRAINT `components_common_seos_entity_fk` FOREIGN KEY (`entity_id`) REFERENCES `components_common_seos` (`id`) ON DELETE CASCADE
) ENGINE=InnoDB DEFAULT CHARSET=utf8mb4 COLLATE=utf8mb4_0900_ai_ci;

--
-- Dumping data for table `components_common_seos_cmps`
--


--
-- Table structure for table `components_common_slider_images`
--

