-- Dumping data for table `locations_cmps`
--

INSERT INTO `locations_cmps` VALUES (1,1,41,'common.seo','seo',NULL),(12,10,267,'common.seo','seo',NULL);

--
-- Table structure for table `locations_location_types_lnk`
--

CREATE TABLE `locations_location_types_lnk` (
  `id` int unsigned NOT NULL AUTO_INCREMENT,
  `location_id` int unsigned DEFAULT NULL,
  `branch_location_id` int unsigned DEFAULT NULL,
  `branch_location_ord` double unsigned DEFAULT NULL,
  PRIMARY KEY (`id`),
  UNIQUE KEY `locations_location_types_lnk_uq` (`location_id`,`branch_location_id`),
  KEY `locations_location_types_lnk_fk` (`location_id`),
  KEY `locations_location_types_lnk_ifk` (`branch_location_id`),
  KEY `locations_location_types_lnk_ofk` (`branch_location_ord`),
  CONSTRAINT `locations_location_types_lnk_fk` FOREIGN KEY (`location_id`) REFERENCES `locations` (`id`) ON DELETE CASCADE,
  CONSTRAINT `locations_location_types_lnk_ifk` FOREIGN KEY (`branch_location_id`) REFERENCES `branch_locations` (`id`) ON DELETE CASCADE
) ENGINE=InnoDB AUTO_INCREMENT=16 DEFAULT CHARSET=utf8mb4 COLLATE=utf8mb4_0900_ai_ci;

--
-- Dumping data for table `locations_location_types_lnk`
--

INSERT INTO `locations_location_types_lnk` VALUES (1,1,4,1),(3,1,7,2),(9,1,1,3),(13,10,6,1),(14,10,35,2),(15,10,3,3);

--
-- Table structure for table `newes`
--

CREATE TABLE `newes` (
  `id` int unsigned NOT NULL AUTO_INCREMENT,
  `document_id` varchar(255) DEFAULT NULL,
  `title` varchar(255) DEFAULT NULL,
  `slug` varchar(255) DEFAULT NULL,
  `posted_date` date DEFAULT NULL,
  `small_description` longtext,
  `description` longtext,
  `is_featured` tinyint(1) DEFAULT NULL,
  `read_time` varchar(255) DEFAULT NULL,
  `created_at` datetime(6) DEFAULT NULL,
  `updated_at` datetime(6) DEFAULT NULL,
  `published_at` datetime(6) DEFAULT NULL,
  `created_by_id` int unsigned DEFAULT NULL,
  `updated_by_id` int unsigned DEFAULT NULL,
  `locale` varchar(255) DEFAULT NULL,
  PRIMARY KEY (`id`),
  KEY `newes_documents_idx` (`document_id`,`locale`,`published_at`),
  KEY `newes_created_by_id_fk` (`created_by_id`),
  KEY `newes_updated_by_id_fk` (`updated_by_id`),
  CONSTRAINT `newes_created_by_id_fk` FOREIGN KEY (`created_by_id`) REFERENCES `admin_users` (`id`) ON DELETE SET NULL,
  CONSTRAINT `newes_updated_by_id_fk` FOREIGN KEY (`updated_by_id`) REFERENCES `admin_users` (`id`) ON DELETE SET NULL
) ENGINE=InnoDB AUTO_INCREMENT=70 DEFAULT CHARSET=utf8mb4 COLLATE=utf8mb4_0900_ai_ci;

--
-- Dumping data for table `newes`
--

INSERT INTO `newes` VALUES (1,'pabl6v25u1lp2r05v1fc77ub','A HISTORIC MOMENT FOR CENTRAL MOTORS & & EQUIPMENT! & WE ARE BEYOND EXCITED TO SHARE TRULY EXTRA ORDINARY NEWS!','awards1','2026-01-08','We are beyond excited to share truly extraordinary news!\n','<p>We are beyond excited to share truly extraordinary news!</p><p>Central Motors &amp; Equipment LLC has been honored on the world stage, winning the “Highly Commended Distributor of the Year” at the prestigious Automechanika 2025 Global Awards!</p><p>This remarkable distinction was presented by Mr. Michael Johannes, Vice President Mobility &amp; Logistics at Messe Frankfurt a true industry icon and received with pride by our General Manager, Mr. Sami Messaoudi, and Country Business Director, Mr. Rajkumar Venkatapathy.<br>&nbsp;</p>',1,'5 mins','2025-12-12 05:37:33.823000','2026-07-02 06:25:10.515000',NULL,1,1,'en'),(4,'lnfso4vkopvjvx8xkw9wpukv','A HISTORIC MOMENT FOR CENTRAL MOTORS & & EQUIPMENT! & WE ARE BEYOND EXCITED TO SHARE TRULY EXTRA ORDINARY NEWS!','awards2','2026-12-08','As Knorr Bremse strategic partner in Middle East Central Motors & Equipment LLC is honored to be appointed once again as an authorized UAE & Qatar TruckServices Expert Network Distributor until 09-09-2027.','<p style=\"line-height:108%;margin-bottom:0.28cm;\"><span style=\"background-color:#ffffff;font-family:Segoe UI, sans-serif;font-size:small;\"><font style=\"font-size:10pt;\">As Knorr Bremse strategic partner in Middle East Central Motors &amp; Equipment LLC is honored to be appointed once again as an authorized UAE &amp; Qatar TruckServices Expert Network Distributor until 09-09-2027.</font></span><br><br><span style=\"background-color:#ffffff;font-family:Segoe UI, sans-serif;font-size:small;\"><font style=\"font-size:10pt;\">Thanks to Mr. Ozan Cicek, Managing Director, Knorr-Bremse Türkiye &amp; MENA, Vishal Sanghavi, Head of Aftermarket Strategy EMEA, Yarkin Gul, Sales Manager Türkiye &amp; MENA, Savaş OK, Technical Services &amp; Account Manager, Knorr-Bremse Türkiye &amp; MENA for visiting CME stand at Automechanika 2025 and presenting the certificate.</font></span><br><br><span style=\"background-color:#ffffff;font-family:Segoe UI, sans-serif;font-size:small;\"><font style=\"font-size:10pt;\">We sincerely thanks to entire Knorr Bremse team and believe that we will accomplish many things in future as we have done till today together.</font></span></p>',1,'5 mins','2025-12-12 05:38:24.512000','2026-07-02 06:40:25.198000',NULL,1,1,'en'),(19,'k3ms928e4ebxrb5xczipghke','Central Motors and Equipment proudly congratulates Fine Tools on the Grand Opening of their New Experience Center.','news-3','2025-12-12',NULL,'<p style=\"line-height:108%;margin-bottom:0.28cm;\"><span style=\"color:#212121;font-family:Aptos, serif;\">Bosch Power Tools participated in the integration of Finetools’ new branch while celebrating their 25th anniversary milestone. The new location features a dedicated Bosch experience center, allowing customers to easily explore, understand, and use Bosch tools through hands-on demonstrations. This initiative strengthens our long-standing partnership with Finetools and reinforces our shared commitment to delivering innovative solutions, superior service, and an enhanced customer experience</span><br><br>Central Motors &amp; Equipment Lightup the season with BOSCH Powertools new activation to powering the festive spirit<br>Venue: ACE Hardware DFC, Dubai</p><p>BOSCH Power Tools collaborated with ACE Dubai Festival City as part of the Light Up Season, creating an engaging in-store experience for customers. The event attracted strong footfall, with many visitors witnessing live demonstrations and exploring the BOSCH Power Tools range.<br>The activation enhanced brand visibility and customer interaction, highlighting the effectiveness of festive in-store collaborations in driving awareness and engagement.</p>',1,NULL,'2026-01-13 09:19:31.679000','2026-07-02 06:26:14.916000',NULL,1,1,'en'),(21,'pdkwlj6e27rzzp0swewcjv7n','MICHELIN GUIDE Abu Dhabi 2026 ceremony held in October 2025.','news-4','2025-10-23',NULL,'<p>The event was a spectacular celebration of Abu Dhabi\'s culinary excellence, recognizing the city\'s finest chefs and restaurants.</p><p>CME – Tyre Division team has represented the company, the success of the event is a testament to the city\'s thriving food scene, which is rapidly becoming one of the region\'s most dynamic and sought-after destinations for foodies and connoisseurs alike.</p><p>CME thanked to Michelin AIM team for inviting and to have such wonderful experience.&nbsp;</p>',0,NULL,'2026-01-13 09:23:00.970000','2026-07-02 06:27:13.825000',NULL,1,1,'en'),(38,'eoyvkw49iyjnj6ipbx9o3mse','CME Tyre Division- Michelin collaborated with EMC – Mercedes for Track Day Event','news-5','2025-10-24','Venue: Yas Marina Circuit, Abu Dhabi UAE','<p>Central Motors and Equipment Tyre Division’s Brand Michelin has collaborated with Emirates Motor Company (Alfahim Group) for Mercedes Track Day Event, where all tyres for Track Day Car for customers were sponsored by CME-Michelin.</p><p>At this high-octane event, Michelin showcased its premium tire capabilities, providing top-notch tires for the track cars. The collaboration aimed to promote Michelin\'s brand excellence, cutting-edge technology, and exceptional performance.</p><p>The event provided a unique opportunity for guests to experience the thrill of driving Mercedes-Benz cars equipped with Michelin tires, highlighting the brand\'s commitment to safety, quality, and innovation.<br>Adding to the event\'s success, the CME Tyreplus van was on-site, providing expert tire services and showcasing the convenience of mobile tire care. Guests had the opportunity to experience firsthand the quality and efficiency of Tyreplus\'s services, further solidifying Central Motors and Equipment\'s commitment to customer satisfaction.</p><p>&nbsp;</p>',NULL,NULL,'2026-01-27 09:54:57.647000','2026-07-02 06:26:42.320000',NULL,1,1,'en'),(63,'pabl6v25u1lp2r05v1fc77ub','A HISTORIC MOMENT FOR CENTRAL MOTORS & & EQUIPMENT! & WE ARE BEYOND EXCITED TO SHARE TRULY EXTRA ORDINARY NEWS!','awards1','2026-01-08','We are beyond excited to share truly extraordinary news!\n','<p>We are beyond excited to share truly extraordinary news!</p><p>Central Motors &amp; Equipment LLC has been honored on the world stage, winning the “Highly Commended Distributor of the Year” at the prestigious Automechanika 2025 Global Awards!</p><p>This remarkable distinction was presented by Mr. Michael Johannes, Vice President Mobility &amp; Logistics at Messe Frankfurt a true industry icon and received with pride by our General Manager, Mr. Sami Messaoudi, and Country Business Director, Mr. Rajkumar Venkatapathy.<br>&nbsp;</p>',1,'5 mins','2025-12-12 05:37:33.823000','2026-07-02 06:25:10.515000','2026-07-02 06:25:11.275000',1,1,'en'),(65,'k3ms928e4ebxrb5xczipghke','Central Motors and Equipment proudly congratulates Fine Tools on the Grand Opening of their New Experience Center.','news-3','2025-12-12',NULL,'<p style=\"line-height:108%;margin-bottom:0.28cm;\"><span style=\"color:#212121;font-family:Aptos, serif;\">Bosch Power Tools participated in the integration of Finetools’ new branch while celebrating their 25th anniversary milestone. The new location features a dedicated Bosch experience center, allowing customers to easily explore, understand, and use Bosch tools through hands-on demonstrations. This initiative strengthens our long-standing partnership with Finetools and reinforces our shared commitment to delivering innovative solutions, superior service, and an enhanced customer experience</span><br><br>Central Motors &amp; Equipment Lightup the season with BOSCH Powertools new activation to powering the festive spirit<br>Venue: ACE Hardware DFC, Dubai</p><p>BOSCH Power Tools collaborated with ACE Dubai Festival City as part of the Light Up Season, creating an engaging in-store experience for customers. The event attracted strong footfall, with many visitors witnessing live demonstrations and exploring the BOSCH Power Tools range.<br>The activation enhanced brand visibility and customer interaction, highlighting the effectiveness of festive in-store collaborations in driving awareness and engagement.</p>',1,NULL,'2026-01-13 09:19:31.679000','2026-07-02 06:26:14.916000','2026-07-02 06:26:15.589000',1,1,'en'),(66,'eoyvkw49iyjnj6ipbx9o3mse','CME Tyre Division- Michelin collaborated with EMC – Mercedes for Track Day Event','news-5','2025-10-24','Venue: Yas Marina Circuit, Abu Dhabi UAE','<p>Central Motors and Equipment Tyre Division’s Brand Michelin has collaborated with Emirates Motor Company (Alfahim Group) for Mercedes Track Day Event, where all tyres for Track Day Car for customers were sponsored by CME-Michelin.</p><p>At this high-octane event, Michelin showcased its premium tire capabilities, providing top-notch tires for the track cars. The collaboration aimed to promote Michelin\'s brand excellence, cutting-edge technology, and exceptional performance.</p><p>The event provided a unique opportunity for guests to experience the thrill of driving Mercedes-Benz cars equipped with Michelin tires, highlighting the brand\'s commitment to safety, quality, and innovation.<br>Adding to the event\'s success, the CME Tyreplus van was on-site, providing expert tire services and showcasing the convenience of mobile tire care. Guests had the opportunity to experience firsthand the quality and efficiency of Tyreplus\'s services, further solidifying Central Motors and Equipment\'s commitment to customer satisfaction.</p><p>&nbsp;</p>',NULL,NULL,'2026-01-27 09:54:57.647000','2026-07-02 06:26:42.320000','2026-07-02 06:26:42.988000',1,1,'en'),(67,'pdkwlj6e27rzzp0swewcjv7n','MICHELIN GUIDE Abu Dhabi 2026 ceremony held in October 2025.','news-4','2025-10-23',NULL,'<p>The event was a spectacular celebration of Abu Dhabi\'s culinary excellence, recognizing the city\'s finest chefs and restaurants.</p><p>CME – Tyre Division team has represented the company, the success of the event is a testament to the city\'s thriving food scene, which is rapidly becoming one of the region\'s most dynamic and sought-after destinations for foodies and connoisseurs alike.</p><p>CME thanked to Michelin AIM team for inviting and to have such wonderful experience.&nbsp;</p>',0,NULL,'2026-01-13 09:23:00.970000','2026-07-02 06:27:13.825000','2026-07-02 06:27:14.493000',1,1,'en'),(69,'lnfso4vkopvjvx8xkw9wpukv','A HISTORIC MOMENT FOR CENTRAL MOTORS & & EQUIPMENT! & WE ARE BEYOND EXCITED TO SHARE TRULY EXTRA ORDINARY NEWS!','awards2','2026-12-08','As Knorr Bremse strategic partner in Middle East Central Motors & Equipment LLC is honored to be appointed once again as an authorized UAE & Qatar TruckServices Expert Network Distributor until 09-09-2027.','<p style=\"line-height:108%;margin-bottom:0.28cm;\"><span style=\"background-color:#ffffff;font-family:Segoe UI, sans-serif;font-size:small;\"><font style=\"font-size:10pt;\">As Knorr Bremse strategic partner in Middle East Central Motors &amp; Equipment LLC is honored to be appointed once again as an authorized UAE &amp; Qatar TruckServices Expert Network Distributor until 09-09-2027.</font></span><br><br><span style=\"background-color:#ffffff;font-family:Segoe UI, sans-serif;font-size:small;\"><font style=\"font-size:10pt;\">Thanks to Mr. Ozan Cicek, Managing Director, Knorr-Bremse Türkiye &amp; MENA, Vishal Sanghavi, Head of Aftermarket Strategy EMEA, Yarkin Gul, Sales Manager Türkiye &amp; MENA, Savaş OK, Technical Services &amp; Account Manager, Knorr-Bremse Türkiye &amp; MENA for visiting CME stand at Automechanika 2025 and presenting the certificate.</font></span><br><br><span style=\"background-color:#ffffff;font-family:Segoe UI, sans-serif;font-size:small;\"><font style=\"font-size:10pt;\">We sincerely thanks to entire Knorr Bremse team and believe that we will accomplish many things in future as we have done till today together.</font></span></p>',1,'5 mins','2025-12-12 05:38:24.512000','2026-07-02 06:40:25.198000','2026-07-02 06:40:25.882000',1,1,'en');

--
-- Table structure for table `newes_cmps`
--

CREATE TABLE `newes_cmps` (
  `id` int unsigned NOT NULL AUTO_INCREMENT,
  `entity_id` int unsigned DEFAULT NULL,
  `cmp_id` int unsigned DEFAULT NULL,
  `component_type` varchar(255) DEFAULT NULL,
  `field` varchar(255) DEFAULT NULL,
  `order` double unsigned DEFAULT NULL,
  PRIMARY KEY (`id`),
  UNIQUE KEY `newes_uq` (`entity_id`,`cmp_id`,`field`,`component_type`),
  KEY `newes_field_idx` (`field`),
  KEY `newes_component_type_idx` (`component_type`),
  KEY `newes_entity_fk` (`entity_id`),
  CONSTRAINT `newes_entity_fk` FOREIGN KEY (`entity_id`) REFERENCES `newes` (`id`) ON DELETE CASCADE
) ENGINE=InnoDB AUTO_INCREMENT=66 DEFAULT CHARSET=utf8mb4 COLLATE=utf8mb4_0900_ai_ci;

--
-- Dumping data for table `newes_cmps`
--

INSERT INTO `newes_cmps` VALUES (1,1,35,'common.seo','seo',NULL),(3,4,37,'common.seo','seo',NULL),(46,19,78,'common.seo','seo',NULL),(48,38,80,'common.seo','seo',NULL),(50,21,82,'common.seo','seo',NULL),(53,63,275,'common.seo','seo',NULL),(57,65,277,'common.seo','seo',NULL),(59,66,278,'common.seo','seo',NULL),(61,67,279,'common.seo','seo',NULL),(65,69,281,'common.seo','seo',NULL);

--
-- Table structure for table `newes_types_lnk`
--

CREATE TABLE `newes_types_lnk` (
  `id` int unsigned NOT NULL AUTO_INCREMENT,
  `news_id` int unsigned DEFAULT NULL,
  `type_id` int unsigned DEFAULT NULL,
  `type_ord` double unsigned DEFAULT NULL,
  PRIMARY KEY (`id`),
  UNIQUE KEY `newes_types_lnk_uq` (`news_id`,`type_id`),
  KEY `newes_types_lnk_fk` (`news_id`),
  KEY `newes_types_lnk_ifk` (`type_id`),
  KEY `newes_types_lnk_ofk` (`type_ord`),
  CONSTRAINT `newes_types_lnk_fk` FOREIGN KEY (`news_id`) REFERENCES `newes` (`id`) ON DELETE CASCADE,
  CONSTRAINT `newes_types_lnk_ifk` FOREIGN KEY (`type_id`) REFERENCES `types` (`id`) ON DELETE CASCADE
) ENGINE=InnoDB AUTO_INCREMENT=52 DEFAULT CHARSET=utf8mb4 COLLATE=utf8mb4_0900_ai_ci;

--
-- Dumping data for table `newes_types_lnk`
--

INSERT INTO `newes_types_lnk` VALUES (1,21,7,1),(3,38,7,1),(5,19,1,1),(7,4,3,1),(9,1,3,1),(11,1,5,2),(14,4,5,2),(17,19,5,2),(40,63,4,1),(41,63,6,2),(44,65,9,1),(45,65,6,2),(46,66,8,1),(47,67,8,1),(50,69,4,1),(51,69,6,2);

--
-- Table structure for table `news_landings`
--

CREATE TABLE `news_landings` (
  `id` int unsigned NOT NULL AUTO_INCREMENT,
  `document_id` varchar(255) DEFAULT NULL,
  `title` varchar(255) DEFAULT NULL,
  `created_at` datetime(6) DEFAULT NULL,
  `updated_at` datetime(6) DEFAULT NULL,
  `published_at` datetime(6) DEFAULT NULL,
  `created_by_id` int unsigned DEFAULT NULL,
  `updated_by_id` int unsigned DEFAULT NULL,
  `locale` varchar(255) DEFAULT NULL,
  PRIMARY KEY (`id`),
  KEY `news_landings_documents_idx` (`document_id`,`locale`,`published_at`),
  KEY `news_landings_created_by_id_fk` (`created_by_id`),
  KEY `news_landings_updated_by_id_fk` (`updated_by_id`),
  CONSTRAINT `news_landings_created_by_id_fk` FOREIGN KEY (`created_by_id`) REFERENCES `admin_users` (`id`) ON DELETE SET NULL,
  CONSTRAINT `news_landings_updated_by_id_fk` FOREIGN KEY (`updated_by_id`) REFERENCES `admin_users` (`id`) ON DELETE SET NULL
) ENGINE=InnoDB AUTO_INCREMENT=6 DEFAULT CHARSET=utf8mb4 COLLATE=utf8mb4_0900_ai_ci;

--
-- Dumping data for table `news_landings`
--

INSERT INTO `news_landings` VALUES (1,'sgmumfmrfuzwa858hb2dn34u','test','2025-12-12 05:39:28.473000','2026-07-01 13:03:38.834000',NULL,1,1,'en'),(5,'sgmumfmrfuzwa858hb2dn34u','test','2025-12-12 05:39:28.473000','2026-07-01 13:03:38.834000','2026-07-01 13:03:39.357000',1,1,'en');

--
-- Table structure for table `news_landings_cmps`
--

CREATE TABLE `news_landings_cmps` (
  `id` int unsigned NOT NULL AUTO_INCREMENT,
  `entity_id` int unsigned DEFAULT NULL,
  `cmp_id` int unsigned DEFAULT NULL,
  `component_type` varchar(255) DEFAULT NULL,
  `field` varchar(255) DEFAULT NULL,
  `order` double unsigned DEFAULT NULL,
  PRIMARY KEY (`id`),
  UNIQUE KEY `news_landings_uq` (`entity_id`,`cmp_id`,`field`,`component_type`),
  KEY `news_landings_field_idx` (`field`),
  KEY `news_landings_component_type_idx` (`component_type`),
  KEY `news_landings_entity_fk` (`entity_id`),
  CONSTRAINT `news_landings_entity_fk` FOREIGN KEY (`entity_id`) REFERENCES `news_landings` (`id`) ON DELETE CASCADE
) ENGINE=InnoDB AUTO_INCREMENT=9 DEFAULT CHARSET=utf8mb4 COLLATE=utf8mb4_0900_ai_ci;

--
-- Dumping data for table `news_landings_cmps`
--

INSERT INTO `news_landings_cmps` VALUES (1,1,39,'common.seo','seo',NULL),(8,5,269,'common.seo','seo',NULL);

--
-- Table structure for table `offers`
--

CREATE TABLE `offers` (
  `id` int unsigned NOT NULL AUTO_INCREMENT,
  `document_id` varchar(255) DEFAULT NULL,
  `title` varchar(255) DEFAULT NULL,
  `slug` varchar(255) DEFAULT NULL,
  `created_at` datetime(6) DEFAULT NULL,
  `updated_at` datetime(6) DEFAULT NULL,
  `published_at` datetime(6) DEFAULT NULL,
  `created_by_id` int unsigned DEFAULT NULL,
  `updated_by_id` int unsigned DEFAULT NULL,
  `locale` varchar(255) DEFAULT NULL,
  PRIMARY KEY (`id`),
  KEY `offers_documents_idx` (`document_id`,`locale`,`published_at`),
  KEY `offers_created_by_id_fk` (`created_by_id`),
  KEY `offers_updated_by_id_fk` (`updated_by_id`),
  CONSTRAINT `offers_created_by_id_fk` FOREIGN KEY (`created_by_id`) REFERENCES `admin_users` (`id`) ON DELETE SET NULL,
  CONSTRAINT `offers_updated_by_id_fk` FOREIGN KEY (`updated_by_id`) REFERENCES `admin_users` (`id`) ON DELETE SET NULL
) ENGINE=InnoDB AUTO_INCREMENT=23 DEFAULT CHARSET=utf8mb4 COLLATE=utf8mb4_0900_ai_ci;

--
-- Dumping data for table `offers`
--

INSERT INTO `offers` VALUES (1,'dp23kr32unwsa6m1n2moq69c','MICHELIN x AMAZON UAE CAMPAIGN ','michelin-amazon-campaign','2026-04-29 09:09:46.983000','2026-07-06 10:02:05.962000',NULL,1,1,'en'),(22,'dp23kr32unwsa6m1n2moq69c','MICHELIN x AMAZON UAE CAMPAIGN ','michelin-amazon-campaign','2026-04-29 09:09:46.983000','2026-07-06 10:02:05.962000','2026-07-06 10:02:07.227000',1,1,'en');

--
-- Table structure for table `offers_cmps`
--

CREATE TABLE `offers_cmps` (
  `id` int unsigned NOT NULL AUTO_INCREMENT,
  `entity_id` int unsigned DEFAULT NULL,
  `cmp_id` int unsigned DEFAULT NULL,
  `component_type` varchar(255) DEFAULT NULL,
  `field` varchar(255) DEFAULT NULL,
  `order` double unsigned DEFAULT NULL,
  PRIMARY KEY (`id`),
  UNIQUE KEY `offers_uq` (`entity_id`,`cmp_id`,`field`,`component_type`),
  KEY `offers_field_idx` (`field`),
  KEY `offers_component_type_idx` (`component_type`),
  KEY `offers_entity_fk` (`entity_id`),
  CONSTRAINT `offers_entity_fk` FOREIGN KEY (`entity_id`) REFERENCES `offers` (`id`) ON DELETE CASCADE
) ENGINE=InnoDB AUTO_INCREMENT=131 DEFAULT CHARSET=utf8mb4 COLLATE=utf8mb4_0900_ai_ci;

--
-- Dumping data for table `offers_cmps`
--

INSERT INTO `offers_cmps` VALUES (1,1,187,'common.seo','seo',1),(3,1,365,'common.banner','banner',1),(126,1,399,'common.content-block-variant','offerContent',1),(128,22,493,'common.banner','banner',1),(129,22,466,'common.content-block-variant','offerContent',1),(130,22,288,'common.seo','seo',NULL);

--
-- Table structure for table `offers_service_types_lnk`
--

CREATE TABLE `offers_service_types_lnk` (
  `id` int unsigned NOT NULL AUTO_INCREMENT,
  `offer_id` int unsigned DEFAULT NULL,
  `service_category_id` int unsigned DEFAULT NULL,
  `service_category_ord` double unsigned DEFAULT NULL,
  PRIMARY KEY (`id`),
  UNIQUE KEY `offers_service_types_lnk_uq` (`offer_id`,`service_category_id`),
  KEY `offers_service_types_lnk_fk` (`offer_id`),
  KEY `offers_service_types_lnk_ifk` (`service_category_id`),
  KEY `offers_service_types_lnk_ofk` (`service_category_ord`),
  CONSTRAINT `offers_service_types_lnk_fk` FOREIGN KEY (`offer_id`) REFERENCES `offers` (`id`) ON DELETE CASCADE,
  CONSTRAINT `offers_service_types_lnk_ifk` FOREIGN KEY (`service_category_id`) REFERENCES `service_categories` (`id`) ON DELETE CASCADE
) ENGINE=InnoDB AUTO_INCREMENT=9 DEFAULT CHARSET=utf8mb4 COLLATE=utf8mb4_0900_ai_ci;

--
-- Dumping data for table `offers_service_types_lnk`
--


--
-- Table structure for table `power_categories`
--

CREATE TABLE `power_categories` (
  `id` int unsigned NOT NULL AUTO_INCREMENT,
  `document_id` varchar(255) DEFAULT NULL,
  `title` varchar(255) DEFAULT NULL,
  `slug` varchar(255) DEFAULT NULL,
  `created_at` datetime(6) DEFAULT NULL,
  `updated_at` datetime(6) DEFAULT NULL,
  `published_at` datetime(6) DEFAULT NULL,
  `created_by_id` int unsigned DEFAULT NULL,
  `updated_by_id` int unsigned DEFAULT NULL,
  `locale` varchar(255) DEFAULT NULL,
  `display_order` int DEFAULT NULL,
  PRIMARY KEY (`id`),
  KEY `power_categories_documents_idx` (`document_id`,`locale`,`published_at`),
  KEY `power_categories_created_by_id_fk` (`created_by_id`),
  KEY `power_categories_updated_by_id_fk` (`updated_by_id`),
  CONSTRAINT `power_categories_created_by_id_fk` FOREIGN KEY (`created_by_id`) REFERENCES `admin_users` (`id`) ON DELETE SET NULL,
  CONSTRAINT `power_categories_updated_by_id_fk` FOREIGN KEY (`updated_by_id`) REFERENCES `admin_users` (`id`) ON DELETE SET NULL
) ENGINE=InnoDB AUTO_INCREMENT=47 DEFAULT CHARSET=utf8mb4 COLLATE=utf8mb4_0900_ai_ci;

--
-- Dumping data for table `power_categories`
--

INSERT INTO `power_categories` VALUES (1,'ua7ijg1kgz5el0ue3ipnh6ku','Angle Grinders','power-tools/search?categoryKey=power-tools&subcategoryKey=angle-grinders-metalworking','2026-02-05 05:41:06.602000','2026-06-09 10:48:19.335000',NULL,1,1,'en',1),(3,'h0366rc7skwy6d8uvwi242m5','Combo Kits',NULL,'2026-02-05 05:41:39.857000','2026-03-09 06:49:38.985000',NULL,1,1,'en',6),(11,'w5jlol53itgwhnof7e07b1o9','Cordless Rotary Hammers','power-tools/search?categoryKey=power-tools&subcategoryKey=rotary-hammers-demolition-hammers&page=1&limit=20&category=rotary-hammers-demolition-hammers','2026-02-05 10:56:25.760000','2026-03-19 08:59:51.177000',NULL,1,1,'en',3),(13,'kcxwsvlkmoe3ynlw89zxqvxs','Carrying Case','power-tools/search?categoryKey=power-tools&subcategoryKey=carrying-cases','2026-02-05 10:56:41.136000','2026-03-19 08:56:12.615000',NULL,1,1,'en',2),(15,'gorzvqh0p60s7sm6vh2sf4dh','High Pressure Washer','power-tools/search?categoryKey=power-tools&subcategoryKey=high-pressure-washers','2026-02-05 10:57:14.368000','2026-03-19 09:00:25.117000',NULL,1,1,'en',4),(17,'jx2ghowlp0n4pq76xxf010y1','Cordless Drills','power-tools/search?categoryKey=power-tools&subcategoryKey=cordless-tools','2026-02-05 10:57:50.132000','2026-03-19 08:59:01.884000',NULL,1,1,'en',5),(39,'h0366rc7skwy6d8uvwi242m5','Combo Kits',NULL,'2026-02-05 05:41:39.857000','2026-03-09 06:49:38.985000','2026-03-09 06:49:39.291000',1,1,'en',6),(42,'kcxwsvlkmoe3ynlw89zxqvxs','Carrying Case','power-tools/search?categoryKey=power-tools&subcategoryKey=carrying-cases','2026-02-05 10:56:41.136000','2026-03-19 08:56:12.615000','2026-03-19 08:56:12.923000',1,1,'en',2),(43,'jx2ghowlp0n4pq76xxf010y1','Cordless Drills','power-tools/search?categoryKey=power-tools&subcategoryKey=cordless-tools','2026-02-05 10:57:50.132000','2026-03-19 08:59:01.884000','2026-03-19 08:59:02.420000',1,1,'en',5),(44,'w5jlol53itgwhnof7e07b1o9','Cordless Rotary Hammers','power-tools/search?categoryKey=power-tools&subcategoryKey=rotary-hammers-demolition-hammers&page=1&limit=20&category=rotary-hammers-demolition-hammers','2026-02-05 10:56:25.760000','2026-03-19 08:59:51.177000','2026-03-19 08:59:51.641000',1,1,'en',3),(45,'gorzvqh0p60s7sm6vh2sf4dh','High Pressure Washer','power-tools/search?categoryKey=power-tools&subcategoryKey=high-pressure-washers','2026-02-05 10:57:14.368000','2026-03-19 09:00:25.117000','2026-03-19 09:00:25.470000',1,1,'en',4),(46,'ua7ijg1kgz5el0ue3ipnh6ku','Angle Grinders','power-tools/search?categoryKey=power-tools&subcategoryKey=angle-grinders-metalworking','2026-02-05 05:41:06.602000','2026-06-09 10:48:19.335000','2026-06-09 10:48:19.678000',1,1,'en',1);

--
-- Table structure for table `power_tool_landings`
--

CREATE TABLE `power_tool_landings` (
  `id` int unsigned NOT NULL AUTO_INCREMENT,
  `document_id` varchar(255) DEFAULT NULL,
  `title` varchar(255) DEFAULT NULL,
  `main_title` longtext,
  `main_description` longtext,
  `created_at` datetime(6) DEFAULT NULL,
  `updated_at` datetime(6) DEFAULT NULL,
  `published_at` datetime(6) DEFAULT NULL,
  `created_by_id` int unsigned DEFAULT NULL,
  `updated_by_id` int unsigned DEFAULT NULL,
  `locale` varchar(255) DEFAULT NULL,
  PRIMARY KEY (`id`),
  KEY `power_tool_landings_documents_idx` (`document_id`,`locale`,`published_at`),
  KEY `power_tool_landings_created_by_id_fk` (`created_by_id`),
  KEY `power_tool_landings_updated_by_id_fk` (`updated_by_id`),
  CONSTRAINT `power_tool_landings_created_by_id_fk` FOREIGN KEY (`created_by_id`) REFERENCES `admin_users` (`id`) ON DELETE SET NULL,
  CONSTRAINT `power_tool_landings_updated_by_id_fk` FOREIGN KEY (`updated_by_id`) REFERENCES `admin_users` (`id`) ON DELETE SET NULL
) ENGINE=InnoDB AUTO_INCREMENT=19 DEFAULT CHARSET=utf8mb4 COLLATE=utf8mb4_0900_ai_ci;

--
-- Dumping data for table `power_tool_landings`
--

INSERT INTO `power_tool_landings` VALUES (1,'limjiv0szr0p1oto0nye2iun','Power Tools','<p><span style=\"white-space:pre-wrap;\">Wide Range of </span><br><span style=\"white-space:pre-wrap;\">Bosch Power Tools in UAE</span></p>','<p><span style=\"white-space:pre-wrap;\">Bosch power tools are renowned for their quality, durability, and innovative cordless technology. As the authorized distributor of Bosch Power Tools across Dubai, Sharjah, and the UAE, Central Motors &amp; Equipment (CME) offers a complete range of professional tools and accessories for every trade — making us your trusted destination for genuine Bosch products.</span></p>','2026-01-20 10:21:58.934000','2026-03-09 14:12:13.632000',NULL,1,1,'en'),(18,'limjiv0szr0p1oto0nye2iun','Power Tools','<p><span style=\"white-space:pre-wrap;\">Wide Range of </span><br><span style=\"white-space:pre-wrap;\">Bosch Power Tools in UAE</span></p>','<p><span style=\"white-space:pre-wrap;\">Bosch power tools are renowned for their quality, durability, and innovative cordless technology. As the authorized distributor of Bosch Power Tools across Dubai, Sharjah, and the UAE, Central Motors &amp; Equipment (CME) offers a complete range of professional tools and accessories for every trade — making us your trusted destination for genuine Bosch products.</span></p>','2026-01-20 10:21:58.934000','2026-03-09 14:12:13.632000','2026-03-09 14:12:14.516000',1,1,'en');

--
-- Table structure for table `power_tool_landings_cmps`
--

CREATE TABLE `power_tool_landings_cmps` (
  `id` int unsigned NOT NULL AUTO_INCREMENT,
  `entity_id` int unsigned DEFAULT NULL,
  `cmp_id` int unsigned DEFAULT NULL,
  `component_type` varchar(255) DEFAULT NULL,
  `field` varchar(255) DEFAULT NULL,
  `order` double unsigned DEFAULT NULL,
  PRIMARY KEY (`id`),
  UNIQUE KEY `power_tool_landings_uq` (`entity_id`,`cmp_id`,`field`,`component_type`),
  KEY `power_tool_landings_field_idx` (`field`),
  KEY `power_tool_landings_component_type_idx` (`component_type`),
  KEY `power_tool_landings_entity_fk` (`entity_id`),
  CONSTRAINT `power_tool_landings_entity_fk` FOREIGN KEY (`entity_id`) REFERENCES `power_tool_landings` (`id`) ON DELETE CASCADE
) ENGINE=InnoDB AUTO_INCREMENT=67 DEFAULT CHARSET=utf8mb4 COLLATE=utf8mb4_0900_ai_ci;

--
-- Dumping data for table `power_tool_landings_cmps`
--

INSERT INTO `power_tool_landings_cmps` VALUES (1,1,111,'common.banner','banner',1),(9,1,124,'common.banner','banner',2),(63,1,86,'home.content-section','socialFeeds',NULL),(64,18,193,'common.banner','banner',1),(65,18,194,'common.banner','banner',2),(66,18,87,'home.content-section','socialFeeds',NULL);

--
-- Table structure for table `power_tool_landings_location_types_lnk`
--

CREATE TABLE `power_tool_landings_location_types_lnk` (
  `id` int unsigned NOT NULL AUTO_INCREMENT,
  `power_tool_landing_id` int unsigned DEFAULT NULL,
  `branch_location_id` int unsigned DEFAULT NULL,
  `branch_location_ord` double unsigned DEFAULT NULL,
  PRIMARY KEY (`id`),
  UNIQUE KEY `power_tool_landings_location_types_lnk_uq` (`power_tool_landing_id`,`branch_location_id`),
  KEY `power_tool_landings_location_types_lnk_fk` (`power_tool_landing_id`),
  KEY `power_tool_landings_location_types_lnk_ifk` (`branch_location_id`),
  KEY `power_tool_landings_location_types_lnk_ofk` (`branch_location_ord`),
  CONSTRAINT `power_tool_landings_location_types_lnk_fk` FOREIGN KEY (`power_tool_landing_id`) REFERENCES `power_tool_landings` (`id`) ON DELETE CASCADE,
  CONSTRAINT `power_tool_landings_location_types_lnk_ifk` FOREIGN KEY (`branch_location_id`) REFERENCES `branch_locations` (`id`) ON DELETE CASCADE
) ENGINE=InnoDB AUTO_INCREMENT=48 DEFAULT CHARSET=utf8mb4 COLLATE=utf8mb4_0900_ai_ci;

--
-- Dumping data for table `power_tool_landings_location_types_lnk`
--

INSERT INTO `power_tool_landings_location_types_lnk` VALUES (16,1,23,1),(25,1,25,2),(26,1,27,3),(45,18,24,1),(46,18,26,2),(47,18,34,3);

--
-- Table structure for table `power_top_categories`
--

CREATE TABLE `power_top_categories` (
  `id` int unsigned NOT NULL AUTO_INCREMENT,
  `document_id` varchar(255) DEFAULT NULL,
  `title` varchar(255) DEFAULT NULL,
  `slug` varchar(255) DEFAULT NULL,
  `created_at` datetime(6) DEFAULT NULL,
  `updated_at` datetime(6) DEFAULT NULL,
  `published_at` datetime(6) DEFAULT NULL,
  `created_by_id` int unsigned DEFAULT NULL,
  `updated_by_id` int unsigned DEFAULT NULL,
  `locale` varchar(255) DEFAULT NULL,
  `display_order` int DEFAULT NULL,
  PRIMARY KEY (`id`),
  KEY `power_top_categories_documents_idx` (`document_id`,`locale`,`published_at`),
  KEY `power_top_categories_created_by_id_fk` (`created_by_id`),
  KEY `power_top_categories_updated_by_id_fk` (`updated_by_id`),
  CONSTRAINT `power_top_categories_created_by_id_fk` FOREIGN KEY (`created_by_id`) REFERENCES `admin_users` (`id`) ON DELETE SET NULL,
  CONSTRAINT `power_top_categories_updated_by_id_fk` FOREIGN KEY (`updated_by_id`) REFERENCES `admin_users` (`id`) ON DELETE SET NULL
) ENGINE=InnoDB AUTO_INCREMENT=43 DEFAULT CHARSET=utf8mb4 COLLATE=utf8mb4_0900_ai_ci;

--
-- Dumping data for table `power_top_categories`
--

INSERT INTO `power_top_categories` VALUES (1,'w6cj4twoggawvqsue2i3g7mo','Power Tools','power-tools/search?categoryKey=power-tools&subcategoryKey=power-tools-sub&page=1&limit=15&category=power-tools-sub','2026-03-06 05:41:28.228000','2026-04-24 06:54:08.571000',NULL,1,1,'en',1),(3,'ugp9u37ut5dul5b0k8t1eqeu','Measuring Technology','power-tools/search?categoryKey=power-tools&subcategoryKey=measuring-tools&page=1&limit=20&category=measuring-tools','2026-03-06 05:42:00.483000','2026-04-24 06:54:42.166000',NULL,1,1,'en',2),(5,'e73iomy9zhh9x12bjlxlob30','Accessories','power-tools/search?categoryKey=power-tools&subcategoryKey=accessories&page=1&limit=20&category=accessories','2026-03-06 05:42:22.845000','2026-04-29 09:10:23.223000',NULL,1,1,'en',3),(7,'b5315qoj84bes2hn9xb3ksbs','Outdoor & Garden','power-tools/search?page=1&limit=12','2026-03-06 05:43:07.942000','2026-04-24 06:55:51.325000',NULL,1,1,'en',4),(9,'qxji5z6wjsdw5u2axncpr7ah','DIY, Outdoor & Garden','/power-tools/search?categoryKey=power-tools&subcategoryKey=diy-outdoor-and-garden&page=1&limit=12&category=diy-outdoor-and-garden','2026-03-06 05:43:30.695000','2026-07-06 06:28:50.594000',NULL,1,1,'en',5),(11,'kdrfnfnw6jn2z4f8mbca42cw','Dremel','power-tools/search?categoryKey=power-tools&subcategoryKey=dremel&page=1&limit=20&category=dremel','2026-03-06 05:44:16.874000','2026-04-24 06:56:44.150000',NULL,1,1,'en',6),(33,'w6cj4twoggawvqsue2i3g7mo','Power Tools','power-tools/search?categoryKey=power-tools&subcategoryKey=power-tools-sub&page=1&limit=15&category=power-tools-sub','2026-03-06 05:41:28.228000','2026-04-24 06:54:08.571000','2026-04-24 06:54:09.021000',1,1,'en',1),(34,'ugp9u37ut5dul5b0k8t1eqeu','Measuring Technology','power-tools/search?categoryKey=power-tools&subcategoryKey=measuring-tools&page=1&limit=20&category=measuring-tools','2026-03-06 05:42:00.483000','2026-04-24 06:54:42.166000','2026-04-24 06:54:42.576000',1,1,'en',2),(37,'kdrfnfnw6jn2z4f8mbca42cw','Dremel','power-tools/search?categoryKey=power-tools&subcategoryKey=dremel&page=1&limit=20&category=dremel','2026-03-06 05:44:16.874000','2026-04-24 06:56:44.150000','2026-04-24 06:56:44.557000',1,1,'en',6),(39,'e73iomy9zhh9x12bjlxlob30','Accessories','power-tools/search?categoryKey=power-tools&subcategoryKey=accessories&page=1&limit=20&category=accessories','2026-03-06 05:42:22.845000','2026-04-29 09:10:23.223000','2026-04-29 09:10:23.543000',1,1,'en',3),(42,'qxji5z6wjsdw5u2axncpr7ah','DIY, Outdoor & Garden','/power-tools/search?categoryKey=power-tools&subcategoryKey=diy-outdoor-and-garden&page=1&limit=12&category=diy-outdoor-and-garden','2026-03-06 05:43:30.695000','2026-07-06 06:28:50.594000','2026-07-06 06:28:50.907000',1,1,'en',5);

--
-- Table structure for table `privacy_policies`
--

CREATE TABLE `privacy_policies` (
  `id` int unsigned NOT NULL AUTO_INCREMENT,
  `document_id` varchar(255) DEFAULT NULL,
  `title` varchar(255) DEFAULT NULL,
  `description` longtext,
  `created_at` datetime(6) DEFAULT NULL,
  `updated_at` datetime(6) DEFAULT NULL,
  `published_at` datetime(6) DEFAULT NULL,
  `created_by_id` int unsigned DEFAULT NULL,
  `updated_by_id` int unsigned DEFAULT NULL,
  `locale` varchar(255) DEFAULT NULL,
  PRIMARY KEY (`id`),
  KEY `privacy_policies_documents_idx` (`document_id`,`locale`,`published_at`),
  KEY `privacy_policies_created_by_id_fk` (`created_by_id`),
  KEY `privacy_policies_updated_by_id_fk` (`updated_by_id`),
  CONSTRAINT `privacy_policies_created_by_id_fk` FOREIGN KEY (`created_by_id`) REFERENCES `admin_users` (`id`) ON DELETE SET NULL,
  CONSTRAINT `privacy_policies_updated_by_id_fk` FOREIGN KEY (`updated_by_id`) REFERENCES `admin_users` (`id`) ON DELETE SET NULL
) ENGINE=InnoDB AUTO_INCREMENT=12 DEFAULT CHARSET=utf8mb4 COLLATE=utf8mb4_0900_ai_ci;

--
-- Dumping data for table `privacy_policies`
--

INSERT INTO `privacy_policies` VALUES (1,'k0xo3wbimlm7mvar8na0u9lt','Privacy Policy','<h3>1.Introduction</h3><p>CME is committed to protecting the privacy, confidentiality, and security of personal data entrusted to us. This Privacy Policy explains how CME collects, uses, discloses, and safeguards personal data submitted through our website, digital platforms, or other communication channels, whether for recruitment, service requests, inquiries, or any other interaction with CME.</p><p>All processing of personal data is carried out in accordance with the UAE Federal Decree‑Law No. 45 of 2021 on the Protection of Personal Data (“PDPL”) and any applicable implementing regulations.</p><p>By submitting personal data to CME, you acknowledge that such data may be processed in accordance with this Privacy Policy and applicable law.</p><p>&nbsp;</p><h3>2. Categories and Sources of Personal Data</h3><p>CME may collect personal data directly from Users, including but not limited to: (i) information submitted through purchase requests, application forms, service requests, or inquiry forms; (ii) resumes, qualifications, employment history, and other recruitment‑related information; (iii) identification details, contact information, and professional credentials; (iv) technical and usage data collected automatically through website interactions (see Section 7).</p><p>CME may also receive personal data from third‑party service providers, recruitment partners, or publicly available sources where permitted by law.</p><p>&nbsp;</p><h3>3. Purposes of Processing</h3><p>CME processes personal data strictly for lawful and legitimate purposes, including: (i) responding to orders, service requests, inquiries, or support needs submitted by Users; (ii) evaluating and administering recruitment applications; (iii) providing or improving CME’s services, including client engagement, project coordination, and service delivery; (iv) communicating with Users regarding their orders, submissions, requests, or interactions with CME; (v) Internal reporting, analytics, and operational management; (vi) compliance with legal, regulatory, or governmental requirements; (vii) establishing, exercising, or defending legal claims; (viii) considering candidates for future opportunities, unless the User objects or withdraws consent where consent is the lawful basis.</p><p>CME does not process personal data for purposes incompatible with the original purpose of collection unless required or permitted by law.</p><p>&nbsp;</p><h3>4. Lawful Basis for Processing</h3><p>Depending on the context, CME processes personal data on one or more of the following lawful bases: (i) performance of a contract or steps taken at the User’s request prior to entering a contract; (ii) compliance with legal or regulatory obligations; (iii) CME’s legitimate interests, provided such interests do not override the User’s rights; (iv) consent, where expressly required under the PDPL.</p><p>Where consent is relied upon, Users may withdraw consent at any time without affecting the lawfulness of prior processing.</p><p>&nbsp;</p><h3>5. Disclosure to Authorized Third Parties</h3><p>CME may disclose personal data to carefully selected third parties strictly on a need‑to‑know basis, including: (i) professional advisers, consultants, or service providers supporting CME’s operations, recruitment, or service delivery; (ii) technology providers offering hosting, analytics, communication, or security services; (iii) governmental or regulatory authorities where disclosure is legally required.</p><p>All third parties engaged by CME are contractually bound by confidentiality and data‑protection obligations consistent with the PDPL. CME does not sell, rent, trade, or otherwise disclose personal data to unauthorized third parties.</p><p>&nbsp;</p><h3>6. Data Retention</h3><p>Personal data is retained only for as long as necessary to fulfil the purposes for which it was collected, or as required by applicable law, regulatory obligations, or legitimate business needs. Where retention is no longer justified, CME will securely delete or anonymise the data.</p><p>&nbsp;</p><h3>7. Website Privacy &amp; Cookies</h3><p>When Users interact with CME’s website, certain technical information may be collected automatically, including: (i) IP address, device identifiers, and browser type; (ii) operating system and device configuration; (ii) pages visited, session duration, and usage analytics; (iii) cookie‑based or similar tracking information.</p><p>Such processing is governed by CME’s Website Privacy Notice and Cookie Notice, where applicable. Users may manage cookie preferences in accordance with applicable law.</p><p>By submitting electronic forms or communications through the website, Users acknowledge that CME may respond electronically in connection with their requests or interactions.</p><p>&nbsp;</p><h3>8. Data Subject Rights under the PDPL</h3><p>Subject to the PDPL and any applicable exemptions, Users have the right to request: (i) access to their personal data; (ii) correction or deletion of inaccurate or unlawfully processed data; (iii) restriction of processing; (iv) withdrawal of consent where consent is the lawful basis; (v) objection to certain processing activities; (vi) transfer (portability) of their personal data, where applicable.</p><p>CME will assess and respond to such requests in accordance with legal requirements, taking into account statutory exceptions, retention obligations, and legitimate business interests.</p><p>Requests may be submitted through CME’s designated data‑protection contact channels.</p><p>&nbsp;</p><h3>9. Security Measures</h3><p>CME implements appropriate technical and organizational measures to protect personal data against unauthorized access, alteration, disclosure, or destruction. While CME strives to maintain robust security, no method of transmission or storage is entirely risk‑free, and Users acknowledge such inherent limitations.</p><p>&nbsp;</p><h3>10. Updates to This Policy</h3><p>CME may update this Privacy Policy from time to time to reflect legal, operational, or technological developments. The updated version will be published on CME’s website with the effective date indicated.</p><p>&nbsp;</p><p>&nbsp;</p>','2026-04-02 05:28:43.320000','2026-07-02 06:22:57.456000',NULL,1,1,'en'),(11,'k0xo3wbimlm7mvar8na0u9lt','Privacy Policy','<h3>1.Introduction</h3><p>CME is committed to protecting the privacy, confidentiality, and security of personal data entrusted to us. This Privacy Policy explains how CME collects, uses, discloses, and safeguards personal data submitted through our website, digital platforms, or other communication channels, whether for recruitment, service requests, inquiries, or any other interaction with CME.</p><p>All processing of personal data is carried out in accordance with the UAE Federal Decree‑Law No. 45 of 2021 on the Protection of Personal Data (“PDPL”) and any applicable implementing regulations.</p><p>By submitting personal data to CME, you acknowledge that such data may be processed in accordance with this Privacy Policy and applicable law.</p><p>&nbsp;</p><h3>2. Categories and Sources of Personal Data</h3><p>CME may collect personal data directly from Users, including but not limited to: (i) information submitted through purchase requests, application forms, service requests, or inquiry forms; (ii) resumes, qualifications, employment history, and other recruitment‑related information; (iii) identification details, contact information, and professional credentials; (iv) technical and usage data collected automatically through website interactions (see Section 7).</p><p>CME may also receive personal data from third‑party service providers, recruitment partners, or publicly available sources where permitted by law.</p><p>&nbsp;</p><h3>3. Purposes of Processing</h3><p>CME processes personal data strictly for lawful and legitimate purposes, including: (i) responding to orders, service requests, inquiries, or support needs submitted by Users; (ii) evaluating and administering recruitment applications; (iii) providing or improving CME’s services, including client engagement, project coordination, and service delivery; (iv) communicating with Users regarding their orders, submissions, requests, or interactions with CME; (v) Internal reporting, analytics, and operational management; (vi) compliance with legal, regulatory, or governmental requirements; (vii) establishing, exercising, or defending legal claims; (viii) considering candidates for future opportunities, unless the User objects or withdraws consent where consent is the lawful basis.</p><p>CME does not process personal data for purposes incompatible with the original purpose of collection unless required or permitted by law.</p><p>&nbsp;</p><h3>4. Lawful Basis for Processing</h3><p>Depending on the context, CME processes personal data on one or more of the following lawful bases: (i) performance of a contract or steps taken at the User’s request prior to entering a contract; (ii) compliance with legal or regulatory obligations; (iii) CME’s legitimate interests, provided such interests do not override the User’s rights; (iv) consent, where expressly required under the PDPL.</p><p>Where consent is relied upon, Users may withdraw consent at any time without affecting the lawfulness of prior processing.</p><p>&nbsp;</p><h3>5. Disclosure to Authorized Third Parties</h3><p>CME may disclose personal data to carefully selected third parties strictly on a need‑to‑know basis, including: (i) professional advisers, consultants, or service providers supporting CME’s operations, recruitment, or service delivery; (ii) technology providers offering hosting, analytics, communication, or security services; (iii) governmental or regulatory authorities where disclosure is legally required.</p><p>All third parties engaged by CME are contractually bound by confidentiality and data‑protection obligations consistent with the PDPL. CME does not sell, rent, trade, or otherwise disclose personal data to unauthorized third parties.</p><p>&nbsp;</p><h3>6. Data Retention</h3><p>Personal data is retained only for as long as necessary to fulfil the purposes for which it was collected, or as required by applicable law, regulatory obligations, or legitimate business needs. Where retention is no longer justified, CME will securely delete or anonymise the data.</p><p>&nbsp;</p><h3>7. Website Privacy &amp; Cookies</h3><p>When Users interact with CME’s website, certain technical information may be collected automatically, including: (i) IP address, device identifiers, and browser type; (ii) operating system and device configuration; (ii) pages visited, session duration, and usage analytics; (iii) cookie‑based or similar tracking information.</p><p>Such processing is governed by CME’s Website Privacy Notice and Cookie Notice, where applicable. Users may manage cookie preferences in accordance with applicable law.</p><p>By submitting electronic forms or communications through the website, Users acknowledge that CME may respond electronically in connection with their requests or interactions.</p><p>&nbsp;</p><h3>8. Data Subject Rights under the PDPL</h3><p>Subject to the PDPL and any applicable exemptions, Users have the right to request: (i) access to their personal data; (ii) correction or deletion of inaccurate or unlawfully processed data; (iii) restriction of processing; (iv) withdrawal of consent where consent is the lawful basis; (v) objection to certain processing activities; (vi) transfer (portability) of their personal data, where applicable.</p><p>CME will assess and respond to such requests in accordance with legal requirements, taking into account statutory exceptions, retention obligations, and legitimate business interests.</p><p>Requests may be submitted through CME’s designated data‑protection contact channels.</p><p>&nbsp;</p><h3>9. Security Measures</h3><p>CME implements appropriate technical and organizational measures to protect personal data against unauthorized access, alteration, disclosure, or destruction. While CME strives to maintain robust security, no method of transmission or storage is entirely risk‑free, and Users acknowledge such inherent limitations.</p><p>&nbsp;</p><h3>10. Updates to This Policy</h3><p>CME may update this Privacy Policy from time to time to reflect legal, operational, or technological developments. The updated version will be published on CME’s website with the effective date indicated.</p><p>&nbsp;</p><p>&nbsp;</p>','2026-04-02 05:28:43.320000','2026-07-02 06:22:57.456000','2026-07-02 06:22:57.988000',1,1,'en');

--
-- Table structure for table `privacy_policies_cmps`
--

CREATE TABLE `privacy_policies_cmps` (
  `id` int unsigned NOT NULL AUTO_INCREMENT,
  `entity_id` int unsigned DEFAULT NULL,
  `cmp_id` int unsigned DEFAULT NULL,
  `component_type` varchar(255) DEFAULT NULL,
  `field` varchar(255) DEFAULT NULL,
  `order` double unsigned DEFAULT NULL,
  PRIMARY KEY (`id`),
  UNIQUE KEY `privacy_policies_uq` (`entity_id`,`cmp_id`,`field`,`component_type`),
  KEY `privacy_policies_field_idx` (`field`),
  KEY `privacy_policies_component_type_idx` (`component_type`),
  KEY `privacy_policies_entity_fk` (`entity_id`),
  CONSTRAINT `privacy_policies_entity_fk` FOREIGN KEY (`entity_id`) REFERENCES `privacy_policies` (`id`) ON DELETE CASCADE
) ENGINE=InnoDB AUTO_INCREMENT=21 DEFAULT CHARSET=utf8mb4 COLLATE=utf8mb4_0900_ai_ci;

--
-- Dumping data for table `privacy_policies_cmps`
--

INSERT INTO `privacy_policies_cmps` VALUES (1,1,168,'common.seo','seo',NULL),(20,11,273,'common.seo','seo',NULL);

--
-- Table structure for table `product_categories`
--

CREATE TABLE `product_categories` (
  `id` int unsigned NOT NULL AUTO_INCREMENT,
  `document_id` varchar(255) DEFAULT NULL,
  `title` varchar(255) DEFAULT NULL,
  `slug` varchar(255) DEFAULT NULL,
  `created_at` datetime(6) DEFAULT NULL,
  `updated_at` datetime(6) DEFAULT NULL,
  `published_at` datetime(6) DEFAULT NULL,
  `created_by_id` int unsigned DEFAULT NULL,
  `updated_by_id` int unsigned DEFAULT NULL,
  `locale` varchar(255) DEFAULT NULL,
  `display_order` int DEFAULT NULL,
  PRIMARY KEY (`id`),
  KEY `product_categories_documents_idx` (`document_id`,`locale`,`published_at`),
  KEY `product_categories_created_by_id_fk` (`created_by_id`),
  KEY `product_categories_updated_by_id_fk` (`updated_by_id`),
  CONSTRAINT `product_categories_created_by_id_fk` FOREIGN KEY (`created_by_id`) REFERENCES `admin_users` (`id`) ON DELETE SET NULL,
  CONSTRAINT `product_categories_updated_by_id_fk` FOREIGN KEY (`updated_by_id`) REFERENCES `admin_users` (`id`) ON DELETE SET NULL
) ENGINE=InnoDB AUTO_INCREMENT=71 DEFAULT CHARSET=utf8mb4 COLLATE=utf8mb4_0900_ai_ci;

--
-- Dumping data for table `product_categories`
--

INSERT INTO `product_categories` VALUES (1,'tu05udnerlodd9kwxv8o7yjz','Passenger Vehicles','automotive-aftermarket/search?category=passenger-car-13','2026-01-20 12:13:26.783000','2026-03-09 06:52:33.779000',NULL,1,1,'en',1),(3,'y704u918i9ydtaxmfr96rawh','Commercial Vehicles ','automotive-aftermarket/search?category=light-commercial-vehicle-13','2026-01-20 18:13:28.855000','2026-03-09 06:52:49.481000',NULL,1,1,'en',2),(5,'k2shirleplau7xj4ndgz1e95','Leisure & Marine','automotive-aftermarket/search?category=leisure-amp-marine-13','2026-01-20 18:14:40.119000','2026-06-15 06:48:48.256000',NULL,1,1,'en',4),(7,'jptijdi6g46fr9hww6b9mji9','Workshop Test Equipment & Tools ','automotive-aftermarket/search?categoryKey=automotive&subcategoryKey=workshop-equipment-103','2026-01-20 18:15:35.914000','2026-06-15 06:46:26.938000',NULL,1,1,'en',5),(9,'jfxpfnc8fhxtgtm2s5aloqeh','Bosch Diesel Service ','automotive-aftermarket/search?category=diesel-systems-107','2026-01-20 18:16:03.695000','2026-06-15 06:46:02.404000',NULL,1,1,'en',7),(40,'tu05udnerlodd9kwxv8o7yjz','Passenger Vehicles','automotive-aftermarket/search?category=passenger-car-13','2026-01-20 12:13:26.783000','2026-03-09 06:52:33.779000','2026-03-09 06:52:34.081000',1,1,'en',1),(41,'y704u918i9ydtaxmfr96rawh','Commercial Vehicles ','automotive-aftermarket/search?category=light-commercial-vehicle-13','2026-01-20 18:13:28.855000','2026-03-09 06:52:49.481000','2026-03-09 06:52:49.783000',1,1,'en',2),(47,'ul5dm7xf23l85q8o810nyx48','Additives','automotive-aftermarket/search?categoryKey=automotive&subcategoryKey=additives-13&page=1&limit=12&category=additives-13','2026-04-30 11:28:31.342000','2026-06-15 06:46:13.603000',NULL,1,1,'en',6),(60,'j34sdqpf0fyeb6q1mscitlim','Industrial Vehicles','automotive-aftermarket/search?category=truck-13','2026-06-15 06:43:55.242000','2026-06-15 06:48:58.205000',NULL,1,1,'en',3),(63,'jfxpfnc8fhxtgtm2s5aloqeh','Bosch Diesel Service ','automotive-aftermarket/search?category=diesel-systems-107','2026-01-20 18:16:03.695000','2026-06-15 06:46:02.404000','2026-06-15 06:46:02.742000',1,1,'en',7),(64,'ul5dm7xf23l85q8o810nyx48','Additives','automotive-aftermarket/search?categoryKey=automotive&subcategoryKey=additives-13&page=1&limit=12&category=additives-13','2026-04-30 11:28:31.342000','2026-06-15 06:46:13.603000','2026-06-15 06:46:13.929000',1,1,'en',6),(65,'jptijdi6g46fr9hww6b9mji9','Workshop Test Equipment & Tools ','automotive-aftermarket/search?categoryKey=automotive&subcategoryKey=workshop-equipment-103','2026-01-20 18:15:35.914000','2026-06-15 06:46:26.938000','2026-06-15 06:46:27.245000',1,1,'en',5),(69,'k2shirleplau7xj4ndgz1e95','Leisure & Marine','automotive-aftermarket/search?category=leisure-amp-marine-13','2026-01-20 18:14:40.119000','2026-06-15 06:48:48.256000','2026-06-15 06:48:48.574000',1,1,'en',4),(70,'j34sdqpf0fyeb6q1mscitlim','Industrial Vehicles','automotive-aftermarket/search?category=truck-13','2026-06-15 06:43:55.242000','2026-06-15 06:48:58.205000','2026-06-15 06:48:58.539000',1,1,'en',3);

--
-- Table structure for table `service_categories`
--

CREATE TABLE `service_categories` (
  `id` int unsigned NOT NULL AUTO_INCREMENT,
  `document_id` varchar(255) DEFAULT NULL,
  `title` varchar(255) DEFAULT NULL,
  `slug` varchar(255) DEFAULT NULL,
  `description` longtext,
  `created_at` datetime(6) DEFAULT NULL,
  `updated_at` datetime(6) DEFAULT NULL,
  `published_at` datetime(6) DEFAULT NULL,
  `created_by_id` int unsigned DEFAULT NULL,
  `updated_by_id` int unsigned DEFAULT NULL,
  `locale` varchar(255) DEFAULT NULL,
  `header_services_sort_order` int DEFAULT NULL,
  PRIMARY KEY (`id`),
  KEY `service_categories_documents_idx` (`document_id`,`locale`,`published_at`),
  KEY `service_categories_created_by_id_fk` (`created_by_id`),
  KEY `service_categories_updated_by_id_fk` (`updated_by_id`),
  CONSTRAINT `service_categories_created_by_id_fk` FOREIGN KEY (`created_by_id`) REFERENCES `admin_users` (`id`) ON DELETE SET NULL,
  CONSTRAINT `service_categories_updated_by_id_fk` FOREIGN KEY (`updated_by_id`) REFERENCES `admin_users` (`id`) ON DELETE SET NULL
) ENGINE=InnoDB AUTO_INCREMENT=51 DEFAULT CHARSET=utf8mb4 COLLATE=utf8mb4_0900_ai_ci;

--
-- Dumping data for table `service_categories`
--

INSERT INTO `service_categories` VALUES (1,'o3lef0byy95ltwmijdu5pvj7','Automotive Aftermarket Services','automotive-aftermarket','Provide reliable maintenance, diagnostics, & parts solutions to keep your vehicle performing at its best.','2025-12-12 06:15:08.323000','2026-04-14 09:16:40.915000',NULL,1,1,'en',1),(3,'x5ph8rhtcpkc7lwp0ww5xj1v','Tyre Services','tyre','Ensure safety, performance, & longevity. From fitting & balancing to repairs and alignment, we provide expert care for passenger, commercial, & heavy-duty vehicles.','2025-12-12 07:04:23.558000','2026-04-01 10:16:17.594000',NULL,1,1,'en',2),(8,'b4axb05jyxple831e7n5ltxf','Power Tools After Sales','powertool','We offer comprehensive Power Tools Services, including maintenance, repairs, & diagnostics, to keep your tools operating efficiently & reliably for every task. ','2025-12-17 15:38:16.545000','2026-06-23 12:48:00.895000',NULL,1,1,'en',3),(31,'o3lef0byy95ltwmijdu5pvj7','Automotive Aftermarket Services','automotive-aftermarket','Provide reliable maintenance, diagnostics, & parts solutions to keep your vehicle performing at its best.','2026-03-13 05:15:21.868000','2026-03-13 05:15:21.868000',NULL,1,1,'ar',1),(32,'o3lef0byy95ltwmijdu5pvj7','Automotive Aftermarket Services','automotive-aftermarket','Provide reliable maintenance, diagnostics, & parts solutions to keep your vehicle performing at its best.','2026-03-13 05:15:21.868000','2026-03-13 05:15:21.868000','2026-03-13 05:15:22.419000',1,1,'ar',1),(39,'x5ph8rhtcpkc7lwp0ww5xj1v','Tyre Services','tyre','Ensure safety, performance, & longevity. From fitting & balancing to repairs and alignment, we provide expert care for passenger, commercial, & heavy-duty vehicles.','2025-12-12 07:04:23.558000','2026-04-01 10:16:17.594000','2026-04-01 10:16:18.490000',1,1,'en',2),(41,'o3lef0byy95ltwmijdu5pvj7','Automotive Aftermarket Services','automotive-aftermarket','Provide reliable maintenance, diagnostics, & parts solutions to keep your vehicle performing at its best.','2025-12-12 06:15:08.323000','2026-04-14 09:16:40.915000','2026-04-14 09:16:41.894000',1,1,'en',1),(50,'b4axb05jyxple831e7n5ltxf','Power Tools After Sales','powertool','We offer comprehensive Power Tools Services, including maintenance, repairs, & diagnostics, to keep your tools operating efficiently & reliably for every task. ','2025-12-17 15:38:16.545000','2026-06-23 12:48:00.895000','2026-06-23 12:48:02.730000',1,1,'en',3);

--
-- Table structure for table `service_categories_cmps`
--

CREATE TABLE `service_categories_cmps` (
  `id` int unsigned NOT NULL AUTO_INCREMENT,
  `entity_id` int unsigned DEFAULT NULL,
  `cmp_id` int unsigned DEFAULT NULL,
  `component_type` varchar(255) DEFAULT NULL,
  `field` varchar(255) DEFAULT NULL,
  `order` double unsigned DEFAULT NULL,
  PRIMARY KEY (`id`),
  UNIQUE KEY `service_categories_uq` (`entity_id`,`cmp_id`,`field`,`component_type`),
  KEY `service_categories_field_idx` (`field`),
  KEY `service_categories_component_type_idx` (`component_type`),
  KEY `service_categories_entity_fk` (`entity_id`),
  CONSTRAINT `service_categories_entity_fk` FOREIGN KEY (`entity_id`) REFERENCES `service_categories` (`id`) ON DELETE CASCADE
) ENGINE=InnoDB AUTO_INCREMENT=135 DEFAULT CHARSET=utf8mb4 COLLATE=utf8mb4_0900_ai_ci;

--
-- Dumping data for table `service_categories_cmps`
--

INSERT INTO `service_categories_cmps` VALUES (1,3,59,'common.banner','banner',1),(4,3,18,'common.title-with-desc','servicesList',1),(15,8,90,'common.seo','seo',3),(35,31,328,'common.title-with-desc','servicesList',NULL),(36,31,131,'common.seo','seo',NULL),(37,32,329,'common.title-with-desc','servicesList',NULL),(38,32,132,'common.seo','seo',NULL),(39,1,258,'common.banner','banner',1),(40,1,379,'common.title-with-desc','servicesList',2),(43,8,260,'common.banner','banner',1),(44,8,381,'common.title-with-desc','servicesList',2),(71,39,300,'common.banner','banner',1),(72,39,402,'common.title-with-desc','servicesList',NULL),(79,41,320,'common.banner','banner',1),(80,41,430,'common.title-with-desc','servicesList',NULL),(132,50,441,'common.banner','banner',1),(133,50,473,'common.title-with-desc','servicesList',NULL),(134,50,246,'common.seo','seo',NULL);

--
-- Table structure for table `service_category_types`
--

CREATE TABLE `service_category_types` (
  `id` int unsigned NOT NULL AUTO_INCREMENT,
  `document_id` varchar(255) DEFAULT NULL,
  `title` varchar(255) DEFAULT NULL,
  `slug` varchar(255) DEFAULT NULL,
  `created_at` datetime(6) DEFAULT NULL,
  `updated_at` datetime(6) DEFAULT NULL,
  `published_at` datetime(6) DEFAULT NULL,
  `created_by_id` int unsigned DEFAULT NULL,
  `updated_by_id` int unsigned DEFAULT NULL,
  `locale` varchar(255) DEFAULT NULL,
  `display_order` int DEFAULT NULL,
  PRIMARY KEY (`id`),
  KEY `service_category_types_documents_idx` (`document_id`,`locale`,`published_at`),
  KEY `service_category_types_created_by_id_fk` (`created_by_id`),
  KEY `service_category_types_updated_by_id_fk` (`updated_by_id`),
  CONSTRAINT `service_category_types_created_by_id_fk` FOREIGN KEY (`created_by_id`) REFERENCES `admin_users` (`id`) ON DELETE SET NULL,
  CONSTRAINT `service_category_types_updated_by_id_fk` FOREIGN KEY (`updated_by_id`) REFERENCES `admin_users` (`id`) ON DELETE SET NULL
) ENGINE=InnoDB AUTO_INCREMENT=35 DEFAULT CHARSET=utf8mb4 COLLATE=utf8mb4_0900_ai_ci;

--
-- Dumping data for table `service_category_types`
--

INSERT INTO `service_category_types` VALUES (1,'ij2obeqnotbo0ecuaaj31kdb','Passenger Vehicle','automotive-aftermarket/search?category=passenger-car-13','2026-01-20 12:15:31.677000','2026-03-09 06:54:53.152000',NULL,1,1,'en',1),(3,'pjar1kf9go5k9135zsqoqb5x','Batteries ','automotive-aftermarket/search?category=batteries-107','2026-01-20 18:16:39.651000','2026-03-09 06:57:41.439000',NULL,1,1,'en',2),(5,'zcep3z9x0lpdnkomn85lrzho','Workshop Test Equipment & Tools ','automotive-aftermarket/search?categoryKey=automotive&subcategoryKey=workshop-equipment-103','2026-01-20 18:17:26.467000','2026-03-31 04:39:39.970000',NULL,1,1,'en',4),(7,'zep4w6vz4nk6bpdqhs5qe6y9','Industrial Vehicles ','automotive-aftermarket/search?category=truck-13','2026-01-20 18:18:05.740000','2026-03-09 06:57:33.946000',NULL,1,1,'en',3),(9,'j6tiv8i5lv8tmnhga5l2x2bl','Bosch Diesel Service ','automotive-aftermarket/search?category=diesel-systems-107','2026-01-20 18:18:29.035000','2026-03-31 04:40:32.296000',NULL,1,1,'en',5),(25,'ij2obeqnotbo0ecuaaj31kdb','Passenger Vehicle','automotive-aftermarket/search?category=passenger-car-13','2026-01-20 12:15:31.677000','2026-03-09 06:54:53.152000','2026-03-09 06:54:53.451000',1,1,'en',1),(31,'zep4w6vz4nk6bpdqhs5qe6y9','Industrial Vehicles ','automotive-aftermarket/search?category=truck-13','2026-01-20 18:18:05.740000','2026-03-09 06:57:33.946000','2026-03-09 06:57:34.250000',1,1,'en',3),(32,'pjar1kf9go5k9135zsqoqb5x','Batteries ','automotive-aftermarket/search?category=batteries-107','2026-01-20 18:16:39.651000','2026-03-09 06:57:41.439000','2026-03-09 06:57:41.747000',1,1,'en',2),(33,'zcep3z9x0lpdnkomn85lrzho','Workshop Test Equipment & Tools ','automotive-aftermarket/search?categoryKey=automotive&subcategoryKey=workshop-equipment-103','2026-01-20 18:17:26.467000','2026-03-31 04:39:39.970000','2026-03-31 04:39:40.302000',1,1,'en',4),(34,'j6tiv8i5lv8tmnhga5l2x2bl','Bosch Diesel Service ','automotive-aftermarket/search?category=diesel-systems-107','2026-01-20 18:18:29.035000','2026-03-31 04:40:32.296000','2026-03-31 04:40:32.586000',1,1,'en',5);

--
-- Table structure for table `service_landings`
--

CREATE TABLE `service_landings` (
  `id` int unsigned NOT NULL AUTO_INCREMENT,
  `document_id` varchar(255) DEFAULT NULL,
  `service_heading` longtext,
  `description` longtext,
  `created_at` datetime(6) DEFAULT NULL,
  `updated_at` datetime(6) DEFAULT NULL,
  `published_at` datetime(6) DEFAULT NULL,
  `created_by_id` int unsigned DEFAULT NULL,
  `updated_by_id` int unsigned DEFAULT NULL,
  `locale` varchar(255) DEFAULT NULL,
  PRIMARY KEY (`id`),
  KEY `service_landings_documents_idx` (`document_id`,`locale`,`published_at`),
  KEY `service_landings_created_by_id_fk` (`created_by_id`),
  KEY `service_landings_updated_by_id_fk` (`updated_by_id`),
  CONSTRAINT `service_landings_created_by_id_fk` FOREIGN KEY (`created_by_id`) REFERENCES `admin_users` (`id`) ON DELETE SET NULL,
  CONSTRAINT `service_landings_updated_by_id_fk` FOREIGN KEY (`updated_by_id`) REFERENCES `admin_users` (`id`) ON DELETE SET NULL
) ENGINE=InnoDB AUTO_INCREMENT=22 DEFAULT CHARSET=utf8mb4 COLLATE=utf8mb4_0900_ai_ci;

--
-- Dumping data for table `service_landings`
--

INSERT INTO `service_landings` VALUES (1,'jlubt3a23khvmr4905tupkyy','Expert Auto & Equipment Services, All in One Place','<p><meta charset=\"utf-8\">We specialize in delivering expert solutions across three key service areas: Automotive Aftermarket Services, Tyre Services, and Power Tools Services. Whether you\'re maintaining a personal vehicle, managing a fleet, or keeping your tools in top condition, our team ensures performance, safety, and reliability at every turn — backed by a commitment to quality, precision, and customer satisfaction, with industry-leading expertise and technology in every job, from diagnostics to repair.</p>','2025-12-12 13:05:54.447000','2026-07-07 05:47:13.473000',NULL,1,1,'en'),(3,'jlubt3a23khvmr4905tupkyy','Expert Auto & Equipment Services, All in One Place','<p>We specialize in delivering expert solutions across three key service areas: Automotive Aftermarket Services, Tyre Services, and Power Tools Services. Whether you\'re maintaining a personal vehicle, managing a fleet, or keeping your tools in top condition, our team is here to ensure performance, safety, and reliability at every turn.</p><p>With a commitment to quality, precision, and customer satisfaction, we bring industry-leading expertise and technology to every job. From diagnostics and repairs to tyre fitting and balancing, and even power tool calibration and servicing – we\'ve got you covered.</p>','2025-12-14 06:28:59.949000','2026-03-13 05:16:04.705000',NULL,1,1,'ar'),(16,'jlubt3a23khvmr4905tupkyy','Expert Auto & Equipment Services, All in One Place','<p>We specialize in delivering expert solutions across three key service areas: Automotive Aftermarket Services, Tyre Services, and Power Tools Services. Whether you\'re maintaining a personal vehicle, managing a fleet, or keeping your tools in top condition, our team is here to ensure performance, safety, and reliability at every turn.</p><p>With a commitment to quality, precision, and customer satisfaction, we bring industry-leading expertise and technology to every job. From diagnostics and repairs to tyre fitting and balancing, and even power tool calibration and servicing – we\'ve got you covered.</p>','2025-12-14 06:28:59.949000','2026-03-13 05:16:04.705000','2026-03-13 05:16:05.759000',1,1,'ar'),(21,'jlubt3a23khvmr4905tupkyy','Expert Auto & Equipment Services, All in One Place','<p><meta charset=\"utf-8\">We specialize in delivering expert solutions across three key service areas: Automotive Aftermarket Services, Tyre Services, and Power Tools Services. Whether you\'re maintaining a personal vehicle, managing a fleet, or keeping your tools in top condition, our team ensures performance, safety, and reliability at every turn — backed by a commitment to quality, precision, and customer satisfaction, with industry-leading expertise and technology in every job, from diagnostics to repair.</p>','2025-12-12 13:05:54.447000','2026-07-07 05:47:13.473000','2026-07-07 05:47:14.816000',1,1,'en');

--
-- Table structure for table `service_landings_cmps`
--

CREATE TABLE `service_landings_cmps` (
  `id` int unsigned NOT NULL AUTO_INCREMENT,
  `entity_id` int unsigned DEFAULT NULL,
  `cmp_id` int unsigned DEFAULT NULL,
  `component_type` varchar(255) DEFAULT NULL,
  `field` varchar(255) DEFAULT NULL,
  `order` double unsigned DEFAULT NULL,
  PRIMARY KEY (`id`),
  UNIQUE KEY `service_landings_uq` (`entity_id`,`cmp_id`,`field`,`component_type`),
  KEY `service_landings_field_idx` (`field`),
  KEY `service_landings_component_type_idx` (`component_type`),
  KEY `service_landings_entity_fk` (`entity_id`),
  CONSTRAINT `service_landings_entity_fk` FOREIGN KEY (`entity_id`) REFERENCES `service_landings` (`id`) ON DELETE CASCADE
) ENGINE=InnoDB AUTO_INCREMENT=119 DEFAULT CHARSET=utf8mb4 COLLATE=utf8mb4_0900_ai_ci;

--
-- Dumping data for table `service_landings_cmps`
--

INSERT INTO `service_landings_cmps` VALUES (1,1,26,'common.banner','banner',2),(6,1,1,'service-landing.service-locations','serviceLocations',1),(14,1,4,'service-landing.service-locations','serviceLocations',2),(64,1,72,'common.seo','seo',4),(71,3,227,'common.banner','banner',2),(72,3,133,'common.seo','seo',1),(73,3,25,'service-landing.service-locations','serviceLocations',1),(74,3,26,'service-landing.service-locations','serviceLocations',2),(75,16,228,'common.banner','banner',1),(76,16,134,'common.seo','seo',NULL),(77,16,27,'service-landing.service-locations','serviceLocations',1),(78,16,28,'service-landing.service-locations','serviceLocations',2),(115,21,494,'common.banner','banner',1),(116,21,291,'common.seo','seo',NULL),(117,21,37,'service-landing.service-locations','serviceLocations',1),(118,21,38,'service-landing.service-locations','serviceLocations',2);

--
-- Table structure for table `service_landings_location_types_lnk`
--

CREATE TABLE `service_landings_location_types_lnk` (
  `id` int unsigned NOT NULL AUTO_INCREMENT,
  `service_landing_id` int unsigned DEFAULT NULL,
  `branch_location_id` int unsigned DEFAULT NULL,
  `branch_location_ord` double unsigned DEFAULT NULL,
  PRIMARY KEY (`id`),
  UNIQUE KEY `service_landings_location_types_lnk_uq` (`service_landing_id`,`branch_location_id`),
  KEY `service_landings_location_types_lnk_fk` (`service_landing_id`),
  KEY `service_landings_location_types_lnk_ifk` (`branch_location_id`),
  KEY `service_landings_location_types_lnk_ofk` (`branch_location_ord`),
  CONSTRAINT `service_landings_location_types_lnk_fk` FOREIGN KEY (`service_landing_id`) REFERENCES `service_landings` (`id`) ON DELETE CASCADE,
  CONSTRAINT `service_landings_location_types_lnk_ifk` FOREIGN KEY (`branch_location_id`) REFERENCES `branch_locations` (`id`) ON DELETE CASCADE
) ENGINE=InnoDB AUTO_INCREMENT=23 DEFAULT CHARSET=utf8mb4 COLLATE=utf8mb4_0900_ai_ci;

--
-- Dumping data for table `service_landings_location_types_lnk`
--

INSERT INTO `service_landings_location_types_lnk` VALUES (1,1,1,1),(2,1,4,2),(13,1,7,3),(20,21,3,1),(21,21,6,2),(22,21,35,3);

--
-- Table structure for table `services`
--

CREATE TABLE `services` (
  `id` int unsigned NOT NULL AUTO_INCREMENT,
  `document_id` varchar(255) DEFAULT NULL,
  `title` varchar(255) DEFAULT NULL,
  `slug` varchar(255) DEFAULT NULL,
  `created_at` datetime(6) DEFAULT NULL,
  `updated_at` datetime(6) DEFAULT NULL,
  `published_at` datetime(6) DEFAULT NULL,
  `created_by_id` int unsigned DEFAULT NULL,
  `updated_by_id` int unsigned DEFAULT NULL,
  `locale` varchar(255) DEFAULT NULL,
  `list_desc` longtext,
  `show_book_service_form` tinyint(1) DEFAULT NULL,
  `show_mobile_service_form` tinyint(1) DEFAULT NULL,
  `header_service_sort_order` int DEFAULT NULL,
  `hide_from_category_dropdown` tinyint(1) DEFAULT NULL,
  PRIMARY KEY (`id`),
  KEY `services_documents_idx` (`document_id`,`locale`,`published_at`),
  KEY `services_created_by_id_fk` (`created_by_id`),
  KEY `services_updated_by_id_fk` (`updated_by_id`),
  CONSTRAINT `services_created_by_id_fk` FOREIGN KEY (`created_by_id`) REFERENCES `admin_users` (`id`) ON DELETE SET NULL,
  CONSTRAINT `services_updated_by_id_fk` FOREIGN KEY (`updated_by_id`) REFERENCES `admin_users` (`id`) ON DELETE SET NULL
) ENGINE=InnoDB AUTO_INCREMENT=335 DEFAULT CHARSET=utf8mb4 COLLATE=utf8mb4_0900_ai_ci;

--
-- Dumping data for table `services`
--

INSERT INTO `services` VALUES (1,'g18oof4nka4jou664eq4fy0e','Spare Parts','spare-parts','2025-12-12 06:14:34.619000','2026-04-01 10:31:35.102000',NULL,1,1,'en','Bosch offers you the appropriate spare parts for your tools, such as angle grinders or drills: from the armature, to the carbon brushes, through to the batteries and chargers.',NULL,NULL,NULL,NULL),(5,'padhr29nknzix7og066ybt5x','Tyre Repair','tyre-repair','2025-12-12 08:58:03.156000','2026-07-02 06:20:31.425000',NULL,1,1,'en','At CME Alfahim, we offer comprehensive tyre repair solutions for passenger, commercial, and heavy-duty vehicles.',1,1,1,NULL),(7,'rar5hdd51s37ji0k5p2qyh9r','Spare Parts Service','spare-parts-services','2025-12-12 08:58:31.818000','2026-06-09 11:30:47.321000',NULL,1,1,'en','Bosch offers you the appropriate spare parts for your tools, such as angle grinders or drills: from the armature, to the carbon brushes, through to the batteries and chargers.',1,NULL,1,NULL),(27,'neqskd16ndcmmi3pmsoymg7w','Brake Pads','brake-pads','2025-12-21 09:02:27.135000','2026-06-15 10:19:00.003000',NULL,1,1,'en','Brake safety is critical, and CME Alfahim’s expert technicians provide thorough inspections and timely replacement of brake pads.',1,0,3,NULL),(29,'w0axm3hwjk6c18n3ih1ozmql','Tyre Rotation','tyre-rotation','2025-12-21 09:03:17.068000','2026-06-15 10:18:21.941000',NULL,1,1,'en','Tyre rotation is a simple yet effective way to extend the life of your tyres and ensure even wear. By moving tyres from one position to another, we balance wear patterns and reduce stress on individual tyres.',1,1,5,NULL),(31,'adc29g15x63wxbq22awojzno','Oil Change','oil-change','2025-12-21 09:04:35.176000','2026-06-15 10:18:37.944000',NULL,1,1,'en','Oil is the lifeblood of your car\'s engine, playing a crucial role in its performance and longevity. It lubricates engine parts, reduces friction, and helps dissipate heat, ensuring smooth operation',1,1,4,NULL),(82,'yxrw888gc89ht9zwlfwa8js3','Bosch Car Service','bosch-car-service','2026-03-11 11:21:12.735000','2026-06-18 06:16:09.806000',NULL,1,1,'en','Workshop solutions for the future. For professional service on modern vehicles, Bosch provides test and workshop equipment, software and expertise perfectly coordinated from a single source.',1,NULL,1,NULL),(99,'q5mbbvo7m4ds5r1tv4asgtqf','Bosch Diesel Service','bosch-diesel-service','2026-03-11 13:09:41.051000','2026-06-18 06:18:24.459000',NULL,1,1,'en','A wide range of services, partners of the Bosch network can benefit from access to all of Bosch’s knowledge, technological expertise and comprehensive practical experience from decades of workshop support. What we offer:',1,NULL,2,NULL),(105,'s09m8y34xek7obkn7evd33xj','Workshop Test Equipment Services','workshop-test-equipment-services','2026-03-11 13:29:24.675000','2026-06-18 06:18:55.307000',NULL,1,1,'en','Central Motors & Equipment brings the latest state-of-the-art workshop equipment services',1,NULL,3,NULL),(135,'wgckx3k125zray0hj1d742zr','Wheel Alignment','wheel-alignment','2026-03-12 06:11:27.809000','2026-06-15 10:18:03.692000',NULL,1,1,'en','At CME, our expert technicians use advanced equipment to adjust your wheels to manufacturer specs, ensuring smooth and safe driving',1,0,6,NULL),(172,'p917w95opaix2r5qrhh1w6sy','Nitrogen Inflation','nitrogen-inflation','2026-03-12 09:17:53.087000','2026-06-15 10:17:21.790000',NULL,1,1,'en','Tyre inflation is undoubtedly a key element in ensuring tyre longevity. The pressure recommended by the manufacturers is different for each vehicle and must be scrupulously respected for your safety',1,0,8,NULL),(179,'rpldpoo2plpfl7d6ff7izski','Tyre Change and Balancing / Tyre Replacement','tyre-change-balancing-replacement','2026-03-12 09:38:06.789000','2026-06-15 10:17:45.328000',NULL,1,1,'en','Proper tyre fitting and balancing are crucial for your vehicle\'s maintenance. Poorly fitted tyres can lead to a rough, uneven, and potentially unsafe ride. When fitting new tyres, make sure they\'re mounted correctly, are the right type for your vehicle, and are balanced accurately to ensure a smooth, safe drive and extend tyre lifespan.',1,1,7,NULL),(180,'hu8h55oswweuqxqu25d2b8cf','AC Maintenance','ac-maintenance','2026-03-12 09:45:41.292000','2026-06-15 10:16:59.257000',NULL,1,1,'en','Maintaining your vehicle\'s air conditioning system is crucial for a comfortable driving experience, particularly during extreme temperatures. The AC system not only regulates temperature but also controls humidity, contributing to a healthier in-cab environment',1,0,9,NULL),(202,'q5mbbvo7m4ds5r1tv4asgtqf','Bosch Diesel Service','bosch-diesel-service','2026-03-13 05:14:17.482000','2026-03-13 05:14:17.482000',NULL,1,1,'ar','Brake safety is critical, and CME Alfahim’s expert technicians provide thorough inspections and timely replacement of brake pads.',1,NULL,2,NULL),(203,'q5mbbvo7m4ds5r1tv4asgtqf','Bosch Diesel Service','bosch-diesel-service','2026-03-13 05:14:17.482000','2026-03-13 05:14:17.482000','2026-03-13 05:14:18.448000',1,1,'ar','Brake safety is critical, and CME Alfahim’s expert technicians provide thorough inspections and timely replacement of brake pads.',1,NULL,2,NULL),(241,'op8tlp3ajr50zwn0gok51mty',' Battery Replacement','battery-replacement','2026-03-30 15:29:06.120000','2026-07-01 12:00:30.491000',NULL,1,1,'en','Dead battery got you stuck?  Need a reliable car battery replacement in the UAE? CME TyrePlushas you covered! We offer fast, affordable, and top-notch battery replacement services across Dubai, Abu Dhabi, and the UAE. Our pros will come to you –whether you\'re at home, work, or stranded. Get back on the road pronto!',1,1,7,NULL),(294,'rar5hdd51s37ji0k5p2qyh9r','Spare Parts Service','spare-parts-services','2025-12-12 08:58:31.818000','2026-06-09 11:30:47.321000','2026-06-09 11:30:49.126000',1,1,'en','Bosch offers you the appropriate spare parts for your tools, such as angle grinders or drills: from the armature, to the carbon brushes, through to the batteries and chargers.',1,NULL,1,NULL),(296,'qsjkl1ddovpq5sb5ezs9t4j4','Bosch Car Service','tyre-bosch-car-service','2026-06-15 10:12:56.593000','2026-07-01 11:56:45.612000',NULL,1,1,'en','Workshop solutions for the future. For professional service on modern vehicles, Bosch provides test and workshop equipment, software and expertise perfectly coordinated from a single source.',1,NULL,10,NULL),(299,'hu8h55oswweuqxqu25d2b8cf','AC Maintenance','ac-maintenance','2026-03-12 09:45:41.292000','2026-06-15 10:16:59.257000','2026-06-15 10:17:01.149000',1,1,'en','Maintaining your vehicle\'s air conditioning system is crucial for a comfortable driving experience, particularly during extreme temperatures. The AC system not only regulates temperature but also controls humidity, contributing to a healthier in-cab environment',1,0,9,NULL),(300,'p917w95opaix2r5qrhh1w6sy','Nitrogen Inflation','nitrogen-inflation','2026-03-12 09:17:53.087000','2026-06-15 10:17:21.790000','2026-06-15 10:17:23.904000',1,1,'en','Tyre inflation is undoubtedly a key element in ensuring tyre longevity. The pressure recommended by the manufacturers is different for each vehicle and must be scrupulously respected for your safety',1,0,8,NULL),(301,'rpldpoo2plpfl7d6ff7izski','Tyre Change and Balancing / Tyre Replacement','tyre-change-balancing-replacement','2026-03-12 09:38:06.789000','2026-06-15 10:17:45.328000','2026-06-15 10:17:47.664000',1,1,'en','Proper tyre fitting and balancing are crucial for your vehicle\'s maintenance. Poorly fitted tyres can lead to a rough, uneven, and potentially unsafe ride. When fitting new tyres, make sure they\'re mounted correctly, are the right type for your vehicle, and are balanced accurately to ensure a smooth, safe drive and extend tyre lifespan.',1,1,7,NULL),(302,'wgckx3k125zray0hj1d742zr','Wheel Alignment','wheel-alignment','2026-03-12 06:11:27.809000','2026-06-15 10:18:03.692000','2026-06-15 10:18:05.710000',1,1,'en','At CME, our expert technicians use advanced equipment to adjust your wheels to manufacturer specs, ensuring smooth and safe driving',1,0,6,NULL),(303,'w0axm3hwjk6c18n3ih1ozmql','Tyre Rotation','tyre-rotation','2025-12-21 09:03:17.068000','2026-06-15 10:18:21.941000','2026-06-15 10:18:23.516000',1,1,'en','Tyre rotation is a simple yet effective way to extend the life of your tyres and ensure even wear. By moving tyres from one position to another, we balance wear patterns and reduce stress on individual tyres.',1,1,5,NULL),(304,'adc29g15x63wxbq22awojzno','Oil Change','oil-change','2025-12-21 09:04:35.176000','2026-06-15 10:18:37.944000','2026-06-15 10:18:39.878000',1,1,'en','Oil is the lifeblood of your car\'s engine, playing a crucial role in its performance and longevity. It lubricates engine parts, reduces friction, and helps dissipate heat, ensuring smooth operation',1,1,4,NULL),(305,'neqskd16ndcmmi3pmsoymg7w','Brake Pads','brake-pads','2025-12-21 09:02:27.135000','2026-06-15 10:19:00.003000','2026-06-15 10:19:02.680000',1,1,'en','Brake safety is critical, and CME Alfahim’s expert technicians provide thorough inspections and timely replacement of brake pads.',1,0,3,NULL),(311,'sdtjhauxkpu7rcywqhjzmlan','Other Services','other-services','2026-06-17 05:04:29.647000','2026-06-17 05:05:51.356000',NULL,1,1,'en','Brake safety is critical, and CME Alfahim’s expert technicians provide thorough inspections and timely replacement of brake pads.',1,0,11,NULL),(313,'sdtjhauxkpu7rcywqhjzmlan','Other Services','other-services','2026-06-17 05:04:29.647000','2026-06-17 05:05:51.356000','2026-06-17 05:05:53.758000',1,1,'en','Brake safety is critical, and CME Alfahim’s expert technicians provide thorough inspections and timely replacement of brake pads.',1,0,11,NULL),(314,'n24bznfqrb4vuyyb3mc3d6lm','Bosch – Repair Request Form','bosch-repair-request-form','2026-06-17 10:58:42.293000','2026-06-29 08:57:32.318000',NULL,1,1,'en','Bosch offers you the appropriate spare parts for your tools, such as angle grinders or drills: from the armature, to the carbon brushes, through to the batteries and chargers.',0,NULL,3,1),(320,'tvqxlo25o6dt1ze0m2ht4v0g','Caliibration Services','calibration','2026-06-17 11:05:48.038000','2026-06-17 12:24:14.983000',NULL,1,1,'en','Our calibration services:\n\nCleaning the tool\nChecking the measuring accuracy\nIf required: Adjusting of the tool\nDocumenting all measured values',1,NULL,2,NULL),(323,'tvqxlo25o6dt1ze0m2ht4v0g','Caliibration Services','calibration','2026-06-17 11:05:48.038000','2026-06-17 12:24:14.983000','2026-06-17 12:24:16.344000',1,1,'en','Our calibration services:\n\nCleaning the tool\nChecking the measuring accuracy\nIf required: Adjusting of the tool\nDocumenting all measured values',1,NULL,2,NULL),(326,'yxrw888gc89ht9zwlfwa8js3','Bosch Car Service','bosch-car-service','2026-03-11 11:21:12.735000','2026-06-18 06:16:09.806000','2026-06-18 06:16:11.680000',1,1,'en','Workshop solutions for the future. For professional service on modern vehicles, Bosch provides test and workshop equipment, software and expertise perfectly coordinated from a single source.',1,NULL,1,NULL),(328,'q5mbbvo7m4ds5r1tv4asgtqf','Bosch Diesel Service','bosch-diesel-service','2026-03-11 13:09:41.051000','2026-06-18 06:18:24.459000','2026-06-18 06:18:26.733000',1,1,'en','A wide range of services, partners of the Bosch network can benefit from access to all of Bosch’s knowledge, technological expertise and comprehensive practical experience from decades of workshop support. What we offer:',1,NULL,2,NULL),(329,'s09m8y34xek7obkn7evd33xj','Workshop Test Equipment Services','workshop-test-equipment-services','2026-03-11 13:29:24.675000','2026-06-18 06:18:55.307000','2026-06-18 06:18:57.654000',1,1,'en','Central Motors & Equipment brings the latest state-of-the-art workshop equipment services',1,NULL,3,NULL),(330,'n24bznfqrb4vuyyb3mc3d6lm','Bosch – Repair Request Form','bosch-repair-request-form','2026-06-17 10:58:42.293000','2026-06-29 08:57:32.318000','2026-06-29 08:57:33.975000',1,1,'en','Bosch offers you the appropriate spare parts for your tools, such as angle grinders or drills: from the armature, to the carbon brushes, through to the batteries and chargers.',0,NULL,3,1),(331,'qsjkl1ddovpq5sb5ezs9t4j4','Bosch Car Service','tyre-bosch-car-service','2026-06-15 10:12:56.593000','2026-07-01 11:56:45.612000','2026-07-01 11:56:47.185000',1,1,'en','Workshop solutions for the future. For professional service on modern vehicles, Bosch provides test and workshop equipment, software and expertise perfectly coordinated from a single source.',1,NULL,10,NULL),(333,'op8tlp3ajr50zwn0gok51mty',' Battery Replacement','battery-replacement','2026-03-30 15:29:06.120000','2026-07-01 12:00:30.491000','2026-07-01 12:00:32.762000',1,1,'en','Dead battery got you stuck?  Need a reliable car battery replacement in the UAE? CME TyrePlushas you covered! We offer fast, affordable, and top-notch battery replacement services across Dubai, Abu Dhabi, and the UAE. Our pros will come to you –whether you\'re at home, work, or stranded. Get back on the road pronto!',1,1,7,NULL),(334,'padhr29nknzix7og066ybt5x','Tyre Repair','tyre-repair','2025-12-12 08:58:03.156000','2026-07-02 06:20:31.425000','2026-07-02 06:20:34.150000',1,1,'en','At CME Alfahim, we offer comprehensive tyre repair solutions for passenger, commercial, and heavy-duty vehicles.',1,1,1,NULL);

--
-- Table structure for table `services_branches_lnk`
--

CREATE TABLE `services_branches_lnk` (
  `id` int unsigned NOT NULL AUTO_INCREMENT,
  `service_id` int unsigned DEFAULT NULL,
  `branch_id` int unsigned DEFAULT NULL,
  `branch_ord` double unsigned DEFAULT NULL,
  PRIMARY KEY (`id`),
  UNIQUE KEY `services_branches_lnk_uq` (`service_id`,`branch_id`),
  KEY `services_branches_lnk_fk` (`service_id`),
  KEY `services_branches_lnk_ifk` (`branch_id`),
  KEY `services_branches_lnk_ofk` (`branch_ord`),
  CONSTRAINT `services_branches_lnk_fk` FOREIGN KEY (`service_id`) REFERENCES `services` (`id`) ON DELETE CASCADE,
  CONSTRAINT `services_branches_lnk_ifk` FOREIGN KEY (`branch_id`) REFERENCES `branches` (`id`) ON DELETE CASCADE
) ENGINE=InnoDB AUTO_INCREMENT=9 DEFAULT CHARSET=utf8mb4 COLLATE=utf8mb4_0900_ai_ci;

--
-- Dumping data for table `services_branches_lnk`
--

INSERT INTO `services_branches_lnk` VALUES (1,82,25,1),(2,326,409,1),(5,99,27,1),(6,328,410,1),(7,105,113,1),(8,329,413,1);

--
-- Table structure for table `services_cmps`
--

CREATE TABLE `services_cmps` (
  `id` int unsigned NOT NULL AUTO_INCREMENT,
  `entity_id` int unsigned DEFAULT NULL,
  `cmp_id` int unsigned DEFAULT NULL,
  `component_type` varchar(255) DEFAULT NULL,
  `field` varchar(255) DEFAULT NULL,
  `order` double unsigned DEFAULT NULL,
  PRIMARY KEY (`id`),
  UNIQUE KEY `services_uq` (`entity_id`,`cmp_id`,`field`,`component_type`),
  KEY `services_field_idx` (`field`),
  KEY `services_component_type_idx` (`component_type`),
  KEY `services_entity_fk` (`entity_id`),
  CONSTRAINT `services_entity_fk` FOREIGN KEY (`entity_id`) REFERENCES `services` (`id`) ON DELETE CASCADE
) ENGINE=InnoDB AUTO_INCREMENT=4950 DEFAULT CHARSET=utf8mb4 COLLATE=utf8mb4_0900_ai_ci;

--
-- Dumping data for table `services_cmps`
--

INSERT INTO `services_cmps` VALUES (6,5,1,'common.title-with-desc','trustedPartner',15),(7,5,1,'common.content-block','aboutBlock',14),(50,5,9,'common.content-block','tyreRepairMatters',13),(59,5,1,'common.locations','locations',12),(70,5,1,'common.faq','faq',11),(89,27,24,'common.title-with-desc','trustedPartner',10),(158,5,84,'common.seo','seo',10),(170,5,115,'common.link-item','breadCrumb',1),(171,5,116,'common.link-item','breadCrumb',2),(242,5,123,'common.link-item','breadCrumb',3),(482,5,17,'common.title-desc','bookService',8),(483,5,18,'common.title-desc','mobileService',9),(745,29,37,'common.title-desc','bookService',1),(746,29,38,'common.title-desc','mobileService',9),(893,29,184,'common.link-item','breadCrumb',1),(894,29,185,'common.link-item','breadCrumb',2),(895,29,186,'common.link-item','breadCrumb',3),(896,29,187,'common.link-item','breadCrumb',4),(912,5,192,'common.link-item','breadCrumb',4),(935,82,197,'common.link-item','breadCrumb',1),(936,82,198,'common.link-item','breadCrumb',2),(937,82,199,'common.link-item','breadCrumb',3),(938,82,200,'common.link-item','breadCrumb',4),(951,82,67,'common.title-desc','bookService',7),(952,82,68,'common.title-desc','mobileService',8),(1177,99,265,'common.link-item','breadCrumb',1),(1178,99,266,'common.link-item','breadCrumb',2),(1179,99,267,'common.link-item','breadCrumb',3),(1180,99,268,'common.link-item','breadCrumb',4),(1183,99,99,'common.title-desc','bookService',7),(1184,99,100,'common.title-desc','mobileService',8),(1229,105,281,'common.link-item','breadCrumb',1),(1230,105,282,'common.link-item','breadCrumb',2),(1231,105,283,'common.link-item','breadCrumb',3),(1232,105,284,'common.link-item','breadCrumb',4),(1234,105,107,'common.title-desc','bookService',7),(1235,105,108,'common.title-desc','mobileService',8),(1564,135,357,'common.link-item','breadCrumb',1),(1565,135,358,'common.link-item','breadCrumb',2),(1566,135,359,'common.link-item','breadCrumb',3),(1567,135,360,'common.link-item','breadCrumb',4),(1571,135,145,'common.title-desc','bookService',8),(1572,135,146,'common.title-desc','mobileService',9),(1768,31,165,'common.title-desc','bookService',8),(1769,31,166,'common.title-desc','mobileService',9),(1793,27,393,'common.link-item','breadCrumb',1),(1794,27,394,'common.link-item','breadCrumb',2),(1795,27,395,'common.link-item','breadCrumb',3),(1796,27,396,'common.link-item','breadCrumb',4),(1842,27,171,'common.title-desc','bookService',8),(1843,27,172,'common.title-desc','mobileService',9),(2001,172,449,'common.link-item','breadCrumb',1),(2002,172,450,'common.link-item','breadCrumb',2),(2003,172,451,'common.link-item','breadCrumb',3),(2004,172,452,'common.link-item','breadCrumb',4),(2008,172,193,'common.title-desc','bookService',1),(2009,172,194,'common.title-desc','mobileService',14),(2170,179,477,'common.link-item','breadCrumb',1),(2171,179,478,'common.link-item','breadCrumb',2),(2172,179,479,'common.link-item','breadCrumb',3),(2173,179,480,'common.link-item','breadCrumb',4),(2182,179,207,'common.title-desc','bookService',1),(2183,179,208,'common.title-desc','mobileService',13),(2184,180,481,'common.link-item','breadCrumb',1),(2185,180,482,'common.link-item','breadCrumb',2),(2186,180,483,'common.link-item','breadCrumb',3),(2187,180,484,'common.link-item','breadCrumb',4),(2196,180,209,'common.title-desc','bookService',1),(2197,180,210,'common.title-desc','mobileService',12),(2678,202,569,'common.link-item','breadCrumb',1),(2679,202,570,'common.link-item','breadCrumb',2),(2680,202,571,'common.link-item','breadCrumb',3),(2681,202,572,'common.link-item','breadCrumb',4),(2682,202,168,'common.content-block','serviceContent',1),(2683,202,256,'common.content-block-variant','serviceContent',2),(2684,202,129,'common.seo','seo',NULL),(2685,202,253,'common.title-desc','bookService',NULL),(2686,202,254,'common.title-desc','mobileService',NULL),(2687,203,573,'common.link-item','breadCrumb',1),(2688,203,574,'common.link-item','breadCrumb',2),(2689,203,575,'common.link-item','breadCrumb',3),(2690,203,576,'common.link-item','breadCrumb',4),(2691,203,169,'common.content-block','serviceContent',1),(2692,203,257,'common.content-block-variant','serviceContent',2),(2693,203,130,'common.seo','seo',NULL),(2694,203,255,'common.title-desc','bookService',NULL),(2695,203,256,'common.title-desc','mobileService',NULL),(2858,31,613,'common.link-item','breadCrumb',1),(2859,31,614,'common.link-item','breadCrumb',2),(2860,31,615,'common.link-item','breadCrumb',3),(2861,31,616,'common.link-item','breadCrumb',4),(3184,7,241,'common.banner','banner',1),(3185,7,681,'common.link-item','breadCrumb',1),(3186,7,682,'common.link-item','breadCrumb',2),(3187,7,683,'common.link-item','breadCrumb',3),(3188,7,684,'common.link-item','breadCrumb',4),(3388,241,739,'common.link-item','breadCrumb',1),(3389,241,740,'common.link-item','breadCrumb',2),(3390,241,741,'common.link-item','breadCrumb',3),(3391,241,742,'common.link-item','breadCrumb',4),(3395,241,319,'common.title-desc','bookService',1),(3396,241,320,'common.title-desc','mobileService',9),(4186,7,403,'common.title-desc','bookService',2),(4335,7,353,'common.title-with-desc','serviceContent',1),(4337,294,390,'common.banner','banner',1),(4338,294,981,'common.link-item','breadCrumb',1),(4339,294,982,'common.link-item','breadCrumb',2),(4340,294,983,'common.link-item','breadCrumb',3),(4341,294,984,'common.link-item','breadCrumb',4),(4342,294,440,'common.title-with-desc','serviceContent',1),(4343,294,431,'common.title-desc','bookService',NULL),(4360,296,997,'common.link-item','breadCrumb',1),(4361,296,998,'common.link-item','breadCrumb',2),(4362,296,999,'common.link-item','breadCrumb',3),(4363,296,1000,'common.link-item','breadCrumb',4),(4366,296,433,'common.title-desc','bookService',3),(4367,296,434,'common.title-desc','mobileService',7),(4406,180,265,'common.title-with-desc','serviceContent',1),(4407,180,266,'common.title-with-desc','serviceContent',2),(4408,180,267,'common.title-with-desc','serviceContent',3),(4409,180,215,'common.content-block-variant','serviceContent',4),(4410,180,268,'common.title-with-desc','serviceContent',5),(4411,180,269,'common.title-with-desc','serviceContent',6),(4414,299,1009,'common.link-item','breadCrumb',1),(4415,299,1010,'common.link-item','breadCrumb',2),(4416,299,1011,'common.link-item','breadCrumb',3),(4417,299,1012,'common.link-item','breadCrumb',4),(4418,299,443,'common.title-with-desc','serviceContent',1),(4419,299,444,'common.title-with-desc','serviceContent',2),(4420,299,445,'common.title-with-desc','serviceContent',3),(4421,299,415,'common.content-block-variant','serviceContent',4),(4422,299,446,'common.title-with-desc','serviceContent',5),(4423,299,447,'common.title-with-desc','serviceContent',6),(4424,299,439,'common.title-desc','bookService',NULL),(4425,299,440,'common.title-desc','mobileService',NULL),(4430,172,199,'common.content-block-variant','serviceContent',1),(4431,172,229,'common.title-with-desc','serviceContent',2),(4432,172,230,'common.title-with-desc','serviceContent',3),(4433,172,231,'common.title-with-desc','serviceContent',4),(4434,172,200,'common.content-block-variant','serviceContent',5),(4435,172,238,'common.title-with-desc','serviceContent',6),(4436,172,239,'common.title-with-desc','serviceContent',7),(4437,172,138,'common.content-block','serviceContent',8),(4440,300,1013,'common.link-item','breadCrumb',1),(4441,300,1014,'common.link-item','breadCrumb',2),(4442,300,1015,'common.link-item','breadCrumb',3),(4443,300,1016,'common.link-item','breadCrumb',4),(4444,300,416,'common.content-block-variant','serviceContent',1),(4445,300,448,'common.title-with-desc','serviceContent',2),(4446,300,449,'common.title-with-desc','serviceContent',3),(4447,300,450,'common.title-with-desc','serviceContent',4),(4448,300,417,'common.content-block-variant','serviceContent',5),(4449,300,451,'common.title-with-desc','serviceContent',6),(4450,300,452,'common.title-with-desc','serviceContent',7),(4451,300,228,'common.content-block','serviceContent',8),(4452,300,441,'common.title-desc','bookService',NULL),(4453,300,442,'common.title-desc','mobileService',NULL),(4458,179,223,'common.content-block-variant','serviceContent',1),(4459,179,226,'common.content-block-variant','serviceContent',2),(4460,179,152,'common.content-block','serviceContent',3),(4461,179,308,'common.title-with-desc','serviceContent',4),(4462,179,311,'common.title-with-desc','serviceContent',5),(4463,179,312,'common.title-with-desc','serviceContent',6),(4464,179,235,'common.content-block-variant','serviceContent',7),(4467,301,1017,'common.link-item','breadCrumb',1),(4468,301,1018,'common.link-item','breadCrumb',2),(4469,301,1019,'common.link-item','breadCrumb',3),(4470,301,1020,'common.link-item','breadCrumb',4),(4471,301,418,'common.content-block-variant','serviceContent',1),(4472,301,419,'common.content-block-variant','serviceContent',2),(4473,301,229,'common.content-block','serviceContent',3),(4474,301,453,'common.title-with-desc','serviceContent',4),(4475,301,454,'common.title-with-desc','serviceContent',5),(4476,301,455,'common.title-with-desc','serviceContent',6),(4477,301,420,'common.content-block-variant','serviceContent',7),(4478,301,443,'common.title-desc','bookService',NULL),(4479,301,444,'common.title-desc','mobileService',NULL),(4484,135,132,'common.content-block-variant','serviceContent',1),(4485,135,121,'common.content-block','serviceContent',2),(4486,135,158,'common.content-block-variant','serviceContent',3),(4489,302,1021,'common.link-item','breadCrumb',1),(4490,302,1022,'common.link-item','breadCrumb',2),(4491,302,1023,'common.link-item','breadCrumb',3),(4492,302,1024,'common.link-item','breadCrumb',4),(4493,302,421,'common.content-block-variant','serviceContent',1),(4494,302,230,'common.content-block','serviceContent',2),(4495,302,422,'common.content-block-variant','serviceContent',3),(4496,302,445,'common.title-desc','bookService',NULL),(4497,302,446,'common.title-desc','mobileService',NULL),(4502,29,175,'common.title-with-desc','serviceContent',1),(4503,29,176,'common.title-with-desc','serviceContent',2),(4504,29,45,'common.content-block-variant','serviceContent',3),(4507,303,1025,'common.link-item','breadCrumb',1),(4508,303,1026,'common.link-item','breadCrumb',2),(4509,303,1027,'common.link-item','breadCrumb',3),(4510,303,1028,'common.link-item','breadCrumb',4),(4511,303,456,'common.title-with-desc','serviceContent',1),(4512,303,457,'common.title-with-desc','serviceContent',2),(4513,303,423,'common.content-block-variant','serviceContent',3),(4514,303,447,'common.title-desc','bookService',NULL),(4515,303,448,'common.title-desc','mobileService',NULL),(4520,31,154,'common.content-block-variant','serviceContent',1),(4521,31,119,'common.content-block','serviceContent',2),(4522,31,155,'common.content-block-variant','serviceContent',3),(4525,304,1029,'common.link-item','breadCrumb',1),(4526,304,1030,'common.link-item','breadCrumb',2),(4527,304,1031,'common.link-item','breadCrumb',3),(4528,304,1032,'common.link-item','breadCrumb',4),(4529,304,424,'common.content-block-variant','serviceContent',1),(4530,304,231,'common.content-block','serviceContent',2),(4531,304,425,'common.content-block-variant','serviceContent',3),(4532,304,449,'common.title-desc','bookService',NULL),(4533,304,450,'common.title-desc','mobileService',NULL),(4538,27,113,'common.content-block-variant','serviceContent',1),(4539,27,103,'common.content-block','serviceContent',2),(4540,27,138,'common.content-block-variant','serviceContent',3),(4543,305,1033,'common.link-item','breadCrumb',1),(4544,305,1034,'common.link-item','breadCrumb',2),(4545,305,1035,'common.link-item','breadCrumb',3),(4546,305,1036,'common.link-item','breadCrumb',4),(4547,305,426,'common.content-block-variant','serviceContent',1),(4548,305,232,'common.content-block','serviceContent',2),(4549,305,427,'common.content-block-variant','serviceContent',3),(4550,305,451,'common.title-desc','bookService',NULL),(4551,305,452,'common.title-desc','mobileService',NULL),(4635,311,1057,'common.link-item','breadCrumb',1),(4636,311,1058,'common.link-item','breadCrumb',2),(4637,311,1059,'common.link-item','breadCrumb',3),(4638,311,1060,'common.link-item','breadCrumb',4),(4642,311,467,'common.title-desc','bookService',2),(4643,311,468,'common.title-desc','mobileService',5),(4666,311,440,'common.content-block-variant','serviceContent',1),(4667,311,238,'common.content-block','serviceContent',2),(4668,311,441,'common.content-block-variant','serviceContent',3),(4671,313,1065,'common.link-item','breadCrumb',1),(4672,313,1066,'common.link-item','breadCrumb',2),(4673,313,1067,'common.link-item','breadCrumb',3),(4674,313,1068,'common.link-item','breadCrumb',4),(4675,313,444,'common.content-block-variant','serviceContent',1),(4676,313,240,'common.content-block','serviceContent',2),(4677,313,445,'common.content-block-variant','serviceContent',3),(4678,313,471,'common.title-desc','bookService',NULL),(4679,313,472,'common.title-desc','mobileService',NULL),(4680,314,428,'common.banner','banner',1),(4686,314,473,'common.title-desc','bookService',7),(4692,314,463,'common.title-with-desc','serviceContent',4),(4714,314,1091,'common.link-item','breadCrumb',1),(4715,314,1092,'common.link-item','breadCrumb',2),(4716,314,1093,'common.link-item','breadCrumb',3),(4717,314,1094,'common.link-item','breadCrumb',4),(4725,320,434,'common.banner','banner',1),(4726,320,1099,'common.link-item','breadCrumb',1),(4727,320,1100,'common.link-item','breadCrumb',2),(4728,320,1101,'common.link-item','breadCrumb',3),(4729,320,1102,'common.link-item','breadCrumb',4),(4731,320,479,'common.title-desc','bookService',6),(4765,320,465,'common.title-with-desc','serviceContent',1),(4766,320,468,'common.title-with-desc','serviceContent',2),(4768,323,437,'common.banner','banner',1),(4769,323,1111,'common.link-item','breadCrumb',1),(4770,323,1112,'common.link-item','breadCrumb',2),(4771,323,1113,'common.link-item','breadCrumb',3),(4772,323,1114,'common.link-item','breadCrumb',4),(4773,323,469,'common.title-with-desc','serviceContent',1),(4774,323,470,'common.title-with-desc','serviceContent',2),(4775,323,482,'common.title-desc','bookService',NULL),(4806,82,63,'common.content-block-variant','serviceContent',1),(4807,82,67,'common.content-block-variant','serviceContent',2),(4810,326,1123,'common.link-item','breadCrumb',1),(4811,326,1124,'common.link-item','breadCrumb',2),(4812,326,1125,'common.link-item','breadCrumb',3),(4813,326,1126,'common.link-item','breadCrumb',4),(4814,326,453,'common.content-block-variant','serviceContent',1),(4815,326,454,'common.content-block-variant','serviceContent',2),(4816,326,486,'common.title-desc','bookService',NULL),(4817,326,487,'common.title-desc','mobileService',NULL),(4838,99,253,'common.content-block-variant','serviceContent',1),(4839,99,123,'common.content-block','serviceContent',2),(4842,328,1131,'common.link-item','breadCrumb',1),(4843,328,1132,'common.link-item','breadCrumb',2),(4844,328,1133,'common.link-item','breadCrumb',3),(4845,328,1134,'common.link-item','breadCrumb',4),(4846,328,456,'common.content-block-variant','serviceContent',1),(4847,328,242,'common.content-block','serviceContent',2),(4848,328,490,'common.title-desc','bookService',NULL),(4849,328,491,'common.title-desc','mobileService',NULL),(4854,105,96,'common.content-block-variant','serviceContent',1),(4855,105,1,'common.slider','serviceContent',2),(4858,329,1135,'common.link-item','breadCrumb',1),(4859,329,1136,'common.link-item','breadCrumb',2),(4860,329,1137,'common.link-item','breadCrumb',3),(4861,329,1138,'common.link-item','breadCrumb',4),(4862,329,457,'common.content-block-variant','serviceContent',1),(4863,329,9,'common.slider','serviceContent',2),(4864,329,492,'common.title-desc','bookService',NULL),(4865,329,493,'common.title-desc','mobileService',NULL),(4872,330,458,'common.banner','banner',1),(4873,330,1163,'common.link-item','breadCrumb',1),(4874,330,1164,'common.link-item','breadCrumb',2),(4875,330,1165,'common.link-item','breadCrumb',3),(4876,330,1166,'common.link-item','breadCrumb',4),(4877,330,494,'common.title-desc','bookService',NULL),(4882,296,409,'common.content-block-variant','serviceContent',1),(4885,331,1171,'common.link-item','breadCrumb',1),(4886,331,1172,'common.link-item','breadCrumb',2),(4887,331,1173,'common.link-item','breadCrumb',3),(4888,331,1174,'common.link-item','breadCrumb',4),(4889,331,458,'common.content-block-variant','serviceContent',1),(4890,331,495,'common.title-desc','bookService',NULL),(4891,331,496,'common.title-desc','mobileService',NULL),(4916,241,320,'common.content-block-variant','serviceContent',1),(4917,241,194,'common.content-block','serviceContent',2),(4918,241,321,'common.content-block-variant','serviceContent',3),(4921,333,1179,'common.link-item','breadCrumb',1),(4922,333,1180,'common.link-item','breadCrumb',2),(4923,333,1181,'common.link-item','breadCrumb',3),(4924,333,1182,'common.link-item','breadCrumb',4),(4925,333,461,'common.content-block-variant','serviceContent',1),(4926,333,244,'common.content-block','serviceContent',2),(4927,333,462,'common.content-block-variant','serviceContent',3),(4928,333,499,'common.title-desc','bookService',NULL),(4929,333,500,'common.title-desc','mobileService',NULL),(4934,5,1,'common.content-block-variant','serviceContent',1),(4935,5,31,'common.content-block','serviceContent',2),(4936,5,10,'common.content-block-variant','serviceContent',3),(4940,334,1189,'common.link-item','breadCrumb',1),(4941,334,1190,'common.link-item','breadCrumb',2),(4942,334,1191,'common.link-item','breadCrumb',3),(4943,334,1192,'common.link-item','breadCrumb',4),(4944,334,463,'common.content-block-variant','serviceContent',1),(4945,334,245,'common.content-block','serviceContent',2),(4946,334,464,'common.content-block-variant','serviceContent',3),(4947,334,272,'common.seo','seo',NULL),(4948,334,503,'common.title-desc','bookService',NULL),(4949,334,504,'common.title-desc','mobileService',NULL);

--
-- Table structure for table `services_location_types_lnk`
--

CREATE TABLE `services_location_types_lnk` (
  `id` int unsigned NOT NULL AUTO_INCREMENT,
  `service_id` int unsigned DEFAULT NULL,
  `branch_location_id` int unsigned DEFAULT NULL,
  `branch_location_ord` double unsigned DEFAULT NULL,
  PRIMARY KEY (`id`),
  UNIQUE KEY `services_location_types_lnk_uq` (`service_id`,`branch_location_id`),
  KEY `services_location_types_lnk_fk` (`service_id`),
  KEY `services_location_types_lnk_ifk` (`branch_location_id`),
  KEY `services_location_types_lnk_ofk` (`branch_location_ord`),
  CONSTRAINT `services_location_types_lnk_fk` FOREIGN KEY (`service_id`) REFERENCES `services` (`id`) ON DELETE CASCADE,
  CONSTRAINT `services_location_types_lnk_ifk` FOREIGN KEY (`branch_location_id`) REFERENCES `branch_locations` (`id`) ON DELETE CASCADE
) ENGINE=InnoDB AUTO_INCREMENT=133 DEFAULT CHARSET=utf8mb4 COLLATE=utf8mb4_0900_ai_ci;

--
-- Dumping data for table `services_location_types_lnk`
--

INSERT INTO `services_location_types_lnk` VALUES (1,5,1,1),(2,5,4,2),(49,29,1,1),(50,29,4,2),(85,135,1,1),(86,135,4,2),(123,302,3,1),(124,302,6,2),(125,303,3,1),(126,303,6,2),(131,334,3,1),(132,334,6,2);

--
-- Table structure for table `services_service_type_lnk`
--

CREATE TABLE `services_service_type_lnk` (
  `id` int unsigned NOT NULL AUTO_INCREMENT,
  `service_id` int unsigned DEFAULT NULL,
  `service_category_id` int unsigned DEFAULT NULL,
  PRIMARY KEY (`id`),
  UNIQUE KEY `services_service_type_lnk_uq` (`service_id`,`service_category_id`),
  KEY `services_service_type_lnk_fk` (`service_id`),
  KEY `services_service_type_lnk_ifk` (`service_category_id`),
  CONSTRAINT `services_service_type_lnk_fk` FOREIGN KEY (`service_id`) REFERENCES `services` (`id`) ON DELETE CASCADE,
  CONSTRAINT `services_service_type_lnk_ifk` FOREIGN KEY (`service_category_id`) REFERENCES `service_categories` (`id`) ON DELETE CASCADE
) ENGINE=InnoDB AUTO_INCREMENT=332 DEFAULT CHARSET=utf8mb4 COLLATE=utf8mb4_0900_ai_ci;

--
-- Dumping data for table `services_service_type_lnk`
--

INSERT INTO `services_service_type_lnk` VALUES (133,1,8),(3,5,3),(5,7,8),(20,27,3),(22,29,3),(95,31,3),(76,82,1),(93,99,1),(101,105,1),(131,135,3),(168,172,3),(175,179,3),(180,180,3),(237,241,3),(290,294,50),(293,296,3),(296,299,39),(297,300,39),(298,301,39),(299,302,39),(300,303,39),(301,304,39),(302,305,39),(308,311,3),(310,313,39),(311,314,8),(317,320,8),(320,323,50),(323,326,41),(325,328,41),(326,329,41),(327,330,50),(328,331,39),(330,333,39),(331,334,39);

--
-- Table structure for table `socials`
--

CREATE TABLE `socials` (
  `id` int unsigned NOT NULL AUTO_INCREMENT,
  `document_id` varchar(255) DEFAULT NULL,
  `title` varchar(255) DEFAULT NULL,
  `link` longtext,
  `type_external` tinyint(1) DEFAULT NULL,
  `created_at` datetime(6) DEFAULT NULL,
  `updated_at` datetime(6) DEFAULT NULL,
  `published_at` datetime(6) DEFAULT NULL,
  `created_by_id` int unsigned DEFAULT NULL,
  `updated_by_id` int unsigned DEFAULT NULL,
  `locale` varchar(255) DEFAULT NULL,
  PRIMARY KEY (`id`),
  KEY `socials_documents_idx` (`document_id`,`locale`,`published_at`),
  KEY `socials_created_by_id_fk` (`created_by_id`),
  KEY `socials_updated_by_id_fk` (`updated_by_id`),
  CONSTRAINT `socials_created_by_id_fk` FOREIGN KEY (`created_by_id`) REFERENCES `admin_users` (`id`) ON DELETE SET NULL,
  CONSTRAINT `socials_updated_by_id_fk` FOREIGN KEY (`updated_by_id`) REFERENCES `admin_users` (`id`) ON DELETE SET NULL
) ENGINE=InnoDB AUTO_INCREMENT=5 DEFAULT CHARSET=utf8mb4 COLLATE=utf8mb4_0900_ai_ci;

--
-- Dumping data for table `socials`
--

INSERT INTO `socials` VALUES (1,'ucwk0rjd3g9ogkvioc9srocd','Fb1','/',1,'2026-01-20 06:46:22.583000','2026-01-20 06:46:22.583000',NULL,1,1,'en'),(2,'ucwk0rjd3g9ogkvioc9srocd','Fb1','/',1,'2026-01-20 06:46:22.583000','2026-01-20 06:46:22.583000','2026-01-20 06:46:22.894000',1,1,'en'),(3,'y0ti98ytimbt985g1jdf06ct','Fb2','/',1,'2026-01-20 06:46:43.268000','2026-01-20 06:46:43.268000',NULL,1,1,'en'),(4,'y0ti98ytimbt985g1jdf06ct','Fb2','/',1,'2026-01-20 06:46:43.268000','2026-01-20 06:46:43.268000','2026-01-20 06:46:43.560000',1,1,'en');

--
-- Table structure for table `strapi_api_token_permissions`
--

CREATE TABLE `strapi_api_token_permissions` (
  `id` int unsigned NOT NULL AUTO_INCREMENT,
  `document_id` varchar(255) DEFAULT NULL,
  `action` varchar(255) DEFAULT NULL,
  `created_at` datetime(6) DEFAULT NULL,
  `updated_at` datetime(6) DEFAULT NULL,
  `published_at` datetime(6) DEFAULT NULL,
  `created_by_id` int unsigned DEFAULT NULL,
  `updated_by_id` int unsigned DEFAULT NULL,
  `locale` varchar(255) DEFAULT NULL,
  PRIMARY KEY (`id`),
  KEY `strapi_api_token_permissions_documents_idx` (`document_id`,`locale`,`published_at`),
  KEY `strapi_api_token_permissions_created_by_id_fk` (`created_by_id`),
  KEY `strapi_api_token_permissions_updated_by_id_fk` (`updated_by_id`),
  CONSTRAINT `strapi_api_token_permissions_created_by_id_fk` FOREIGN KEY (`created_by_id`) REFERENCES `admin_users` (`id`) ON DELETE SET NULL,
  CONSTRAINT `strapi_api_token_permissions_updated_by_id_fk` FOREIGN KEY (`updated_by_id`) REFERENCES `admin_users` (`id`) ON DELETE SET NULL
) ENGINE=InnoDB DEFAULT CHARSET=utf8mb4 COLLATE=utf8mb4_0900_ai_ci;

--
-- Dumping data for table `strapi_api_token_permissions`
--


--
-- Table structure for table `strapi_api_token_permissions_token_lnk`
--

CREATE TABLE `strapi_api_token_permissions_token_lnk` (
  `id` int unsigned NOT NULL AUTO_INCREMENT,
  `api_token_permission_id` int unsigned DEFAULT NULL,
  `api_token_id` int unsigned DEFAULT NULL,
  `api_token_permission_ord` double unsigned DEFAULT NULL,
  PRIMARY KEY (`id`),
  UNIQUE KEY `strapi_api_token_permissions_token_lnk_uq` (`api_token_permission_id`,`api_token_id`),
  KEY `strapi_api_token_permissions_token_lnk_fk` (`api_token_permission_id`),
  KEY `strapi_api_token_permissions_token_lnk_ifk` (`api_token_id`),
  KEY `strapi_api_token_permissions_token_lnk_oifk` (`api_token_permission_ord`),
  CONSTRAINT `strapi_api_token_permissions_token_lnk_fk` FOREIGN KEY (`api_token_permission_id`) REFERENCES `strapi_api_token_permissions` (`id`) ON DELETE CASCADE,
  CONSTRAINT `strapi_api_token_permissions_token_lnk_ifk` FOREIGN KEY (`api_token_id`) REFERENCES `strapi_api_tokens` (`id`) ON DELETE CASCADE
) ENGINE=InnoDB DEFAULT CHARSET=utf8mb4 COLLATE=utf8mb4_0900_ai_ci;

--
-- Dumping data for table `strapi_api_token_permissions_token_lnk`
--


--
-- Table structure for table `strapi_api_tokens`
--

CREATE TABLE `strapi_api_tokens` (
  `id` int unsigned NOT NULL AUTO_INCREMENT,
  `document_id` varchar(255) DEFAULT NULL,
  `name` varchar(255) DEFAULT NULL,
  `description` varchar(255) DEFAULT NULL,
  `type` varchar(255) DEFAULT NULL,
  `access_key` varchar(255) DEFAULT NULL,
  `encrypted_key` longtext,
  `last_used_at` datetime(6) DEFAULT NULL,
  `expires_at` datetime(6) DEFAULT NULL,
  `lifespan` bigint DEFAULT NULL,
  `created_at` datetime(6) DEFAULT NULL,
  `updated_at` datetime(6) DEFAULT NULL,
  `published_at` datetime(6) DEFAULT NULL,
  `created_by_id` int unsigned DEFAULT NULL,
  `updated_by_id` int unsigned DEFAULT NULL,
  `locale` varchar(255) DEFAULT NULL,
  PRIMARY KEY (`id`),
  KEY `strapi_api_tokens_documents_idx` (`document_id`,`locale`,`published_at`),
  KEY `strapi_api_tokens_created_by_id_fk` (`created_by_id`),
  KEY `strapi_api_tokens_updated_by_id_fk` (`updated_by_id`),
  CONSTRAINT `strapi_api_tokens_created_by_id_fk` FOREIGN KEY (`created_by_id`) REFERENCES `admin_users` (`id`) ON DELETE SET NULL,
  CONSTRAINT `strapi_api_tokens_updated_by_id_fk` FOREIGN KEY (`updated_by_id`) REFERENCES `admin_users` (`id`) ON DELETE SET NULL
) ENGINE=InnoDB AUTO_INCREMENT=3 DEFAULT CHARSET=utf8mb4 COLLATE=utf8mb4_0900_ai_ci;

--
-- Dumping data for table `strapi_api_tokens`
--

INSERT INTO `strapi_api_tokens` VALUES (1,'cjhyu7s3ddr3x8dq05c2sp34','Read Only','A default API token with read-only permissions, only used for accessing resources','read-only','d7c518b5937e84590426f59cfb647822738a81f6af71c306daa7cff3099d0ab7909bc9aab337c7d21f408c10ddf003dccd6c40c0f4b9c578404348013c7cdc32','v1:f6474bbd3757df4538f7a6dac18b5f32:c4bd6ab23a16a297f565f4ba7afbe48ec9ecc0d16801b21827418abf35b97773b8689f4206fa5e5cb6968c25695a90c3a85553969bc8a3db6a0f4f47abb50cc137850b13dc54765df3d48391df31c91cd86e20a04c1ed7f253ec847fbe489b5f7c6c8b8c443943be80dea619ece09763306e32f2ba6ed352e5ffb9ad925784736b5b4d592c7df3382fd4d17d1db22345f9449f11ebfec5c5d737109657824d1e5d153fb321b6aaa54c3da6ebf2ca35804e9f0d2f6a615a1717e25bbc06136894654a0ab5bc69903dccd82a8dd668a66dfac5f9483fe20299bb38d8e19e488e9b26563c8aa3b476a77ac2cf9c6b827eb3603b5b7e6fdaa62ca9ca58c3570e2872:f30116e486a7cb014f66ad3a71bae8f8',NULL,NULL,NULL,'2025-11-21 05:39:57.105000','2025-11-21 05:39:57.105000','2025-11-21 05:39:57.105000',NULL,NULL,NULL),(2,'ykq3df6bwkmtjgd7fj2zoxc2','Full Access','A default API token with full access permissions, used for accessing or modifying resources','full-access','520f4bc524b865bedb79d5f60597a42915ad005d698c32f3e2e0ae416c3bea74b482ba57a079a42e9e3127f9badef896973413d7f9ba2947b8905559b17e9da2','v1:15d2879dc0155284a98865442804fea8:ccc12f85b77aa4649e0396b566160ba5e36e167010ecbc668f03ed7f9139112ca38dfc517837deb4116cb9e6df4558faae6213a3b9a314c7928a17cf9d924c5e17dcd8058769d3de1e52890be8e51b212bd246c12f0f259c7955f88fcd84adc17f0f1c6482ba7e15fda832728e9d8c35db86c5b140122247fd89fc5b68ba87e8543e5e7093663cf7a08b363fa01c5b792620f2a4b97f784e02a9d757251fa7ec5f92f6c6216bd0a8dc79a14b44495ae1bd0a6951012bbd702080b1445c8ab376ff7699f81eaaa6eb94eb587ab77e3e60b5625ac3f5d7fad103e57dfe30747c52731cc07c4989619d65458b358829dcb312545041bbd93a86cebcadb14766f01d:adc9f11578b281ec3320f4e440e025c5',NULL,NULL,NULL,'2025-11-21 05:39:57.189000','2025-11-21 05:39:57.189000','2025-11-21 05:39:57.189000',NULL,NULL,NULL);

--
-- Table structure for table `strapi_core_store_settings`
--

CREATE TABLE `strapi_core_store_settings` (
  `id` int unsigned NOT NULL AUTO_INCREMENT,
  `key` varchar(255) DEFAULT NULL,
  `value` longtext,
  `type` varchar(255) DEFAULT NULL,
  `environment` varchar(255) DEFAULT NULL,
  `tag` varchar(255) DEFAULT NULL,
  PRIMARY KEY (`id`)
) ENGINE=InnoDB AUTO_INCREMENT=143 DEFAULT CHARSET=utf8mb4 COLLATE=utf8mb4_0900_ai_ci;

--
-- Dumping data for table `strapi_core_store_settings`
--

INSERT INTO `strapi_core_store_settings` VALUES (1,'strapi_content_types_schema','{\"plugin::upload.file\":{\"collectionName\":\"files\",\"info\":{\"singularName\":\"file\",\"pluralName\":\"files\",\"displayName\":\"File\",\"description\":\"\"},\"options\":{\"draftAndPublish\":false},\"pluginOptions\":{\"content-manager\":{\"visible\":false},\"content-type-builder\":{\"visible\":false}},\"attributes\":{\"name\":{\"type\":\"string\",\"configurable\":false,\"required\":true},\"alternativeText\":{\"type\":\"string\",\"configurable\":false},\"caption\":{\"type\":\"string\",\"configurable\":false},\"width\":{\"type\":\"integer\",\"configurable\":false},\"height\":{\"type\":\"integer\",\"configurable\":false},\"formats\":{\"type\":\"json\",\"configurable\":false},\"hash\":{\"type\":\"string\",\"configurable\":false,\"required\":true},\"ext\":{\"type\":\"string\",\"configurable\":false},\"mime\":{\"type\":\"string\",\"configurable\":false,\"required\":true},\"size\":{\"type\":\"decimal\",\"configurable\":false,\"required\":true},\"url\":{\"type\":\"string\",\"configurable\":false,\"required\":true},\"previewUrl\":{\"type\":\"string\",\"configurable\":false},\"provider\":{\"type\":\"string\",\"configurable\":false,\"required\":true},\"provider_metadata\":{\"type\":\"json\",\"configurable\":false},\"related\":{\"type\":\"relation\",\"relation\":\"morphToMany\",\"configurable\":false},\"folder\":{\"type\":\"relation\",\"relation\":\"manyToOne\",\"target\":\"plugin::upload.folder\",\"inversedBy\":\"files\",\"private\":true},\"folderPath\":{\"type\":\"string\",\"minLength\":1,\"required\":true,\"private\":true,\"searchable\":false},\"createdAt\":{\"type\":\"datetime\"},\"updatedAt\":{\"type\":\"datetime\"},\"publishedAt\":{\"type\":\"datetime\",\"configurable\":false,\"writable\":true,\"visible\":false},\"createdBy\":{\"type\":\"relation\",\"relation\":\"oneToOne\",\"target\":\"admin::user\",\"configurable\":false,\"writable\":false,\"visible\":false,\"useJoinTable\":false,\"private\":true},\"updatedBy\":{\"type\":\"relation\",\"relation\":\"oneToOne\",\"target\":\"admin::user\",\"configurable\":false,\"writable\":false,\"visible\":false,\"useJoinTable\":false,\"private\":true},\"locale\":{\"writable\":true,\"private\":true,\"configurable\":false,\"visible\":false,\"type\":\"string\"},\"localizations\":{\"type\":\"relation\",\"relation\":\"oneToMany\",\"target\":\"plugin::upload.file\",\"writable\":false,\"private\":true,\"configurable\":false,\"visible\":false,\"unstable_virtual\":true,\"joinColumn\":{\"name\":\"document_id\",\"referencedColumn\":\"document_id\",\"referencedTable\":\"files\"}}},\"indexes\":[{\"name\":\"upload_files_folder_path_index\",\"columns\":[\"folder_path\"],\"type\":null},{\"name\":\"upload_files_created_at_index\",\"columns\":[\"created_at\"],\"type\":null},{\"name\":\"upload_files_updated_at_index\",\"columns\":[\"updated_at\"],\"type\":null},{\"name\":\"upload_files_name_index\",\"columns\":[\"name\"],\"type\":null},{\"name\":\"upload_files_size_index\",\"columns\":[\"size\"],\"type\":null},{\"name\":\"upload_files_ext_index\",\"columns\":[\"ext\"],\"type\":null}],\"plugin\":\"upload\",\"globalId\":\"UploadFile\",\"uid\":\"plugin::upload.file\",\"modelType\":\"contentType\",\"kind\":\"collectionType\",\"__schema__\":{\"collectionName\":\"files\",\"info\":{\"singularName\":\"file\",\"pluralName\":\"files\",\"displayName\":\"File\",\"description\":\"\"},\"options\":{},\"pluginOptions\":{\"content-manager\":{\"visible\":false},\"content-type-builder\":{\"visible\":false}},\"attributes\":{\"name\":{\"type\":\"string\",\"configurable\":false,\"required\":true},\"alternativeText\":{\"type\":\"string\",\"configurable\":false},\"caption\":{\"type\":\"string\",\"configurable\":false},\"width\":{\"type\":\"integer\",\"configurable\":false},\"height\":{\"type\":\"integer\",\"configurable\":false},\"formats\":{\"type\":\"json\",\"configurable\":false},\"hash\":{\"type\":\"string\",\"configurable\":false,\"required\":true},\"ext\":{\"type\":\"string\",\"configurable\":false},\"mime\":{\"type\":\"string\",\"configurable\":false,\"required\":true},\"size\":{\"type\":\"decimal\",\"configurable\":false,\"required\":true},\"url\":{\"type\":\"string\",\"configurable\":false,\"required\":true},\"previewUrl\":{\"type\":\"string\",\"configurable\":false},\"provider\":{\"type\":\"string\",\"configurable\":false,\"required\":true},\"provider_metadata\":{\"type\":\"json\",\"configurable\":false},\"related\":{\"type\":\"relation\",\"relation\":\"morphToMany\",\"configurable\":false},\"folder\":{\"type\":\"relation\",\"relation\":\"manyToOne\",\"target\":\"plugin::upload.folder\",\"inversedBy\":\"files\",\"private\":true},\"folderPath\":{\"type\":\"string\",\"minLength\":1,\"required\":true,\"private\":true,\"searchable\":false}},\"kind\":\"collectionType\"},\"modelName\":\"file\"},\"plugin::upload.folder\":{\"collectionName\":\"upload_folders\",\"info\":{\"singularName\":\"folder\",\"pluralName\":\"folders\",\"displayName\":\"Folder\"},\"options\":{\"draftAndPublish\":false},\"pluginOptions\":{\"content-manager\":{\"visible\":false},\"content-type-builder\":{\"visible\":false}},\"attributes\":{\"name\":{\"type\":\"string\",\"minLength\":1,\"required\":true},\"pathId\":{\"type\":\"integer\",\"unique\":true,\"required\":true},\"parent\":{\"type\":\"relation\",\"relation\":\"manyToOne\",\"target\":\"plugin::upload.folder\",\"inversedBy\":\"children\"},\"children\":{\"type\":\"relation\",\"relation\":\"oneToMany\",\"target\":\"plugin::upload.folder\",\"mappedBy\":\"parent\"},\"files\":{\"type\":\"relation\",\"relation\":\"oneToMany\",\"target\":\"plugin::upload.file\",\"mappedBy\":\"folder\"},\"path\":{\"type\":\"string\",\"minLength\":1,\"required\":true},\"createdAt\":{\"type\":\"datetime\"},\"updatedAt\":{\"type\":\"datetime\"},\"publishedAt\":{\"type\":\"datetime\",\"configurable\":false,\"writable\":true,\"visible\":false},\"createdBy\":{\"type\":\"relation\",\"relation\":\"oneToOne\",\"target\":\"admin::user\",\"configurable\":false,\"writable\":false,\"visible\":false,\"useJoinTable\":false,\"private\":true},\"updatedBy\":{\"type\":\"relation\",\"relation\":\"oneToOne\",\"target\":\"admin::user\",\"configurable\":false,\"writable\":false,\"visible\":false,\"useJoinTable\":false,\"private\":true},\"locale\":{\"writable\":true,\"private\":true,\"configurable\":false,\"visible\":false,\"type\":\"string\"},\"localizations\":{\"type\":\"relation\",\"relation\":\"oneToMany\",\"target\":\"plugin::upload.folder\",\"writable\":false,\"private\":true,\"configurable\":false,\"visible\":false,\"unstable_virtual\":true,\"joinColumn\":{\"name\":\"document_id\",\"referencedColumn\":\"document_id\",\"referencedTable\":\"upload_folders\"}}},\"indexes\":[{\"name\":\"upload_folders_path_id_index\",\"columns\":[\"path_id\"],\"type\":\"unique\"},{\"name\":\"upload_folders_path_index\",\"columns\":[\"path\"],\"type\":\"unique\"}],\"plugin\":\"upload\",\"globalId\":\"UploadFolder\",\"uid\":\"plugin::upload.folder\",\"modelType\":\"contentType\",\"kind\":\"collectionType\",\"__schema__\":{\"collectionName\":\"upload_folders\",\"info\":{\"singularName\":\"folder\",\"pluralName\":\"folders\",\"displayName\":\"Folder\"},\"options\":{},\"pluginOptions\":{\"content-manager\":{\"visible\":false},\"content-type-builder\":{\"visible\":false}},\"attributes\":{\"name\":{\"type\":\"string\",\"minLength\":1,\"required\":true},\"pathId\":{\"type\":\"integer\",\"unique\":true,\"required\":true},\"parent\":{\"type\":\"relation\",\"relation\":\"manyToOne\",\"target\":\"plugin::upload.folder\",\"inversedBy\":\"children\"},\"children\":{\"type\":\"relation\",\"relation\":\"oneToMany\",\"target\":\"plugin::upload.folder\",\"mappedBy\":\"parent\"},\"files\":{\"type\":\"relation\",\"relation\":\"oneToMany\",\"target\":\"plugin::upload.file\",\"mappedBy\":\"folder\"},\"path\":{\"type\":\"string\",\"minLength\":1,\"required\":true}},\"kind\":\"collectionType\"},\"modelName\":\"folder\"},\"plugin::i18n.locale\":{\"info\":{\"singularName\":\"locale\",\"pluralName\":\"locales\",\"collectionName\":\"locales\",\"displayName\":\"Locale\",\"description\":\"\"},\"options\":{\"draftAndPublish\":false},\"pluginOptions\":{\"content-manager\":{\"visible\":false},\"content-type-builder\":{\"visible\":false}},\"attributes\":{\"name\":{\"type\":\"string\",\"min\":1,\"max\":50,\"configurable\":false},\"code\":{\"type\":\"string\",\"unique\":true,\"configurable\":false},\"createdAt\":{\"type\":\"datetime\"},\"updatedAt\":{\"type\":\"datetime\"},\"publishedAt\":{\"type\":\"datetime\",\"configurable\":false,\"writable\":true,\"visible\":false},\"createdBy\":{\"type\":\"relation\",\"relation\":\"oneToOne\",\"target\":\"admin::user\",\"configurable\":false,\"writable\":false,\"visible\":false,\"useJoinTable\":false,\"private\":true},\"updatedBy\":{\"type\":\"relation\",\"relation\":\"oneToOne\",\"target\":\"admin::user\",\"configurable\":false,\"writable\":false,\"visible\":false,\"useJoinTable\":false,\"private\":true},\"locale\":{\"writable\":true,\"private\":true,\"configurable\":false,\"visible\":false,\"type\":\"string\"},\"localizations\":{\"type\":\"relation\",\"relation\":\"oneToMany\",\"target\":\"plugin::i18n.locale\",\"writable\":false,\"private\":true,\"configurable\":false,\"visible\":false,\"unstable_virtual\":true,\"joinColumn\":{\"name\":\"document_id\",\"referencedColumn\":\"document_id\",\"referencedTable\":\"i18n_locale\"}}},\"plugin\":\"i18n\",\"collectionName\":\"i18n_locale\",\"globalId\":\"I18NLocale\",\"uid\":\"plugin::i18n.locale\",\"modelType\":\"contentType\",\"kind\":\"collectionType\",\"__schema__\":{\"collectionName\":\"i18n_locale\",\"info\":{\"singularName\":\"locale\",\"pluralName\":\"locales\",\"collectionName\":\"locales\",\"displayName\":\"Locale\",\"description\":\"\"},\"options\":{},\"pluginOptions\":{\"content-manager\":{\"visible\":false},\"content-type-builder\":{\"visible\":false}},\"attributes\":{\"name\":{\"type\":\"string\",\"min\":1,\"max\":50,\"configurable\":false},\"code\":{\"type\":\"string\",\"unique\":true,\"configurable\":false}},\"kind\":\"collectionType\"},\"modelName\":\"locale\"},\"plugin::content-releases.release\":{\"collectionName\":\"strapi_releases\",\"info\":{\"singularName\":\"release\",\"pluralName\":\"releases\",\"displayName\":\"Release\"},\"options\":{\"draftAndPublish\":false},\"pluginOptions\":{\"content-manager\":{\"visible\":false},\"content-type-builder\":{\"visible\":false}},\"attributes\":{\"name\":{\"type\":\"string\",\"required\":true},\"releasedAt\":{\"type\":\"datetime\"},\"scheduledAt\":{\"type\":\"datetime\"},\"timezone\":{\"type\":\"string\"},\"status\":{\"type\":\"enumeration\",\"enum\":[\"ready\",\"blocked\",\"failed\",\"done\",\"empty\"],\"required\":true},\"actions\":{\"type\":\"relation\",\"relation\":\"oneToMany\",\"target\":\"plugin::content-releases.release-action\",\"mappedBy\":\"release\"},\"createdAt\":{\"type\":\"datetime\"},\"updatedAt\":{\"type\":\"datetime\"},\"publishedAt\":{\"type\":\"datetime\",\"configurable\":false,\"writable\":true,\"visible\":false},\"createdBy\":{\"type\":\"relation\",\"relation\":\"oneToOne\",\"target\":\"admin::user\",\"configurable\":false,\"writable\":false,\"visible\":false,\"useJoinTable\":false,\"private\":true},\"updatedBy\":{\"type\":\"relation\",\"relation\":\"oneToOne\",\"target\":\"admin::user\",\"configurable\":false,\"writable\":false,\"visible\":false,\"useJoinTable\":false,\"private\":true},\"locale\":{\"writable\":true,\"private\":true,\"configurable\":false,\"visible\":false,\"type\":\"string\"},\"localizations\":{\"type\":\"relation\",\"relation\":\"oneToMany\",\"target\":\"plugin::content-releases.release\",\"writable\":false,\"private\":true,\"configurable\":false,\"visible\":false,\"unstable_virtual\":true,\"joinColumn\":{\"name\":\"document_id\",\"referencedColumn\":\"document_id\",\"referencedTable\":\"strapi_releases\"}}},\"plugin\":\"content-releases\",\"globalId\":\"ContentReleasesRelease\",\"uid\":\"plugin::content-releases.release\",\"modelType\":\"contentType\",\"kind\":\"collectionType\",\"__schema__\":{\"collectionName\":\"strapi_releases\",\"info\":{\"singularName\":\"release\",\"pluralName\":\"releases\",\"displayName\":\"Release\"},\"options\":{\"draftAndPublish\":false},\"pluginOptions\":{\"content-manager\":{\"visible\":false},\"content-type-builder\":{\"visible\":false}},\"attributes\":{\"name\":{\"type\":\"string\",\"required\":true},\"releasedAt\":{\"type\":\"datetime\"},\"scheduledAt\":{\"type\":\"datetime\"},\"timezone\":{\"type\":\"string\"},\"status\":{\"type\":\"enumeration\",\"enum\":[\"ready\",\"blocked\",\"failed\",\"done\",\"empty\"],\"required\":true},\"actions\":{\"type\":\"relation\",\"relation\":\"oneToMany\",\"target\":\"plugin::content-releases.release-action\",\"mappedBy\":\"release\"}},\"kind\":\"collectionType\"},\"modelName\":\"release\"},\"plugin::content-releases.release-action\":{\"collectionName\":\"strapi_release_actions\",\"info\":{\"singularName\":\"release-action\",\"pluralName\":\"release-actions\",\"displayName\":\"Release Action\"},\"options\":{\"draftAndPublish\":false},\"pluginOptions\":{\"content-manager\":{\"visible\":false},\"content-type-builder\":{\"visible\":false}},\"attributes\":{\"type\":{\"type\":\"enumeration\",\"enum\":[\"publish\",\"unpublish\"],\"required\":true},\"contentType\":{\"type\":\"string\",\"required\":true},\"entryDocumentId\":{\"type\":\"string\"},\"locale\":{\"writable\":true,\"private\":true,\"configurable\":false,\"visible\":false,\"type\":\"string\"},\"release\":{\"type\":\"relation\",\"relation\":\"manyToOne\",\"target\":\"plugin::content-releases.release\",\"inversedBy\":\"actions\"},\"isEntryValid\":{\"type\":\"boolean\"},\"createdAt\":{\"type\":\"datetime\"},\"updatedAt\":{\"type\":\"datetime\"},\"publishedAt\":{\"type\":\"datetime\",\"configurable\":false,\"writable\":true,\"visible\":false},\"createdBy\":{\"type\":\"relation\",\"relation\":\"oneToOne\",\"target\":\"admin::user\",\"configurable\":false,\"writable\":false,\"visible\":false,\"useJoinTable\":false,\"private\":true},\"updatedBy\":{\"type\":\"relation\",\"relation\":\"oneToOne\",\"target\":\"admin::user\",\"configurable\":false,\"writable\":false,\"visible\":false,\"useJoinTable\":false,\"private\":true},\"localizations\":{\"type\":\"relation\",\"relation\":\"oneToMany\",\"target\":\"plugin::content-releases.release-action\",\"writable\":false,\"private\":true,\"configurable\":false,\"visible\":false,\"unstable_virtual\":true,\"joinColumn\":{\"name\":\"document_id\",\"referencedColumn\":\"document_id\",\"referencedTable\":\"strapi_release_actions\"}}},\"plugin\":\"content-releases\",\"globalId\":\"ContentReleasesReleaseAction\",\"uid\":\"plugin::content-releases.release-action\",\"modelType\":\"contentType\",\"kind\":\"collectionType\",\"__schema__\":{\"collectionName\":\"strapi_release_actions\",\"info\":{\"singularName\":\"release-action\",\"pluralName\":\"release-actions\",\"displayName\":\"Release Action\"},\"options\":{\"draftAndPublish\":false},\"pluginOptions\":{\"content-manager\":{\"visible\":false},\"content-type-builder\":{\"visible\":false}},\"attributes\":{\"type\":{\"type\":\"enumeration\",\"enum\":[\"publish\",\"unpublish\"],\"required\":true},\"contentType\":{\"type\":\"string\",\"required\":true},\"entryDocumentId\":{\"type\":\"string\"},\"locale\":{\"type\":\"string\"},\"release\":{\"type\":\"relation\",\"relation\":\"manyToOne\",\"target\":\"plugin::content-releases.release\",\"inversedBy\":\"actions\"},\"isEntryValid\":{\"type\":\"boolean\"}},\"kind\":\"collectionType\"},\"modelName\":\"release-action\"},\"plugin::review-workflows.workflow\":{\"collectionName\":\"strapi_workflows\",\"info\":{\"name\":\"Workflow\",\"description\":\"\",\"singularName\":\"workflow\",\"pluralName\":\"workflows\",\"displayName\":\"Workflow\"},\"options\":{\"draftAndPublish\":false},\"pluginOptions\":{\"content-manager\":{\"visible\":false},\"content-type-builder\":{\"visible\":false}},\"attributes\":{\"name\":{\"type\":\"string\",\"required\":true,\"unique\":true},\"stages\":{\"type\":\"relation\",\"target\":\"plugin::review-workflows.workflow-stage\",\"relation\":\"oneToMany\",\"mappedBy\":\"workflow\"},\"stageRequiredToPublish\":{\"type\":\"relation\",\"target\":\"plugin::review-workflows.workflow-stage\",\"relation\":\"oneToOne\",\"required\":false},\"contentTypes\":{\"type\":\"json\",\"required\":true,\"default\":\"[]\"},\"createdAt\":{\"type\":\"datetime\"},\"updatedAt\":{\"type\":\"datetime\"},\"publishedAt\":{\"type\":\"datetime\",\"configurable\":false,\"writable\":true,\"visible\":false},\"createdBy\":{\"type\":\"relation\",\"relation\":\"oneToOne\",\"target\":\"admin::user\",\"configurable\":false,\"writable\":false,\"visible\":false,\"useJoinTable\":false,\"private\":true},\"updatedBy\":{\"type\":\"relation\",\"relation\":\"oneToOne\",\"target\":\"admin::user\",\"configurable\":false,\"writable\":false,\"visible\":false,\"useJoinTable\":false,\"private\":true},\"locale\":{\"writable\":true,\"private\":true,\"configurable\":false,\"visible\":false,\"type\":\"string\"},\"localizations\":{\"type\":\"relation\",\"relation\":\"oneToMany\",\"target\":\"plugin::review-workflows.workflow\",\"writable\":false,\"private\":true,\"configurable\":false,\"visible\":false,\"unstable_virtual\":true,\"joinColumn\":{\"name\":\"document_id\",\"referencedColumn\":\"document_id\",\"referencedTable\":\"strapi_workflows\"}}},\"plugin\":\"review-workflows\",\"globalId\":\"ReviewWorkflowsWorkflow\",\"uid\":\"plugin::review-workflows.workflow\",\"modelType\":\"contentType\",\"kind\":\"collectionType\",\"__schema__\":{\"collectionName\":\"strapi_workflows\",\"info\":{\"name\":\"Workflow\",\"description\":\"\",\"singularName\":\"workflow\",\"pluralName\":\"workflows\",\"displayName\":\"Workflow\"},\"options\":{},\"pluginOptions\":{\"content-manager\":{\"visible\":false},\"content-type-builder\":{\"visible\":false}},\"attributes\":{\"name\":{\"type\":\"string\",\"required\":true,\"unique\":true},\"stages\":{\"type\":\"relation\",\"target\":\"plugin::review-workflows.workflow-stage\",\"relation\":\"oneToMany\",\"mappedBy\":\"workflow\"},\"stageRequiredToPublish\":{\"type\":\"relation\",\"target\":\"plugin::review-workflows.workflow-stage\",\"relation\":\"oneToOne\",\"required\":false},\"contentTypes\":{\"type\":\"json\",\"required\":true,\"default\":\"[]\"}},\"kind\":\"collectionType\"},\"modelName\":\"workflow\"},\"plugin::review-workflows.workflow-stage\":{\"collectionName\":\"strapi_workflows_stages\",\"info\":{\"name\":\"Workflow Stage\",\"description\":\"\",\"singularName\":\"workflow-stage\",\"pluralName\":\"workflow-stages\",\"displayName\":\"Stages\"},\"options\":{\"version\":\"1.1.0\",\"draftAndPublish\":false},\"pluginOptions\":{\"content-manager\":{\"visible\":false},\"content-type-builder\":{\"visible\":false}},\"attributes\":{\"name\":{\"type\":\"string\",\"configurable\":false},\"color\":{\"type\":\"string\",\"configurable\":false,\"default\":\"#4945FF\"},\"workflow\":{\"type\":\"relation\",\"target\":\"plugin::review-workflows.workflow\",\"relation\":\"manyToOne\",\"inversedBy\":\"stages\",\"configurable\":false},\"permissions\":{\"type\":\"relation\",\"target\":\"admin::permission\",\"relation\":\"manyToMany\",\"configurable\":false},\"createdAt\":{\"type\":\"datetime\"},\"updatedAt\":{\"type\":\"datetime\"},\"publishedAt\":{\"type\":\"datetime\",\"configurable\":false,\"writable\":true,\"visible\":false},\"createdBy\":{\"type\":\"relation\",\"relation\":\"oneToOne\",\"target\":\"admin::user\",\"configurable\":false,\"writable\":false,\"visible\":false,\"useJoinTable\":false,\"private\":true},\"updatedBy\":{\"type\":\"relation\",\"relation\":\"oneToOne\",\"target\":\"admin::user\",\"configurable\":false,\"writable\":false,\"visible\":false,\"useJoinTable\":false,\"private\":true},\"locale\":{\"writable\":true,\"private\":true,\"configurable\":false,\"visible\":false,\"type\":\"string\"},\"localizations\":{\"type\":\"relation\",\"relation\":\"oneToMany\",\"target\":\"plugin::review-workflows.workflow-stage\",\"writable\":false,\"private\":true,\"configurable\":false,\"visible\":false,\"unstable_virtual\":true,\"joinColumn\":{\"name\":\"document_id\",\"referencedColumn\":\"document_id\",\"referencedTable\":\"strapi_workflows_stages\"}}},\"plugin\":\"review-workflows\",\"globalId\":\"ReviewWorkflowsWorkflowStage\",\"uid\":\"plugin::review-workflows.workflow-stage\",\"modelType\":\"contentType\",\"kind\":\"collectionType\",\"__schema__\":{\"collectionName\":\"strapi_workflows_stages\",\"info\":{\"name\":\"Workflow Stage\",\"description\":\"\",\"singularName\":\"workflow-stage\",\"pluralName\":\"workflow-stages\",\"displayName\":\"Stages\"},\"options\":{\"version\":\"1.1.0\"},\"pluginOptions\":{\"content-manager\":{\"visible\":false},\"content-type-builder\":{\"visible\":false}},\"attributes\":{\"name\":{\"type\":\"string\",\"configurable\":false},\"color\":{\"type\":\"string\",\"configurable\":false,\"default\":\"#4945FF\"},\"workflow\":{\"type\":\"relation\",\"target\":\"plugin::review-workflows.workflow\",\"relation\":\"manyToOne\",\"inversedBy\":\"stages\",\"configurable\":false},\"permissions\":{\"type\":\"relation\",\"target\":\"admin::permission\",\"relation\":\"manyToMany\",\"configurable\":false}},\"kind\":\"collectionType\"},\"modelName\":\"workflow-stage\"},\"plugin::users-permissions.permission\":{\"collectionName\":\"up_permissions\",\"info\":{\"name\":\"permission\",\"description\":\"\",\"singularName\":\"permission\",\"pluralName\":\"permissions\",\"displayName\":\"Permission\"},\"pluginOptions\":{\"content-manager\":{\"visible\":false},\"content-type-builder\":{\"visible\":false}},\"attributes\":{\"action\":{\"type\":\"string\",\"required\":true,\"configurable\":false},\"role\":{\"type\":\"relation\",\"relation\":\"manyToOne\",\"target\":\"plugin::users-permissions.role\",\"inversedBy\":\"permissions\",\"configurable\":false},\"createdAt\":{\"type\":\"datetime\"},\"updatedAt\":{\"type\":\"datetime\"},\"publishedAt\":{\"type\":\"datetime\",\"configurable\":false,\"writable\":true,\"visible\":false},\"createdBy\":{\"type\":\"relation\",\"relation\":\"oneToOne\",\"target\":\"admin::user\",\"configurable\":false,\"writable\":false,\"visible\":false,\"useJoinTable\":false,\"private\":true},\"updatedBy\":{\"type\":\"relation\",\"relation\":\"oneToOne\",\"target\":\"admin::user\",\"configurable\":false,\"writable\":false,\"visible\":false,\"useJoinTable\":false,\"private\":true},\"locale\":{\"writable\":true,\"private\":true,\"configurable\":false,\"visible\":false,\"type\":\"string\"},\"localizations\":{\"type\":\"relation\",\"relation\":\"oneToMany\",\"target\":\"plugin::users-permissions.permission\",\"writable\":false,\"private\":true,\"configurable\":false,\"visible\":false,\"unstable_virtual\":true,\"joinColumn\":{\"name\":\"document_id\",\"referencedColumn\":\"document_id\",\"referencedTable\":\"up_permissions\"}}},\"plugin\":\"users-permissions\",\"globalId\":\"UsersPermissionsPermission\",\"uid\":\"plugin::users-permissions.permission\",\"modelType\":\"contentType\",\"kind\":\"collectionType\",\"__schema__\":{\"collectionName\":\"up_permissions\",\"info\":{\"name\":\"permission\",\"description\":\"\",\"singularName\":\"permission\",\"pluralName\":\"permissions\",\"displayName\":\"Permission\"},\"pluginOptions\":{\"content-manager\":{\"visible\":false},\"content-type-builder\":{\"visible\":false}},\"attributes\":{\"action\":{\"type\":\"string\",\"required\":true,\"configurable\":false},\"role\":{\"type\":\"relation\",\"relation\":\"manyToOne\",\"target\":\"plugin::users-permissions.role\",\"inversedBy\":\"permissions\",\"configurable\":false}},\"kind\":\"collectionType\"},\"modelName\":\"permission\",\"options\":{\"draftAndPublish\":false}},\"plugin::users-permissions.role\":{\"collectionName\":\"up_roles\",\"info\":{\"name\":\"role\",\"description\":\"\",\"singularName\":\"role\",\"pluralName\":\"roles\",\"displayName\":\"Role\"},\"pluginOptions\":{\"content-manager\":{\"visible\":false},\"content-type-builder\":{\"visible\":false}},\"attributes\":{\"name\":{\"type\":\"string\",\"minLength\":3,\"required\":true,\"configurable\":false},\"description\":{\"type\":\"string\",\"configurable\":false},\"type\":{\"type\":\"string\",\"unique\":true,\"configurable\":false},\"permissions\":{\"type\":\"relation\",\"relation\":\"oneToMany\",\"target\":\"plugin::users-permissions.permission\",\"mappedBy\":\"role\",\"configurable\":false},\"users\":{\"type\":\"relation\",\"relation\":\"oneToMany\",\"target\":\"plugin::users-permissions.user\",\"mappedBy\":\"role\",\"configurable\":false},\"createdAt\":{\"type\":\"datetime\"},\"updatedAt\":{\"type\":\"datetime\"},\"publishedAt\":{\"type\":\"datetime\",\"configurable\":false,\"writable\":true,\"visible\":false},\"createdBy\":{\"type\":\"relation\",\"relation\":\"oneToOne\",\"target\":\"admin::user\",\"configurable\":false,\"writable\":false,\"visible\":false,\"useJoinTable\":false,\"private\":true},\"updatedBy\":{\"type\":\"relation\",\"relation\":\"oneToOne\",\"target\":\"admin::user\",\"configurable\":false,\"writable\":false,\"visible\":false,\"useJoinTable\":false,\"private\":true},\"locale\":{\"writable\":true,\"private\":true,\"configurable\":false,\"visible\":false,\"type\":\"string\"},\"localizations\":{\"type\":\"relation\",\"relation\":\"oneToMany\",\"target\":\"plugin::users-permissions.role\",\"writable\":false,\"private\":true,\"configurable\":false,\"visible\":false,\"unstable_virtual\":true,\"joinColumn\":{\"name\":\"document_id\",\"referencedColumn\":\"document_id\",\"referencedTable\":\"up_roles\"}}},\"plugin\":\"users-permissions\",\"globalId\":\"UsersPermissionsRole\",\"uid\":\"plugin::users-permissions.role\",\"modelType\":\"contentType\",\"kind\":\"collectionType\",\"__schema__\":{\"collectionName\":\"up_roles\",\"info\":{\"name\":\"role\",\"description\":\"\",\"singularName\":\"role\",\"pluralName\":\"roles\",\"displayName\":\"Role\"},\"pluginOptions\":{\"content-manager\":{\"visible\":false},\"content-type-builder\":{\"visible\":false}},\"attributes\":{\"name\":{\"type\":\"string\",\"minLength\":3,\"required\":true,\"configurable\":false},\"description\":{\"type\":\"string\",\"configurable\":false},\"type\":{\"type\":\"string\",\"unique\":true,\"configurable\":false},\"permissions\":{\"type\":\"relation\",\"relation\":\"oneToMany\",\"target\":\"plugin::users-permissions.permission\",\"mappedBy\":\"role\",\"configurable\":false},\"users\":{\"type\":\"relation\",\"relation\":\"oneToMany\",\"target\":\"plugin::users-permissions.user\",\"mappedBy\":\"role\",\"configurable\":false}},\"kind\":\"collectionType\"},\"modelName\":\"role\",\"options\":{\"draftAndPublish\":false}},\"plugin::users-permissions.user\":{\"collectionName\":\"up_users\",\"info\":{\"name\":\"user\",\"description\":\"\",\"singularName\":\"user\",\"pluralName\":\"users\",\"displayName\":\"User\"},\"options\":{\"timestamps\":true,\"draftAndPublish\":false},\"attributes\":{\"username\":{\"type\":\"string\",\"minLength\":3,\"unique\":true,\"configurable\":false,\"required\":true},\"email\":{\"type\":\"email\",\"minLength\":6,\"configurable\":false,\"required\":true},\"provider\":{\"type\":\"string\",\"configurable\":false},\"password\":{\"type\":\"password\",\"minLength\":6,\"configurable\":false,\"private\":true,\"searchable\":false},\"resetPasswordToken\":{\"type\":\"string\",\"configurable\":false,\"private\":true,\"searchable\":false},\"confirmationToken\":{\"type\":\"string\",\"configurable\":false,\"private\":true,\"searchable\":false},\"confirmed\":{\"type\":\"boolean\",\"default\":false,\"configurable\":false},\"blocked\":{\"type\":\"boolean\",\"default\":false,\"configurable\":false},\"role\":{\"type\":\"relation\",\"relation\":\"manyToOne\",\"target\":\"plugin::users-permissions.role\",\"inversedBy\":\"users\",\"configurable\":false},\"createdAt\":{\"type\":\"datetime\"},\"updatedAt\":{\"type\":\"datetime\"},\"publishedAt\":{\"type\":\"datetime\",\"configurable\":false,\"writable\":true,\"visible\":false},\"createdBy\":{\"type\":\"relation\",\"relation\":\"oneToOne\",\"target\":\"admin::user\",\"configurable\":false,\"writable\":false,\"visible\":false,\"useJoinTable\":false,\"private\":true},\"updatedBy\":{\"type\":\"relation\",\"relation\":\"oneToOne\",\"target\":\"admin::user\",\"configurable\":false,\"writable\":false,\"visible\":false,\"useJoinTable\":false,\"private\":true},\"locale\":{\"writable\":true,\"private\":true,\"configurable\":false,\"visible\":false,\"type\":\"string\"},\"localizations\":{\"type\":\"relation\",\"relation\":\"oneToMany\",\"target\":\"plugin::users-permissions.user\",\"writable\":false,\"private\":true,\"configurable\":false,\"visible\":false,\"unstable_virtual\":true,\"joinColumn\":{\"name\":\"document_id\",\"referencedColumn\":\"document_id\",\"referencedTable\":\"up_users\"}}},\"config\":{\"attributes\":{\"resetPasswordToken\":{\"hidden\":true},\"confirmationToken\":{\"hidden\":true},\"provider\":{\"hidden\":true}}},\"plugin\":\"users-permissions\",\"globalId\":\"UsersPermissionsUser\",\"uid\":\"plugin::users-permissions.user\",\"modelType\":\"contentType\",\"kind\":\"collectionType\",\"__schema__\":{\"collectionName\":\"up_users\",\"info\":{\"name\":\"user\",\"description\":\"\",\"singularName\":\"user\",\"pluralName\":\"users\",\"displayName\":\"User\"},\"options\":{\"timestamps\":true},\"attributes\":{\"username\":{\"type\":\"string\",\"minLength\":3,\"unique\":true,\"configurable\":false,\"required\":true},\"email\":{\"type\":\"email\",\"minLength\":6,\"configurable\":false,\"required\":true},\"provider\":{\"type\":\"string\",\"configurable\":false},\"password\":{\"type\":\"password\",\"minLength\":6,\"configurable\":false,\"private\":true,\"searchable\":false},\"resetPasswordToken\":{\"type\":\"string\",\"configurable\":false,\"private\":true,\"searchable\":false},\"confirmationToken\":{\"type\":\"string\",\"configurable\":false,\"private\":true,\"searchable\":false},\"confirmed\":{\"type\":\"boolean\",\"default\":false,\"configurable\":false},\"blocked\":{\"type\":\"boolean\",\"default\":false,\"configurable\":false},\"role\":{\"type\":\"relation\",\"relation\":\"manyToOne\",\"target\":\"plugin::users-permissions.role\",\"inversedBy\":\"users\",\"configurable\":false}},\"kind\":\"collectionType\"},\"modelName\":\"user\"},\"api::about-us.about-us\":{\"kind\":\"singleType\",\"collectionName\":\"about_uses\",\"info\":{\"singularName\":\"about-us\",\"pluralName\":\"about-uses\",\"displayName\":\"aboutUs\"},\"options\":{\"draftAndPublish\":true},\"pluginOptions\":{\"i18n\":{\"localized\":true}},\"attributes\":{\"subTitle\":{\"type\":\"string\",\"pluginOptions\":{\"i18n\":{\"localized\":true}}},\"title\":{\"type\":\"string\",\"pluginOptions\":{\"i18n\":{\"localized\":true}}},\"description\":{\"type\":\"richtext\",\"pluginOptions\":{\"i18n\":{\"localized\":true}},\"customField\":\"plugin::ckeditor5.CKEditor\",\"options\":{\"preset\":\"default\"}},\"aboutSection\":{\"type\":\"component\",\"pluginOptions\":{\"i18n\":{\"localized\":true}},\"component\":\"common.title-desc-with-img\",\"repeatable\":false},\"cardSection\":{\"type\":\"component\",\"pluginOptions\":{\"i18n\":{\"localized\":true}},\"component\":\"common.title-desc-with-img\",\"repeatable\":true},\"sectionTitle\":{\"type\":\"string\",\"pluginOptions\":{\"i18n\":{\"localized\":true}}},\"sectionDescription\":{\"type\":\"richtext\",\"pluginOptions\":{\"i18n\":{\"localized\":true}},\"customField\":\"plugin::ckeditor5.CKEditor\",\"options\":{\"preset\":\"default\"}},\"sections\":{\"type\":\"component\",\"pluginOptions\":{\"i18n\":{\"localized\":true}},\"component\":\"common.title-desc-btn-img\",\"repeatable\":true},\"seo\":{\"type\":\"component\",\"pluginOptions\":{\"i18n\":{\"localized\":true}},\"component\":\"common.seo\",\"repeatable\":false},\"createdAt\":{\"type\":\"datetime\"},\"updatedAt\":{\"type\":\"datetime\"},\"publishedAt\":{\"type\":\"datetime\",\"configurable\":false,\"writable\":true,\"visible\":false},\"createdBy\":{\"type\":\"relation\",\"relation\":\"oneToOne\",\"target\":\"admin::user\",\"configurable\":false,\"writable\":false,\"visible\":false,\"useJoinTable\":false,\"private\":true},\"updatedBy\":{\"type\":\"relation\",\"relation\":\"oneToOne\",\"target\":\"admin::user\",\"configurable\":false,\"writable\":false,\"visible\":false,\"useJoinTable\":false,\"private\":true},\"locale\":{\"writable\":true,\"private\":false,\"configurable\":false,\"visible\":false,\"type\":\"string\"},\"localizations\":{\"type\":\"relation\",\"relation\":\"oneToMany\",\"target\":\"api::about-us.about-us\",\"writable\":false,\"private\":false,\"configurable\":false,\"visible\":false,\"unstable_virtual\":true,\"joinColumn\":{\"name\":\"document_id\",\"referencedColumn\":\"document_id\",\"referencedTable\":\"about_uses\"}}},\"apiName\":\"about-us\",\"globalId\":\"AboutUs\",\"uid\":\"api::about-us.about-us\",\"modelType\":\"contentType\",\"__schema__\":{\"collectionName\":\"about_uses\",\"info\":{\"singularName\":\"about-us\",\"pluralName\":\"about-uses\",\"displayName\":\"aboutUs\"},\"options\":{\"draftAndPublish\":true},\"pluginOptions\":{\"i18n\":{\"localized\":true}},\"attributes\":{\"subTitle\":{\"type\":\"string\",\"pluginOptions\":{\"i18n\":{\"localized\":true}}},\"title\":{\"type\":\"string\",\"pluginOptions\":{\"i18n\":{\"localized\":true}}},\"description\":{\"type\":\"customField\",\"pluginOptions\":{\"i18n\":{\"localized\":true}},\"customField\":\"plugin::ckeditor5.CKEditor\",\"options\":{\"preset\":\"default\"}},\"aboutSection\":{\"type\":\"component\",\"pluginOptions\":{\"i18n\":{\"localized\":true}},\"component\":\"common.title-desc-with-img\",\"repeatable\":false},\"cardSection\":{\"type\":\"component\",\"pluginOptions\":{\"i18n\":{\"localized\":true}},\"component\":\"common.title-desc-with-img\",\"repeatable\":true},\"sectionTitle\":{\"type\":\"string\",\"pluginOptions\":{\"i18n\":{\"localized\":true}}},\"sectionDescription\":{\"type\":\"customField\",\"pluginOptions\":{\"i18n\":{\"localized\":true}},\"customField\":\"plugin::ckeditor5.CKEditor\",\"options\":{\"preset\":\"default\"}},\"sections\":{\"type\":\"component\",\"pluginOptions\":{\"i18n\":{\"localized\":true}},\"component\":\"common.title-desc-btn-img\",\"repeatable\":true},\"seo\":{\"type\":\"component\",\"pluginOptions\":{\"i18n\":{\"localized\":true}},\"component\":\"common.seo\",\"repeatable\":false}},\"kind\":\"singleType\"},\"modelName\":\"about-us\",\"actions\":{},\"lifecycles\":{}},\"api::automotive-landing.automotive-landing\":{\"kind\":\"singleType\",\"collectionName\":\"automotive_landings\",\"info\":{\"singularName\":\"automotive-landing\",\"pluralName\":\"automotive-landings\",\"displayName\":\"AutomotiveLanding\"},\"options\":{\"draftAndPublish\":true},\"pluginOptions\":{\"i18n\":{\"localized\":true}},\"attributes\":{\"title\":{\"type\":\"string\",\"pluginOptions\":{\"i18n\":{\"localized\":true}}},\"banner\":{\"type\":\"component\",\"pluginOptions\":{\"i18n\":{\"localized\":true}},\"component\":\"common.banner\",\"repeatable\":true},\"seo\":{\"type\":\"component\",\"pluginOptions\":{\"i18n\":{\"localized\":true}},\"component\":\"common.seo\",\"repeatable\":false},\"locationTypes\":{\"type\":\"relation\",\"relation\":\"oneToMany\",\"target\":\"api::branch-location.branch-location\"},\"socialFeeds\":{\"type\":\"component\",\"pluginOptions\":{\"i18n\":{\"localized\":true}},\"component\":\"home.content-section\",\"repeatable\":false},\"createdAt\":{\"type\":\"datetime\"},\"updatedAt\":{\"type\":\"datetime\"},\"publishedAt\":{\"type\":\"datetime\",\"configurable\":false,\"writable\":true,\"visible\":false},\"createdBy\":{\"type\":\"relation\",\"relation\":\"oneToOne\",\"target\":\"admin::user\",\"configurable\":false,\"writable\":false,\"visible\":false,\"useJoinTable\":false,\"private\":true},\"updatedBy\":{\"type\":\"relation\",\"relation\":\"oneToOne\",\"target\":\"admin::user\",\"configurable\":false,\"writable\":false,\"visible\":false,\"useJoinTable\":false,\"private\":true},\"locale\":{\"writable\":true,\"private\":false,\"configurable\":false,\"visible\":false,\"type\":\"string\"},\"localizations\":{\"type\":\"relation\",\"relation\":\"oneToMany\",\"target\":\"api::automotive-landing.automotive-landing\",\"writable\":false,\"private\":false,\"configurable\":false,\"visible\":false,\"unstable_virtual\":true,\"joinColumn\":{\"name\":\"document_id\",\"referencedColumn\":\"document_id\",\"referencedTable\":\"automotive_landings\"}}},\"apiName\":\"automotive-landing\",\"globalId\":\"AutomotiveLanding\",\"uid\":\"api::automotive-landing.automotive-landing\",\"modelType\":\"contentType\",\"__schema__\":{\"collectionName\":\"automotive_landings\",\"info\":{\"singularName\":\"automotive-landing\",\"pluralName\":\"automotive-landings\",\"displayName\":\"AutomotiveLanding\"},\"options\":{\"draftAndPublish\":true},\"pluginOptions\":{\"i18n\":{\"localized\":true}},\"attributes\":{\"title\":{\"type\":\"string\",\"pluginOptions\":{\"i18n\":{\"localized\":true}}},\"banner\":{\"type\":\"component\",\"pluginOptions\":{\"i18n\":{\"localized\":true}},\"component\":\"common.banner\",\"repeatable\":true},\"seo\":{\"type\":\"component\",\"pluginOptions\":{\"i18n\":{\"localized\":true}},\"component\":\"common.seo\",\"repeatable\":false},\"locationTypes\":{\"type\":\"relation\",\"relation\":\"oneToMany\",\"target\":\"api::branch-location.branch-location\"},\"socialFeeds\":{\"type\":\"component\",\"pluginOptions\":{\"i18n\":{\"localized\":true}},\"component\":\"home.content-section\",\"repeatable\":false}},\"kind\":\"singleType\"},\"modelName\":\"automotive-landing\",\"actions\":{},\"lifecycles\":{}},\"api::branch.branch\":{\"kind\":\"collectionType\",\"collectionName\":\"branches\",\"info\":{\"singularName\":\"branch\",\"pluralName\":\"branches\",\"displayName\":\"branch\"},\"options\":{\"draftAndPublish\":true},\"pluginOptions\":{\"i18n\":{\"localized\":true}},\"attributes\":{\"title\":{\"type\":\"string\",\"pluginOptions\":{\"i18n\":{\"localized\":true}}},\"slug\":{\"type\":\"string\",\"pluginOptions\":{\"i18n\":{\"localized\":true}},\"required\":true,\"unique\":true},\"address\":{\"type\":\"text\",\"pluginOptions\":{\"i18n\":{\"localized\":true}}},\"branchLocation\":{\"type\":\"relation\",\"relation\":\"oneToMany\",\"target\":\"api::branch-location.branch-location\"},\"phoneNumbers\":{\"type\":\"component\",\"pluginOptions\":{\"i18n\":{\"localized\":true}},\"component\":\"common.phone\",\"repeatable\":true},\"image\":{\"type\":\"media\",\"pluginOptions\":{\"i18n\":{\"localized\":true}},\"multiple\":false,\"allowedTypes\":[\"images\",\"files\",\"videos\",\"audios\"]},\"seo\":{\"type\":\"component\",\"pluginOptions\":{\"i18n\":{\"localized\":true}},\"component\":\"common.seo\",\"repeatable\":false},\"previewImage\":{\"type\":\"media\",\"pluginOptions\":{\"i18n\":{\"localized\":true}},\"multiple\":false,\"allowedTypes\":[\"images\",\"files\",\"videos\",\"audios\"]},\"embededMapUrl\":{\"type\":\"text\",\"pluginOptions\":{\"i18n\":{\"localized\":true}}},\"mapUrl\":{\"type\":\"text\",\"pluginOptions\":{\"i18n\":{\"localized\":true}}},\"isFeatured\":{\"type\":\"boolean\",\"pluginOptions\":{\"i18n\":{\"localized\":true}},\"default\":false},\"type\":{\"type\":\"enumeration\",\"pluginOptions\":{\"i18n\":{\"localized\":true}},\"enum\":[\"CME Branch Office\",\"Service Locations\",\"Ware houses\"]},\"locationSortOrder\":{\"type\":\"integer\",\"pluginOptions\":{\"i18n\":{\"localized\":true}}},\"products\":{\"type\":\"relation\",\"relation\":\"oneToMany\",\"target\":\"api::business-stream.business-stream\"},\"showAddressInLocation\":{\"type\":\"boolean\",\"pluginOptions\":{\"i18n\":{\"localized\":true}},\"default\":false},\"services\":{\"type\":\"relation\",\"relation\":\"oneToMany\",\"target\":\"api::service.service\"},\"isServiceButton\":{\"type\":\"boolean\",\"pluginOptions\":{\"i18n\":{\"localized\":true}}},\"createdAt\":{\"type\":\"datetime\"},\"updatedAt\":{\"type\":\"datetime\"},\"publishedAt\":{\"type\":\"datetime\",\"configurable\":false,\"writable\":true,\"visible\":false},\"createdBy\":{\"type\":\"relation\",\"relation\":\"oneToOne\",\"target\":\"admin::user\",\"configurable\":false,\"writable\":false,\"visible\":false,\"useJoinTable\":false,\"private\":true},\"updatedBy\":{\"type\":\"relation\",\"relation\":\"oneToOne\",\"target\":\"admin::user\",\"configurable\":false,\"writable\":false,\"visible\":false,\"useJoinTable\":false,\"private\":true},\"locale\":{\"writable\":true,\"private\":false,\"configurable\":false,\"visible\":false,\"type\":\"string\"},\"localizations\":{\"type\":\"relation\",\"relation\":\"oneToMany\",\"target\":\"api::branch.branch\",\"writable\":false,\"private\":false,\"configurable\":false,\"visible\":false,\"unstable_virtual\":true,\"joinColumn\":{\"name\":\"document_id\",\"referencedColumn\":\"document_id\",\"referencedTable\":\"branches\"}}},\"apiName\":\"branch\",\"globalId\":\"Branch\",\"uid\":\"api::branch.branch\",\"modelType\":\"contentType\",\"__schema__\":{\"collectionName\":\"branches\",\"info\":{\"singularName\":\"branch\",\"pluralName\":\"branches\",\"displayName\":\"branch\"},\"options\":{\"draftAndPublish\":true},\"pluginOptions\":{\"i18n\":{\"localized\":true}},\"attributes\":{\"title\":{\"type\":\"string\",\"pluginOptions\":{\"i18n\":{\"localized\":true}}},\"slug\":{\"type\":\"string\",\"pluginOptions\":{\"i18n\":{\"localized\":true}},\"required\":true,\"unique\":true},\"address\":{\"type\":\"text\",\"pluginOptions\":{\"i18n\":{\"localized\":true}}},\"branchLocation\":{\"type\":\"relation\",\"relation\":\"oneToMany\",\"target\":\"api::branch-location.branch-location\"},\"phoneNumbers\":{\"type\":\"component\",\"pluginOptions\":{\"i18n\":{\"localized\":true}},\"component\":\"common.phone\",\"repeatable\":true},\"image\":{\"type\":\"media\",\"pluginOptions\":{\"i18n\":{\"localized\":true}},\"multiple\":false,\"allowedTypes\":[\"images\",\"files\",\"videos\",\"audios\"]},\"seo\":{\"type\":\"component\",\"pluginOptions\":{\"i18n\":{\"localized\":true}},\"component\":\"common.seo\",\"repeatable\":false},\"previewImage\":{\"type\":\"media\",\"pluginOptions\":{\"i18n\":{\"localized\":true}},\"multiple\":false,\"allowedTypes\":[\"images\",\"files\",\"videos\",\"audios\"]},\"embededMapUrl\":{\"type\":\"text\",\"pluginOptions\":{\"i18n\":{\"localized\":true}}},\"mapUrl\":{\"type\":\"text\",\"pluginOptions\":{\"i18n\":{\"localized\":true}}},\"isFeatured\":{\"type\":\"boolean\",\"pluginOptions\":{\"i18n\":{\"localized\":true}},\"default\":false},\"type\":{\"type\":\"enumeration\",\"pluginOptions\":{\"i18n\":{\"localized\":true}},\"enum\":[\"CME Branch Office\",\"Service Locations\",\"Ware houses\"]},\"locationSortOrder\":{\"type\":\"integer\",\"pluginOptions\":{\"i18n\":{\"localized\":true}}},\"products\":{\"type\":\"relation\",\"relation\":\"oneToMany\",\"target\":\"api::business-stream.business-stream\"},\"showAddressInLocation\":{\"type\":\"boolean\",\"pluginOptions\":{\"i18n\":{\"localized\":true}},\"default\":false},\"services\":{\"type\":\"relation\",\"relation\":\"oneToMany\",\"target\":\"api::service.service\"},\"isServiceButton\":{\"type\":\"boolean\",\"pluginOptions\":{\"i18n\":{\"localized\":true}}}},\"kind\":\"collectionType\"},\"modelName\":\"branch\",\"actions\":{},\"lifecycles\":{}},\"api::branch-location.branch-location\":{\"kind\":\"collectionType\",\"collectionName\":\"branch_locations\",\"info\":{\"singularName\":\"branch-location\",\"pluralName\":\"branch-locations\",\"displayName\":\"branchLocation\"},\"options\":{\"draftAndPublish\":true},\"pluginOptions\":{\"i18n\":{\"localized\":true}},\"attributes\":{\"title\":{\"type\":\"string\",\"pluginOptions\":{\"i18n\":{\"localized\":true}}},\"key\":{\"type\":\"string\",\"pluginOptions\":{\"i18n\":{\"localized\":true}}},\"tabSortOrder\":{\"type\":\"integer\",\"pluginOptions\":{\"i18n\":{\"localized\":true}}},\"createdAt\":{\"type\":\"datetime\"},\"updatedAt\":{\"type\":\"datetime\"},\"publishedAt\":{\"type\":\"datetime\",\"configurable\":false,\"writable\":true,\"visible\":false},\"createdBy\":{\"type\":\"relation\",\"relation\":\"oneToOne\",\"target\":\"admin::user\",\"configurable\":false,\"writable\":false,\"visible\":false,\"useJoinTable\":false,\"private\":true},\"updatedBy\":{\"type\":\"relation\",\"relation\":\"oneToOne\",\"target\":\"admin::user\",\"configurable\":false,\"writable\":false,\"visible\":false,\"useJoinTable\":false,\"private\":true},\"locale\":{\"writable\":true,\"private\":false,\"configurable\":false,\"visible\":false,\"type\":\"string\"},\"localizations\":{\"type\":\"relation\",\"relation\":\"oneToMany\",\"target\":\"api::branch-location.branch-location\",\"writable\":false,\"private\":false,\"configurable\":false,\"visible\":false,\"unstable_virtual\":true,\"joinColumn\":{\"name\":\"document_id\",\"referencedColumn\":\"document_id\",\"referencedTable\":\"branch_locations\"}}},\"apiName\":\"branch-location\",\"globalId\":\"BranchLocation\",\"uid\":\"api::branch-location.branch-location\",\"modelType\":\"contentType\",\"__schema__\":{\"collectionName\":\"branch_locations\",\"info\":{\"singularName\":\"branch-location\",\"pluralName\":\"branch-locations\",\"displayName\":\"branchLocation\"},\"options\":{\"draftAndPublish\":true},\"pluginOptions\":{\"i18n\":{\"localized\":true}},\"attributes\":{\"title\":{\"type\":\"string\",\"pluginOptions\":{\"i18n\":{\"localized\":true}}},\"key\":{\"type\":\"string\",\"pluginOptions\":{\"i18n\":{\"localized\":true}}},\"tabSortOrder\":{\"type\":\"integer\",\"pluginOptions\":{\"i18n\":{\"localized\":true}}}},\"kind\":\"collectionType\"},\"modelName\":\"branch-location\",\"actions\":{},\"lifecycles\":{}},\"api::brand.brand\":{\"kind\":\"collectionType\",\"collectionName\":\"brands\",\"info\":{\"singularName\":\"brand\",\"pluralName\":\"brands\",\"displayName\":\"brands\"},\"options\":{\"draftAndPublish\":true},\"pluginOptions\":{\"i18n\":{\"localized\":true}},\"attributes\":{\"title\":{\"type\":\"string\",\"pluginOptions\":{\"i18n\":{\"localized\":true}}},\"image\":{\"type\":\"media\",\"pluginOptions\":{\"i18n\":{\"localized\":true}},\"multiple\":false,\"allowedTypes\":[\"images\",\"files\",\"videos\",\"audios\"]},\"types\":{\"type\":\"relation\",\"relation\":\"oneToMany\",\"target\":\"api::type.type\"},\"commonUrl\":{\"type\":\"text\",\"pluginOptions\":{\"i18n\":{\"localized\":true}}},\"enableCommonUrl\":{\"type\":\"boolean\",\"pluginOptions\":{\"i18n\":{\"localized\":true}},\"default\":false},\"automotiveUrl\":{\"type\":\"text\",\"pluginOptions\":{\"i18n\":{\"localized\":true}}},\"enableAutomotiveUrl\":{\"type\":\"boolean\",\"pluginOptions\":{\"i18n\":{\"localized\":true}},\"default\":false},\"powerToolUrl\":{\"type\":\"text\",\"pluginOptions\":{\"i18n\":{\"localized\":true}}},\"enablePowerToolUrl\":{\"type\":\"boolean\",\"pluginOptions\":{\"i18n\":{\"localized\":true}},\"default\":false},\"tyreUrl\":{\"type\":\"text\",\"pluginOptions\":{\"i18n\":{\"localized\":true}}},\"enableTyreUrl\":{\"type\":\"boolean\",\"pluginOptions\":{\"i18n\":{\"localized\":true}},\"default\":false},\"isFeatured\":{\"type\":\"boolean\",\"pluginOptions\":{\"i18n\":{\"localized\":true}},\"default\":false},\"homeDisplayOrder\":{\"type\":\"integer\",\"pluginOptions\":{\"i18n\":{\"localized\":true}}},\"automotiveDisplayOrder\":{\"type\":\"integer\",\"pluginOptions\":{\"i18n\":{\"localized\":true}}},\"tyreDisplayOrder\":{\"type\":\"integer\",\"pluginOptions\":{\"i18n\":{\"localized\":true}}},\"powertoolsDisplayOrder\":{\"type\":\"integer\",\"pluginOptions\":{\"i18n\":{\"localized\":true}}},\"homePosition\":{\"type\":\"enumeration\",\"pluginOptions\":{\"i18n\":{\"localized\":true}},\"enum\":[\"left_to_featured\",\"right_to_featured\"]},\"automotivePosition\":{\"type\":\"enumeration\",\"pluginOptions\":{\"i18n\":{\"localized\":true}},\"enum\":[\"left_to_featured\",\"right_to_featured\"]},\"tyrePosition\":{\"type\":\"enumeration\",\"pluginOptions\":{\"i18n\":{\"localized\":true}},\"enum\":[\"left_to_featured\",\"right_to_featured\"]},\"powertoolsPosition\":{\"type\":\"enumeration\",\"pluginOptions\":{\"i18n\":{\"localized\":true}},\"enum\":[\"left_to_featured\",\"right_to_featured\"]},\"createdAt\":{\"type\":\"datetime\"},\"updatedAt\":{\"type\":\"datetime\"},\"publishedAt\":{\"type\":\"datetime\",\"configurable\":false,\"writable\":true,\"visible\":false},\"createdBy\":{\"type\":\"relation\",\"relation\":\"oneToOne\",\"target\":\"admin::user\",\"configurable\":false,\"writable\":false,\"visible\":false,\"useJoinTable\":false,\"private\":true},\"updatedBy\":{\"type\":\"relation\",\"relation\":\"oneToOne\",\"target\":\"admin::user\",\"configurable\":false,\"writable\":false,\"visible\":false,\"useJoinTable\":false,\"private\":true},\"locale\":{\"writable\":true,\"private\":false,\"configurable\":false,\"visible\":false,\"type\":\"string\"},\"localizations\":{\"type\":\"relation\",\"relation\":\"oneToMany\",\"target\":\"api::brand.brand\",\"writable\":false,\"private\":false,\"configurable\":false,\"visible\":false,\"unstable_virtual\":true,\"joinColumn\":{\"name\":\"document_id\",\"referencedColumn\":\"document_id\",\"referencedTable\":\"brands\"}}},\"apiName\":\"brand\",\"globalId\":\"Brand\",\"uid\":\"api::brand.brand\",\"modelType\":\"contentType\",\"__schema__\":{\"collectionName\":\"brands\",\"info\":{\"singularName\":\"brand\",\"pluralName\":\"brands\",\"displayName\":\"brands\"},\"options\":{\"draftAndPublish\":true},\"pluginOptions\":{\"i18n\":{\"localized\":true}},\"attributes\":{\"title\":{\"type\":\"string\",\"pluginOptions\":{\"i18n\":{\"localized\":true}}},\"image\":{\"type\":\"media\",\"pluginOptions\":{\"i18n\":{\"localized\":true}},\"multiple\":false,\"allowedTypes\":[\"images\",\"files\",\"videos\",\"audios\"]},\"types\":{\"type\":\"relation\",\"relation\":\"oneToMany\",\"target\":\"api::type.type\"},\"commonUrl\":{\"type\":\"text\",\"pluginOptions\":{\"i18n\":{\"localized\":true}}},\"enableCommonUrl\":{\"type\":\"boolean\",\"pluginOptions\":{\"i18n\":{\"localized\":true}},\"default\":false},\"automotiveUrl\":{\"type\":\"text\",\"pluginOptions\":{\"i18n\":{\"localized\":true}}},\"enableAutomotiveUrl\":{\"type\":\"boolean\",\"pluginOptions\":{\"i18n\":{\"localized\":true}},\"default\":false},\"powerToolUrl\":{\"type\":\"text\",\"pluginOptions\":{\"i18n\":{\"localized\":true}}},\"enablePowerToolUrl\":{\"type\":\"boolean\",\"pluginOptions\":{\"i18n\":{\"localized\":true}},\"default\":false},\"tyreUrl\":{\"type\":\"text\",\"pluginOptions\":{\"i18n\":{\"localized\":true}}},\"enableTyreUrl\":{\"type\":\"boolean\",\"pluginOptions\":{\"i18n\":{\"localized\":true}},\"default\":false},\"isFeatured\":{\"type\":\"boolean\",\"pluginOptions\":{\"i18n\":{\"localized\":true}},\"default\":false},\"homeDisplayOrder\":{\"type\":\"integer\",\"pluginOptions\":{\"i18n\":{\"localized\":true}}},\"automotiveDisplayOrder\":{\"type\":\"integer\",\"pluginOptions\":{\"i18n\":{\"localized\":true}}},\"tyreDisplayOrder\":{\"type\":\"integer\",\"pluginOptions\":{\"i18n\":{\"localized\":true}}},\"powertoolsDisplayOrder\":{\"type\":\"integer\",\"pluginOptions\":{\"i18n\":{\"localized\":true}}},\"homePosition\":{\"type\":\"enumeration\",\"pluginOptions\":{\"i18n\":{\"localized\":true}},\"enum\":[\"left_to_featured\",\"right_to_featured\"]},\"automotivePosition\":{\"type\":\"enumeration\",\"pluginOptions\":{\"i18n\":{\"localized\":true}},\"enum\":[\"left_to_featured\",\"right_to_featured\"]},\"tyrePosition\":{\"type\":\"enumeration\",\"pluginOptions\":{\"i18n\":{\"localized\":true}},\"enum\":[\"left_to_featured\",\"right_to_featured\"]},\"powertoolsPosition\":{\"type\":\"enumeration\",\"pluginOptions\":{\"i18n\":{\"localized\":true}},\"enum\":[\"left_to_featured\",\"right_to_featured\"]}},\"kind\":\"collectionType\"},\"modelName\":\"brand\",\"actions\":{},\"lifecycles\":{}},\"api::business-stream.business-stream\":{\"kind\":\"collectionType\",\"collectionName\":\"business_streams\",\"info\":{\"singularName\":\"business-stream\",\"pluralName\":\"business-streams\",\"displayName\":\"products\"},\"options\":{\"draftAndPublish\":true},\"pluginOptions\":{\"i18n\":{\"localized\":true}},\"attributes\":{\"title\":{\"type\":\"string\",\"pluginOptions\":{\"i18n\":{\"localized\":true}}},\"slug\":{\"type\":\"string\",\"pluginOptions\":{\"i18n\":{\"localized\":true}},\"required\":true,\"unique\":true},\"smallDescription\":{\"type\":\"text\",\"pluginOptions\":{\"i18n\":{\"localized\":true}}},\"image\":{\"type\":\"media\",\"pluginOptions\":{\"i18n\":{\"localized\":true}},\"multiple\":false,\"allowedTypes\":[\"images\",\"files\",\"videos\",\"audios\"]},\"seo\":{\"type\":\"component\",\"pluginOptions\":{\"i18n\":{\"localized\":true}},\"component\":\"common.seo\",\"repeatable\":false},\"homePageSortOrder\":{\"type\":\"integer\",\"pluginOptions\":{\"i18n\":{\"localized\":true}}},\"createdAt\":{\"type\":\"datetime\"},\"updatedAt\":{\"type\":\"datetime\"},\"publishedAt\":{\"type\":\"datetime\",\"configurable\":false,\"writable\":true,\"visible\":false},\"createdBy\":{\"type\":\"relation\",\"relation\":\"oneToOne\",\"target\":\"admin::user\",\"configurable\":false,\"writable\":false,\"visible\":false,\"useJoinTable\":false,\"private\":true},\"updatedBy\":{\"type\":\"relation\",\"relation\":\"oneToOne\",\"target\":\"admin::user\",\"configurable\":false,\"writable\":false,\"visible\":false,\"useJoinTable\":false,\"private\":true},\"locale\":{\"writable\":true,\"private\":false,\"configurable\":false,\"visible\":false,\"type\":\"string\"},\"localizations\":{\"type\":\"relation\",\"relation\":\"oneToMany\",\"target\":\"api::business-stream.business-stream\",\"writable\":false,\"private\":false,\"configurable\":false,\"visible\":false,\"unstable_virtual\":true,\"joinColumn\":{\"name\":\"document_id\",\"referencedColumn\":\"document_id\",\"referencedTable\":\"business_streams\"}}},\"apiName\":\"business-stream\",\"globalId\":\"BusinessStream\",\"uid\":\"api::business-stream.business-stream\",\"modelType\":\"contentType\",\"__schema__\":{\"collectionName\":\"business_streams\",\"info\":{\"singularName\":\"business-stream\",\"pluralName\":\"business-streams\",\"displayName\":\"products\"},\"options\":{\"draftAndPublish\":true},\"pluginOptions\":{\"i18n\":{\"localized\":true}},\"attributes\":{\"title\":{\"type\":\"string\",\"pluginOptions\":{\"i18n\":{\"localized\":true}}},\"slug\":{\"type\":\"string\",\"pluginOptions\":{\"i18n\":{\"localized\":true}},\"required\":true,\"unique\":true},\"smallDescription\":{\"type\":\"text\",\"pluginOptions\":{\"i18n\":{\"localized\":true}}},\"image\":{\"type\":\"media\",\"pluginOptions\":{\"i18n\":{\"localized\":true}},\"multiple\":false,\"allowedTypes\":[\"images\",\"files\",\"videos\",\"audios\"]},\"seo\":{\"type\":\"component\",\"pluginOptions\":{\"i18n\":{\"localized\":true}},\"component\":\"common.seo\",\"repeatable\":false},\"homePageSortOrder\":{\"type\":\"integer\",\"pluginOptions\":{\"i18n\":{\"localized\":true}}}},\"kind\":\"collectionType\"},\"modelName\":\"business-stream\",\"actions\":{},\"lifecycles\":{}},\"api::contact-enquiry.contact-enquiry\":{\"kind\":\"collectionType\",\"collectionName\":\"contact_enquiries\",\"info\":{\"singularName\":\"contact-enquiry\",\"pluralName\":\"contact-enquiries\",\"displayName\":\"contactEnquiry\"},\"options\":{\"draftAndPublish\":true},\"pluginOptions\":{\"i18n\":{\"localized\":true}},\"attributes\":{\"fullName\":{\"type\":\"string\",\"pluginOptions\":{\"i18n\":{\"localized\":true}}},\"email\":{\"type\":\"string\",\"pluginOptions\":{\"i18n\":{\"localized\":true}}},\"phoneNumber\":{\"type\":\"string\",\"pluginOptions\":{\"i18n\":{\"localized\":true}}},\"message\":{\"type\":\"text\",\"pluginOptions\":{\"i18n\":{\"localized\":true}}},\"enquiryType\":{\"type\":\"string\",\"pluginOptions\":{\"i18n\":{\"localized\":true}}},\"createdAt\":{\"type\":\"datetime\"},\"updatedAt\":{\"type\":\"datetime\"},\"publishedAt\":{\"type\":\"datetime\",\"configurable\":false,\"writable\":true,\"visible\":false},\"createdBy\":{\"type\":\"relation\",\"relation\":\"oneToOne\",\"target\":\"admin::user\",\"configurable\":false,\"writable\":false,\"visible\":false,\"useJoinTable\":false,\"private\":true},\"updatedBy\":{\"type\":\"relation\",\"relation\":\"oneToOne\",\"target\":\"admin::user\",\"configurable\":false,\"writable\":false,\"visible\":false,\"useJoinTable\":false,\"private\":true},\"locale\":{\"writable\":true,\"private\":false,\"configurable\":false,\"visible\":false,\"type\":\"string\"},\"localizations\":{\"type\":\"relation\",\"relation\":\"oneToMany\",\"target\":\"api::contact-enquiry.contact-enquiry\",\"writable\":false,\"private\":false,\"configurable\":false,\"visible\":false,\"unstable_virtual\":true,\"joinColumn\":{\"name\":\"document_id\",\"referencedColumn\":\"document_id\",\"referencedTable\":\"contact_enquiries\"}}},\"apiName\":\"contact-enquiry\",\"globalId\":\"ContactEnquiry\",\"uid\":\"api::contact-enquiry.contact-enquiry\",\"modelType\":\"contentType\",\"__schema__\":{\"collectionName\":\"contact_enquiries\",\"info\":{\"singularName\":\"contact-enquiry\",\"pluralName\":\"contact-enquiries\",\"displayName\":\"contactEnquiry\"},\"options\":{\"draftAndPublish\":true},\"pluginOptions\":{\"i18n\":{\"localized\":true}},\"attributes\":{\"fullName\":{\"type\":\"string\",\"pluginOptions\":{\"i18n\":{\"localized\":true}}},\"email\":{\"type\":\"string\",\"pluginOptions\":{\"i18n\":{\"localized\":true}}},\"phoneNumber\":{\"type\":\"string\",\"pluginOptions\":{\"i18n\":{\"localized\":true}}},\"message\":{\"type\":\"text\",\"pluginOptions\":{\"i18n\":{\"localized\":true}}},\"enquiryType\":{\"type\":\"string\",\"pluginOptions\":{\"i18n\":{\"localized\":true}}}},\"kind\":\"collectionType\"},\"modelName\":\"contact-enquiry\",\"actions\":{},\"lifecycles\":{}},\"api::contact-us.contact-us\":{\"kind\":\"singleType\",\"collectionName\":\"contact_uses\",\"info\":{\"singularName\":\"contact-us\",\"pluralName\":\"contact-uses\",\"displayName\":\"contactUs\"},\"options\":{\"draftAndPublish\":true},\"pluginOptions\":{\"i18n\":{\"localized\":true}},\"attributes\":{\"banner\":{\"type\":\"component\",\"pluginOptions\":{\"i18n\":{\"localized\":true}},\"component\":\"common.banner\",\"repeatable\":true},\"boxComponent\":{\"type\":\"component\",\"pluginOptions\":{\"i18n\":{\"localized\":true}},\"component\":\"common.box-component\",\"repeatable\":false},\"formTitle\":{\"type\":\"string\",\"pluginOptions\":{\"i18n\":{\"localized\":true}}},\"seo\":{\"type\":\"component\",\"pluginOptions\":{\"i18n\":{\"localized\":true}},\"component\":\"common.seo\",\"repeatable\":false},\"locations\":{\"type\":\"relation\",\"relation\":\"oneToMany\",\"target\":\"api::branch-location.branch-location\"},\"createdAt\":{\"type\":\"datetime\"},\"updatedAt\":{\"type\":\"datetime\"},\"publishedAt\":{\"type\":\"datetime\",\"configurable\":false,\"writable\":true,\"visible\":false},\"createdBy\":{\"type\":\"relation\",\"relation\":\"oneToOne\",\"target\":\"admin::user\",\"configurable\":false,\"writable\":false,\"visible\":false,\"useJoinTable\":false,\"private\":true},\"updatedBy\":{\"type\":\"relation\",\"relation\":\"oneToOne\",\"target\":\"admin::user\",\"configurable\":false,\"writable\":false,\"visible\":false,\"useJoinTable\":false,\"private\":true},\"locale\":{\"writable\":true,\"private\":false,\"configurable\":false,\"visible\":false,\"type\":\"string\"},\"localizations\":{\"type\":\"relation\",\"relation\":\"oneToMany\",\"target\":\"api::contact-us.contact-us\",\"writable\":false,\"private\":false,\"configurable\":false,\"visible\":false,\"unstable_virtual\":true,\"joinColumn\":{\"name\":\"document_id\",\"referencedColumn\":\"document_id\",\"referencedTable\":\"contact_uses\"}}},\"apiName\":\"contact-us\",\"globalId\":\"ContactUs\",\"uid\":\"api::contact-us.contact-us\",\"modelType\":\"contentType\",\"__schema__\":{\"collectionName\":\"contact_uses\",\"info\":{\"singularName\":\"contact-us\",\"pluralName\":\"contact-uses\",\"displayName\":\"contactUs\"},\"options\":{\"draftAndPublish\":true},\"pluginOptions\":{\"i18n\":{\"localized\":true}},\"attributes\":{\"banner\":{\"type\":\"component\",\"pluginOptions\":{\"i18n\":{\"localized\":true}},\"component\":\"common.banner\",\"repeatable\":true},\"boxComponent\":{\"type\":\"component\",\"pluginOptions\":{\"i18n\":{\"localized\":true}},\"component\":\"common.box-component\",\"repeatable\":false},\"formTitle\":{\"type\":\"string\",\"pluginOptions\":{\"i18n\":{\"localized\":true}}},\"seo\":{\"type\":\"component\",\"pluginOptions\":{\"i18n\":{\"localized\":true}},\"component\":\"common.seo\",\"repeatable\":false},\"locations\":{\"type\":\"relation\",\"relation\":\"oneToMany\",\"target\":\"api::branch-location.branch-location\"}},\"kind\":\"singleType\"},\"modelName\":\"contact-us\",\"actions\":{},\"lifecycles\":{}},\"api::footer.footer\":{\"kind\":\"singleType\",\"collectionName\":\"footers\",\"info\":{\"singularName\":\"footer\",\"pluralName\":\"footers\",\"displayName\":\"footer\"},\"options\":{\"draftAndPublish\":true},\"pluginOptions\":{\"i18n\":{\"localized\":true}},\"attributes\":{\"logo\":{\"type\":\"media\",\"pluginOptions\":{\"i18n\":{\"localized\":true}},\"multiple\":false,\"allowedTypes\":[\"images\",\"files\",\"videos\",\"audios\"]},\"description\":{\"type\":\"text\",\"pluginOptions\":{\"i18n\":{\"localized\":true}}},\"socialLinks\":{\"type\":\"component\",\"pluginOptions\":{\"i18n\":{\"localized\":true}},\"component\":\"common.social-links\",\"repeatable\":true},\"bottomMenu\":{\"type\":\"component\",\"pluginOptions\":{\"i18n\":{\"localized\":true}},\"component\":\"common.menu-item\",\"repeatable\":true},\"menu\":{\"type\":\"component\",\"pluginOptions\":{\"i18n\":{\"localized\":true}},\"component\":\"common.menu-item-w-sub\",\"repeatable\":true},\"copyrightText\":{\"type\":\"text\",\"pluginOptions\":{\"i18n\":{\"localized\":true}}},\"createdAt\":{\"type\":\"datetime\"},\"updatedAt\":{\"type\":\"datetime\"},\"publishedAt\":{\"type\":\"datetime\",\"configurable\":false,\"writable\":true,\"visible\":false},\"createdBy\":{\"type\":\"relation\",\"relation\":\"oneToOne\",\"target\":\"admin::user\",\"configurable\":false,\"writable\":false,\"visible\":false,\"useJoinTable\":false,\"private\":true},\"updatedBy\":{\"type\":\"relation\",\"relation\":\"oneToOne\",\"target\":\"admin::user\",\"configurable\":false,\"writable\":false,\"visible\":false,\"useJoinTable\":false,\"private\":true},\"locale\":{\"writable\":true,\"private\":false,\"configurable\":false,\"visible\":false,\"type\":\"string\"},\"localizations\":{\"type\":\"relation\",\"relation\":\"oneToMany\",\"target\":\"api::footer.footer\",\"writable\":false,\"private\":false,\"configurable\":false,\"visible\":false,\"unstable_virtual\":true,\"joinColumn\":{\"name\":\"document_id\",\"referencedColumn\":\"document_id\",\"referencedTable\":\"footers\"}}},\"apiName\":\"footer\",\"globalId\":\"Footer\",\"uid\":\"api::footer.footer\",\"modelType\":\"contentType\",\"__schema__\":{\"collectionName\":\"footers\",\"info\":{\"singularName\":\"footer\",\"pluralName\":\"footers\",\"displayName\":\"footer\"},\"options\":{\"draftAndPublish\":true},\"pluginOptions\":{\"i18n\":{\"localized\":true}},\"attributes\":{\"logo\":{\"type\":\"media\",\"pluginOptions\":{\"i18n\":{\"localized\":true}},\"multiple\":false,\"allowedTypes\":[\"images\",\"files\",\"videos\",\"audios\"]},\"description\":{\"type\":\"text\",\"pluginOptions\":{\"i18n\":{\"localized\":true}}},\"socialLinks\":{\"type\":\"component\",\"pluginOptions\":{\"i18n\":{\"localized\":true}},\"component\":\"common.social-links\",\"repeatable\":true},\"bottomMenu\":{\"type\":\"component\",\"pluginOptions\":{\"i18n\":{\"localized\":true}},\"component\":\"common.menu-item\",\"repeatable\":true},\"menu\":{\"type\":\"component\",\"pluginOptions\":{\"i18n\":{\"localized\":true}},\"component\":\"common.menu-item-w-sub\",\"repeatable\":true},\"copyrightText\":{\"type\":\"text\",\"pluginOptions\":{\"i18n\":{\"localized\":true}}}},\"kind\":\"singleType\"},\"modelName\":\"footer\",\"actions\":{},\"lifecycles\":{}},\"api::header.header\":{\"kind\":\"singleType\",\"collectionName\":\"headers\",\"info\":{\"singularName\":\"header\",\"pluralName\":\"headers\",\"displayName\":\"header\"},\"options\":{\"draftAndPublish\":true},\"pluginOptions\":{\"i18n\":{\"localized\":true}},\"attributes\":{\"logo\":{\"type\":\"media\",\"pluginOptions\":{\"i18n\":{\"localized\":true}},\"multiple\":false,\"allowedTypes\":[\"images\",\"files\",\"videos\",\"audios\"]},\"colorLogo\":{\"type\":\"media\",\"pluginOptions\":{\"i18n\":{\"localized\":true}},\"multiple\":false,\"allowedTypes\":[\"images\",\"files\",\"videos\",\"audios\"]},\"menu\":{\"type\":\"dynamiczone\",\"pluginOptions\":{\"i18n\":{\"localized\":true}},\"components\":[\"common.menu-item\",\"common.menu-item-w-sub\",\"common.menu-item-w-services\"]},\"showMultilingual\":{\"type\":\"boolean\",\"pluginOptions\":{\"i18n\":{\"localized\":true}},\"default\":true},\"createdAt\":{\"type\":\"datetime\"},\"updatedAt\":{\"type\":\"datetime\"},\"publishedAt\":{\"type\":\"datetime\",\"configurable\":false,\"writable\":true,\"visible\":false},\"createdBy\":{\"type\":\"relation\",\"relation\":\"oneToOne\",\"target\":\"admin::user\",\"configurable\":false,\"writable\":false,\"visible\":false,\"useJoinTable\":false,\"private\":true},\"updatedBy\":{\"type\":\"relation\",\"relation\":\"oneToOne\",\"target\":\"admin::user\",\"configurable\":false,\"writable\":false,\"visible\":false,\"useJoinTable\":false,\"private\":true},\"locale\":{\"writable\":true,\"private\":false,\"configurable\":false,\"visible\":false,\"type\":\"string\"},\"localizations\":{\"type\":\"relation\",\"relation\":\"oneToMany\",\"target\":\"api::header.header\",\"writable\":false,\"private\":false,\"configurable\":false,\"visible\":false,\"unstable_virtual\":true,\"joinColumn\":{\"name\":\"document_id\",\"referencedColumn\":\"document_id\",\"referencedTable\":\"headers\"}}},\"apiName\":\"header\",\"globalId\":\"Header\",\"uid\":\"api::header.header\",\"modelType\":\"contentType\",\"__schema__\":{\"collectionName\":\"headers\",\"info\":{\"singularName\":\"header\",\"pluralName\":\"headers\",\"displayName\":\"header\"},\"options\":{\"draftAndPublish\":true},\"pluginOptions\":{\"i18n\":{\"localized\":true}},\"attributes\":{\"logo\":{\"type\":\"media\",\"pluginOptions\":{\"i18n\":{\"localized\":true}},\"multiple\":false,\"allowedTypes\":[\"images\",\"files\",\"videos\",\"audios\"]},\"colorLogo\":{\"type\":\"media\",\"pluginOptions\":{\"i18n\":{\"localized\":true}},\"multiple\":false,\"allowedTypes\":[\"images\",\"files\",\"videos\",\"audios\"]},\"menu\":{\"type\":\"dynamiczone\",\"pluginOptions\":{\"i18n\":{\"localized\":true}},\"components\":[\"common.menu-item\",\"common.menu-item-w-sub\",\"common.menu-item-w-services\"]},\"showMultilingual\":{\"type\":\"boolean\",\"pluginOptions\":{\"i18n\":{\"localized\":true}},\"default\":true}},\"kind\":\"singleType\"},\"modelName\":\"header\",\"actions\":{},\"lifecycles\":{}},\"api::home.home\":{\"kind\":\"singleType\",\"collectionName\":\"homes\",\"info\":{\"singularName\":\"home\",\"pluralName\":\"homes\",\"displayName\":\"home\"},\"options\":{\"draftAndPublish\":true},\"pluginOptions\":{\"i18n\":{\"localized\":true}},\"attributes\":{\"banner\":{\"type\":\"component\",\"pluginOptions\":{\"i18n\":{\"localized\":true}},\"component\":\"common.banner\",\"repeatable\":true},\"aboutCme\":{\"type\":\"component\",\"pluginOptions\":{\"i18n\":{\"localized\":true}},\"component\":\"home.about-cme\",\"repeatable\":false},\"businessStreams\":{\"type\":\"component\",\"pluginOptions\":{\"i18n\":{\"localized\":true}},\"component\":\"home.business-stream\",\"repeatable\":false},\"trustedBrands\":{\"type\":\"component\",\"pluginOptions\":{\"i18n\":{\"localized\":true}},\"component\":\"home.content-section\",\"repeatable\":false},\"trustedPartners\":{\"type\":\"component\",\"pluginOptions\":{\"i18n\":{\"localized\":true}},\"component\":\"home.trusted-section\",\"repeatable\":false},\"socialFeeds\":{\"type\":\"component\",\"pluginOptions\":{\"i18n\":{\"localized\":true}},\"component\":\"home.content-section\",\"repeatable\":false},\"ourLocations\":{\"type\":\"component\",\"pluginOptions\":{\"i18n\":{\"localized\":true}},\"component\":\"home.content-section\",\"repeatable\":false},\"aboutGroup\":{\"type\":\"component\",\"pluginOptions\":{\"i18n\":{\"localized\":true}},\"component\":\"common.content-with-link\",\"repeatable\":false},\"isNewsEnabled\":{\"type\":\"boolean\",\"pluginOptions\":{\"i18n\":{\"localized\":true}},\"default\":true},\"seo\":{\"type\":\"component\",\"pluginOptions\":{\"i18n\":{\"localized\":true}},\"component\":\"common.seo\",\"repeatable\":false},\"createdAt\":{\"type\":\"datetime\"},\"updatedAt\":{\"type\":\"datetime\"},\"publishedAt\":{\"type\":\"datetime\",\"configurable\":false,\"writable\":true,\"visible\":false},\"createdBy\":{\"type\":\"relation\",\"relation\":\"oneToOne\",\"target\":\"admin::user\",\"configurable\":false,\"writable\":false,\"visible\":false,\"useJoinTable\":false,\"private\":true},\"updatedBy\":{\"type\":\"relation\",\"relation\":\"oneToOne\",\"target\":\"admin::user\",\"configurable\":false,\"writable\":false,\"visible\":false,\"useJoinTable\":false,\"private\":true},\"locale\":{\"writable\":true,\"private\":false,\"configurable\":false,\"visible\":false,\"type\":\"string\"},\"localizations\":{\"type\":\"relation\",\"relation\":\"oneToMany\",\"target\":\"api::home.home\",\"writable\":false,\"private\":false,\"configurable\":false,\"visible\":false,\"unstable_virtual\":true,\"joinColumn\":{\"name\":\"document_id\",\"referencedColumn\":\"document_id\",\"referencedTable\":\"homes\"}}},\"apiName\":\"home\",\"globalId\":\"Home\",\"uid\":\"api::home.home\",\"modelType\":\"contentType\",\"__schema__\":{\"collectionName\":\"homes\",\"info\":{\"singularName\":\"home\",\"pluralName\":\"homes\",\"displayName\":\"home\"},\"options\":{\"draftAndPublish\":true},\"pluginOptions\":{\"i18n\":{\"localized\":true}},\"attributes\":{\"banner\":{\"type\":\"component\",\"pluginOptions\":{\"i18n\":{\"localized\":true}},\"component\":\"common.banner\",\"repeatable\":true},\"aboutCme\":{\"type\":\"component\",\"pluginOptions\":{\"i18n\":{\"localized\":true}},\"component\":\"home.about-cme\",\"repeatable\":false},\"businessStreams\":{\"type\":\"component\",\"pluginOptions\":{\"i18n\":{\"localized\":true}},\"component\":\"home.business-stream\",\"repeatable\":false},\"trustedBrands\":{\"type\":\"component\",\"pluginOptions\":{\"i18n\":{\"localized\":true}},\"component\":\"home.content-section\",\"repeatable\":false},\"trustedPartners\":{\"type\":\"component\",\"pluginOptions\":{\"i18n\":{\"localized\":true}},\"component\":\"home.trusted-section\",\"repeatable\":false},\"socialFeeds\":{\"type\":\"component\",\"pluginOptions\":{\"i18n\":{\"localized\":true}},\"component\":\"home.content-section\",\"repeatable\":false},\"ourLocations\":{\"type\":\"component\",\"pluginOptions\":{\"i18n\":{\"localized\":true}},\"component\":\"home.content-section\",\"repeatable\":false},\"aboutGroup\":{\"type\":\"component\",\"pluginOptions\":{\"i18n\":{\"localized\":true}},\"component\":\"common.content-with-link\",\"repeatable\":false},\"isNewsEnabled\":{\"type\":\"boolean\",\"pluginOptions\":{\"i18n\":{\"localized\":true}},\"default\":true},\"seo\":{\"type\":\"component\",\"pluginOptions\":{\"i18n\":{\"localized\":true}},\"component\":\"common.seo\",\"repeatable\":false}},\"kind\":\"singleType\"},\"modelName\":\"home\",\"actions\":{},\"lifecycles\":{}},\"api::location.location\":{\"kind\":\"singleType\",\"collectionName\":\"locations\",\"info\":{\"singularName\":\"location\",\"pluralName\":\"locations\",\"displayName\":\"location\"},\"options\":{\"draftAndPublish\":true},\"pluginOptions\":{\"i18n\":{\"localized\":true}},\"attributes\":{\"subTitle\":{\"type\":\"string\",\"pluginOptions\":{\"i18n\":{\"localized\":true}}},\"title\":{\"type\":\"string\",\"pluginOptions\":{\"i18n\":{\"localized\":true}}},\"description\":{\"type\":\"richtext\",\"pluginOptions\":{\"i18n\":{\"localized\":true}},\"customField\":\"plugin::ckeditor5.CKEditor\",\"options\":{\"preset\":\"default\"}},\"seo\":{\"type\":\"component\",\"pluginOptions\":{\"i18n\":{\"localized\":true}},\"component\":\"common.seo\",\"repeatable\":false},\"locationTypes\":{\"type\":\"relation\",\"relation\":\"oneToMany\",\"target\":\"api::branch-location.branch-location\"},\"createdAt\":{\"type\":\"datetime\"},\"updatedAt\":{\"type\":\"datetime\"},\"publishedAt\":{\"type\":\"datetime\",\"configurable\":false,\"writable\":true,\"visible\":false},\"createdBy\":{\"type\":\"relation\",\"relation\":\"oneToOne\",\"target\":\"admin::user\",\"configurable\":false,\"writable\":false,\"visible\":false,\"useJoinTable\":false,\"private\":true},\"updatedBy\":{\"type\":\"relation\",\"relation\":\"oneToOne\",\"target\":\"admin::user\",\"configurable\":false,\"writable\":false,\"visible\":false,\"useJoinTable\":false,\"private\":true},\"locale\":{\"writable\":true,\"private\":false,\"configurable\":false,\"visible\":false,\"type\":\"string\"},\"localizations\":{\"type\":\"relation\",\"relation\":\"oneToMany\",\"target\":\"api::location.location\",\"writable\":false,\"private\":false,\"configurable\":false,\"visible\":false,\"unstable_virtual\":true,\"joinColumn\":{\"name\":\"document_id\",\"referencedColumn\":\"document_id\",\"referencedTable\":\"locations\"}}},\"apiName\":\"location\",\"globalId\":\"Location\",\"uid\":\"api::location.location\",\"modelType\":\"contentType\",\"__schema__\":{\"collectionName\":\"locations\",\"info\":{\"singularName\":\"location\",\"pluralName\":\"locations\",\"displayName\":\"location\"},\"options\":{\"draftAndPublish\":true},\"pluginOptions\":{\"i18n\":{\"localized\":true}},\"attributes\":{\"subTitle\":{\"type\":\"string\",\"pluginOptions\":{\"i18n\":{\"localized\":true}}},\"title\":{\"type\":\"string\",\"pluginOptions\":{\"i18n\":{\"localized\":true}}},\"description\":{\"type\":\"customField\",\"pluginOptions\":{\"i18n\":{\"localized\":true}},\"customField\":\"plugin::ckeditor5.CKEditor\",\"options\":{\"preset\":\"default\"}},\"seo\":{\"type\":\"component\",\"pluginOptions\":{\"i18n\":{\"localized\":true}},\"component\":\"common.seo\",\"repeatable\":false},\"locationTypes\":{\"type\":\"relation\",\"relation\":\"oneToMany\",\"target\":\"api::branch-location.branch-location\"}},\"kind\":\"singleType\"},\"modelName\":\"location\",\"actions\":{},\"lifecycles\":{}},\"api::news.news\":{\"kind\":\"collectionType\",\"collectionName\":\"newes\",\"info\":{\"singularName\":\"news\",\"pluralName\":\"newes\",\"displayName\":\"news\"},\"options\":{\"draftAndPublish\":true},\"pluginOptions\":{\"i18n\":{\"localized\":true}},\"attributes\":{\"title\":{\"type\":\"string\",\"pluginOptions\":{\"i18n\":{\"localized\":true}}},\"slug\":{\"type\":\"string\",\"pluginOptions\":{\"i18n\":{\"localized\":true}},\"required\":true,\"unique\":true},\"postedDate\":{\"type\":\"date\",\"pluginOptions\":{\"i18n\":{\"localized\":true}}},\"smallDescription\":{\"type\":\"text\",\"pluginOptions\":{\"i18n\":{\"localized\":true}}},\"description\":{\"type\":\"richtext\",\"pluginOptions\":{\"i18n\":{\"localized\":true}},\"customField\":\"plugin::ckeditor5.CKEditor\",\"options\":{\"preset\":\"default\"}},\"image\":{\"type\":\"media\",\"pluginOptions\":{\"i18n\":{\"localized\":true}},\"multiple\":false,\"allowedTypes\":[\"images\",\"files\",\"videos\",\"audios\"]},\"isFeatured\":{\"type\":\"boolean\",\"pluginOptions\":{\"i18n\":{\"localized\":true}}},\"readTime\":{\"type\":\"string\",\"pluginOptions\":{\"i18n\":{\"localized\":true}}},\"seo\":{\"type\":\"component\",\"pluginOptions\":{\"i18n\":{\"localized\":true}},\"component\":\"common.seo\",\"repeatable\":false},\"types\":{\"type\":\"relation\",\"relation\":\"oneToMany\",\"target\":\"api::type.type\"},\"createdAt\":{\"type\":\"datetime\"},\"updatedAt\":{\"type\":\"datetime\"},\"publishedAt\":{\"type\":\"datetime\",\"configurable\":false,\"writable\":true,\"visible\":false},\"createdBy\":{\"type\":\"relation\",\"relation\":\"oneToOne\",\"target\":\"admin::user\",\"configurable\":false,\"writable\":false,\"visible\":false,\"useJoinTable\":false,\"private\":true},\"updatedBy\":{\"type\":\"relation\",\"relation\":\"oneToOne\",\"target\":\"admin::user\",\"configurable\":false,\"writable\":false,\"visible\":false,\"useJoinTable\":false,\"private\":true},\"locale\":{\"writable\":true,\"private\":false,\"configurable\":false,\"visible\":false,\"type\":\"string\"},\"localizations\":{\"type\":\"relation\",\"relation\":\"oneToMany\",\"target\":\"api::news.news\",\"writable\":false,\"private\":false,\"configurable\":false,\"visible\":false,\"unstable_virtual\":true,\"joinColumn\":{\"name\":\"document_id\",\"referencedColumn\":\"document_id\",\"referencedTable\":\"newes\"}}},\"apiName\":\"news\",\"globalId\":\"News\",\"uid\":\"api::news.news\",\"modelType\":\"contentType\",\"__schema__\":{\"collectionName\":\"newes\",\"info\":{\"singularName\":\"news\",\"pluralName\":\"newes\",\"displayName\":\"news\"},\"options\":{\"draftAndPublish\":true},\"pluginOptions\":{\"i18n\":{\"localized\":true}},\"attributes\":{\"title\":{\"type\":\"string\",\"pluginOptions\":{\"i18n\":{\"localized\":true}}},\"slug\":{\"type\":\"string\",\"pluginOptions\":{\"i18n\":{\"localized\":true}},\"required\":true,\"unique\":true},\"postedDate\":{\"type\":\"date\",\"pluginOptions\":{\"i18n\":{\"localized\":true}}},\"smallDescription\":{\"type\":\"text\",\"pluginOptions\":{\"i18n\":{\"localized\":true}}},\"description\":{\"type\":\"customField\",\"pluginOptions\":{\"i18n\":{\"localized\":true}},\"customField\":\"plugin::ckeditor5.CKEditor\",\"options\":{\"preset\":\"default\"}},\"image\":{\"type\":\"media\",\"pluginOptions\":{\"i18n\":{\"localized\":true}},\"multiple\":false,\"allowedTypes\":[\"images\",\"files\",\"videos\",\"audios\"]},\"isFeatured\":{\"type\":\"boolean\",\"pluginOptions\":{\"i18n\":{\"localized\":true}}},\"readTime\":{\"type\":\"string\",\"pluginOptions\":{\"i18n\":{\"localized\":true}}},\"seo\":{\"type\":\"component\",\"pluginOptions\":{\"i18n\":{\"localized\":true}},\"component\":\"common.seo\",\"repeatable\":false},\"types\":{\"type\":\"relation\",\"relation\":\"oneToMany\",\"target\":\"api::type.type\"}},\"kind\":\"collectionType\"},\"modelName\":\"news\",\"actions\":{},\"lifecycles\":{}},\"api::news-landing.news-landing\":{\"kind\":\"singleType\",\"collectionName\":\"news_landings\",\"info\":{\"singularName\":\"news-landing\",\"pluralName\":\"news-landings\",\"displayName\":\"newsLanding\"},\"options\":{\"draftAndPublish\":true},\"pluginOptions\":{\"i18n\":{\"localized\":true}},\"attributes\":{\"title\":{\"type\":\"string\",\"pluginOptions\":{\"i18n\":{\"localized\":true}}},\"seo\":{\"type\":\"component\",\"pluginOptions\":{\"i18n\":{\"localized\":true}},\"component\":\"common.seo\",\"repeatable\":false},\"createdAt\":{\"type\":\"datetime\"},\"updatedAt\":{\"type\":\"datetime\"},\"publishedAt\":{\"type\":\"datetime\",\"configurable\":false,\"writable\":true,\"visible\":false},\"createdBy\":{\"type\":\"relation\",\"relation\":\"oneToOne\",\"target\":\"admin::user\",\"configurable\":false,\"writable\":false,\"visible\":false,\"useJoinTable\":false,\"private\":true},\"updatedBy\":{\"type\":\"relation\",\"relation\":\"oneToOne\",\"target\":\"admin::user\",\"configurable\":false,\"writable\":false,\"visible\":false,\"useJoinTable\":false,\"private\":true},\"locale\":{\"writable\":true,\"private\":false,\"configurable\":false,\"visible\":false,\"type\":\"string\"},\"localizations\":{\"type\":\"relation\",\"relation\":\"oneToMany\",\"target\":\"api::news-landing.news-landing\",\"writable\":false,\"private\":false,\"configurable\":false,\"visible\":false,\"unstable_virtual\":true,\"joinColumn\":{\"name\":\"document_id\",\"referencedColumn\":\"document_id\",\"referencedTable\":\"news_landings\"}}},\"apiName\":\"news-landing\",\"globalId\":\"NewsLanding\",\"uid\":\"api::news-landing.news-landing\",\"modelType\":\"contentType\",\"__schema__\":{\"collectionName\":\"news_landings\",\"info\":{\"singularName\":\"news-landing\",\"pluralName\":\"news-landings\",\"displayName\":\"newsLanding\"},\"options\":{\"draftAndPublish\":true},\"pluginOptions\":{\"i18n\":{\"localized\":true}},\"attributes\":{\"title\":{\"type\":\"string\",\"pluginOptions\":{\"i18n\":{\"localized\":true}}},\"seo\":{\"type\":\"component\",\"pluginOptions\":{\"i18n\":{\"localized\":true}},\"component\":\"common.seo\",\"repeatable\":false}},\"kind\":\"singleType\"},\"modelName\":\"news-landing\",\"actions\":{},\"lifecycles\":{}},\"api::offer.offer\":{\"kind\":\"collectionType\",\"collectionName\":\"offers\",\"info\":{\"singularName\":\"offer\",\"pluralName\":\"offers\",\"displayName\":\"offer\"},\"options\":{\"draftAndPublish\":true},\"pluginOptions\":{\"i18n\":{\"localized\":true}},\"attributes\":{\"title\":{\"type\":\"string\",\"pluginOptions\":{\"i18n\":{\"localized\":true}}},\"slug\":{\"type\":\"uid\",\"pluginOptions\":{\"i18n\":{\"localized\":true}},\"targetField\":\"title\"},\"service_types\":{\"type\":\"relation\",\"relation\":\"oneToMany\",\"target\":\"api::service-category.service-category\"},\"banner\":{\"type\":\"component\",\"pluginOptions\":{\"i18n\":{\"localized\":true}},\"component\":\"common.banner\",\"repeatable\":true},\"offerContent\":{\"type\":\"dynamiczone\",\"pluginOptions\":{\"i18n\":{\"localized\":true}},\"components\":[\"common.title-with-desc\",\"common.content-block-variant\"]},\"seo\":{\"type\":\"component\",\"pluginOptions\":{\"i18n\":{\"localized\":true}},\"component\":\"common.seo\",\"repeatable\":false},\"createdAt\":{\"type\":\"datetime\"},\"updatedAt\":{\"type\":\"datetime\"},\"publishedAt\":{\"type\":\"datetime\",\"configurable\":false,\"writable\":true,\"visible\":false},\"createdBy\":{\"type\":\"relation\",\"relation\":\"oneToOne\",\"target\":\"admin::user\",\"configurable\":false,\"writable\":false,\"visible\":false,\"useJoinTable\":false,\"private\":true},\"updatedBy\":{\"type\":\"relation\",\"relation\":\"oneToOne\",\"target\":\"admin::user\",\"configurable\":false,\"writable\":false,\"visible\":false,\"useJoinTable\":false,\"private\":true},\"locale\":{\"writable\":true,\"private\":false,\"configurable\":false,\"visible\":false,\"type\":\"string\"},\"localizations\":{\"type\":\"relation\",\"relation\":\"oneToMany\",\"target\":\"api::offer.offer\",\"writable\":false,\"private\":false,\"configurable\":false,\"visible\":false,\"unstable_virtual\":true,\"joinColumn\":{\"name\":\"document_id\",\"referencedColumn\":\"document_id\",\"referencedTable\":\"offers\"}}},\"apiName\":\"offer\",\"globalId\":\"Offer\",\"uid\":\"api::offer.offer\",\"modelType\":\"contentType\",\"__schema__\":{\"collectionName\":\"offers\",\"info\":{\"singularName\":\"offer\",\"pluralName\":\"offers\",\"displayName\":\"offer\"},\"options\":{\"draftAndPublish\":true},\"pluginOptions\":{\"i18n\":{\"localized\":true}},\"attributes\":{\"title\":{\"type\":\"string\",\"pluginOptions\":{\"i18n\":{\"localized\":true}}},\"slug\":{\"type\":\"uid\",\"pluginOptions\":{\"i18n\":{\"localized\":true}},\"targetField\":\"title\"},\"service_types\":{\"type\":\"relation\",\"relation\":\"oneToMany\",\"target\":\"api::service-category.service-category\"},\"banner\":{\"type\":\"component\",\"pluginOptions\":{\"i18n\":{\"localized\":true}},\"component\":\"common.banner\",\"repeatable\":true},\"offerContent\":{\"type\":\"dynamiczone\",\"pluginOptions\":{\"i18n\":{\"localized\":true}},\"components\":[\"common.title-with-desc\",\"common.content-block-variant\"]},\"seo\":{\"type\":\"component\",\"pluginOptions\":{\"i18n\":{\"localized\":true}},\"component\":\"common.seo\",\"repeatable\":false}},\"kind\":\"collectionType\"},\"modelName\":\"offer\",\"actions\":{},\"lifecycles\":{}},\"api::power-category.power-category\":{\"kind\":\"collectionType\",\"collectionName\":\"power_categories\",\"info\":{\"singularName\":\"power-category\",\"pluralName\":\"power-categories\",\"displayName\":\"powerCategory\"},\"options\":{\"draftAndPublish\":true},\"pluginOptions\":{\"i18n\":{\"localized\":true}},\"attributes\":{\"title\":{\"type\":\"string\",\"pluginOptions\":{\"i18n\":{\"localized\":true}}},\"image\":{\"type\":\"media\",\"pluginOptions\":{\"i18n\":{\"localized\":true}},\"multiple\":false,\"allowedTypes\":[\"images\"]},\"slug\":{\"type\":\"uid\",\"pluginOptions\":{\"i18n\":{\"localized\":true}},\"regex\":\"^[A-Za-z0-9\\\\-._~\\\\/\\\\?\\\\=&]+$\"},\"displayOrder\":{\"type\":\"integer\",\"pluginOptions\":{\"i18n\":{\"localized\":true}},\"unique\":true},\"createdAt\":{\"type\":\"datetime\"},\"updatedAt\":{\"type\":\"datetime\"},\"publishedAt\":{\"type\":\"datetime\",\"configurable\":false,\"writable\":true,\"visible\":false},\"createdBy\":{\"type\":\"relation\",\"relation\":\"oneToOne\",\"target\":\"admin::user\",\"configurable\":false,\"writable\":false,\"visible\":false,\"useJoinTable\":false,\"private\":true},\"updatedBy\":{\"type\":\"relation\",\"relation\":\"oneToOne\",\"target\":\"admin::user\",\"configurable\":false,\"writable\":false,\"visible\":false,\"useJoinTable\":false,\"private\":true},\"locale\":{\"writable\":true,\"private\":false,\"configurable\":false,\"visible\":false,\"type\":\"string\"},\"localizations\":{\"type\":\"relation\",\"relation\":\"oneToMany\",\"target\":\"api::power-category.power-category\",\"writable\":false,\"private\":false,\"configurable\":false,\"visible\":false,\"unstable_virtual\":true,\"joinColumn\":{\"name\":\"document_id\",\"referencedColumn\":\"document_id\",\"referencedTable\":\"power_categories\"}}},\"apiName\":\"power-category\",\"globalId\":\"PowerCategory\",\"uid\":\"api::power-category.power-category\",\"modelType\":\"contentType\",\"__schema__\":{\"collectionName\":\"power_categories\",\"info\":{\"singularName\":\"power-category\",\"pluralName\":\"power-categories\",\"displayName\":\"powerCategory\"},\"options\":{\"draftAndPublish\":true},\"pluginOptions\":{\"i18n\":{\"localized\":true}},\"attributes\":{\"title\":{\"type\":\"string\",\"pluginOptions\":{\"i18n\":{\"localized\":true}}},\"image\":{\"type\":\"media\",\"pluginOptions\":{\"i18n\":{\"localized\":true}},\"multiple\":false,\"allowedTypes\":[\"images\"]},\"slug\":{\"type\":\"uid\",\"pluginOptions\":{\"i18n\":{\"localized\":true}},\"regex\":\"^[A-Za-z0-9\\\\-._~\\\\/\\\\?\\\\=&]+$\"},\"displayOrder\":{\"type\":\"integer\",\"pluginOptions\":{\"i18n\":{\"localized\":true}},\"unique\":true}},\"kind\":\"collectionType\"},\"modelName\":\"power-category\",\"actions\":{},\"lifecycles\":{}},\"api::power-tool-landing.power-tool-landing\":{\"kind\":\"singleType\",\"collectionName\":\"power_tool_landings\",\"info\":{\"singularName\":\"power-tool-landing\",\"pluralName\":\"power-tool-landings\",\"displayName\":\"powerToolLanding\"},\"options\":{\"draftAndPublish\":true},\"pluginOptions\":{\"i18n\":{\"localized\":true}},\"attributes\":{\"title\":{\"type\":\"string\",\"pluginOptions\":{\"i18n\":{\"localized\":true}}},\"banner\":{\"type\":\"component\",\"pluginOptions\":{\"i18n\":{\"localized\":true}},\"component\":\"common.banner\",\"repeatable\":true},\"mainTitle\":{\"type\":\"richtext\",\"pluginOptions\":{\"i18n\":{\"localized\":true}},\"customField\":\"plugin::ckeditor5.CKEditor\",\"options\":{\"preset\":\"default\"}},\"mainDescription\":{\"type\":\"richtext\",\"pluginOptions\":{\"i18n\":{\"localized\":true}},\"customField\":\"plugin::ckeditor5.CKEditor\",\"options\":{\"preset\":\"default\"}},\"seo\":{\"type\":\"component\",\"pluginOptions\":{\"i18n\":{\"localized\":true}},\"component\":\"common.seo\",\"repeatable\":false},\"locationTypes\":{\"type\":\"relation\",\"relation\":\"oneToMany\",\"target\":\"api::branch-location.branch-location\"},\"socialFeeds\":{\"type\":\"component\",\"pluginOptions\":{\"i18n\":{\"localized\":true}},\"component\":\"home.content-section\",\"repeatable\":false},\"createdAt\":{\"type\":\"datetime\"},\"updatedAt\":{\"type\":\"datetime\"},\"publishedAt\":{\"type\":\"datetime\",\"configurable\":false,\"writable\":true,\"visible\":false},\"createdBy\":{\"type\":\"relation\",\"relation\":\"oneToOne\",\"target\":\"admin::user\",\"configurable\":false,\"writable\":false,\"visible\":false,\"useJoinTable\":false,\"private\":true},\"updatedBy\":{\"type\":\"relation\",\"relation\":\"oneToOne\",\"target\":\"admin::user\",\"configurable\":false,\"writable\":false,\"visible\":false,\"useJoinTable\":false,\"private\":true},\"locale\":{\"writable\":true,\"private\":false,\"configurable\":false,\"visible\":false,\"type\":\"string\"},\"localizations\":{\"type\":\"relation\",\"relation\":\"oneToMany\",\"target\":\"api::power-tool-landing.power-tool-landing\",\"writable\":false,\"private\":false,\"configurable\":false,\"visible\":false,\"unstable_virtual\":true,\"joinColumn\":{\"name\":\"document_id\",\"referencedColumn\":\"document_id\",\"referencedTable\":\"power_tool_landings\"}}},\"apiName\":\"power-tool-landing\",\"globalId\":\"PowerToolLanding\",\"uid\":\"api::power-tool-landing.power-tool-landing\",\"modelType\":\"contentType\",\"__schema__\":{\"collectionName\":\"power_tool_landings\",\"info\":{\"singularName\":\"power-tool-landing\",\"pluralName\":\"power-tool-landings\",\"displayName\":\"powerToolLanding\"},\"options\":{\"draftAndPublish\":true},\"pluginOptions\":{\"i18n\":{\"localized\":true}},\"attributes\":{\"title\":{\"type\":\"string\",\"pluginOptions\":{\"i18n\":{\"localized\":true}}},\"banner\":{\"type\":\"component\",\"pluginOptions\":{\"i18n\":{\"localized\":true}},\"component\":\"common.banner\",\"repeatable\":true},\"mainTitle\":{\"type\":\"customField\",\"pluginOptions\":{\"i18n\":{\"localized\":true}},\"customField\":\"plugin::ckeditor5.CKEditor\",\"options\":{\"preset\":\"default\"}},\"mainDescription\":{\"type\":\"customField\",\"pluginOptions\":{\"i18n\":{\"localized\":true}},\"customField\":\"plugin::ckeditor5.CKEditor\",\"options\":{\"preset\":\"default\"}},\"seo\":{\"type\":\"component\",\"pluginOptions\":{\"i18n\":{\"localized\":true}},\"component\":\"common.seo\",\"repeatable\":false},\"locationTypes\":{\"type\":\"relation\",\"relation\":\"oneToMany\",\"target\":\"api::branch-location.branch-location\"},\"socialFeeds\":{\"type\":\"component\",\"pluginOptions\":{\"i18n\":{\"localized\":true}},\"component\":\"home.content-section\",\"repeatable\":false}},\"kind\":\"singleType\"},\"modelName\":\"power-tool-landing\",\"actions\":{},\"lifecycles\":{}},\"api::power-top-category.power-top-category\":{\"kind\":\"collectionType\",\"collectionName\":\"power_top_categories\",\"info\":{\"singularName\":\"power-top-category\",\"pluralName\":\"power-top-categories\",\"displayName\":\"powerTopCategory\"},\"options\":{\"draftAndPublish\":true},\"pluginOptions\":{\"i18n\":{\"localized\":true}},\"attributes\":{\"title\":{\"type\":\"string\",\"pluginOptions\":{\"i18n\":{\"localized\":true}}},\"image\":{\"type\":\"media\",\"pluginOptions\":{\"i18n\":{\"localized\":true}},\"multiple\":false,\"allowedTypes\":[\"images\"]},\"slug\":{\"type\":\"uid\",\"pluginOptions\":{\"i18n\":{\"localized\":true}},\"regex\":\"^[A-Za-z0-9\\\\-._~\\\\/\\\\?\\\\=&]+$\"},\"displayOrder\":{\"type\":\"integer\",\"pluginOptions\":{\"i18n\":{\"localized\":true}},\"unique\":true},\"createdAt\":{\"type\":\"datetime\"},\"updatedAt\":{\"type\":\"datetime\"},\"publishedAt\":{\"type\":\"datetime\",\"configurable\":false,\"writable\":true,\"visible\":false},\"createdBy\":{\"type\":\"relation\",\"relation\":\"oneToOne\",\"target\":\"admin::user\",\"configurable\":false,\"writable\":false,\"visible\":false,\"useJoinTable\":false,\"private\":true},\"updatedBy\":{\"type\":\"relation\",\"relation\":\"oneToOne\",\"target\":\"admin::user\",\"configurable\":false,\"writable\":false,\"visible\":false,\"useJoinTable\":false,\"private\":true},\"locale\":{\"writable\":true,\"private\":false,\"configurable\":false,\"visible\":false,\"type\":\"string\"},\"localizations\":{\"type\":\"relation\",\"relation\":\"oneToMany\",\"target\":\"api::power-top-category.power-top-category\",\"writable\":false,\"private\":false,\"configurable\":false,\"visible\":false,\"unstable_virtual\":true,\"joinColumn\":{\"name\":\"document_id\",\"referencedColumn\":\"document_id\",\"referencedTable\":\"power_top_categories\"}}},\"apiName\":\"power-top-category\",\"globalId\":\"PowerTopCategory\",\"uid\":\"api::power-top-category.power-top-category\",\"modelType\":\"contentType\",\"__schema__\":{\"collectionName\":\"power_top_categories\",\"info\":{\"singularName\":\"power-top-category\",\"pluralName\":\"power-top-categories\",\"displayName\":\"powerTopCategory\"},\"options\":{\"draftAndPublish\":true},\"pluginOptions\":{\"i18n\":{\"localized\":true}},\"attributes\":{\"title\":{\"type\":\"string\",\"pluginOptions\":{\"i18n\":{\"localized\":true}}},\"image\":{\"type\":\"media\",\"pluginOptions\":{\"i18n\":{\"localized\":true}},\"multiple\":false,\"allowedTypes\":[\"images\"]},\"slug\":{\"type\":\"uid\",\"pluginOptions\":{\"i18n\":{\"localized\":true}},\"regex\":\"^[A-Za-z0-9\\\\-._~\\\\/\\\\?\\\\=&]+$\"},\"displayOrder\":{\"type\":\"integer\",\"pluginOptions\":{\"i18n\":{\"localized\":true}},\"unique\":true}},\"kind\":\"collectionType\"},\"modelName\":\"power-top-category\",\"actions\":{},\"lifecycles\":{}},\"api::privacy-policy.privacy-policy\":{\"kind\":\"singleType\",\"collectionName\":\"privacy_policies\",\"info\":{\"singularName\":\"privacy-policy\",\"pluralName\":\"privacy-policies\",\"displayName\":\"privacyPolicy\"},\"options\":{\"draftAndPublish\":true},\"pluginOptions\":{\"i18n\":{\"localized\":true}},\"attributes\":{\"title\":{\"type\":\"string\",\"pluginOptions\":{\"i18n\":{\"localized\":true}}},\"description\":{\"type\":\"richtext\",\"pluginOptions\":{\"i18n\":{\"localized\":true}},\"customField\":\"plugin::ckeditor5.CKEditor\",\"options\":{\"preset\":\"default\"}},\"seo\":{\"type\":\"component\",\"pluginOptions\":{\"i18n\":{\"localized\":true}},\"component\":\"common.seo\",\"repeatable\":false},\"createdAt\":{\"type\":\"datetime\"},\"updatedAt\":{\"type\":\"datetime\"},\"publishedAt\":{\"type\":\"datetime\",\"configurable\":false,\"writable\":true,\"visible\":false},\"createdBy\":{\"type\":\"relation\",\"relation\":\"oneToOne\",\"target\":\"admin::user\",\"configurable\":false,\"writable\":false,\"visible\":false,\"useJoinTable\":false,\"private\":true},\"updatedBy\":{\"type\":\"relation\",\"relation\":\"oneToOne\",\"target\":\"admin::user\",\"configurable\":false,\"writable\":false,\"visible\":false,\"useJoinTable\":false,\"private\":true},\"locale\":{\"writable\":true,\"private\":false,\"configurable\":false,\"visible\":false,\"type\":\"string\"},\"localizations\":{\"type\":\"relation\",\"relation\":\"oneToMany\",\"target\":\"api::privacy-policy.privacy-policy\",\"writable\":false,\"private\":false,\"configurable\":false,\"visible\":false,\"unstable_virtual\":true,\"joinColumn\":{\"name\":\"document_id\",\"referencedColumn\":\"document_id\",\"referencedTable\":\"privacy_policies\"}}},\"apiName\":\"privacy-policy\",\"globalId\":\"PrivacyPolicy\",\"uid\":\"api::privacy-policy.privacy-policy\",\"modelType\":\"contentType\",\"__schema__\":{\"collectionName\":\"privacy_policies\",\"info\":{\"singularName\":\"privacy-policy\",\"pluralName\":\"privacy-policies\",\"displayName\":\"privacyPolicy\"},\"options\":{\"draftAndPublish\":true},\"pluginOptions\":{\"i18n\":{\"localized\":true}},\"attributes\":{\"title\":{\"type\":\"string\",\"pluginOptions\":{\"i18n\":{\"localized\":true}}},\"description\":{\"type\":\"customField\",\"pluginOptions\":{\"i18n\":{\"localized\":true}},\"customField\":\"plugin::ckeditor5.CKEditor\",\"options\":{\"preset\":\"default\"}},\"seo\":{\"type\":\"component\",\"pluginOptions\":{\"i18n\":{\"localized\":true}},\"component\":\"common.seo\",\"repeatable\":false}},\"kind\":\"singleType\"},\"modelName\":\"privacy-policy\",\"actions\":{},\"lifecycles\":{}},\"api::product-category.product-category\":{\"kind\":\"collectionType\",\"collectionName\":\"product_categories\",\"info\":{\"singularName\":\"product-category\",\"pluralName\":\"product-categories\",\"displayName\":\"productCategory\"},\"options\":{\"draftAndPublish\":true},\"pluginOptions\":{\"i18n\":{\"localized\":true}},\"attributes\":{\"title\":{\"type\":\"string\",\"pluginOptions\":{\"i18n\":{\"localized\":true}}},\"image\":{\"type\":\"media\",\"pluginOptions\":{\"i18n\":{\"localized\":true}},\"multiple\":false,\"allowedTypes\":[\"images\"]},\"slug\":{\"type\":\"uid\",\"pluginOptions\":{\"i18n\":{\"localized\":true}},\"regex\":\"^[A-Za-z0-9\\\\-._~\\\\/\\\\?\\\\=&]+$\"},\"displayOrder\":{\"type\":\"integer\",\"pluginOptions\":{\"i18n\":{\"localized\":true}},\"unique\":true},\"createdAt\":{\"type\":\"datetime\"},\"updatedAt\":{\"type\":\"datetime\"},\"publishedAt\":{\"type\":\"datetime\",\"configurable\":false,\"writable\":true,\"visible\":false},\"createdBy\":{\"type\":\"relation\",\"relation\":\"oneToOne\",\"target\":\"admin::user\",\"configurable\":false,\"writable\":false,\"visible\":false,\"useJoinTable\":false,\"private\":true},\"updatedBy\":{\"type\":\"relation\",\"relation\":\"oneToOne\",\"target\":\"admin::user\",\"configurable\":false,\"writable\":false,\"visible\":false,\"useJoinTable\":false,\"private\":true},\"locale\":{\"writable\":true,\"private\":false,\"configurable\":false,\"visible\":false,\"type\":\"string\"},\"localizations\":{\"type\":\"relation\",\"relation\":\"oneToMany\",\"target\":\"api::product-category.product-category\",\"writable\":false,\"private\":false,\"configurable\":false,\"visible\":false,\"unstable_virtual\":true,\"joinColumn\":{\"name\":\"document_id\",\"referencedColumn\":\"document_id\",\"referencedTable\":\"product_categories\"}}},\"apiName\":\"product-category\",\"globalId\":\"ProductCategory\",\"uid\":\"api::product-category.product-category\",\"modelType\":\"contentType\",\"__schema__\":{\"collectionName\":\"product_categories\",\"info\":{\"singularName\":\"product-category\",\"pluralName\":\"product-categories\",\"displayName\":\"productCategory\"},\"options\":{\"draftAndPublish\":true},\"pluginOptions\":{\"i18n\":{\"localized\":true}},\"attributes\":{\"title\":{\"type\":\"string\",\"pluginOptions\":{\"i18n\":{\"localized\":true}}},\"image\":{\"type\":\"media\",\"pluginOptions\":{\"i18n\":{\"localized\":true}},\"multiple\":false,\"allowedTypes\":[\"images\"]},\"slug\":{\"type\":\"uid\",\"pluginOptions\":{\"i18n\":{\"localized\":true}},\"regex\":\"^[A-Za-z0-9\\\\-._~\\\\/\\\\?\\\\=&]+$\"},\"displayOrder\":{\"type\":\"integer\",\"pluginOptions\":{\"i18n\":{\"localized\":true}},\"unique\":true}},\"kind\":\"collectionType\"},\"modelName\":\"product-category\",\"actions\":{},\"lifecycles\":{}},\"api::service.service\":{\"kind\":\"collectionType\",\"collectionName\":\"services\",\"info\":{\"singularName\":\"service\",\"pluralName\":\"services\",\"displayName\":\"services\"},\"options\":{\"draftAndPublish\":true},\"pluginOptions\":{\"i18n\":{\"localized\":true}},\"attributes\":{\"title\":{\"type\":\"string\",\"pluginOptions\":{\"i18n\":{\"localized\":true}}},\"slug\":{\"type\":\"uid\",\"pluginOptions\":{\"i18n\":{\"localized\":true}},\"targetField\":\"title\"},\"serviceType\":{\"type\":\"relation\",\"relation\":\"oneToOne\",\"target\":\"api::service-category.service-category\"},\"banner\":{\"type\":\"component\",\"pluginOptions\":{\"i18n\":{\"localized\":true}},\"component\":\"common.banner\",\"repeatable\":true},\"listDesc\":{\"type\":\"text\",\"pluginOptions\":{\"i18n\":{\"localized\":true}}},\"listImage\":{\"type\":\"media\",\"pluginOptions\":{\"i18n\":{\"localized\":true}},\"multiple\":false,\"allowedTypes\":[\"images\",\"files\",\"videos\",\"audios\"]},\"locationTypes\":{\"type\":\"relation\",\"relation\":\"oneToMany\",\"target\":\"api::branch-location.branch-location\"},\"breadCrumb\":{\"type\":\"component\",\"pluginOptions\":{\"i18n\":{\"localized\":true}},\"component\":\"common.link-item\",\"repeatable\":true},\"serviceContent\":{\"type\":\"dynamiczone\",\"pluginOptions\":{\"i18n\":{\"localized\":true}},\"components\":[\"common.title-with-desc\",\"common.content-block\",\"common.faq\",\"common.content-block-variant\",\"common.slider\"]},\"seo\":{\"type\":\"component\",\"pluginOptions\":{\"i18n\":{\"localized\":true}},\"component\":\"common.seo\",\"repeatable\":false},\"showBookServiceForm\":{\"type\":\"boolean\",\"pluginOptions\":{\"i18n\":{\"localized\":true}},\"default\":false},\"showMobileServiceForm\":{\"type\":\"boolean\",\"pluginOptions\":{\"i18n\":{\"localized\":true}},\"default\":false},\"bookService\":{\"type\":\"component\",\"pluginOptions\":{\"i18n\":{\"localized\":true}},\"component\":\"common.title-desc\",\"repeatable\":false},\"mobileService\":{\"type\":\"component\",\"pluginOptions\":{\"i18n\":{\"localized\":true}},\"component\":\"common.title-desc\",\"repeatable\":false},\"headerServiceSortOrder\":{\"type\":\"integer\",\"pluginOptions\":{\"i18n\":{\"localized\":true}}},\"hideFromCategoryDropdown\":{\"type\":\"boolean\",\"pluginOptions\":{\"i18n\":{\"localized\":true}},\"default\":false},\"branches\":{\"type\":\"relation\",\"relation\":\"oneToMany\",\"target\":\"api::branch.branch\"},\"createdAt\":{\"type\":\"datetime\"},\"updatedAt\":{\"type\":\"datetime\"},\"publishedAt\":{\"type\":\"datetime\",\"configurable\":false,\"writable\":true,\"visible\":false},\"createdBy\":{\"type\":\"relation\",\"relation\":\"oneToOne\",\"target\":\"admin::user\",\"configurable\":false,\"writable\":false,\"visible\":false,\"useJoinTable\":false,\"private\":true},\"updatedBy\":{\"type\":\"relation\",\"relation\":\"oneToOne\",\"target\":\"admin::user\",\"configurable\":false,\"writable\":false,\"visible\":false,\"useJoinTable\":false,\"private\":true},\"locale\":{\"writable\":true,\"private\":false,\"configurable\":false,\"visible\":false,\"type\":\"string\"},\"localizations\":{\"type\":\"relation\",\"relation\":\"oneToMany\",\"target\":\"api::service.service\",\"writable\":false,\"private\":false,\"configurable\":false,\"visible\":false,\"unstable_virtual\":true,\"joinColumn\":{\"name\":\"document_id\",\"referencedColumn\":\"document_id\",\"referencedTable\":\"services\"}}},\"apiName\":\"service\",\"globalId\":\"Service\",\"uid\":\"api::service.service\",\"modelType\":\"contentType\",\"__schema__\":{\"collectionName\":\"services\",\"info\":{\"singularName\":\"service\",\"pluralName\":\"services\",\"displayName\":\"services\"},\"options\":{\"draftAndPublish\":true},\"pluginOptions\":{\"i18n\":{\"localized\":true}},\"attributes\":{\"title\":{\"type\":\"string\",\"pluginOptions\":{\"i18n\":{\"localized\":true}}},\"slug\":{\"type\":\"uid\",\"pluginOptions\":{\"i18n\":{\"localized\":true}},\"targetField\":\"title\"},\"serviceType\":{\"type\":\"relation\",\"relation\":\"oneToOne\",\"target\":\"api::service-category.service-category\"},\"banner\":{\"type\":\"component\",\"pluginOptions\":{\"i18n\":{\"localized\":true}},\"component\":\"common.banner\",\"repeatable\":true},\"listDesc\":{\"type\":\"text\",\"pluginOptions\":{\"i18n\":{\"localized\":true}}},\"listImage\":{\"type\":\"media\",\"pluginOptions\":{\"i18n\":{\"localized\":true}},\"multiple\":false,\"allowedTypes\":[\"images\",\"files\",\"videos\",\"audios\"]},\"locationTypes\":{\"type\":\"relation\",\"relation\":\"oneToMany\",\"target\":\"api::branch-location.branch-location\"},\"breadCrumb\":{\"type\":\"component\",\"pluginOptions\":{\"i18n\":{\"localized\":true}},\"component\":\"common.link-item\",\"repeatable\":true},\"serviceContent\":{\"type\":\"dynamiczone\",\"pluginOptions\":{\"i18n\":{\"localized\":true}},\"components\":[\"common.title-with-desc\",\"common.content-block\",\"common.faq\",\"common.content-block-variant\",\"common.slider\"]},\"seo\":{\"type\":\"component\",\"pluginOptions\":{\"i18n\":{\"localized\":true}},\"component\":\"common.seo\",\"repeatable\":false},\"showBookServiceForm\":{\"type\":\"boolean\",\"pluginOptions\":{\"i18n\":{\"localized\":true}},\"default\":false},\"showMobileServiceForm\":{\"type\":\"boolean\",\"pluginOptions\":{\"i18n\":{\"localized\":true}},\"default\":false},\"bookService\":{\"type\":\"component\",\"pluginOptions\":{\"i18n\":{\"localized\":true}},\"component\":\"common.title-desc\",\"repeatable\":false},\"mobileService\":{\"type\":\"component\",\"pluginOptions\":{\"i18n\":{\"localized\":true}},\"component\":\"common.title-desc\",\"repeatable\":false},\"headerServiceSortOrder\":{\"type\":\"integer\",\"pluginOptions\":{\"i18n\":{\"localized\":true}}},\"hideFromCategoryDropdown\":{\"type\":\"boolean\",\"pluginOptions\":{\"i18n\":{\"localized\":true}},\"default\":false},\"branches\":{\"type\":\"relation\",\"relation\":\"oneToMany\",\"target\":\"api::branch.branch\"}},\"kind\":\"collectionType\"},\"modelName\":\"service\",\"actions\":{},\"lifecycles\":{}},\"api::service-category.service-category\":{\"kind\":\"collectionType\",\"collectionName\":\"service_categories\",\"info\":{\"singularName\":\"service-category\",\"pluralName\":\"service-categories\",\"displayName\":\"serviceType\"},\"options\":{\"draftAndPublish\":true},\"pluginOptions\":{\"i18n\":{\"localized\":true}},\"attributes\":{\"title\":{\"type\":\"string\",\"pluginOptions\":{\"i18n\":{\"localized\":true}}},\"slug\":{\"type\":\"uid\",\"pluginOptions\":{\"i18n\":{\"localized\":true}},\"targetField\":\"title\"},\"description\":{\"type\":\"text\",\"pluginOptions\":{\"i18n\":{\"localized\":true}}},\"image\":{\"type\":\"media\",\"pluginOptions\":{\"i18n\":{\"localized\":true}},\"multiple\":false,\"allowedTypes\":[\"images\",\"files\",\"videos\",\"audios\"]},\"menuImage\":{\"type\":\"media\",\"pluginOptions\":{\"i18n\":{\"localized\":true}},\"multiple\":false,\"allowedTypes\":[\"images\",\"files\",\"videos\",\"audios\"]},\"banner\":{\"type\":\"component\",\"pluginOptions\":{\"i18n\":{\"localized\":true}},\"component\":\"common.banner\",\"repeatable\":true},\"servicesList\":{\"type\":\"component\",\"pluginOptions\":{\"i18n\":{\"localized\":true}},\"component\":\"common.title-with-desc\",\"repeatable\":false},\"seo\":{\"type\":\"component\",\"pluginOptions\":{\"i18n\":{\"localized\":true}},\"component\":\"common.seo\",\"repeatable\":false},\"headerServicesSortOrder\":{\"type\":\"integer\",\"pluginOptions\":{\"i18n\":{\"localized\":true}}},\"createdAt\":{\"type\":\"datetime\"},\"updatedAt\":{\"type\":\"datetime\"},\"publishedAt\":{\"type\":\"datetime\",\"configurable\":false,\"writable\":true,\"visible\":false},\"createdBy\":{\"type\":\"relation\",\"relation\":\"oneToOne\",\"target\":\"admin::user\",\"configurable\":false,\"writable\":false,\"visible\":false,\"useJoinTable\":false,\"private\":true},\"updatedBy\":{\"type\":\"relation\",\"relation\":\"oneToOne\",\"target\":\"admin::user\",\"configurable\":false,\"writable\":false,\"visible\":false,\"useJoinTable\":false,\"private\":true},\"locale\":{\"writable\":true,\"private\":false,\"configurable\":false,\"visible\":false,\"type\":\"string\"},\"localizations\":{\"type\":\"relation\",\"relation\":\"oneToMany\",\"target\":\"api::service-category.service-category\",\"writable\":false,\"private\":false,\"configurable\":false,\"visible\":false,\"unstable_virtual\":true,\"joinColumn\":{\"name\":\"document_id\",\"referencedColumn\":\"document_id\",\"referencedTable\":\"service_categories\"}}},\"apiName\":\"service-category\",\"globalId\":\"ServiceCategory\",\"uid\":\"api::service-category.service-category\",\"modelType\":\"contentType\",\"__schema__\":{\"collectionName\":\"service_categories\",\"info\":{\"singularName\":\"service-category\",\"pluralName\":\"service-categories\",\"displayName\":\"serviceType\"},\"options\":{\"draftAndPublish\":true},\"pluginOptions\":{\"i18n\":{\"localized\":true}},\"attributes\":{\"title\":{\"type\":\"string\",\"pluginOptions\":{\"i18n\":{\"localized\":true}}},\"slug\":{\"type\":\"uid\",\"pluginOptions\":{\"i18n\":{\"localized\":true}},\"targetField\":\"title\"},\"description\":{\"type\":\"text\",\"pluginOptions\":{\"i18n\":{\"localized\":true}}},\"image\":{\"type\":\"media\",\"pluginOptions\":{\"i18n\":{\"localized\":true}},\"multiple\":false,\"allowedTypes\":[\"images\",\"files\",\"videos\",\"audios\"]},\"menuImage\":{\"type\":\"media\",\"pluginOptions\":{\"i18n\":{\"localized\":true}},\"multiple\":false,\"allowedTypes\":[\"images\",\"files\",\"videos\",\"audios\"]},\"banner\":{\"type\":\"component\",\"pluginOptions\":{\"i18n\":{\"localized\":true}},\"component\":\"common.banner\",\"repeatable\":true},\"servicesList\":{\"type\":\"component\",\"pluginOptions\":{\"i18n\":{\"localized\":true}},\"component\":\"common.title-with-desc\",\"repeatable\":false},\"seo\":{\"type\":\"component\",\"pluginOptions\":{\"i18n\":{\"localized\":true}},\"component\":\"common.seo\",\"repeatable\":false},\"headerServicesSortOrder\":{\"type\":\"integer\",\"pluginOptions\":{\"i18n\":{\"localized\":true}}}},\"kind\":\"collectionType\"},\"modelName\":\"service-category\",\"actions\":{},\"lifecycles\":{}},\"api::service-category-type.service-category-type\":{\"kind\":\"collectionType\",\"collectionName\":\"service_category_types\",\"info\":{\"singularName\":\"service-category-type\",\"pluralName\":\"service-category-types\",\"displayName\":\"serviceCategoryType\"},\"options\":{\"draftAndPublish\":true},\"pluginOptions\":{\"i18n\":{\"localized\":true}},\"attributes\":{\"title\":{\"type\":\"string\",\"pluginOptions\":{\"i18n\":{\"localized\":true}}},\"image\":{\"type\":\"media\",\"pluginOptions\":{\"i18n\":{\"localized\":true}},\"multiple\":false,\"allowedTypes\":[\"images\"]},\"slug\":{\"type\":\"uid\",\"pluginOptions\":{\"i18n\":{\"localized\":true}},\"regex\":\"^[A-Za-z0-9\\\\-._~\\\\/\\\\?\\\\=&]+$\"},\"displayOrder\":{\"type\":\"integer\",\"pluginOptions\":{\"i18n\":{\"localized\":true}},\"unique\":true},\"createdAt\":{\"type\":\"datetime\"},\"updatedAt\":{\"type\":\"datetime\"},\"publishedAt\":{\"type\":\"datetime\",\"configurable\":false,\"writable\":true,\"visible\":false},\"createdBy\":{\"type\":\"relation\",\"relation\":\"oneToOne\",\"target\":\"admin::user\",\"configurable\":false,\"writable\":false,\"visible\":false,\"useJoinTable\":false,\"private\":true},\"updatedBy\":{\"type\":\"relation\",\"relation\":\"oneToOne\",\"target\":\"admin::user\",\"configurable\":false,\"writable\":false,\"visible\":false,\"useJoinTable\":false,\"private\":true},\"locale\":{\"writable\":true,\"private\":false,\"configurable\":false,\"visible\":false,\"type\":\"string\"},\"localizations\":{\"type\":\"relation\",\"relation\":\"oneToMany\",\"target\":\"api::service-category-type.service-category-type\",\"writable\":false,\"private\":false,\"configurable\":false,\"visible\":false,\"unstable_virtual\":true,\"joinColumn\":{\"name\":\"document_id\",\"referencedColumn\":\"document_id\",\"referencedTable\":\"service_category_types\"}}},\"apiName\":\"service-category-type\",\"globalId\":\"ServiceCategoryType\",\"uid\":\"api::service-category-type.service-category-type\",\"modelType\":\"contentType\",\"__schema__\":{\"collectionName\":\"service_category_types\",\"info\":{\"singularName\":\"service-category-type\",\"pluralName\":\"service-category-types\",\"displayName\":\"serviceCategoryType\"},\"options\":{\"draftAndPublish\":true},\"pluginOptions\":{\"i18n\":{\"localized\":true}},\"attributes\":{\"title\":{\"type\":\"string\",\"pluginOptions\":{\"i18n\":{\"localized\":true}}},\"image\":{\"type\":\"media\",\"pluginOptions\":{\"i18n\":{\"localized\":true}},\"multiple\":false,\"allowedTypes\":[\"images\"]},\"slug\":{\"type\":\"uid\",\"pluginOptions\":{\"i18n\":{\"localized\":true}},\"regex\":\"^[A-Za-z0-9\\\\-._~\\\\/\\\\?\\\\=&]+$\"},\"displayOrder\":{\"type\":\"integer\",\"pluginOptions\":{\"i18n\":{\"localized\":true}},\"unique\":true}},\"kind\":\"collectionType\"},\"modelName\":\"service-category-type\",\"actions\":{},\"lifecycles\":{}},\"api::service-landing.service-landing\":{\"kind\":\"singleType\",\"collectionName\":\"service_landings\",\"info\":{\"singularName\":\"service-landing\",\"pluralName\":\"service-landings\",\"displayName\":\"serviceLanding\"},\"options\":{\"draftAndPublish\":true},\"pluginOptions\":{\"i18n\":{\"localized\":true}},\"attributes\":{\"banner\":{\"type\":\"component\",\"pluginOptions\":{\"i18n\":{\"localized\":true}},\"component\":\"common.banner\",\"repeatable\":true},\"serviceHeading\":{\"type\":\"text\",\"pluginOptions\":{\"i18n\":{\"localized\":true}}},\"description\":{\"type\":\"richtext\",\"pluginOptions\":{\"i18n\":{\"localized\":true}},\"customField\":\"plugin::ckeditor5.CKEditor\",\"options\":{\"preset\":\"default\"}},\"seo\":{\"type\":\"component\",\"pluginOptions\":{\"i18n\":{\"localized\":true}},\"component\":\"common.seo\",\"repeatable\":false},\"serviceLocations\":{\"type\":\"component\",\"pluginOptions\":{\"i18n\":{\"localized\":true}},\"component\":\"service-landing.service-locations\",\"repeatable\":true},\"locationTypes\":{\"type\":\"relation\",\"relation\":\"oneToMany\",\"target\":\"api::branch-location.branch-location\"},\"createdAt\":{\"type\":\"datetime\"},\"updatedAt\":{\"type\":\"datetime\"},\"publishedAt\":{\"type\":\"datetime\",\"configurable\":false,\"writable\":true,\"visible\":false},\"createdBy\":{\"type\":\"relation\",\"relation\":\"oneToOne\",\"target\":\"admin::user\",\"configurable\":false,\"writable\":false,\"visible\":false,\"useJoinTable\":false,\"private\":true},\"updatedBy\":{\"type\":\"relation\",\"relation\":\"oneToOne\",\"target\":\"admin::user\",\"configurable\":false,\"writable\":false,\"visible\":false,\"useJoinTable\":false,\"private\":true},\"locale\":{\"writable\":true,\"private\":false,\"configurable\":false,\"visible\":false,\"type\":\"string\"},\"localizations\":{\"type\":\"relation\",\"relation\":\"oneToMany\",\"target\":\"api::service-landing.service-landing\",\"writable\":false,\"private\":false,\"configurable\":false,\"visible\":false,\"unstable_virtual\":true,\"joinColumn\":{\"name\":\"document_id\",\"referencedColumn\":\"document_id\",\"referencedTable\":\"service_landings\"}}},\"apiName\":\"service-landing\",\"globalId\":\"ServiceLanding\",\"uid\":\"api::service-landing.service-landing\",\"modelType\":\"contentType\",\"__schema__\":{\"collectionName\":\"service_landings\",\"info\":{\"singularName\":\"service-landing\",\"pluralName\":\"service-landings\",\"displayName\":\"serviceLanding\"},\"options\":{\"draftAndPublish\":true},\"pluginOptions\":{\"i18n\":{\"localized\":true}},\"attributes\":{\"banner\":{\"type\":\"component\",\"pluginOptions\":{\"i18n\":{\"localized\":true}},\"component\":\"common.banner\",\"repeatable\":true},\"serviceHeading\":{\"type\":\"text\",\"pluginOptions\":{\"i18n\":{\"localized\":true}}},\"description\":{\"type\":\"customField\",\"pluginOptions\":{\"i18n\":{\"localized\":true}},\"customField\":\"plugin::ckeditor5.CKEditor\",\"options\":{\"preset\":\"default\"}},\"seo\":{\"type\":\"component\",\"pluginOptions\":{\"i18n\":{\"localized\":true}},\"component\":\"common.seo\",\"repeatable\":false},\"serviceLocations\":{\"type\":\"component\",\"pluginOptions\":{\"i18n\":{\"localized\":true}},\"component\":\"service-landing.service-locations\",\"repeatable\":true},\"locationTypes\":{\"type\":\"relation\",\"relation\":\"oneToMany\",\"target\":\"api::branch-location.branch-location\"}},\"kind\":\"singleType\"},\"modelName\":\"service-landing\",\"actions\":{},\"lifecycles\":{}},\"api::social.social\":{\"kind\":\"collectionType\",\"collectionName\":\"socials\",\"info\":{\"singularName\":\"social\",\"pluralName\":\"socials\",\"displayName\":\"social\"},\"options\":{\"draftAndPublish\":true},\"pluginOptions\":{\"i18n\":{\"localized\":true}},\"attributes\":{\"title\":{\"type\":\"string\",\"pluginOptions\":{\"i18n\":{\"localized\":true}}},\"image\":{\"type\":\"media\",\"pluginOptions\":{\"i18n\":{\"localized\":true}},\"multiple\":false,\"allowedTypes\":[\"images\"]},\"icon\":{\"type\":\"media\",\"pluginOptions\":{\"i18n\":{\"localized\":true}},\"multiple\":false,\"allowedTypes\":[\"images\"]},\"link\":{\"type\":\"text\",\"pluginOptions\":{\"i18n\":{\"localized\":true}}},\"typeExternal\":{\"type\":\"boolean\",\"pluginOptions\":{\"i18n\":{\"localized\":true}},\"default\":true},\"createdAt\":{\"type\":\"datetime\"},\"updatedAt\":{\"type\":\"datetime\"},\"publishedAt\":{\"type\":\"datetime\",\"configurable\":false,\"writable\":true,\"visible\":false},\"createdBy\":{\"type\":\"relation\",\"relation\":\"oneToOne\",\"target\":\"admin::user\",\"configurable\":false,\"writable\":false,\"visible\":false,\"useJoinTable\":false,\"private\":true},\"updatedBy\":{\"type\":\"relation\",\"relation\":\"oneToOne\",\"target\":\"admin::user\",\"configurable\":false,\"writable\":false,\"visible\":false,\"useJoinTable\":false,\"private\":true},\"locale\":{\"writable\":true,\"private\":false,\"configurable\":false,\"visible\":false,\"type\":\"string\"},\"localizations\":{\"type\":\"relation\",\"relation\":\"oneToMany\",\"target\":\"api::social.social\",\"writable\":false,\"private\":false,\"configurable\":false,\"visible\":false,\"unstable_virtual\":true,\"joinColumn\":{\"name\":\"document_id\",\"referencedColumn\":\"document_id\",\"referencedTable\":\"socials\"}}},\"apiName\":\"social\",\"globalId\":\"Social\",\"uid\":\"api::social.social\",\"modelType\":\"contentType\",\"__schema__\":{\"collectionName\":\"socials\",\"info\":{\"singularName\":\"social\",\"pluralName\":\"socials\",\"displayName\":\"social\"},\"options\":{\"draftAndPublish\":true},\"pluginOptions\":{\"i18n\":{\"localized\":true}},\"attributes\":{\"title\":{\"type\":\"string\",\"pluginOptions\":{\"i18n\":{\"localized\":true}}},\"image\":{\"type\":\"media\",\"pluginOptions\":{\"i18n\":{\"localized\":true}},\"multiple\":false,\"allowedTypes\":[\"images\"]},\"icon\":{\"type\":\"media\",\"pluginOptions\":{\"i18n\":{\"localized\":true}},\"multiple\":false,\"allowedTypes\":[\"images\"]},\"link\":{\"type\":\"text\",\"pluginOptions\":{\"i18n\":{\"localized\":true}}},\"typeExternal\":{\"type\":\"boolean\",\"pluginOptions\":{\"i18n\":{\"localized\":true}},\"default\":true}},\"kind\":\"collectionType\"},\"modelName\":\"social\",\"actions\":{},\"lifecycles\":{}},\"api::terms-condition.terms-condition\":{\"kind\":\"singleType\",\"collectionName\":\"terms_conditions\",\"info\":{\"singularName\":\"terms-condition\",\"pluralName\":\"terms-conditions\",\"displayName\":\"termsCondition\"},\"options\":{\"draftAndPublish\":true},\"pluginOptions\":{\"i18n\":{\"localized\":true}},\"attributes\":{\"title\":{\"type\":\"string\",\"pluginOptions\":{\"i18n\":{\"localized\":true}}},\"description\":{\"type\":\"richtext\",\"pluginOptions\":{\"i18n\":{\"localized\":true}},\"customField\":\"plugin::ckeditor5.CKEditor\",\"options\":{\"preset\":\"default\"}},\"seo\":{\"type\":\"component\",\"pluginOptions\":{\"i18n\":{\"localized\":true}},\"component\":\"common.seo\",\"repeatable\":false},\"createdAt\":{\"type\":\"datetime\"},\"updatedAt\":{\"type\":\"datetime\"},\"publishedAt\":{\"type\":\"datetime\",\"configurable\":false,\"writable\":true,\"visible\":false},\"createdBy\":{\"type\":\"relation\",\"relation\":\"oneToOne\",\"target\":\"admin::user\",\"configurable\":false,\"writable\":false,\"visible\":false,\"useJoinTable\":false,\"private\":true},\"updatedBy\":{\"type\":\"relation\",\"relation\":\"oneToOne\",\"target\":\"admin::user\",\"configurable\":false,\"writable\":false,\"visible\":false,\"useJoinTable\":false,\"private\":true},\"locale\":{\"writable\":true,\"private\":false,\"configurable\":false,\"visible\":false,\"type\":\"string\"},\"localizations\":{\"type\":\"relation\",\"relation\":\"oneToMany\",\"target\":\"api::terms-condition.terms-condition\",\"writable\":false,\"private\":false,\"configurable\":false,\"visible\":false,\"unstable_virtual\":true,\"joinColumn\":{\"name\":\"document_id\",\"referencedColumn\":\"document_id\",\"referencedTable\":\"terms_conditions\"}}},\"apiName\":\"terms-condition\",\"globalId\":\"TermsCondition\",\"uid\":\"api::terms-condition.terms-condition\",\"modelType\":\"contentType\",\"__schema__\":{\"collectionName\":\"terms_conditions\",\"info\":{\"singularName\":\"terms-condition\",\"pluralName\":\"terms-conditions\",\"displayName\":\"termsCondition\"},\"options\":{\"draftAndPublish\":true},\"pluginOptions\":{\"i18n\":{\"localized\":true}},\"attributes\":{\"title\":{\"type\":\"string\",\"pluginOptions\":{\"i18n\":{\"localized\":true}}},\"description\":{\"type\":\"customField\",\"pluginOptions\":{\"i18n\":{\"localized\":true}},\"customField\":\"plugin::ckeditor5.CKEditor\",\"options\":{\"preset\":\"default\"}},\"seo\":{\"type\":\"component\",\"pluginOptions\":{\"i18n\":{\"localized\":true}},\"component\":\"common.seo\",\"repeatable\":false}},\"kind\":\"singleType\"},\"modelName\":\"terms-condition\",\"actions\":{},\"lifecycles\":{}},\"api::type.type\":{\"kind\":\"collectionType\",\"collectionName\":\"types\",\"info\":{\"singularName\":\"type\",\"pluralName\":\"types\",\"displayName\":\"type\"},\"options\":{\"draftAndPublish\":true},\"pluginOptions\":{\"i18n\":{\"localized\":true}},\"attributes\":{\"title\":{\"type\":\"string\",\"pluginOptions\":{\"i18n\":{\"localized\":true}}},\"key\":{\"type\":\"string\",\"pluginOptions\":{\"i18n\":{\"localized\":true}}},\"createdAt\":{\"type\":\"datetime\"},\"updatedAt\":{\"type\":\"datetime\"},\"publishedAt\":{\"type\":\"datetime\",\"configurable\":false,\"writable\":true,\"visible\":false},\"createdBy\":{\"type\":\"relation\",\"relation\":\"oneToOne\",\"target\":\"admin::user\",\"configurable\":false,\"writable\":false,\"visible\":false,\"useJoinTable\":false,\"private\":true},\"updatedBy\":{\"type\":\"relation\",\"relation\":\"oneToOne\",\"target\":\"admin::user\",\"configurable\":false,\"writable\":false,\"visible\":false,\"useJoinTable\":false,\"private\":true},\"locale\":{\"writable\":true,\"private\":false,\"configurable\":false,\"visible\":false,\"type\":\"string\"},\"localizations\":{\"type\":\"relation\",\"relation\":\"oneToMany\",\"target\":\"api::type.type\",\"writable\":false,\"private\":false,\"configurable\":false,\"visible\":false,\"unstable_virtual\":true,\"joinColumn\":{\"name\":\"document_id\",\"referencedColumn\":\"document_id\",\"referencedTable\":\"types\"}}},\"apiName\":\"type\",\"globalId\":\"Type\",\"uid\":\"api::type.type\",\"modelType\":\"contentType\",\"__schema__\":{\"collectionName\":\"types\",\"info\":{\"singularName\":\"type\",\"pluralName\":\"types\",\"displayName\":\"type\"},\"options\":{\"draftAndPublish\":true},\"pluginOptions\":{\"i18n\":{\"localized\":true}},\"attributes\":{\"title\":{\"type\":\"string\",\"pluginOptions\":{\"i18n\":{\"localized\":true}}},\"key\":{\"type\":\"string\",\"pluginOptions\":{\"i18n\":{\"localized\":true}}}},\"kind\":\"collectionType\"},\"modelName\":\"type\",\"actions\":{},\"lifecycles\":{}},\"api::tyre-category.tyre-category\":{\"kind\":\"collectionType\",\"collectionName\":\"tyre_categories\",\"info\":{\"singularName\":\"tyre-category\",\"pluralName\":\"tyre-categories\",\"displayName\":\"tyreCategory\"},\"options\":{\"draftAndPublish\":true},\"pluginOptions\":{\"i18n\":{\"localized\":true}},\"attributes\":{\"title\":{\"type\":\"string\",\"pluginOptions\":{\"i18n\":{\"localized\":true}}},\"image\":{\"type\":\"media\",\"pluginOptions\":{\"i18n\":{\"localized\":true}},\"multiple\":false,\"allowedTypes\":[\"images\"]},\"slug\":{\"type\":\"uid\",\"pluginOptions\":{\"i18n\":{\"localized\":true}},\"regex\":\"^[A-Za-z0-9\\\\-._~\\\\/\\\\?\\\\=&]+$\"},\"displayOrder\":{\"type\":\"integer\",\"pluginOptions\":{\"i18n\":{\"localized\":true}},\"unique\":true},\"createdAt\":{\"type\":\"datetime\"},\"updatedAt\":{\"type\":\"datetime\"},\"publishedAt\":{\"type\":\"datetime\",\"configurable\":false,\"writable\":true,\"visible\":false},\"createdBy\":{\"type\":\"relation\",\"relation\":\"oneToOne\",\"target\":\"admin::user\",\"configurable\":false,\"writable\":false,\"visible\":false,\"useJoinTable\":false,\"private\":true},\"updatedBy\":{\"type\":\"relation\",\"relation\":\"oneToOne\",\"target\":\"admin::user\",\"configurable\":false,\"writable\":false,\"visible\":false,\"useJoinTable\":false,\"private\":true},\"locale\":{\"writable\":true,\"private\":false,\"configurable\":false,\"visible\":false,\"type\":\"string\"},\"localizations\":{\"type\":\"relation\",\"relation\":\"oneToMany\",\"target\":\"api::tyre-category.tyre-category\",\"writable\":false,\"private\":false,\"configurable\":false,\"visible\":false,\"unstable_virtual\":true,\"joinColumn\":{\"name\":\"document_id\",\"referencedColumn\":\"document_id\",\"referencedTable\":\"tyre_categories\"}}},\"apiName\":\"tyre-category\",\"globalId\":\"TyreCategory\",\"uid\":\"api::tyre-category.tyre-category\",\"modelType\":\"contentType\",\"__schema__\":{\"collectionName\":\"tyre_categories\",\"info\":{\"singularName\":\"tyre-category\",\"pluralName\":\"tyre-categories\",\"displayName\":\"tyreCategory\"},\"options\":{\"draftAndPublish\":true},\"pluginOptions\":{\"i18n\":{\"localized\":true}},\"attributes\":{\"title\":{\"type\":\"string\",\"pluginOptions\":{\"i18n\":{\"localized\":true}}},\"image\":{\"type\":\"media\",\"pluginOptions\":{\"i18n\":{\"localized\":true}},\"multiple\":false,\"allowedTypes\":[\"images\"]},\"slug\":{\"type\":\"uid\",\"pluginOptions\":{\"i18n\":{\"localized\":true}},\"regex\":\"^[A-Za-z0-9\\\\-._~\\\\/\\\\?\\\\=&]+$\"},\"displayOrder\":{\"type\":\"integer\",\"pluginOptions\":{\"i18n\":{\"localized\":true}},\"unique\":true}},\"kind\":\"collectionType\"},\"modelName\":\"tyre-category\",\"actions\":{},\"lifecycles\":{}},\"api::tyre-landing.tyre-landing\":{\"kind\":\"singleType\",\"collectionName\":\"tyre_landings\",\"info\":{\"singularName\":\"tyre-landing\",\"pluralName\":\"tyre-landings\",\"displayName\":\"tyreLanding\"},\"options\":{\"draftAndPublish\":true},\"pluginOptions\":{\"i18n\":{\"localized\":true}},\"attributes\":{\"title\":{\"type\":\"string\",\"pluginOptions\":{\"i18n\":{\"localized\":true}}},\"banner\":{\"type\":\"component\",\"pluginOptions\":{\"i18n\":{\"localized\":true}},\"component\":\"common.banner\",\"repeatable\":true},\"bookService\":{\"type\":\"component\",\"pluginOptions\":{\"i18n\":{\"localized\":true}},\"component\":\"common.title-desc\",\"repeatable\":false},\"mobileService\":{\"type\":\"component\",\"pluginOptions\":{\"i18n\":{\"localized\":true}},\"component\":\"common.title-desc\",\"repeatable\":false},\"seo\":{\"type\":\"component\",\"pluginOptions\":{\"i18n\":{\"localized\":true}},\"component\":\"common.seo\",\"repeatable\":false},\"locationTypes\":{\"type\":\"relation\",\"relation\":\"oneToMany\",\"target\":\"api::branch-location.branch-location\"},\"socialFeeds\":{\"type\":\"component\",\"pluginOptions\":{\"i18n\":{\"localized\":true}},\"component\":\"home.content-section\",\"repeatable\":false},\"createdAt\":{\"type\":\"datetime\"},\"updatedAt\":{\"type\":\"datetime\"},\"publishedAt\":{\"type\":\"datetime\",\"configurable\":false,\"writable\":true,\"visible\":false},\"createdBy\":{\"type\":\"relation\",\"relation\":\"oneToOne\",\"target\":\"admin::user\",\"configurable\":false,\"writable\":false,\"visible\":false,\"useJoinTable\":false,\"private\":true},\"updatedBy\":{\"type\":\"relation\",\"relation\":\"oneToOne\",\"target\":\"admin::user\",\"configurable\":false,\"writable\":false,\"visible\":false,\"useJoinTable\":false,\"private\":true},\"locale\":{\"writable\":true,\"private\":false,\"configurable\":false,\"visible\":false,\"type\":\"string\"},\"localizations\":{\"type\":\"relation\",\"relation\":\"oneToMany\",\"target\":\"api::tyre-landing.tyre-landing\",\"writable\":false,\"private\":false,\"configurable\":false,\"visible\":false,\"unstable_virtual\":true,\"joinColumn\":{\"name\":\"document_id\",\"referencedColumn\":\"document_id\",\"referencedTable\":\"tyre_landings\"}}},\"apiName\":\"tyre-landing\",\"globalId\":\"TyreLanding\",\"uid\":\"api::tyre-landing.tyre-landing\",\"modelType\":\"contentType\",\"__schema__\":{\"collectionName\":\"tyre_landings\",\"info\":{\"singularName\":\"tyre-landing\",\"pluralName\":\"tyre-landings\",\"displayName\":\"tyreLanding\"},\"options\":{\"draftAndPublish\":true},\"pluginOptions\":{\"i18n\":{\"localized\":true}},\"attributes\":{\"title\":{\"type\":\"string\",\"pluginOptions\":{\"i18n\":{\"localized\":true}}},\"banner\":{\"type\":\"component\",\"pluginOptions\":{\"i18n\":{\"localized\":true}},\"component\":\"common.banner\",\"repeatable\":true},\"bookService\":{\"type\":\"component\",\"pluginOptions\":{\"i18n\":{\"localized\":true}},\"component\":\"common.title-desc\",\"repeatable\":false},\"mobileService\":{\"type\":\"component\",\"pluginOptions\":{\"i18n\":{\"localized\":true}},\"component\":\"common.title-desc\",\"repeatable\":false},\"seo\":{\"type\":\"component\",\"pluginOptions\":{\"i18n\":{\"localized\":true}},\"component\":\"common.seo\",\"repeatable\":false},\"locationTypes\":{\"type\":\"relation\",\"relation\":\"oneToMany\",\"target\":\"api::branch-location.branch-location\"},\"socialFeeds\":{\"type\":\"component\",\"pluginOptions\":{\"i18n\":{\"localized\":true}},\"component\":\"home.content-section\",\"repeatable\":false}},\"kind\":\"singleType\"},\"modelName\":\"tyre-landing\",\"actions\":{},\"lifecycles\":{}},\"api::tyre-service.tyre-service\":{\"kind\":\"collectionType\",\"collectionName\":\"tyre_services\",\"info\":{\"singularName\":\"tyre-service\",\"pluralName\":\"tyre-services\",\"displayName\":\"tyreService\"},\"options\":{\"draftAndPublish\":true},\"pluginOptions\":{\"i18n\":{\"localized\":true}},\"attributes\":{\"title\":{\"type\":\"string\",\"pluginOptions\":{\"i18n\":{\"localized\":true}}},\"image\":{\"type\":\"media\",\"pluginOptions\":{\"i18n\":{\"localized\":true}},\"multiple\":false,\"allowedTypes\":[\"images\"]},\"slug\":{\"type\":\"uid\",\"pluginOptions\":{\"i18n\":{\"localized\":true}},\"regex\":\"^[A-Za-z0-9\\\\-._~\\\\/\\\\?\\\\=&]+$\"},\"displayOrder\":{\"type\":\"integer\",\"pluginOptions\":{\"i18n\":{\"localized\":true}},\"unique\":true},\"createdAt\":{\"type\":\"datetime\"},\"updatedAt\":{\"type\":\"datetime\"},\"publishedAt\":{\"type\":\"datetime\",\"configurable\":false,\"writable\":true,\"visible\":false},\"createdBy\":{\"type\":\"relation\",\"relation\":\"oneToOne\",\"target\":\"admin::user\",\"configurable\":false,\"writable\":false,\"visible\":false,\"useJoinTable\":false,\"private\":true},\"updatedBy\":{\"type\":\"relation\",\"relation\":\"oneToOne\",\"target\":\"admin::user\",\"configurable\":false,\"writable\":false,\"visible\":false,\"useJoinTable\":false,\"private\":true},\"locale\":{\"writable\":true,\"private\":false,\"configurable\":false,\"visible\":false,\"type\":\"string\"},\"localizations\":{\"type\":\"relation\",\"relation\":\"oneToMany\",\"target\":\"api::tyre-service.tyre-service\",\"writable\":false,\"private\":false,\"configurable\":false,\"visible\":false,\"unstable_virtual\":true,\"joinColumn\":{\"name\":\"document_id\",\"referencedColumn\":\"document_id\",\"referencedTable\":\"tyre_services\"}}},\"apiName\":\"tyre-service\",\"globalId\":\"TyreService\",\"uid\":\"api::tyre-service.tyre-service\",\"modelType\":\"contentType\",\"__schema__\":{\"collectionName\":\"tyre_services\",\"info\":{\"singularName\":\"tyre-service\",\"pluralName\":\"tyre-services\",\"displayName\":\"tyreService\"},\"options\":{\"draftAndPublish\":true},\"pluginOptions\":{\"i18n\":{\"localized\":true}},\"attributes\":{\"title\":{\"type\":\"string\",\"pluginOptions\":{\"i18n\":{\"localized\":true}}},\"image\":{\"type\":\"media\",\"pluginOptions\":{\"i18n\":{\"localized\":true}},\"multiple\":false,\"allowedTypes\":[\"images\"]},\"slug\":{\"type\":\"uid\",\"pluginOptions\":{\"i18n\":{\"localized\":true}},\"regex\":\"^[A-Za-z0-9\\\\-._~\\\\/\\\\?\\\\=&]+$\"},\"displayOrder\":{\"type\":\"integer\",\"pluginOptions\":{\"i18n\":{\"localized\":true}},\"unique\":true}},\"kind\":\"collectionType\"},\"modelName\":\"tyre-service\",\"actions\":{},\"lifecycles\":{}},\"admin::permission\":{\"collectionName\":\"admin_permissions\",\"info\":{\"name\":\"Permission\",\"description\":\"\",\"singularName\":\"permission\",\"pluralName\":\"permissions\",\"displayName\":\"Permission\"},\"options\":{\"draftAndPublish\":false},\"pluginOptions\":{\"content-manager\":{\"visible\":false},\"content-type-builder\":{\"visible\":false}},\"attributes\":{\"action\":{\"type\":\"string\",\"minLength\":1,\"configurable\":false,\"required\":true},\"actionParameters\":{\"type\":\"json\",\"configurable\":false,\"required\":false,\"default\":{}},\"subject\":{\"type\":\"string\",\"minLength\":1,\"configurable\":false,\"required\":false},\"properties\":{\"type\":\"json\",\"configurable\":false,\"required\":false,\"default\":{}},\"conditions\":{\"type\":\"json\",\"configurable\":false,\"required\":false,\"default\":[]},\"role\":{\"configurable\":false,\"type\":\"relation\",\"relation\":\"manyToOne\",\"inversedBy\":\"permissions\",\"target\":\"admin::role\"},\"createdAt\":{\"type\":\"datetime\"},\"updatedAt\":{\"type\":\"datetime\"},\"publishedAt\":{\"type\":\"datetime\",\"configurable\":false,\"writable\":true,\"visible\":false},\"createdBy\":{\"type\":\"relation\",\"relation\":\"oneToOne\",\"target\":\"admin::user\",\"configurable\":false,\"writable\":false,\"visible\":false,\"useJoinTable\":false,\"private\":true},\"updatedBy\":{\"type\":\"relation\",\"relation\":\"oneToOne\",\"target\":\"admin::user\",\"configurable\":false,\"writable\":false,\"visible\":false,\"useJoinTable\":false,\"private\":true},\"locale\":{\"writable\":true,\"private\":true,\"configurable\":false,\"visible\":false,\"type\":\"string\"},\"localizations\":{\"type\":\"relation\",\"relation\":\"oneToMany\",\"target\":\"admin::permission\",\"writable\":false,\"private\":true,\"configurable\":false,\"visible\":false,\"unstable_virtual\":true,\"joinColumn\":{\"name\":\"document_id\",\"referencedColumn\":\"document_id\",\"referencedTable\":\"admin_permissions\"}}},\"plugin\":\"admin\",\"globalId\":\"AdminPermission\",\"uid\":\"admin::permission\",\"modelType\":\"contentType\",\"kind\":\"collectionType\",\"__schema__\":{\"collectionName\":\"admin_permissions\",\"info\":{\"name\":\"Permission\",\"description\":\"\",\"singularName\":\"permission\",\"pluralName\":\"permissions\",\"displayName\":\"Permission\"},\"options\":{},\"pluginOptions\":{\"content-manager\":{\"visible\":false},\"content-type-builder\":{\"visible\":false}},\"attributes\":{\"action\":{\"type\":\"string\",\"minLength\":1,\"configurable\":false,\"required\":true},\"actionParameters\":{\"type\":\"json\",\"configurable\":false,\"required\":false,\"default\":{}},\"subject\":{\"type\":\"string\",\"minLength\":1,\"configurable\":false,\"required\":false},\"properties\":{\"type\":\"json\",\"configurable\":false,\"required\":false,\"default\":{}},\"conditions\":{\"type\":\"json\",\"configurable\":false,\"required\":false,\"default\":[]},\"role\":{\"configurable\":false,\"type\":\"relation\",\"relation\":\"manyToOne\",\"inversedBy\":\"permissions\",\"target\":\"admin::role\"}},\"kind\":\"collectionType\"},\"modelName\":\"permission\"},\"admin::user\":{\"collectionName\":\"admin_users\",\"info\":{\"name\":\"User\",\"description\":\"\",\"singularName\":\"user\",\"pluralName\":\"users\",\"displayName\":\"User\"},\"pluginOptions\":{\"content-manager\":{\"visible\":false},\"content-type-builder\":{\"visible\":false}},\"attributes\":{\"firstname\":{\"type\":\"string\",\"unique\":false,\"minLength\":1,\"configurable\":false,\"required\":false},\"lastname\":{\"type\":\"string\",\"unique\":false,\"minLength\":1,\"configurable\":false,\"required\":false},\"username\":{\"type\":\"string\",\"unique\":false,\"configurable\":false,\"required\":false},\"email\":{\"type\":\"email\",\"minLength\":6,\"configurable\":false,\"required\":true,\"unique\":true,\"private\":true},\"password\":{\"type\":\"password\",\"minLength\":6,\"configurable\":false,\"required\":false,\"private\":true,\"searchable\":false},\"resetPasswordToken\":{\"type\":\"string\",\"configurable\":false,\"private\":true,\"searchable\":false},\"registrationToken\":{\"type\":\"string\",\"configurable\":false,\"private\":true,\"searchable\":false},\"isActive\":{\"type\":\"boolean\",\"default\":false,\"configurable\":false,\"private\":true},\"roles\":{\"configurable\":false,\"private\":true,\"type\":\"relation\",\"relation\":\"manyToMany\",\"inversedBy\":\"users\",\"target\":\"admin::role\",\"collectionName\":\"strapi_users_roles\"},\"blocked\":{\"type\":\"boolean\",\"default\":false,\"configurable\":false,\"private\":true},\"preferedLanguage\":{\"type\":\"string\",\"configurable\":false,\"required\":false,\"searchable\":false},\"createdAt\":{\"type\":\"datetime\"},\"updatedAt\":{\"type\":\"datetime\"},\"publishedAt\":{\"type\":\"datetime\",\"configurable\":false,\"writable\":true,\"visible\":false},\"createdBy\":{\"type\":\"relation\",\"relation\":\"oneToOne\",\"target\":\"admin::user\",\"configurable\":false,\"writable\":false,\"visible\":false,\"useJoinTable\":false,\"private\":true},\"updatedBy\":{\"type\":\"relation\",\"relation\":\"oneToOne\",\"target\":\"admin::user\",\"configurable\":false,\"writable\":false,\"visible\":false,\"useJoinTable\":false,\"private\":true},\"locale\":{\"writable\":true,\"private\":true,\"configurable\":false,\"visible\":false,\"type\":\"string\"},\"localizations\":{\"type\":\"relation\",\"relation\":\"oneToMany\",\"target\":\"admin::user\",\"writable\":false,\"private\":true,\"configurable\":false,\"visible\":false,\"unstable_virtual\":true,\"joinColumn\":{\"name\":\"document_id\",\"referencedColumn\":\"document_id\",\"referencedTable\":\"admin_users\"}}},\"config\":{\"attributes\":{\"resetPasswordToken\":{\"hidden\":true},\"registrationToken\":{\"hidden\":true}}},\"plugin\":\"admin\",\"globalId\":\"AdminUser\",\"uid\":\"admin::user\",\"modelType\":\"contentType\",\"kind\":\"collectionType\",\"__schema__\":{\"collectionName\":\"admin_users\",\"info\":{\"name\":\"User\",\"description\":\"\",\"singularName\":\"user\",\"pluralName\":\"users\",\"displayName\":\"User\"},\"pluginOptions\":{\"content-manager\":{\"visible\":false},\"content-type-builder\":{\"visible\":false}},\"attributes\":{\"firstname\":{\"type\":\"string\",\"unique\":false,\"minLength\":1,\"configurable\":false,\"required\":false},\"lastname\":{\"type\":\"string\",\"unique\":false,\"minLength\":1,\"configurable\":false,\"required\":false},\"username\":{\"type\":\"string\",\"unique\":false,\"configurable\":false,\"required\":false},\"email\":{\"type\":\"email\",\"minLength\":6,\"configurable\":false,\"required\":true,\"unique\":true,\"private\":true},\"password\":{\"type\":\"password\",\"minLength\":6,\"configurable\":false,\"required\":false,\"private\":true,\"searchable\":false},\"resetPasswordToken\":{\"type\":\"string\",\"configurable\":false,\"private\":true,\"searchable\":false},\"registrationToken\":{\"type\":\"string\",\"configurable\":false,\"private\":true,\"searchable\":false},\"isActive\":{\"type\":\"boolean\",\"default\":false,\"configurable\":false,\"private\":true},\"roles\":{\"configurable\":false,\"private\":true,\"type\":\"relation\",\"relation\":\"manyToMany\",\"inversedBy\":\"users\",\"target\":\"admin::role\",\"collectionName\":\"strapi_users_roles\"},\"blocked\":{\"type\":\"boolean\",\"default\":false,\"configurable\":false,\"private\":true},\"preferedLanguage\":{\"type\":\"string\",\"configurable\":false,\"required\":false,\"searchable\":false}},\"kind\":\"collectionType\"},\"modelName\":\"user\",\"options\":{\"draftAndPublish\":false}},\"admin::role\":{\"collectionName\":\"admin_roles\",\"info\":{\"name\":\"Role\",\"description\":\"\",\"singularName\":\"role\",\"pluralName\":\"roles\",\"displayName\":\"Role\"},\"options\":{\"draftAndPublish\":false},\"pluginOptions\":{\"content-manager\":{\"visible\":false},\"content-type-builder\":{\"visible\":false}},\"attributes\":{\"name\":{\"type\":\"string\",\"minLength\":1,\"unique\":true,\"configurable\":false,\"required\":true},\"code\":{\"type\":\"string\",\"minLength\":1,\"unique\":true,\"configurable\":false,\"required\":true},\"description\":{\"type\":\"string\",\"configurable\":false},\"users\":{\"configurable\":false,\"type\":\"relation\",\"relation\":\"manyToMany\",\"mappedBy\":\"roles\",\"target\":\"admin::user\"},\"permissions\":{\"configurable\":false,\"type\":\"relation\",\"relation\":\"oneToMany\",\"mappedBy\":\"role\",\"target\":\"admin::permission\"},\"createdAt\":{\"type\":\"datetime\"},\"updatedAt\":{\"type\":\"datetime\"},\"publishedAt\":{\"type\":\"datetime\",\"configurable\":false,\"writable\":true,\"visible\":false},\"createdBy\":{\"type\":\"relation\",\"relation\":\"oneToOne\",\"target\":\"admin::user\",\"configurable\":false,\"writable\":false,\"visible\":false,\"useJoinTable\":false,\"private\":true},\"updatedBy\":{\"type\":\"relation\",\"relation\":\"oneToOne\",\"target\":\"admin::user\",\"configurable\":false,\"writable\":false,\"visible\":false,\"useJoinTable\":false,\"private\":true},\"locale\":{\"writable\":true,\"private\":true,\"configurable\":false,\"visible\":false,\"type\":\"string\"},\"localizations\":{\"type\":\"relation\",\"relation\":\"oneToMany\",\"target\":\"admin::role\",\"writable\":false,\"private\":true,\"configurable\":false,\"visible\":false,\"unstable_virtual\":true,\"joinColumn\":{\"name\":\"document_id\",\"referencedColumn\":\"document_id\",\"referencedTable\":\"admin_roles\"}}},\"plugin\":\"admin\",\"globalId\":\"AdminRole\",\"uid\":\"admin::role\",\"modelType\":\"contentType\",\"kind\":\"collectionType\",\"__schema__\":{\"collectionName\":\"admin_roles\",\"info\":{\"name\":\"Role\",\"description\":\"\",\"singularName\":\"role\",\"pluralName\":\"roles\",\"displayName\":\"Role\"},\"options\":{},\"pluginOptions\":{\"content-manager\":{\"visible\":false},\"content-type-builder\":{\"visible\":false}},\"attributes\":{\"name\":{\"type\":\"string\",\"minLength\":1,\"unique\":true,\"configurable\":false,\"required\":true},\"code\":{\"type\":\"string\",\"minLength\":1,\"unique\":true,\"configurable\":false,\"required\":true},\"description\":{\"type\":\"string\",\"configurable\":false},\"users\":{\"configurable\":false,\"type\":\"relation\",\"relation\":\"manyToMany\",\"mappedBy\":\"roles\",\"target\":\"admin::user\"},\"permissions\":{\"configurable\":false,\"type\":\"relation\",\"relation\":\"oneToMany\",\"mappedBy\":\"role\",\"target\":\"admin::permission\"}},\"kind\":\"collectionType\"},\"modelName\":\"role\"},\"admin::api-token\":{\"collectionName\":\"strapi_api_tokens\",\"info\":{\"name\":\"Api Token\",\"singularName\":\"api-token\",\"pluralName\":\"api-tokens\",\"displayName\":\"Api Token\",\"description\":\"\"},\"options\":{\"draftAndPublish\":false},\"pluginOptions\":{\"content-manager\":{\"visible\":false},\"content-type-builder\":{\"visible\":false}},\"attributes\":{\"name\":{\"type\":\"string\",\"minLength\":1,\"configurable\":false,\"required\":true,\"unique\":true},\"description\":{\"type\":\"string\",\"minLength\":1,\"configurable\":false,\"required\":false,\"default\":\"\"},\"type\":{\"type\":\"enumeration\",\"enum\":[\"read-only\",\"full-access\",\"custom\"],\"configurable\":false,\"required\":true,\"default\":\"read-only\"},\"accessKey\":{\"type\":\"string\",\"minLength\":1,\"configurable\":false,\"required\":true,\"searchable\":false},\"encryptedKey\":{\"type\":\"text\",\"minLength\":1,\"configurable\":false,\"required\":false,\"searchable\":false},\"lastUsedAt\":{\"type\":\"datetime\",\"configurable\":false,\"required\":false},\"permissions\":{\"type\":\"relation\",\"target\":\"admin::api-token-permission\",\"relation\":\"oneToMany\",\"mappedBy\":\"token\",\"configurable\":false,\"required\":false},\"expiresAt\":{\"type\":\"datetime\",\"configurable\":false,\"required\":false},\"lifespan\":{\"type\":\"biginteger\",\"configurable\":false,\"required\":false},\"createdAt\":{\"type\":\"datetime\"},\"updatedAt\":{\"type\":\"datetime\"},\"publishedAt\":{\"type\":\"datetime\",\"configurable\":false,\"writable\":true,\"visible\":false},\"createdBy\":{\"type\":\"relation\",\"relation\":\"oneToOne\",\"target\":\"admin::user\",\"configurable\":false,\"writable\":false,\"visible\":false,\"useJoinTable\":false,\"private\":true},\"updatedBy\":{\"type\":\"relation\",\"relation\":\"oneToOne\",\"target\":\"admin::user\",\"configurable\":false,\"writable\":false,\"visible\":false,\"useJoinTable\":false,\"private\":true},\"locale\":{\"writable\":true,\"private\":true,\"configurable\":false,\"visible\":false,\"type\":\"string\"},\"localizations\":{\"type\":\"relation\",\"relation\":\"oneToMany\",\"target\":\"admin::api-token\",\"writable\":false,\"private\":true,\"configurable\":false,\"visible\":false,\"unstable_virtual\":true,\"joinColumn\":{\"name\":\"document_id\",\"referencedColumn\":\"document_id\",\"referencedTable\":\"strapi_api_tokens\"}}},\"plugin\":\"admin\",\"globalId\":\"AdminApiToken\",\"uid\":\"admin::api-token\",\"modelType\":\"contentType\",\"kind\":\"collectionType\",\"__schema__\":{\"collectionName\":\"strapi_api_tokens\",\"info\":{\"name\":\"Api Token\",\"singularName\":\"api-token\",\"pluralName\":\"api-tokens\",\"displayName\":\"Api Token\",\"description\":\"\"},\"options\":{},\"pluginOptions\":{\"content-manager\":{\"visible\":false},\"content-type-builder\":{\"visible\":false}},\"attributes\":{\"name\":{\"type\":\"string\",\"minLength\":1,\"configurable\":false,\"required\":true,\"unique\":true},\"description\":{\"type\":\"string\",\"minLength\":1,\"configurable\":false,\"required\":false,\"default\":\"\"},\"type\":{\"type\":\"enumeration\",\"enum\":[\"read-only\",\"full-access\",\"custom\"],\"configurable\":false,\"required\":true,\"default\":\"read-only\"},\"accessKey\":{\"type\":\"string\",\"minLength\":1,\"configurable\":false,\"required\":true,\"searchable\":false},\"encryptedKey\":{\"type\":\"text\",\"minLength\":1,\"configurable\":false,\"required\":false,\"searchable\":false},\"lastUsedAt\":{\"type\":\"datetime\",\"configurable\":false,\"required\":false},\"permissions\":{\"type\":\"relation\",\"target\":\"admin::api-token-permission\",\"relation\":\"oneToMany\",\"mappedBy\":\"token\",\"configurable\":false,\"required\":false},\"expiresAt\":{\"type\":\"datetime\",\"configurable\":false,\"required\":false},\"lifespan\":{\"type\":\"biginteger\",\"configurable\":false,\"required\":false}},\"kind\":\"collectionType\"},\"modelName\":\"api-token\"},\"admin::api-token-permission\":{\"collectionName\":\"strapi_api_token_permissions\",\"info\":{\"name\":\"API Token Permission\",\"description\":\"\",\"singularName\":\"api-token-permission\",\"pluralName\":\"api-token-permissions\",\"displayName\":\"API Token Permission\"},\"options\":{\"draftAndPublish\":false},\"pluginOptions\":{\"content-manager\":{\"visible\":false},\"content-type-builder\":{\"visible\":false}},\"attributes\":{\"action\":{\"type\":\"string\",\"minLength\":1,\"configurable\":false,\"required\":true},\"token\":{\"configurable\":false,\"type\":\"relation\",\"relation\":\"manyToOne\",\"inversedBy\":\"permissions\",\"target\":\"admin::api-token\"},\"createdAt\":{\"type\":\"datetime\"},\"updatedAt\":{\"type\":\"datetime\"},\"publishedAt\":{\"type\":\"datetime\",\"configurable\":false,\"writable\":true,\"visible\":false},\"createdBy\":{\"type\":\"relation\",\"relation\":\"oneToOne\",\"target\":\"admin::user\",\"configurable\":false,\"writable\":false,\"visible\":false,\"useJoinTable\":false,\"private\":true},\"updatedBy\":{\"type\":\"relation\",\"relation\":\"oneToOne\",\"target\":\"admin::user\",\"configurable\":false,\"writable\":false,\"visible\":false,\"useJoinTable\":false,\"private\":true},\"locale\":{\"writable\":true,\"private\":true,\"configurable\":false,\"visible\":false,\"type\":\"string\"},\"localizations\":{\"type\":\"relation\",\"relation\":\"oneToMany\",\"target\":\"admin::api-token-permission\",\"writable\":false,\"private\":true,\"configurable\":false,\"visible\":false,\"unstable_virtual\":true,\"joinColumn\":{\"name\":\"document_id\",\"referencedColumn\":\"document_id\",\"referencedTable\":\"strapi_api_token_permissions\"}}},\"plugin\":\"admin\",\"globalId\":\"AdminApiTokenPermission\",\"uid\":\"admin::api-token-permission\",\"modelType\":\"contentType\",\"kind\":\"collectionType\",\"__schema__\":{\"collectionName\":\"strapi_api_token_permissions\",\"info\":{\"name\":\"API Token Permission\",\"description\":\"\",\"singularName\":\"api-token-permission\",\"pluralName\":\"api-token-permissions\",\"displayName\":\"API Token Permission\"},\"options\":{},\"pluginOptions\":{\"content-manager\":{\"visible\":false},\"content-type-builder\":{\"visible\":false}},\"attributes\":{\"action\":{\"type\":\"string\",\"minLength\":1,\"configurable\":false,\"required\":true},\"token\":{\"configurable\":false,\"type\":\"relation\",\"relation\":\"manyToOne\",\"inversedBy\":\"permissions\",\"target\":\"admin::api-token\"}},\"kind\":\"collectionType\"},\"modelName\":\"api-token-permission\"},\"admin::transfer-token\":{\"collectionName\":\"strapi_transfer_tokens\",\"info\":{\"name\":\"Transfer Token\",\"singularName\":\"transfer-token\",\"pluralName\":\"transfer-tokens\",\"displayName\":\"Transfer Token\",\"description\":\"\"},\"options\":{\"draftAndPublish\":false},\"pluginOptions\":{\"content-manager\":{\"visible\":false},\"content-type-builder\":{\"visible\":false}},\"attributes\":{\"name\":{\"type\":\"string\",\"minLength\":1,\"configurable\":false,\"required\":true,\"unique\":true},\"description\":{\"type\":\"string\",\"minLength\":1,\"configurable\":false,\"required\":false,\"default\":\"\"},\"accessKey\":{\"type\":\"string\",\"minLength\":1,\"configurable\":false,\"required\":true},\"lastUsedAt\":{\"type\":\"datetime\",\"configurable\":false,\"required\":false},\"permissions\":{\"type\":\"relation\",\"target\":\"admin::transfer-token-permission\",\"relation\":\"oneToMany\",\"mappedBy\":\"token\",\"configurable\":false,\"required\":false},\"expiresAt\":{\"type\":\"datetime\",\"configurable\":false,\"required\":false},\"lifespan\":{\"type\":\"biginteger\",\"configurable\":false,\"required\":false},\"createdAt\":{\"type\":\"datetime\"},\"updatedAt\":{\"type\":\"datetime\"},\"publishedAt\":{\"type\":\"datetime\",\"configurable\":false,\"writable\":true,\"visible\":false},\"createdBy\":{\"type\":\"relation\",\"relation\":\"oneToOne\",\"target\":\"admin::user\",\"configurable\":false,\"writable\":false,\"visible\":false,\"useJoinTable\":false,\"private\":true},\"updatedBy\":{\"type\":\"relation\",\"relation\":\"oneToOne\",\"target\":\"admin::user\",\"configurable\":false,\"writable\":false,\"visible\":false,\"useJoinTable\":false,\"private\":true},\"locale\":{\"writable\":true,\"private\":true,\"configurable\":false,\"visible\":false,\"type\":\"string\"},\"localizations\":{\"type\":\"relation\",\"relation\":\"oneToMany\",\"target\":\"admin::transfer-token\",\"writable\":false,\"private\":true,\"configurable\":false,\"visible\":false,\"unstable_virtual\":true,\"joinColumn\":{\"name\":\"document_id\",\"referencedColumn\":\"document_id\",\"referencedTable\":\"strapi_transfer_tokens\"}}},\"plugin\":\"admin\",\"globalId\":\"AdminTransferToken\",\"uid\":\"admin::transfer-token\",\"modelType\":\"contentType\",\"kind\":\"collectionType\",\"__schema__\":{\"collectionName\":\"strapi_transfer_tokens\",\"info\":{\"name\":\"Transfer Token\",\"singularName\":\"transfer-token\",\"pluralName\":\"transfer-tokens\",\"displayName\":\"Transfer Token\",\"description\":\"\"},\"options\":{},\"pluginOptions\":{\"content-manager\":{\"visible\":false},\"content-type-builder\":{\"visible\":false}},\"attributes\":{\"name\":{\"type\":\"string\",\"minLength\":1,\"configurable\":false,\"required\":true,\"unique\":true},\"description\":{\"type\":\"string\",\"minLength\":1,\"configurable\":false,\"required\":false,\"default\":\"\"},\"accessKey\":{\"type\":\"string\",\"minLength\":1,\"configurable\":false,\"required\":true},\"lastUsedAt\":{\"type\":\"datetime\",\"configurable\":false,\"required\":false},\"permissions\":{\"type\":\"relation\",\"target\":\"admin::transfer-token-permission\",\"relation\":\"oneToMany\",\"mappedBy\":\"token\",\"configurable\":false,\"required\":false},\"expiresAt\":{\"type\":\"datetime\",\"configurable\":false,\"required\":false},\"lifespan\":{\"type\":\"biginteger\",\"configurable\":false,\"required\":false}},\"kind\":\"collectionType\"},\"modelName\":\"transfer-token\"},\"admin::transfer-token-permission\":{\"collectionName\":\"strapi_transfer_token_permissions\",\"info\":{\"name\":\"Transfer Token Permission\",\"description\":\"\",\"singularName\":\"transfer-token-permission\",\"pluralName\":\"transfer-token-permissions\",\"displayName\":\"Transfer Token Permission\"},\"options\":{\"draftAndPublish\":false},\"pluginOptions\":{\"content-manager\":{\"visible\":false},\"content-type-builder\":{\"visible\":false}},\"attributes\":{\"action\":{\"type\":\"string\",\"minLength\":1,\"configurable\":false,\"required\":true},\"token\":{\"configurable\":false,\"type\":\"relation\",\"relation\":\"manyToOne\",\"inversedBy\":\"permissions\",\"target\":\"admin::transfer-token\"},\"createdAt\":{\"type\":\"datetime\"},\"updatedAt\":{\"type\":\"datetime\"},\"publishedAt\":{\"type\":\"datetime\",\"configurable\":false,\"writable\":true,\"visible\":false},\"createdBy\":{\"type\":\"relation\",\"relation\":\"oneToOne\",\"target\":\"admin::user\",\"configurable\":false,\"writable\":false,\"visible\":false,\"useJoinTable\":false,\"private\":true},\"updatedBy\":{\"type\":\"relation\",\"relation\":\"oneToOne\",\"target\":\"admin::user\",\"configurable\":false,\"writable\":false,\"visible\":false,\"useJoinTable\":false,\"private\":true},\"locale\":{\"writable\":true,\"private\":true,\"configurable\":false,\"visible\":false,\"type\":\"string\"},\"localizations\":{\"type\":\"relation\",\"relation\":\"oneToMany\",\"target\":\"admin::transfer-token-permission\",\"writable\":false,\"private\":true,\"configurable\":false,\"visible\":false,\"unstable_virtual\":true,\"joinColumn\":{\"name\":\"document_id\",\"referencedColumn\":\"document_id\",\"referencedTable\":\"strapi_transfer_token_permissions\"}}},\"plugin\":\"admin\",\"globalId\":\"AdminTransferTokenPermission\",\"uid\":\"admin::transfer-token-permission\",\"modelType\":\"contentType\",\"kind\":\"collectionType\",\"__schema__\":{\"collectionName\":\"strapi_transfer_token_permissions\",\"info\":{\"name\":\"Transfer Token Permission\",\"description\":\"\",\"singularName\":\"transfer-token-permission\",\"pluralName\":\"transfer-token-permissions\",\"displayName\":\"Transfer Token Permission\"},\"options\":{},\"pluginOptions\":{\"content-manager\":{\"visible\":false},\"content-type-builder\":{\"visible\":false}},\"attributes\":{\"action\":{\"type\":\"string\",\"minLength\":1,\"configurable\":false,\"required\":true},\"token\":{\"configurable\":false,\"type\":\"relation\",\"relation\":\"manyToOne\",\"inversedBy\":\"permissions\",\"target\":\"admin::transfer-token\"}},\"kind\":\"collectionType\"},\"modelName\":\"transfer-token-permission\"}}','object',NULL,NULL),(7,'plugin_content_manager_configuration_components::common.social-links','{\"settings\":{\"bulkable\":true,\"filterable\":true,\"searchable\":true,\"pageSize\":10,\"mainField\":\"documentId\",\"defaultSortBy\":\"documentId\",\"defaultSortOrder\":\"ASC\"},\"metadatas\":{\"id\":{\"edit\":{},\"list\":{\"label\":\"id\",\"searchable\":false,\"sortable\":false}},\"title\":{\"edit\":{\"label\":\"title\",\"description\":\"\",\"placeholder\":\"\",\"visible\":true,\"editable\":true},\"list\":{\"label\":\"title\",\"searchable\":true,\"sortable\":true}},\"link\":{\"edit\":{\"label\":\"link\",\"description\":\"\",\"placeholder\":\"\",\"visible\":true,\"editable\":true},\"list\":{\"label\":\"link\",\"searchable\":true,\"sortable\":true}},\"icon\":{\"edit\":{\"label\":\"icon\",\"description\":\"\",\"placeholder\":\"\",\"visible\":true,\"editable\":true},\"list\":{\"label\":\"icon\",\"searchable\":false,\"sortable\":false}},\"isActive\":{\"edit\":{\"label\":\"isActive\",\"description\":\"\",\"placeholder\":\"\",\"visible\":true,\"editable\":true},\"list\":{\"label\":\"isActive\",\"searchable\":true,\"sortable\":true}},\"documentId\":{\"edit\":{},\"list\":{\"label\":\"documentId\",\"searchable\":true,\"sortable\":true}}},\"layouts\":{\"list\":[\"id\",\"icon\",\"title\",\"link\"],\"edit\":[[{\"name\":\"icon\",\"size\":6},{\"name\":\"title\",\"size\":6}],[{\"name\":\"link\",\"size\":6},{\"name\":\"isActive\",\"size\":4}]]},\"uid\":\"common.social-links\",\"isComponent\":true}','object',NULL,NULL),(8,'plugin_content_manager_configuration_components::common.seo','{\"settings\":{\"bulkable\":true,\"filterable\":true,\"searchable\":true,\"pageSize\":10,\"mainField\":\"documentId\",\"defaultSortBy\":\"documentId\",\"defaultSortOrder\":\"ASC\"},\"metadatas\":{\"id\":{\"edit\":{},\"list\":{\"label\":\"id\",\"searchable\":false,\"sortable\":false}},\"metaTitle\":{\"edit\":{\"label\":\"metaTitle\",\"description\":\"\",\"placeholder\":\"\",\"visible\":true,\"editable\":true},\"list\":{\"label\":\"metaTitle\",\"searchable\":true,\"sortable\":true}},\"metaDescription\":{\"edit\":{\"label\":\"metaDescription\",\"description\":\"\",\"placeholder\":\"\",\"visible\":true,\"editable\":true},\"list\":{\"label\":\"metaDescription\",\"searchable\":true,\"sortable\":true}},\"preventIndexing\":{\"edit\":{\"label\":\"preventIndexing\",\"description\":\"\",\"placeholder\":\"\",\"visible\":true,\"editable\":true},\"list\":{\"label\":\"preventIndexing\",\"searchable\":true,\"sortable\":true}},\"keywords\":{\"edit\":{\"label\":\"keywords\",\"description\":\"\",\"placeholder\":\"\",\"visible\":true,\"editable\":true},\"list\":{\"label\":\"keywords\",\"searchable\":true,\"sortable\":true}},\"canonicalUrl\":{\"edit\":{\"label\":\"canonicalUrl\",\"description\":\"\",\"placeholder\":\"\",\"visible\":true,\"editable\":true},\"list\":{\"label\":\"canonicalUrl\",\"searchable\":true,\"sortable\":true}},\"metaHead\":{\"edit\":{\"label\":\"metaHead\",\"description\":\"\",\"placeholder\":\"\",\"visible\":true,\"editable\":true},\"list\":{\"label\":\"metaHead\",\"searchable\":true,\"sortable\":true}},\"ogMeta\":{\"edit\":{\"label\":\"ogMeta\",\"description\":\"\",\"placeholder\":\"\",\"visible\":true,\"editable\":true},\"list\":{\"label\":\"ogMeta\",\"searchable\":false,\"sortable\":false}},\"socialMediaMeta\":{\"edit\":{\"label\":\"socialMediaMeta\",\"description\":\"\",\"placeholder\":\"\",\"visible\":true,\"editable\":true},\"list\":{\"label\":\"socialMediaMeta\",\"searchable\":false,\"sortable\":false}},\"wordDescription\":{\"edit\":{\"label\":\"wordDescription\",\"description\":\"\",\"placeholder\":\"\",\"visible\":true,\"editable\":true},\"list\":{\"label\":\"wordDescription\",\"searchable\":false,\"sortable\":false}},\"metaImage\":{\"edit\":{\"label\":\"metaImage\",\"description\":\"\",\"placeholder\":\"\",\"visible\":true,\"editable\":true},\"list\":{\"label\":\"metaImage\",\"searchable\":false,\"sortable\":false}},\"documentId\":{\"edit\":{},\"list\":{\"label\":\"documentId\",\"searchable\":true,\"sortable\":true}}},\"layouts\":{\"list\":[\"id\",\"metaTitle\",\"metaDescription\",\"preventIndexing\"],\"edit\":[[{\"name\":\"metaTitle\",\"size\":6},{\"name\":\"metaDescription\",\"size\":6}],[{\"name\":\"preventIndexing\",\"size\":4},{\"name\":\"keywords\",\"size\":6}],[{\"name\":\"canonicalUrl\",\"size\":6},{\"name\":\"metaHead\",\"size\":6}],[{\"name\":\"ogMeta\",\"size\":12}],[{\"name\":\"wordDescription\",\"size\":12}],[{\"name\":\"metaImage\",\"size\":6}],[{\"name\":\"socialMediaMeta\",\"size\":12}]]},\"uid\":\"common.seo\",\"isComponent\":true}','object',NULL,NULL),(10,'plugin_content_manager_configuration_components::common.meta','{\"settings\":{\"bulkable\":true,\"filterable\":true,\"searchable\":true,\"pageSize\":10,\"mainField\":\"name\",\"defaultSortBy\":\"name\",\"defaultSortOrder\":\"ASC\"},\"metadatas\":{\"id\":{\"edit\":{},\"list\":{\"label\":\"id\",\"searchable\":false,\"sortable\":false}},\"name\":{\"edit\":{\"label\":\"name\",\"description\":\"\",\"placeholder\":\"\",\"visible\":true,\"editable\":true},\"list\":{\"label\":\"name\",\"searchable\":true,\"sortable\":true}},\"content\":{\"edit\":{\"label\":\"content\",\"description\":\"\",\"placeholder\":\"\",\"visible\":true,\"editable\":true},\"list\":{\"label\":\"content\",\"searchable\":true,\"sortable\":true}},\"documentId\":{\"edit\":{},\"list\":{\"label\":\"documentId\",\"searchable\":true,\"sortable\":true}}},\"layouts\":{\"list\":[\"id\",\"name\",\"content\"],\"edit\":[[{\"name\":\"name\",\"size\":6},{\"name\":\"content\",\"size\":6}]]},\"uid\":\"common.meta\",\"isComponent\":true}','object',NULL,NULL),(11,'plugin_content_manager_configuration_components::common.menu-item','{\"settings\":{\"bulkable\":true,\"filterable\":true,\"searchable\":true,\"pageSize\":10,\"mainField\":\"documentId\",\"defaultSortBy\":\"documentId\",\"defaultSortOrder\":\"ASC\"},\"metadatas\":{\"id\":{\"edit\":{},\"list\":{\"label\":\"id\",\"searchable\":false,\"sortable\":false}},\"title\":{\"edit\":{\"label\":\"title\",\"description\":\"\",\"placeholder\":\"\",\"visible\":true,\"editable\":true},\"list\":{\"label\":\"title\",\"searchable\":true,\"sortable\":true}},\"url\":{\"edit\":{\"label\":\"url\",\"description\":\"\",\"placeholder\":\"\",\"visible\":true,\"editable\":true},\"list\":{\"label\":\"url\",\"searchable\":true,\"sortable\":true}},\"newTab\":{\"edit\":{\"label\":\"newTab\",\"description\":\"\",\"placeholder\":\"\",\"visible\":true,\"editable\":true},\"list\":{\"label\":\"newTab\",\"searchable\":true,\"sortable\":true}},\"isActive\":{\"edit\":{\"label\":\"isActive\",\"description\":\"\",\"placeholder\":\"\",\"visible\":true,\"editable\":true},\"list\":{\"label\":\"isActive\",\"searchable\":true,\"sortable\":true}},\"key\":{\"edit\":{\"label\":\"key\",\"description\":\"\",\"placeholder\":\"\",\"visible\":true,\"editable\":true},\"list\":{\"label\":\"key\",\"searchable\":true,\"sortable\":true}},\"documentId\":{\"edit\":{},\"list\":{\"label\":\"documentId\",\"searchable\":true,\"sortable\":true}}},\"layouts\":{\"list\":[\"id\",\"title\",\"url\",\"newTab\"],\"edit\":[[{\"name\":\"title\",\"size\":6},{\"name\":\"url\",\"size\":6}],[{\"name\":\"newTab\",\"size\":4},{\"name\":\"isActive\",\"size\":4}],[{\"name\":\"key\",\"size\":6}]]},\"uid\":\"common.menu-item\",\"isComponent\":true}','object',NULL,NULL),(12,'plugin_content_manager_configuration_components::common.menu-item-w-sub','{\"settings\":{\"bulkable\":true,\"filterable\":true,\"searchable\":true,\"pageSize\":10,\"mainField\":\"documentId\",\"defaultSortBy\":\"documentId\",\"defaultSortOrder\":\"ASC\"},\"metadatas\":{\"id\":{\"edit\":{},\"list\":{\"label\":\"id\",\"searchable\":false,\"sortable\":false}},\"title\":{\"edit\":{\"label\":\"title\",\"description\":\"\",\"placeholder\":\"\",\"visible\":true,\"editable\":true},\"list\":{\"label\":\"title\",\"searchable\":true,\"sortable\":true}},\"url\":{\"edit\":{\"label\":\"url\",\"description\":\"\",\"placeholder\":\"\",\"visible\":true,\"editable\":true},\"list\":{\"label\":\"url\",\"searchable\":true,\"sortable\":true}},\"newTab\":{\"edit\":{\"label\":\"newTab\",\"description\":\"\",\"placeholder\":\"\",\"visible\":true,\"editable\":true},\"list\":{\"label\":\"newTab\",\"searchable\":true,\"sortable\":true}},\"isActive\":{\"edit\":{\"label\":\"isActive\",\"description\":\"\",\"placeholder\":\"\",\"visible\":true,\"editable\":true},\"list\":{\"label\":\"isActive\",\"searchable\":true,\"sortable\":true}},\"submenu\":{\"edit\":{\"label\":\"submenu\",\"description\":\"\",\"placeholder\":\"\",\"visible\":true,\"editable\":true},\"list\":{\"label\":\"submenu\",\"searchable\":false,\"sortable\":false}},\"documentId\":{\"edit\":{},\"list\":{\"label\":\"documentId\",\"searchable\":true,\"sortable\":true}}},\"layouts\":{\"list\":[\"id\",\"title\",\"url\",\"newTab\"],\"edit\":[[{\"name\":\"title\",\"size\":6},{\"name\":\"url\",\"size\":6}],[{\"name\":\"newTab\",\"size\":4},{\"name\":\"isActive\",\"size\":4}],[{\"name\":\"submenu\",\"size\":12}]]},\"uid\":\"common.menu-item-w-sub\",\"isComponent\":true}','object',NULL,NULL),(16,'plugin_content_manager_configuration_components::common.banner','{\"settings\":{\"bulkable\":true,\"filterable\":true,\"searchable\":true,\"pageSize\":10,\"mainField\":\"title\",\"defaultSortBy\":\"title\",\"defaultSortOrder\":\"ASC\"},\"metadatas\":{\"id\":{\"edit\":{},\"list\":{\"label\":\"id\",\"searchable\":false,\"sortable\":false}},\"title\":{\"edit\":{\"label\":\"title\",\"description\":\"\",\"placeholder\":\"\",\"visible\":true,\"editable\":true},\"list\":{\"label\":\"title\",\"searchable\":true,\"sortable\":true}},\"subtitle\":{\"edit\":{\"label\":\"subtitle\",\"description\":\"\",\"placeholder\":\"\",\"visible\":true,\"editable\":true},\"list\":{\"label\":\"subtitle\",\"searchable\":true,\"sortable\":true}},\"media\":{\"edit\":{\"label\":\"media\",\"description\":\"\",\"placeholder\":\"\",\"visible\":true,\"editable\":true},\"list\":{\"label\":\"media\",\"searchable\":false,\"sortable\":false}},\"responsiveMedia\":{\"edit\":{\"label\":\"responsiveMedia\",\"description\":\"\",\"placeholder\":\"\",\"visible\":true,\"editable\":true},\"list\":{\"label\":\"responsiveMedia\",\"searchable\":false,\"sortable\":false}},\"type\":{\"edit\":{\"label\":\"type\",\"description\":\"\",\"placeholder\":\"\",\"visible\":true,\"editable\":true},\"list\":{\"label\":\"type\",\"searchable\":true,\"sortable\":true}},\"callToAction\":{\"edit\":{\"label\":\"callToAction\",\"description\":\"\",\"placeholder\":\"\",\"visible\":true,\"editable\":true},\"list\":{\"label\":\"callToAction\",\"searchable\":false,\"sortable\":false}},\"bannerClickUrl\":{\"edit\":{\"label\":\"bannerClickUrl\",\"description\":\"\",\"placeholder\":\"\",\"visible\":true,\"editable\":true},\"list\":{\"label\":\"bannerClickUrl\",\"searchable\":true,\"sortable\":true}},\"bannerClickOpenNewTab\":{\"edit\":{\"label\":\"bannerClickOpenNewTab\",\"description\":\"\",\"placeholder\":\"\",\"visible\":true,\"editable\":true},\"list\":{\"label\":\"bannerClickOpenNewTab\",\"searchable\":true,\"sortable\":true}},\"documentId\":{\"edit\":{},\"list\":{\"label\":\"documentId\",\"searchable\":true,\"sortable\":true}}},\"layouts\":{\"list\":[\"id\",\"title\",\"media\",\"subtitle\"],\"edit\":[[{\"name\":\"title\",\"size\":6}],[{\"name\":\"media\",\"size\":12}],[{\"name\":\"subtitle\",\"size\":6},{\"name\":\"responsiveMedia\",\"size\":6}],[{\"name\":\"type\",\"size\":6}],[{\"name\":\"callToAction\",\"size\":12}],[{\"name\":\"bannerClickUrl\",\"size\":6},{\"name\":\"bannerClickOpenNewTab\",\"size\":4}]]},\"uid\":\"common.banner\",\"isComponent\":true}','object',NULL,NULL),(17,'plugin_content_manager_configuration_content_types::plugin::upload.file','{\"settings\":{\"bulkable\":true,\"filterable\":true,\"searchable\":true,\"pageSize\":10,\"mainField\":\"name\",\"defaultSortBy\":\"name\",\"defaultSortOrder\":\"ASC\"},\"metadatas\":{\"id\":{\"edit\":{},\"list\":{\"label\":\"id\",\"searchable\":true,\"sortable\":true}},\"name\":{\"edit\":{\"label\":\"name\",\"description\":\"\",\"placeholder\":\"\",\"visible\":true,\"editable\":true},\"list\":{\"label\":\"name\",\"searchable\":true,\"sortable\":true}},\"alternativeText\":{\"edit\":{\"label\":\"alternativeText\",\"description\":\"\",\"placeholder\":\"\",\"visible\":true,\"editable\":true},\"list\":{\"label\":\"alternativeText\",\"searchable\":true,\"sortable\":true}},\"caption\":{\"edit\":{\"label\":\"caption\",\"description\":\"\",\"placeholder\":\"\",\"visible\":true,\"editable\":true},\"list\":{\"label\":\"caption\",\"searchable\":true,\"sortable\":true}},\"width\":{\"edit\":{\"label\":\"width\",\"description\":\"\",\"placeholder\":\"\",\"visible\":true,\"editable\":true},\"list\":{\"label\":\"width\",\"searchable\":true,\"sortable\":true}},\"height\":{\"edit\":{\"label\":\"height\",\"description\":\"\",\"placeholder\":\"\",\"visible\":true,\"editable\":true},\"list\":{\"label\":\"height\",\"searchable\":true,\"sortable\":true}},\"formats\":{\"edit\":{\"label\":\"formats\",\"description\":\"\",\"placeholder\":\"\",\"visible\":true,\"editable\":true},\"list\":{\"label\":\"formats\",\"searchable\":false,\"sortable\":false}},\"hash\":{\"edit\":{\"label\":\"hash\",\"description\":\"\",\"placeholder\":\"\",\"visible\":true,\"editable\":true},\"list\":{\"label\":\"hash\",\"searchable\":true,\"sortable\":true}},\"ext\":{\"edit\":{\"label\":\"ext\",\"description\":\"\",\"placeholder\":\"\",\"visible\":true,\"editable\":true},\"list\":{\"label\":\"ext\",\"searchable\":true,\"sortable\":true}},\"mime\":{\"edit\":{\"label\":\"mime\",\"description\":\"\",\"placeholder\":\"\",\"visible\":true,\"editable\":true},\"list\":{\"label\":\"mime\",\"searchable\":true,\"sortable\":true}},\"size\":{\"edit\":{\"label\":\"size\",\"description\":\"\",\"placeholder\":\"\",\"visible\":true,\"editable\":true},\"list\":{\"label\":\"size\",\"searchable\":true,\"sortable\":true}},\"url\":{\"edit\":{\"label\":\"url\",\"description\":\"\",\"placeholder\":\"\",\"visible\":true,\"editable\":true},\"list\":{\"label\":\"url\",\"searchable\":true,\"sortable\":true}},\"previewUrl\":{\"edit\":{\"label\":\"previewUrl\",\"description\":\"\",\"placeholder\":\"\",\"visible\":true,\"editable\":true},\"list\":{\"label\":\"previewUrl\",\"searchable\":true,\"sortable\":true}},\"provider\":{\"edit\":{\"label\":\"provider\",\"description\":\"\",\"placeholder\":\"\",\"visible\":true,\"editable\":true},\"list\":{\"label\":\"provider\",\"searchable\":true,\"sortable\":true}},\"provider_metadata\":{\"edit\":{\"label\":\"provider_metadata\",\"description\":\"\",\"placeholder\":\"\",\"visible\":true,\"editable\":true},\"list\":{\"label\":\"provider_metadata\",\"searchable\":false,\"sortable\":false}},\"folder\":{\"edit\":{\"label\":\"folder\",\"description\":\"\",\"placeholder\":\"\",\"visible\":true,\"editable\":true,\"mainField\":\"name\"},\"list\":{\"label\":\"folder\",\"searchable\":true,\"sortable\":true}},\"folderPath\":{\"edit\":{\"label\":\"folderPath\",\"description\":\"\",\"placeholder\":\"\",\"visible\":true,\"editable\":true},\"list\":{\"label\":\"folderPath\",\"searchable\":true,\"sortable\":true}},\"createdAt\":{\"edit\":{\"label\":\"createdAt\",\"description\":\"\",\"placeholder\":\"\",\"visible\":false,\"editable\":true},\"list\":{\"label\":\"createdAt\",\"searchable\":true,\"sortable\":true}},\"updatedAt\":{\"edit\":{\"label\":\"updatedAt\",\"description\":\"\",\"placeholder\":\"\",\"visible\":false,\"editable\":true},\"list\":{\"label\":\"updatedAt\",\"searchable\":true,\"sortable\":true}},\"createdBy\":{\"edit\":{\"label\":\"createdBy\",\"description\":\"\",\"placeholder\":\"\",\"visible\":false,\"editable\":true,\"mainField\":\"firstname\"},\"list\":{\"label\":\"createdBy\",\"searchable\":true,\"sortable\":true}},\"updatedBy\":{\"edit\":{\"label\":\"updatedBy\",\"description\":\"\",\"placeholder\":\"\",\"visible\":false,\"editable\":true,\"mainField\":\"firstname\"},\"list\":{\"label\":\"updatedBy\",\"searchable\":true,\"sortable\":true}},\"documentId\":{\"edit\":{},\"list\":{\"label\":\"documentId\",\"searchable\":true,\"sortable\":true}}},\"layouts\":{\"list\":[\"id\",\"name\",\"alternativeText\",\"caption\"],\"edit\":[[{\"name\":\"name\",\"size\":6},{\"name\":\"alternativeText\",\"size\":6}],[{\"name\":\"caption\",\"size\":6},{\"name\":\"width\",\"size\":4}],[{\"name\":\"height\",\"size\":4}],[{\"name\":\"formats\",\"size\":12}],[{\"name\":\"hash\",\"size\":6},{\"name\":\"ext\",\"size\":6}],[{\"name\":\"mime\",\"size\":6},{\"name\":\"size\",\"size\":4}],[{\"name\":\"url\",\"size\":6},{\"name\":\"previewUrl\",\"size\":6}],[{\"name\":\"provider\",\"size\":6}],[{\"name\":\"provider_metadata\",\"size\":12}],[{\"name\":\"folder\",\"size\":6},{\"name\":\"folderPath\",\"size\":6}]]},\"uid\":\"plugin::upload.file\"}','object',NULL,NULL),(18,'plugin_content_manager_configuration_content_types::plugin::upload.folder','{\"settings\":{\"bulkable\":true,\"filterable\":true,\"searchable\":true,\"pageSize\":10,\"mainField\":\"name\",\"defaultSortBy\":\"name\",\"defaultSortOrder\":\"ASC\"},\"metadatas\":{\"id\":{\"edit\":{},\"list\":{\"label\":\"id\",\"searchable\":true,\"sortable\":true}},\"name\":{\"edit\":{\"label\":\"name\",\"description\":\"\",\"placeholder\":\"\",\"visible\":true,\"editable\":true},\"list\":{\"label\":\"name\",\"searchable\":true,\"sortable\":true}},\"pathId\":{\"edit\":{\"label\":\"pathId\",\"description\":\"\",\"placeholder\":\"\",\"visible\":true,\"editable\":true},\"list\":{\"label\":\"pathId\",\"searchable\":true,\"sortable\":true}},\"parent\":{\"edit\":{\"label\":\"parent\",\"description\":\"\",\"placeholder\":\"\",\"visible\":true,\"editable\":true,\"mainField\":\"name\"},\"list\":{\"label\":\"parent\",\"searchable\":true,\"sortable\":true}},\"children\":{\"edit\":{\"label\":\"children\",\"description\":\"\",\"placeholder\":\"\",\"visible\":true,\"editable\":true,\"mainField\":\"name\"},\"list\":{\"label\":\"children\",\"searchable\":false,\"sortable\":false}},\"files\":{\"edit\":{\"label\":\"files\",\"description\":\"\",\"placeholder\":\"\",\"visible\":true,\"editable\":true,\"mainField\":\"name\"},\"list\":{\"label\":\"files\",\"searchable\":false,\"sortable\":false}},\"path\":{\"edit\":{\"label\":\"path\",\"description\":\"\",\"placeholder\":\"\",\"visible\":true,\"editable\":true},\"list\":{\"label\":\"path\",\"searchable\":true,\"sortable\":true}},\"createdAt\":{\"edit\":{\"label\":\"createdAt\",\"description\":\"\",\"placeholder\":\"\",\"visible\":false,\"editable\":true},\"list\":{\"label\":\"createdAt\",\"searchable\":true,\"sortable\":true}},\"updatedAt\":{\"edit\":{\"label\":\"updatedAt\",\"description\":\"\",\"placeholder\":\"\",\"visible\":false,\"editable\":true},\"list\":{\"label\":\"updatedAt\",\"searchable\":true,\"sortable\":true}},\"createdBy\":{\"edit\":{\"label\":\"createdBy\",\"description\":\"\",\"placeholder\":\"\",\"visible\":false,\"editable\":true,\"mainField\":\"firstname\"},\"list\":{\"label\":\"createdBy\",\"searchable\":true,\"sortable\":true}},\"updatedBy\":{\"edit\":{\"label\":\"updatedBy\",\"description\":\"\",\"placeholder\":\"\",\"visible\":false,\"editable\":true,\"mainField\":\"firstname\"},\"list\":{\"label\":\"updatedBy\",\"searchable\":true,\"sortable\":true}},\"documentId\":{\"edit\":{},\"list\":{\"label\":\"documentId\",\"searchable\":true,\"sortable\":true}}},\"layouts\":{\"list\":[\"id\",\"name\",\"pathId\",\"parent\"],\"edit\":[[{\"name\":\"name\",\"size\":6},{\"name\":\"pathId\",\"size\":4}],[{\"name\":\"parent\",\"size\":6},{\"name\":\"children\",\"size\":6}],[{\"name\":\"files\",\"size\":6},{\"name\":\"path\",\"size\":6}]]},\"uid\":\"plugin::upload.folder\"}','object',NULL,NULL),(19,'plugin_content_manager_configuration_content_types::plugin::i18n.locale','{\"settings\":{\"bulkable\":true,\"filterable\":true,\"searchable\":true,\"pageSize\":10,\"mainField\":\"name\",\"defaultSortBy\":\"name\",\"defaultSortOrder\":\"ASC\"},\"metadatas\":{\"id\":{\"edit\":{},\"list\":{\"label\":\"id\",\"searchable\":true,\"sortable\":true}},\"name\":{\"edit\":{\"label\":\"name\",\"description\":\"\",\"placeholder\":\"\",\"visible\":true,\"editable\":true},\"list\":{\"label\":\"name\",\"searchable\":true,\"sortable\":true}},\"code\":{\"edit\":{\"label\":\"code\",\"description\":\"\",\"placeholder\":\"\",\"visible\":true,\"editable\":true},\"list\":{\"label\":\"code\",\"searchable\":true,\"sortable\":true}},\"createdAt\":{\"edit\":{\"label\":\"createdAt\",\"description\":\"\",\"placeholder\":\"\",\"visible\":false,\"editable\":true},\"list\":{\"label\":\"createdAt\",\"searchable\":true,\"sortable\":true}},\"updatedAt\":{\"edit\":{\"label\":\"updatedAt\",\"description\":\"\",\"placeholder\":\"\",\"visible\":false,\"editable\":true},\"list\":{\"label\":\"updatedAt\",\"searchable\":true,\"sortable\":true}},\"createdBy\":{\"edit\":{\"label\":\"createdBy\",\"description\":\"\",\"placeholder\":\"\",\"visible\":false,\"editable\":true,\"mainField\":\"firstname\"},\"list\":{\"label\":\"createdBy\",\"searchable\":true,\"sortable\":true}},\"updatedBy\":{\"edit\":{\"label\":\"updatedBy\",\"description\":\"\",\"placeholder\":\"\",\"visible\":false,\"editable\":true,\"mainField\":\"firstname\"},\"list\":{\"label\":\"updatedBy\",\"searchable\":true,\"sortable\":true}},\"documentId\":{\"edit\":{},\"list\":{\"label\":\"documentId\",\"searchable\":true,\"sortable\":true}}},\"layouts\":{\"list\":[\"id\",\"name\",\"code\",\"createdAt\"],\"edit\":[[{\"name\":\"name\",\"size\":6},{\"name\":\"code\",\"size\":6}]]},\"uid\":\"plugin::i18n.locale\"}','object',NULL,NULL),(20,'plugin_content_manager_configuration_content_types::plugin::content-releases.release','{\"settings\":{\"bulkable\":true,\"filterable\":true,\"searchable\":true,\"pageSize\":10,\"mainField\":\"name\",\"defaultSortBy\":\"name\",\"defaultSortOrder\":\"ASC\"},\"metadatas\":{\"id\":{\"edit\":{},\"list\":{\"label\":\"id\",\"searchable\":true,\"sortable\":true}},\"name\":{\"edit\":{\"label\":\"name\",\"description\":\"\",\"placeholder\":\"\",\"visible\":true,\"editable\":true},\"list\":{\"label\":\"name\",\"searchable\":true,\"sortable\":true}},\"releasedAt\":{\"edit\":{\"label\":\"releasedAt\",\"description\":\"\",\"placeholder\":\"\",\"visible\":true,\"editable\":true},\"list\":{\"label\":\"releasedAt\",\"searchable\":true,\"sortable\":true}},\"scheduledAt\":{\"edit\":{\"label\":\"scheduledAt\",\"description\":\"\",\"placeholder\":\"\",\"visible\":true,\"editable\":true},\"list\":{\"label\":\"scheduledAt\",\"searchable\":true,\"sortable\":true}},\"timezone\":{\"edit\":{\"label\":\"timezone\",\"description\":\"\",\"placeholder\":\"\",\"visible\":true,\"editable\":true},\"list\":{\"label\":\"timezone\",\"searchable\":true,\"sortable\":true}},\"status\":{\"edit\":{\"label\":\"status\",\"description\":\"\",\"placeholder\":\"\",\"visible\":true,\"editable\":true},\"list\":{\"label\":\"status\",\"searchable\":true,\"sortable\":true}},\"actions\":{\"edit\":{\"label\":\"actions\",\"description\":\"\",\"placeholder\":\"\",\"visible\":true,\"editable\":true,\"mainField\":\"contentType\"},\"list\":{\"label\":\"actions\",\"searchable\":false,\"sortable\":false}},\"createdAt\":{\"edit\":{\"label\":\"createdAt\",\"description\":\"\",\"placeholder\":\"\",\"visible\":false,\"editable\":true},\"list\":{\"label\":\"createdAt\",\"searchable\":true,\"sortable\":true}},\"updatedAt\":{\"edit\":{\"label\":\"updatedAt\",\"description\":\"\",\"placeholder\":\"\",\"visible\":false,\"editable\":true},\"list\":{\"label\":\"updatedAt\",\"searchable\":true,\"sortable\":true}},\"createdBy\":{\"edit\":{\"label\":\"createdBy\",\"description\":\"\",\"placeholder\":\"\",\"visible\":false,\"editable\":true,\"mainField\":\"firstname\"},\"list\":{\"label\":\"createdBy\",\"searchable\":true,\"sortable\":true}},\"updatedBy\":{\"edit\":{\"label\":\"updatedBy\",\"description\":\"\",\"placeholder\":\"\",\"visible\":false,\"editable\":true,\"mainField\":\"firstname\"},\"list\":{\"label\":\"updatedBy\",\"searchable\":true,\"sortable\":true}},\"documentId\":{\"edit\":{},\"list\":{\"label\":\"documentId\",\"searchable\":true,\"sortable\":true}}},\"layouts\":{\"list\":[\"id\",\"name\",\"releasedAt\",\"scheduledAt\"],\"edit\":[[{\"name\":\"name\",\"size\":6},{\"name\":\"releasedAt\",\"size\":6}],[{\"name\":\"scheduledAt\",\"size\":6},{\"name\":\"timezone\",\"size\":6}],[{\"name\":\"status\",\"size\":6},{\"name\":\"actions\",\"size\":6}]]},\"uid\":\"plugin::content-releases.release\"}','object',NULL,NULL),(21,'plugin_content_manager_configuration_content_types::plugin::content-releases.release-action','{\"settings\":{\"bulkable\":true,\"filterable\":true,\"searchable\":true,\"pageSize\":10,\"mainField\":\"contentType\",\"defaultSortBy\":\"contentType\",\"defaultSortOrder\":\"ASC\"},\"metadatas\":{\"id\":{\"edit\":{},\"list\":{\"label\":\"id\",\"searchable\":true,\"sortable\":true}},\"type\":{\"edit\":{\"label\":\"type\",\"description\":\"\",\"placeholder\":\"\",\"visible\":true,\"editable\":true},\"list\":{\"label\":\"type\",\"searchable\":true,\"sortable\":true}},\"contentType\":{\"edit\":{\"label\":\"contentType\",\"description\":\"\",\"placeholder\":\"\",\"visible\":true,\"editable\":true},\"list\":{\"label\":\"contentType\",\"searchable\":true,\"sortable\":true}},\"entryDocumentId\":{\"edit\":{\"label\":\"entryDocumentId\",\"description\":\"\",\"placeholder\":\"\",\"visible\":true,\"editable\":true},\"list\":{\"label\":\"entryDocumentId\",\"searchable\":true,\"sortable\":true}},\"release\":{\"edit\":{\"label\":\"release\",\"description\":\"\",\"placeholder\":\"\",\"visible\":true,\"editable\":true,\"mainField\":\"name\"},\"list\":{\"label\":\"release\",\"searchable\":true,\"sortable\":true}},\"isEntryValid\":{\"edit\":{\"label\":\"isEntryValid\",\"description\":\"\",\"placeholder\":\"\",\"visible\":true,\"editable\":true},\"list\":{\"label\":\"isEntryValid\",\"searchable\":true,\"sortable\":true}},\"createdAt\":{\"edit\":{\"label\":\"createdAt\",\"description\":\"\",\"placeholder\":\"\",\"visible\":false,\"editable\":true},\"list\":{\"label\":\"createdAt\",\"searchable\":true,\"sortable\":true}},\"updatedAt\":{\"edit\":{\"label\":\"updatedAt\",\"description\":\"\",\"placeholder\":\"\",\"visible\":false,\"editable\":true},\"list\":{\"label\":\"updatedAt\",\"searchable\":true,\"sortable\":true}},\"createdBy\":{\"edit\":{\"label\":\"createdBy\",\"description\":\"\",\"placeholder\":\"\",\"visible\":false,\"editable\":true,\"mainField\":\"firstname\"},\"list\":{\"label\":\"createdBy\",\"searchable\":true,\"sortable\":true}},\"updatedBy\":{\"edit\":{\"label\":\"updatedBy\",\"description\":\"\",\"placeholder\":\"\",\"visible\":false,\"editable\":true,\"mainField\":\"firstname\"},\"list\":{\"label\":\"updatedBy\",\"searchable\":true,\"sortable\":true}},\"documentId\":{\"edit\":{},\"list\":{\"label\":\"documentId\",\"searchable\":true,\"sortable\":true}}},\"layouts\":{\"list\":[\"id\",\"type\",\"contentType\",\"entryDocumentId\"],\"edit\":[[{\"name\":\"type\",\"size\":6},{\"name\":\"contentType\",\"size\":6}],[{\"name\":\"entryDocumentId\",\"size\":6},{\"name\":\"release\",\"size\":6}],[{\"name\":\"isEntryValid\",\"size\":4}]]},\"uid\":\"plugin::content-releases.release-action\"}','object',NULL,NULL),(22,'plugin_content_manager_configuration_content_types::plugin::review-workflows.workflow','{\"settings\":{\"bulkable\":true,\"filterable\":true,\"searchable\":true,\"pageSize\":10,\"mainField\":\"name\",\"defaultSortBy\":\"name\",\"defaultSortOrder\":\"ASC\"},\"metadatas\":{\"id\":{\"edit\":{},\"list\":{\"label\":\"id\",\"searchable\":true,\"sortable\":true}},\"name\":{\"edit\":{\"label\":\"name\",\"description\":\"\",\"placeholder\":\"\",\"visible\":true,\"editable\":true},\"list\":{\"label\":\"name\",\"searchable\":true,\"sortable\":true}},\"stages\":{\"edit\":{\"label\":\"stages\",\"description\":\"\",\"placeholder\":\"\",\"visible\":true,\"editable\":true,\"mainField\":\"name\"},\"list\":{\"label\":\"stages\",\"searchable\":false,\"sortable\":false}},\"stageRequiredToPublish\":{\"edit\":{\"label\":\"stageRequiredToPublish\",\"description\":\"\",\"placeholder\":\"\",\"visible\":true,\"editable\":true,\"mainField\":\"name\"},\"list\":{\"label\":\"stageRequiredToPublish\",\"searchable\":true,\"sortable\":true}},\"contentTypes\":{\"edit\":{\"label\":\"contentTypes\",\"description\":\"\",\"placeholder\":\"\",\"visible\":true,\"editable\":true},\"list\":{\"label\":\"contentTypes\",\"searchable\":false,\"sortable\":false}},\"createdAt\":{\"edit\":{\"label\":\"createdAt\",\"description\":\"\",\"placeholder\":\"\",\"visible\":false,\"editable\":true},\"list\":{\"label\":\"createdAt\",\"searchable\":true,\"sortable\":true}},\"updatedAt\":{\"edit\":{\"label\":\"updatedAt\",\"description\":\"\",\"placeholder\":\"\",\"visible\":false,\"editable\":true},\"list\":{\"label\":\"updatedAt\",\"searchable\":true,\"sortable\":true}},\"createdBy\":{\"edit\":{\"label\":\"createdBy\",\"description\":\"\",\"placeholder\":\"\",\"visible\":false,\"editable\":true,\"mainField\":\"firstname\"},\"list\":{\"label\":\"createdBy\",\"searchable\":true,\"sortable\":true}},\"updatedBy\":{\"edit\":{\"label\":\"updatedBy\",\"description\":\"\",\"placeholder\":\"\",\"visible\":false,\"editable\":true,\"mainField\":\"firstname\"},\"list\":{\"label\":\"updatedBy\",\"searchable\":true,\"sortable\":true}},\"documentId\":{\"edit\":{},\"list\":{\"label\":\"documentId\",\"searchable\":true,\"sortable\":true}}},\"layouts\":{\"list\":[\"id\",\"name\",\"stages\",\"stageRequiredToPublish\"],\"edit\":[[{\"name\":\"name\",\"size\":6},{\"name\":\"stages\",\"size\":6}],[{\"name\":\"stageRequiredToPublish\",\"size\":6}],[{\"name\":\"contentTypes\",\"size\":12}]]},\"uid\":\"plugin::review-workflows.workflow\"}','object',NULL,NULL),(23,'plugin_content_manager_configuration_content_types::plugin::review-workflows.workflow-stage','{\"settings\":{\"bulkable\":true,\"filterable\":true,\"searchable\":true,\"pageSize\":10,\"mainField\":\"name\",\"defaultSortBy\":\"name\",\"defaultSortOrder\":\"ASC\"},\"metadatas\":{\"id\":{\"edit\":{},\"list\":{\"label\":\"id\",\"searchable\":true,\"sortable\":true}},\"name\":{\"edit\":{\"label\":\"name\",\"description\":\"\",\"placeholder\":\"\",\"visible\":true,\"editable\":true},\"list\":{\"label\":\"name\",\"searchable\":true,\"sortable\":true}},\"color\":{\"edit\":{\"label\":\"color\",\"description\":\"\",\"placeholder\":\"\",\"visible\":true,\"editable\":true},\"list\":{\"label\":\"color\",\"searchable\":true,\"sortable\":true}},\"workflow\":{\"edit\":{\"label\":\"workflow\",\"description\":\"\",\"placeholder\":\"\",\"visible\":true,\"editable\":true,\"mainField\":\"name\"},\"list\":{\"label\":\"workflow\",\"searchable\":true,\"sortable\":true}},\"permissions\":{\"edit\":{\"label\":\"permissions\",\"description\":\"\",\"placeholder\":\"\",\"visible\":true,\"editable\":true,\"mainField\":\"action\"},\"list\":{\"label\":\"permissions\",\"searchable\":false,\"sortable\":false}},\"createdAt\":{\"edit\":{\"label\":\"createdAt\",\"description\":\"\",\"placeholder\":\"\",\"visible\":false,\"editable\":true},\"list\":{\"label\":\"createdAt\",\"searchable\":true,\"sortable\":true}},\"updatedAt\":{\"edit\":{\"label\":\"updatedAt\",\"description\":\"\",\"placeholder\":\"\",\"visible\":false,\"editable\":true},\"list\":{\"label\":\"updatedAt\",\"searchable\":true,\"sortable\":true}},\"createdBy\":{\"edit\":{\"label\":\"createdBy\",\"description\":\"\",\"placeholder\":\"\",\"visible\":false,\"editable\":true,\"mainField\":\"firstname\"},\"list\":{\"label\":\"createdBy\",\"searchable\":true,\"sortable\":true}},\"updatedBy\":{\"edit\":{\"label\":\"updatedBy\",\"description\":\"\",\"placeholder\":\"\",\"visible\":false,\"editable\":true,\"mainField\":\"firstname\"},\"list\":{\"label\":\"updatedBy\",\"searchable\":true,\"sortable\":true}},\"documentId\":{\"edit\":{},\"list\":{\"label\":\"documentId\",\"searchable\":true,\"sortable\":true}}},\"layouts\":{\"list\":[\"id\",\"name\",\"color\",\"workflow\"],\"edit\":[[{\"name\":\"name\",\"size\":6},{\"name\":\"color\",\"size\":6}],[{\"name\":\"workflow\",\"size\":6},{\"name\":\"permissions\",\"size\":6}]]},\"uid\":\"plugin::review-workflows.workflow-stage\"}','object',NULL,NULL),(24,'plugin_content_manager_configuration_content_types::plugin::users-permissions.permission','{\"settings\":{\"bulkable\":true,\"filterable\":true,\"searchable\":true,\"pageSize\":10,\"mainField\":\"action\",\"defaultSortBy\":\"action\",\"defaultSortOrder\":\"ASC\"},\"metadatas\":{\"id\":{\"edit\":{},\"list\":{\"label\":\"id\",\"searchable\":true,\"sortable\":true}},\"action\":{\"edit\":{\"label\":\"action\",\"description\":\"\",\"placeholder\":\"\",\"visible\":true,\"editable\":true},\"list\":{\"label\":\"action\",\"searchable\":true,\"sortable\":true}},\"role\":{\"edit\":{\"label\":\"role\",\"description\":\"\",\"placeholder\":\"\",\"visible\":true,\"editable\":true,\"mainField\":\"name\"},\"list\":{\"label\":\"role\",\"searchable\":true,\"sortable\":true}},\"createdAt\":{\"edit\":{\"label\":\"createdAt\",\"description\":\"\",\"placeholder\":\"\",\"visible\":false,\"editable\":true},\"list\":{\"label\":\"createdAt\",\"searchable\":true,\"sortable\":true}},\"updatedAt\":{\"edit\":{\"label\":\"updatedAt\",\"description\":\"\",\"placeholder\":\"\",\"visible\":false,\"editable\":true},\"list\":{\"label\":\"updatedAt\",\"searchable\":true,\"sortable\":true}},\"createdBy\":{\"edit\":{\"label\":\"createdBy\",\"description\":\"\",\"placeholder\":\"\",\"visible\":false,\"editable\":true,\"mainField\":\"firstname\"},\"list\":{\"label\":\"createdBy\",\"searchable\":true,\"sortable\":true}},\"updatedBy\":{\"edit\":{\"label\":\"updatedBy\",\"description\":\"\",\"placeholder\":\"\",\"visible\":false,\"editable\":true,\"mainField\":\"firstname\"},\"list\":{\"label\":\"updatedBy\",\"searchable\":true,\"sortable\":true}},\"documentId\":{\"edit\":{},\"list\":{\"label\":\"documentId\",\"searchable\":true,\"sortable\":true}}},\"layouts\":{\"list\":[\"id\",\"action\",\"role\",\"createdAt\"],\"edit\":[[{\"name\":\"action\",\"size\":6},{\"name\":\"role\",\"size\":6}]]},\"uid\":\"plugin::users-permissions.permission\"}','object',NULL,NULL),(25,'plugin_content_manager_configuration_content_types::plugin::users-permissions.role','{\"settings\":{\"bulkable\":true,\"filterable\":true,\"searchable\":true,\"pageSize\":10,\"mainField\":\"name\",\"defaultSortBy\":\"name\",\"defaultSortOrder\":\"ASC\"},\"metadatas\":{\"id\":{\"edit\":{},\"list\":{\"label\":\"id\",\"searchable\":true,\"sortable\":true}},\"name\":{\"edit\":{\"label\":\"name\",\"description\":\"\",\"placeholder\":\"\",\"visible\":true,\"editable\":true},\"list\":{\"label\":\"name\",\"searchable\":true,\"sortable\":true}},\"description\":{\"edit\":{\"label\":\"description\",\"description\":\"\",\"placeholder\":\"\",\"visible\":true,\"editable\":true},\"list\":{\"label\":\"description\",\"searchable\":true,\"sortable\":true}},\"type\":{\"edit\":{\"label\":\"type\",\"description\":\"\",\"placeholder\":\"\",\"visible\":true,\"editable\":true},\"list\":{\"label\":\"type\",\"searchable\":true,\"sortable\":true}},\"permissions\":{\"edit\":{\"label\":\"permissions\",\"description\":\"\",\"placeholder\":\"\",\"visible\":true,\"editable\":true,\"mainField\":\"action\"},\"list\":{\"label\":\"permissions\",\"searchable\":false,\"sortable\":false}},\"users\":{\"edit\":{\"label\":\"users\",\"description\":\"\",\"placeholder\":\"\",\"visible\":true,\"editable\":true,\"mainField\":\"username\"},\"list\":{\"label\":\"users\",\"searchable\":false,\"sortable\":false}},\"createdAt\":{\"edit\":{\"label\":\"createdAt\",\"description\":\"\",\"placeholder\":\"\",\"visible\":false,\"editable\":true},\"list\":{\"label\":\"createdAt\",\"searchable\":true,\"sortable\":true}},\"updatedAt\":{\"edit\":{\"label\":\"updatedAt\",\"description\":\"\",\"placeholder\":\"\",\"visible\":false,\"editable\":true},\"list\":{\"label\":\"updatedAt\",\"searchable\":true,\"sortable\":true}},\"createdBy\":{\"edit\":{\"label\":\"createdBy\",\"description\":\"\",\"placeholder\":\"\",\"visible\":false,\"editable\":true,\"mainField\":\"firstname\"},\"list\":{\"label\":\"createdBy\",\"searchable\":true,\"sortable\":true}},\"updatedBy\":{\"edit\":{\"label\":\"updatedBy\",\"description\":\"\",\"placeholder\":\"\",\"visible\":false,\"editable\":true,\"mainField\":\"firstname\"},\"list\":{\"label\":\"updatedBy\",\"searchable\":true,\"sortable\":true}},\"documentId\":{\"edit\":{},\"list\":{\"label\":\"documentId\",\"searchable\":true,\"sortable\":true}}},\"layouts\":{\"list\":[\"id\",\"name\",\"description\",\"type\"],\"edit\":[[{\"name\":\"name\",\"size\":6},{\"name\":\"description\",\"size\":6}],[{\"name\":\"type\",\"size\":6},{\"name\":\"permissions\",\"size\":6}],[{\"name\":\"users\",\"size\":6}]]},\"uid\":\"plugin::users-permissions.role\"}','object',NULL,NULL),(26,'plugin_content_manager_configuration_content_types::plugin::users-permissions.user','{\"settings\":{\"bulkable\":true,\"filterable\":true,\"searchable\":true,\"pageSize\":10,\"mainField\":\"username\",\"defaultSortBy\":\"username\",\"defaultSortOrder\":\"ASC\"},\"metadatas\":{\"id\":{\"edit\":{},\"list\":{\"label\":\"id\",\"searchable\":true,\"sortable\":true}},\"username\":{\"edit\":{\"label\":\"username\",\"description\":\"\",\"placeholder\":\"\",\"visible\":true,\"editable\":true},\"list\":{\"label\":\"username\",\"searchable\":true,\"sortable\":true}},\"email\":{\"edit\":{\"label\":\"email\",\"description\":\"\",\"placeholder\":\"\",\"visible\":true,\"editable\":true},\"list\":{\"label\":\"email\",\"searchable\":true,\"sortable\":true}},\"provider\":{\"edit\":{\"label\":\"provider\",\"description\":\"\",\"placeholder\":\"\",\"visible\":false,\"editable\":true},\"list\":{\"label\":\"provider\",\"searchable\":true,\"sortable\":true}},\"password\":{\"edit\":{\"label\":\"password\",\"description\":\"\",\"placeholder\":\"\",\"visible\":true,\"editable\":true},\"list\":{\"label\":\"password\",\"searchable\":true,\"sortable\":true}},\"resetPasswordToken\":{\"edit\":{\"label\":\"resetPasswordToken\",\"description\":\"\",\"placeholder\":\"\",\"visible\":false,\"editable\":true},\"list\":{\"label\":\"resetPasswordToken\",\"searchable\":true,\"sortable\":true}},\"confirmationToken\":{\"edit\":{\"label\":\"confirmationToken\",\"description\":\"\",\"placeholder\":\"\",\"visible\":false,\"editable\":true},\"list\":{\"label\":\"confirmationToken\",\"searchable\":true,\"sortable\":true}},\"confirmed\":{\"edit\":{\"label\":\"confirmed\",\"description\":\"\",\"placeholder\":\"\",\"visible\":true,\"editable\":true},\"list\":{\"label\":\"confirmed\",\"searchable\":true,\"sortable\":true}},\"blocked\":{\"edit\":{\"label\":\"blocked\",\"description\":\"\",\"placeholder\":\"\",\"visible\":true,\"editable\":true},\"list\":{\"label\":\"blocked\",\"searchable\":true,\"sortable\":true}},\"role\":{\"edit\":{\"label\":\"role\",\"description\":\"\",\"placeholder\":\"\",\"visible\":true,\"editable\":true,\"mainField\":\"name\"},\"list\":{\"label\":\"role\",\"searchable\":true,\"sortable\":true}},\"createdAt\":{\"edit\":{\"label\":\"createdAt\",\"description\":\"\",\"placeholder\":\"\",\"visible\":false,\"editable\":true},\"list\":{\"label\":\"createdAt\",\"searchable\":true,\"sortable\":true}},\"updatedAt\":{\"edit\":{\"label\":\"updatedAt\",\"description\":\"\",\"placeholder\":\"\",\"visible\":false,\"editable\":true},\"list\":{\"label\":\"updatedAt\",\"searchable\":true,\"sortable\":true}},\"createdBy\":{\"edit\":{\"label\":\"createdBy\",\"description\":\"\",\"placeholder\":\"\",\"visible\":false,\"editable\":true,\"mainField\":\"firstname\"},\"list\":{\"label\":\"createdBy\",\"searchable\":true,\"sortable\":true}},\"updatedBy\":{\"edit\":{\"label\":\"updatedBy\",\"description\":\"\",\"placeholder\":\"\",\"visible\":false,\"editable\":true,\"mainField\":\"firstname\"},\"list\":{\"label\":\"updatedBy\",\"searchable\":true,\"sortable\":true}},\"documentId\":{\"edit\":{},\"list\":{\"label\":\"documentId\",\"searchable\":true,\"sortable\":true}}},\"layouts\":{\"list\":[\"id\",\"username\",\"email\",\"confirmed\"],\"edit\":[[{\"name\":\"username\",\"size\":6},{\"name\":\"email\",\"size\":6}],[{\"name\":\"password\",\"size\":6},{\"name\":\"confirmed\",\"size\":4}],[{\"name\":\"blocked\",\"size\":4},{\"name\":\"role\",\"size\":6}]]},\"uid\":\"plugin::users-permissions.user\"}','object',NULL,NULL),(31,'plugin_content_manager_configuration_content_types::api::footer.footer','{\"settings\":{\"bulkable\":true,\"filterable\":true,\"searchable\":true,\"pageSize\":10,\"mainField\":\"documentId\",\"defaultSortBy\":\"documentId\",\"defaultSortOrder\":\"ASC\"},\"metadatas\":{\"id\":{\"edit\":{},\"list\":{\"label\":\"id\",\"searchable\":true,\"sortable\":true}},\"logo\":{\"edit\":{\"label\":\"logo\",\"description\":\"\",\"placeholder\":\"\",\"visible\":true,\"editable\":true},\"list\":{\"label\":\"logo\",\"searchable\":false,\"sortable\":false}},\"description\":{\"edit\":{\"label\":\"description\",\"description\":\"\",\"placeholder\":\"\",\"visible\":true,\"editable\":true},\"list\":{\"label\":\"description\",\"searchable\":true,\"sortable\":true}},\"socialLinks\":{\"edit\":{\"label\":\"socialLinks\",\"description\":\"\",\"placeholder\":\"\",\"visible\":true,\"editable\":true},\"list\":{\"label\":\"socialLinks\",\"searchable\":false,\"sortable\":false}},\"bottomMenu\":{\"edit\":{\"label\":\"bottomMenu\",\"description\":\"\",\"placeholder\":\"\",\"visible\":true,\"editable\":true},\"list\":{\"label\":\"bottomMenu\",\"searchable\":false,\"sortable\":false}},\"menu\":{\"edit\":{\"label\":\"menu\",\"description\":\"\",\"placeholder\":\"\",\"visible\":true,\"editable\":true},\"list\":{\"label\":\"menu\",\"searchable\":false,\"sortable\":false}},\"copyrightText\":{\"edit\":{\"label\":\"copyrightText\",\"description\":\"\",\"placeholder\":\"\",\"visible\":true,\"editable\":true},\"list\":{\"label\":\"copyrightText\",\"searchable\":true,\"sortable\":true}},\"createdAt\":{\"edit\":{\"label\":\"createdAt\",\"description\":\"\",\"placeholder\":\"\",\"visible\":false,\"editable\":true},\"list\":{\"label\":\"createdAt\",\"searchable\":true,\"sortable\":true}},\"updatedAt\":{\"edit\":{\"label\":\"updatedAt\",\"description\":\"\",\"placeholder\":\"\",\"visible\":false,\"editable\":true},\"list\":{\"label\":\"updatedAt\",\"searchable\":true,\"sortable\":true}},\"createdBy\":{\"edit\":{\"label\":\"createdBy\",\"description\":\"\",\"placeholder\":\"\",\"visible\":false,\"editable\":true,\"mainField\":\"firstname\"},\"list\":{\"label\":\"createdBy\",\"searchable\":true,\"sortable\":true}},\"updatedBy\":{\"edit\":{\"label\":\"updatedBy\",\"description\":\"\",\"placeholder\":\"\",\"visible\":false,\"editable\":true,\"mainField\":\"firstname\"},\"list\":{\"label\":\"updatedBy\",\"searchable\":true,\"sortable\":true}},\"documentId\":{\"edit\":{},\"list\":{\"label\":\"documentId\",\"searchable\":true,\"sortable\":true}}},\"layouts\":{\"list\":[\"id\",\"logo\",\"description\",\"socialLinks\"],\"edit\":[[{\"name\":\"copyrightText\",\"size\":6},{\"name\":\"logo\",\"size\":6}],[{\"name\":\"description\",\"size\":6}],[{\"name\":\"socialLinks\",\"size\":12}],[{\"name\":\"bottomMenu\",\"size\":12}],[{\"name\":\"menu\",\"size\":12}]]},\"uid\":\"api::footer.footer\"}','object',NULL,NULL),(32,'plugin_content_manager_configuration_content_types::api::header.header','{\"settings\":{\"bulkable\":true,\"filterable\":true,\"searchable\":true,\"pageSize\":10,\"mainField\":\"documentId\",\"defaultSortBy\":\"documentId\",\"defaultSortOrder\":\"ASC\"},\"metadatas\":{\"id\":{\"edit\":{},\"list\":{\"label\":\"id\",\"searchable\":true,\"sortable\":true}},\"logo\":{\"edit\":{\"label\":\"logo\",\"description\":\"\",\"placeholder\":\"\",\"visible\":true,\"editable\":true},\"list\":{\"label\":\"logo\",\"searchable\":false,\"sortable\":false}},\"colorLogo\":{\"edit\":{\"label\":\"colorLogo\",\"description\":\"\",\"placeholder\":\"\",\"visible\":true,\"editable\":true},\"list\":{\"label\":\"colorLogo\",\"searchable\":false,\"sortable\":false}},\"menu\":{\"edit\":{\"label\":\"menu\",\"description\":\"\",\"placeholder\":\"\",\"visible\":true,\"editable\":true},\"list\":{\"label\":\"menu\",\"searchable\":false,\"sortable\":false}},\"showMultilingual\":{\"edit\":{\"label\":\"showMultilingual\",\"description\":\"\",\"placeholder\":\"\",\"visible\":true,\"editable\":true},\"list\":{\"label\":\"showMultilingual\",\"searchable\":true,\"sortable\":true}},\"createdAt\":{\"edit\":{\"label\":\"createdAt\",\"description\":\"\",\"placeholder\":\"\",\"visible\":false,\"editable\":true},\"list\":{\"label\":\"createdAt\",\"searchable\":true,\"sortable\":true}},\"updatedAt\":{\"edit\":{\"label\":\"updatedAt\",\"description\":\"\",\"placeholder\":\"\",\"visible\":false,\"editable\":true},\"list\":{\"label\":\"updatedAt\",\"searchable\":true,\"sortable\":true}},\"createdBy\":{\"edit\":{\"label\":\"createdBy\",\"description\":\"\",\"placeholder\":\"\",\"visible\":false,\"editable\":true,\"mainField\":\"firstname\"},\"list\":{\"label\":\"createdBy\",\"searchable\":true,\"sortable\":true}},\"updatedBy\":{\"edit\":{\"label\":\"updatedBy\",\"description\":\"\",\"placeholder\":\"\",\"visible\":false,\"editable\":true,\"mainField\":\"firstname\"},\"list\":{\"label\":\"updatedBy\",\"searchable\":true,\"sortable\":true}},\"documentId\":{\"edit\":{},\"list\":{\"label\":\"documentId\",\"searchable\":true,\"sortable\":true}}},\"layouts\":{\"list\":[\"id\",\"logo\",\"showMultilingual\",\"colorLogo\"],\"edit\":[[{\"name\":\"menu\",\"size\":12}],[{\"name\":\"showMultilingual\",\"size\":4}],[{\"name\":\"logo\",\"size\":12}],[{\"name\":\"colorLogo\",\"size\":6}]]},\"uid\":\"api::header.header\"}','object',NULL,NULL),(33,'plugin_content_manager_configuration_content_types::api::home.home','{\"settings\":{\"bulkable\":true,\"filterable\":true,\"searchable\":true,\"pageSize\":10,\"mainField\":\"documentId\",\"defaultSortBy\":\"documentId\",\"defaultSortOrder\":\"ASC\"},\"metadatas\":{\"id\":{\"edit\":{},\"list\":{\"label\":\"id\",\"searchable\":true,\"sortable\":true}},\"banner\":{\"edit\":{\"label\":\"banner\",\"description\":\"\",\"placeholder\":\"\",\"visible\":true,\"editable\":true},\"list\":{\"label\":\"banner\",\"searchable\":false,\"sortable\":false}},\"aboutCme\":{\"edit\":{\"label\":\"aboutCme\",\"description\":\"\",\"placeholder\":\"\",\"visible\":true,\"editable\":true},\"list\":{\"label\":\"aboutCme\",\"searchable\":false,\"sortable\":false}},\"businessStreams\":{\"edit\":{\"label\":\"businessStreams\",\"description\":\"\",\"placeholder\":\"\",\"visible\":true,\"editable\":true},\"list\":{\"label\":\"businessStreams\",\"searchable\":false,\"sortable\":false}},\"trustedBrands\":{\"edit\":{\"label\":\"trustedBrands\",\"description\":\"\",\"placeholder\":\"\",\"visible\":true,\"editable\":true},\"list\":{\"label\":\"trustedBrands\",\"searchable\":false,\"sortable\":false}},\"trustedPartners\":{\"edit\":{\"label\":\"trustedPartners\",\"description\":\"\",\"placeholder\":\"\",\"visible\":true,\"editable\":true},\"list\":{\"label\":\"trustedPartners\",\"searchable\":false,\"sortable\":false}},\"socialFeeds\":{\"edit\":{\"label\":\"socialFeeds\",\"description\":\"\",\"placeholder\":\"\",\"visible\":true,\"editable\":true},\"list\":{\"label\":\"socialFeeds\",\"searchable\":false,\"sortable\":false}},\"ourLocations\":{\"edit\":{\"label\":\"ourLocations\",\"description\":\"\",\"placeholder\":\"\",\"visible\":true,\"editable\":true},\"list\":{\"label\":\"ourLocations\",\"searchable\":false,\"sortable\":false}},\"aboutGroup\":{\"edit\":{\"label\":\"aboutGroup\",\"description\":\"\",\"placeholder\":\"\",\"visible\":true,\"editable\":true},\"list\":{\"label\":\"aboutGroup\",\"searchable\":false,\"sortable\":false}},\"isNewsEnabled\":{\"edit\":{\"label\":\"isNewsEnabled\",\"description\":\"\",\"placeholder\":\"\",\"visible\":true,\"editable\":true},\"list\":{\"label\":\"isNewsEnabled\",\"searchable\":true,\"sortable\":true}},\"seo\":{\"edit\":{\"label\":\"seo\",\"description\":\"\",\"placeholder\":\"\",\"visible\":true,\"editable\":true},\"list\":{\"label\":\"seo\",\"searchable\":false,\"sortable\":false}},\"createdAt\":{\"edit\":{\"label\":\"createdAt\",\"description\":\"\",\"placeholder\":\"\",\"visible\":false,\"editable\":true},\"list\":{\"label\":\"createdAt\",\"searchable\":true,\"sortable\":true}},\"updatedAt\":{\"edit\":{\"label\":\"updatedAt\",\"description\":\"\",\"placeholder\":\"\",\"visible\":false,\"editable\":true},\"list\":{\"label\":\"updatedAt\",\"searchable\":true,\"sortable\":true}},\"createdBy\":{\"edit\":{\"label\":\"createdBy\",\"description\":\"\",\"placeholder\":\"\",\"visible\":false,\"editable\":true,\"mainField\":\"firstname\"},\"list\":{\"label\":\"createdBy\",\"searchable\":true,\"sortable\":true}},\"updatedBy\":{\"edit\":{\"label\":\"updatedBy\",\"description\":\"\",\"placeholder\":\"\",\"visible\":false,\"editable\":true,\"mainField\":\"firstname\"},\"list\":{\"label\":\"updatedBy\",\"searchable\":true,\"sortable\":true}},\"documentId\":{\"edit\":{},\"list\":{\"label\":\"documentId\",\"searchable\":true,\"sortable\":true}}},\"layouts\":{\"list\":[\"id\",\"banner\",\"aboutCme\",\"businessStreams\"],\"edit\":[[{\"name\":\"banner\",\"size\":12}],[{\"name\":\"seo\",\"size\":12}],[{\"name\":\"aboutCme\",\"size\":12}],[{\"name\":\"businessStreams\",\"size\":12}],[{\"name\":\"trustedBrands\",\"size\":12}],[{\"name\":\"trustedPartners\",\"size\":12}],[{\"name\":\"socialFeeds\",\"size\":12}],[{\"name\":\"ourLocations\",\"size\":12}],[{\"name\":\"aboutGroup\",\"size\":12}],[{\"name\":\"isNewsEnabled\",\"size\":4}]]},\"uid\":\"api::home.home\"}','object',NULL,NULL),(38,'plugin_content_manager_configuration_content_types::admin::permission','{\"settings\":{\"bulkable\":true,\"filterable\":true,\"searchable\":true,\"pageSize\":10,\"mainField\":\"action\",\"defaultSortBy\":\"action\",\"defaultSortOrder\":\"ASC\"},\"metadatas\":{\"id\":{\"edit\":{},\"list\":{\"label\":\"id\",\"searchable\":true,\"sortable\":true}},\"action\":{\"edit\":{\"label\":\"action\",\"description\":\"\",\"placeholder\":\"\",\"visible\":true,\"editable\":true},\"list\":{\"label\":\"action\",\"searchable\":true,\"sortable\":true}},\"actionParameters\":{\"edit\":{\"label\":\"actionParameters\",\"description\":\"\",\"placeholder\":\"\",\"visible\":true,\"editable\":true},\"list\":{\"label\":\"actionParameters\",\"searchable\":false,\"sortable\":false}},\"subject\":{\"edit\":{\"label\":\"subject\",\"description\":\"\",\"placeholder\":\"\",\"visible\":true,\"editable\":true},\"list\":{\"label\":\"subject\",\"searchable\":true,\"sortable\":true}},\"properties\":{\"edit\":{\"label\":\"properties\",\"description\":\"\",\"placeholder\":\"\",\"visible\":true,\"editable\":true},\"list\":{\"label\":\"properties\",\"searchable\":false,\"sortable\":false}},\"conditions\":{\"edit\":{\"label\":\"conditions\",\"description\":\"\",\"placeholder\":\"\",\"visible\":true,\"editable\":true},\"list\":{\"label\":\"conditions\",\"searchable\":false,\"sortable\":false}},\"role\":{\"edit\":{\"label\":\"role\",\"description\":\"\",\"placeholder\":\"\",\"visible\":true,\"editable\":true,\"mainField\":\"name\"},\"list\":{\"label\":\"role\",\"searchable\":true,\"sortable\":true}},\"createdAt\":{\"edit\":{\"label\":\"createdAt\",\"description\":\"\",\"placeholder\":\"\",\"visible\":false,\"editable\":true},\"list\":{\"label\":\"createdAt\",\"searchable\":true,\"sortable\":true}},\"updatedAt\":{\"edit\":{\"label\":\"updatedAt\",\"description\":\"\",\"placeholder\":\"\",\"visible\":false,\"editable\":true},\"list\":{\"label\":\"updatedAt\",\"searchable\":true,\"sortable\":true}},\"createdBy\":{\"edit\":{\"label\":\"createdBy\",\"description\":\"\",\"placeholder\":\"\",\"visible\":false,\"editable\":true,\"mainField\":\"firstname\"},\"list\":{\"label\":\"createdBy\",\"searchable\":true,\"sortable\":true}},\"updatedBy\":{\"edit\":{\"label\":\"updatedBy\",\"description\":\"\",\"placeholder\":\"\",\"visible\":false,\"editable\":true,\"mainField\":\"firstname\"},\"list\":{\"label\":\"updatedBy\",\"searchable\":true,\"sortable\":true}},\"documentId\":{\"edit\":{},\"list\":{\"label\":\"documentId\",\"searchable\":true,\"sortable\":true}}},\"layouts\":{\"list\":[\"id\",\"action\",\"subject\",\"role\"],\"edit\":[[{\"name\":\"action\",\"size\":6}],[{\"name\":\"actionParameters\",\"size\":12}],[{\"name\":\"subject\",\"size\":6}],[{\"name\":\"properties\",\"size\":12}],[{\"name\":\"conditions\",\"size\":12}],[{\"name\":\"role\",\"size\":6}]]},\"uid\":\"admin::permission\"}','object',NULL,NULL),(39,'plugin_content_manager_configuration_content_types::admin::user','{\"settings\":{\"bulkable\":true,\"filterable\":true,\"searchable\":true,\"pageSize\":10,\"mainField\":\"firstname\",\"defaultSortBy\":\"firstname\",\"defaultSortOrder\":\"ASC\"},\"metadatas\":{\"id\":{\"edit\":{},\"list\":{\"label\":\"id\",\"searchable\":true,\"sortable\":true}},\"firstname\":{\"edit\":{\"label\":\"firstname\",\"description\":\"\",\"placeholder\":\"\",\"visible\":true,\"editable\":true},\"list\":{\"label\":\"firstname\",\"searchable\":true,\"sortable\":true}},\"lastname\":{\"edit\":{\"label\":\"lastname\",\"description\":\"\",\"placeholder\":\"\",\"visible\":true,\"editable\":true},\"list\":{\"label\":\"lastname\",\"searchable\":true,\"sortable\":true}},\"username\":{\"edit\":{\"label\":\"username\",\"description\":\"\",\"placeholder\":\"\",\"visible\":true,\"editable\":true},\"list\":{\"label\":\"username\",\"searchable\":true,\"sortable\":true}},\"email\":{\"edit\":{\"label\":\"email\",\"description\":\"\",\"placeholder\":\"\",\"visible\":true,\"editable\":true},\"list\":{\"label\":\"email\",\"searchable\":true,\"sortable\":true}},\"password\":{\"edit\":{\"label\":\"password\",\"description\":\"\",\"placeholder\":\"\",\"visible\":true,\"editable\":true},\"list\":{\"label\":\"password\",\"searchable\":true,\"sortable\":true}},\"resetPasswordToken\":{\"edit\":{\"label\":\"resetPasswordToken\",\"description\":\"\",\"placeholder\":\"\",\"visible\":false,\"editable\":true},\"list\":{\"label\":\"resetPasswordToken\",\"searchable\":true,\"sortable\":true}},\"registrationToken\":{\"edit\":{\"label\":\"registrationToken\",\"description\":\"\",\"placeholder\":\"\",\"visible\":false,\"editable\":true},\"list\":{\"label\":\"registrationToken\",\"searchable\":true,\"sortable\":true}},\"isActive\":{\"edit\":{\"label\":\"isActive\",\"description\":\"\",\"placeholder\":\"\",\"visible\":true,\"editable\":true},\"list\":{\"label\":\"isActive\",\"searchable\":true,\"sortable\":true}},\"roles\":{\"edit\":{\"label\":\"roles\",\"description\":\"\",\"placeholder\":\"\",\"visible\":true,\"editable\":true,\"mainField\":\"name\"},\"list\":{\"label\":\"roles\",\"searchable\":false,\"sortable\":false}},\"blocked\":{\"edit\":{\"label\":\"blocked\",\"description\":\"\",\"placeholder\":\"\",\"visible\":true,\"editable\":true},\"list\":{\"label\":\"blocked\",\"searchable\":true,\"sortable\":true}},\"preferedLanguage\":{\"edit\":{\"label\":\"preferedLanguage\",\"description\":\"\",\"placeholder\":\"\",\"visible\":true,\"editable\":true},\"list\":{\"label\":\"preferedLanguage\",\"searchable\":true,\"sortable\":true}},\"createdAt\":{\"edit\":{\"label\":\"createdAt\",\"description\":\"\",\"placeholder\":\"\",\"visible\":false,\"editable\":true},\"list\":{\"label\":\"createdAt\",\"searchable\":true,\"sortable\":true}},\"updatedAt\":{\"edit\":{\"label\":\"updatedAt\",\"description\":\"\",\"placeholder\":\"\",\"visible\":false,\"editable\":true},\"list\":{\"label\":\"updatedAt\",\"searchable\":true,\"sortable\":true}},\"createdBy\":{\"edit\":{\"label\":\"createdBy\",\"description\":\"\",\"placeholder\":\"\",\"visible\":false,\"editable\":true,\"mainField\":\"firstname\"},\"list\":{\"label\":\"createdBy\",\"searchable\":true,\"sortable\":true}},\"updatedBy\":{\"edit\":{\"label\":\"updatedBy\",\"description\":\"\",\"placeholder\":\"\",\"visible\":false,\"editable\":true,\"mainField\":\"firstname\"},\"list\":{\"label\":\"updatedBy\",\"searchable\":true,\"sortable\":true}},\"documentId\":{\"edit\":{},\"list\":{\"label\":\"documentId\",\"searchable\":true,\"sortable\":true}}},\"layouts\":{\"list\":[\"id\",\"firstname\",\"lastname\",\"username\"],\"edit\":[[{\"name\":\"firstname\",\"size\":6},{\"name\":\"lastname\",\"size\":6}],[{\"name\":\"username\",\"size\":6},{\"name\":\"email\",\"size\":6}],[{\"name\":\"password\",\"size\":6},{\"name\":\"isActive\",\"size\":4}],[{\"name\":\"roles\",\"size\":6},{\"name\":\"blocked\",\"size\":4}],[{\"name\":\"preferedLanguage\",\"size\":6}]]},\"uid\":\"admin::user\"}','object',NULL,NULL),(40,'plugin_content_manager_configuration_content_types::admin::role','{\"settings\":{\"bulkable\":true,\"filterable\":true,\"searchable\":true,\"pageSize\":10,\"mainField\":\"name\",\"defaultSortBy\":\"name\",\"defaultSortOrder\":\"ASC\"},\"metadatas\":{\"id\":{\"edit\":{},\"list\":{\"label\":\"id\",\"searchable\":true,\"sortable\":true}},\"name\":{\"edit\":{\"label\":\"name\",\"description\":\"\",\"placeholder\":\"\",\"visible\":true,\"editable\":true},\"list\":{\"label\":\"name\",\"searchable\":true,\"sortable\":true}},\"code\":{\"edit\":{\"label\":\"code\",\"description\":\"\",\"placeholder\":\"\",\"visible\":true,\"editable\":true},\"list\":{\"label\":\"code\",\"searchable\":true,\"sortable\":true}},\"description\":{\"edit\":{\"label\":\"description\",\"description\":\"\",\"placeholder\":\"\",\"visible\":true,\"editable\":true},\"list\":{\"label\":\"description\",\"searchable\":true,\"sortable\":true}},\"users\":{\"edit\":{\"label\":\"users\",\"description\":\"\",\"placeholder\":\"\",\"visible\":true,\"editable\":true,\"mainField\":\"firstname\"},\"list\":{\"label\":\"users\",\"searchable\":false,\"sortable\":false}},\"permissions\":{\"edit\":{\"label\":\"permissions\",\"description\":\"\",\"placeholder\":\"\",\"visible\":true,\"editable\":true,\"mainField\":\"action\"},\"list\":{\"label\":\"permissions\",\"searchable\":false,\"sortable\":false}},\"createdAt\":{\"edit\":{\"label\":\"createdAt\",\"description\":\"\",\"placeholder\":\"\",\"visible\":false,\"editable\":true},\"list\":{\"label\":\"createdAt\",\"searchable\":true,\"sortable\":true}},\"updatedAt\":{\"edit\":{\"label\":\"updatedAt\",\"description\":\"\",\"placeholder\":\"\",\"visible\":false,\"editable\":true},\"list\":{\"label\":\"updatedAt\",\"searchable\":true,\"sortable\":true}},\"createdBy\":{\"edit\":{\"label\":\"createdBy\",\"description\":\"\",\"placeholder\":\"\",\"visible\":false,\"editable\":true,\"mainField\":\"firstname\"},\"list\":{\"label\":\"createdBy\",\"searchable\":true,\"sortable\":true}},\"updatedBy\":{\"edit\":{\"label\":\"updatedBy\",\"description\":\"\",\"placeholder\":\"\",\"visible\":false,\"editable\":true,\"mainField\":\"firstname\"},\"list\":{\"label\":\"updatedBy\",\"searchable\":true,\"sortable\":true}},\"documentId\":{\"edit\":{},\"list\":{\"label\":\"documentId\",\"searchable\":true,\"sortable\":true}}},\"layouts\":{\"list\":[\"id\",\"name\",\"code\",\"description\"],\"edit\":[[{\"name\":\"name\",\"size\":6},{\"name\":\"code\",\"size\":6}],[{\"name\":\"description\",\"size\":6},{\"name\":\"users\",\"size\":6}],[{\"name\":\"permissions\",\"size\":6}]]},\"uid\":\"admin::role\"}','object',NULL,NULL),(41,'plugin_content_manager_configuration_content_types::admin::api-token','{\"settings\":{\"bulkable\":true,\"filterable\":true,\"searchable\":true,\"pageSize\":10,\"mainField\":\"name\",\"defaultSortBy\":\"name\",\"defaultSortOrder\":\"ASC\"},\"metadatas\":{\"id\":{\"edit\":{},\"list\":{\"label\":\"id\",\"searchable\":true,\"sortable\":true}},\"name\":{\"edit\":{\"label\":\"name\",\"description\":\"\",\"placeholder\":\"\",\"visible\":true,\"editable\":true},\"list\":{\"label\":\"name\",\"searchable\":true,\"sortable\":true}},\"description\":{\"edit\":{\"label\":\"description\",\"description\":\"\",\"placeholder\":\"\",\"visible\":true,\"editable\":true},\"list\":{\"label\":\"description\",\"searchable\":true,\"sortable\":true}},\"type\":{\"edit\":{\"label\":\"type\",\"description\":\"\",\"placeholder\":\"\",\"visible\":true,\"editable\":true},\"list\":{\"label\":\"type\",\"searchable\":true,\"sortable\":true}},\"accessKey\":{\"edit\":{\"label\":\"accessKey\",\"description\":\"\",\"placeholder\":\"\",\"visible\":true,\"editable\":true},\"list\":{\"label\":\"accessKey\",\"searchable\":true,\"sortable\":true}},\"encryptedKey\":{\"edit\":{\"label\":\"encryptedKey\",\"description\":\"\",\"placeholder\":\"\",\"visible\":true,\"editable\":true},\"list\":{\"label\":\"encryptedKey\",\"searchable\":true,\"sortable\":true}},\"lastUsedAt\":{\"edit\":{\"label\":\"lastUsedAt\",\"description\":\"\",\"placeholder\":\"\",\"visible\":true,\"editable\":true},\"list\":{\"label\":\"lastUsedAt\",\"searchable\":true,\"sortable\":true}},\"permissions\":{\"edit\":{\"label\":\"permissions\",\"description\":\"\",\"placeholder\":\"\",\"visible\":true,\"editable\":true,\"mainField\":\"action\"},\"list\":{\"label\":\"permissions\",\"searchable\":false,\"sortable\":false}},\"expiresAt\":{\"edit\":{\"label\":\"expiresAt\",\"description\":\"\",\"placeholder\":\"\",\"visible\":true,\"editable\":true},\"list\":{\"label\":\"expiresAt\",\"searchable\":true,\"sortable\":true}},\"lifespan\":{\"edit\":{\"label\":\"lifespan\",\"description\":\"\",\"placeholder\":\"\",\"visible\":true,\"editable\":true},\"list\":{\"label\":\"lifespan\",\"searchable\":true,\"sortable\":true}},\"createdAt\":{\"edit\":{\"label\":\"createdAt\",\"description\":\"\",\"placeholder\":\"\",\"visible\":false,\"editable\":true},\"list\":{\"label\":\"createdAt\",\"searchable\":true,\"sortable\":true}},\"updatedAt\":{\"edit\":{\"label\":\"updatedAt\",\"description\":\"\",\"placeholder\":\"\",\"visible\":false,\"editable\":true},\"list\":{\"label\":\"updatedAt\",\"searchable\":true,\"sortable\":true}},\"createdBy\":{\"edit\":{\"label\":\"createdBy\",\"description\":\"\",\"placeholder\":\"\",\"visible\":false,\"editable\":true,\"mainField\":\"firstname\"},\"list\":{\"label\":\"createdBy\",\"searchable\":true,\"sortable\":true}},\"updatedBy\":{\"edit\":{\"label\":\"updatedBy\",\"description\":\"\",\"placeholder\":\"\",\"visible\":false,\"editable\":true,\"mainField\":\"firstname\"},\"list\":{\"label\":\"updatedBy\",\"searchable\":true,\"sortable\":true}},\"documentId\":{\"edit\":{},\"list\":{\"label\":\"documentId\",\"searchable\":true,\"sortable\":true}}},\"layouts\":{\"list\":[\"id\",\"name\",\"description\",\"type\"],\"edit\":[[{\"name\":\"name\",\"size\":6},{\"name\":\"description\",\"size\":6}],[{\"name\":\"type\",\"size\":6},{\"name\":\"accessKey\",\"size\":6}],[{\"name\":\"encryptedKey\",\"size\":6},{\"name\":\"lastUsedAt\",\"size\":6}],[{\"name\":\"permissions\",\"size\":6},{\"name\":\"expiresAt\",\"size\":6}],[{\"name\":\"lifespan\",\"size\":4}]]},\"uid\":\"admin::api-token\"}','object',NULL,NULL),(42,'plugin_content_manager_configuration_content_types::admin::api-token-permission','{\"settings\":{\"bulkable\":true,\"filterable\":true,\"searchable\":true,\"pageSize\":10,\"mainField\":\"action\",\"defaultSortBy\":\"action\",\"defaultSortOrder\":\"ASC\"},\"metadatas\":{\"id\":{\"edit\":{},\"list\":{\"label\":\"id\",\"searchable\":true,\"sortable\":true}},\"action\":{\"edit\":{\"label\":\"action\",\"description\":\"\",\"placeholder\":\"\",\"visible\":true,\"editable\":true},\"list\":{\"label\":\"action\",\"searchable\":true,\"sortable\":true}},\"token\":{\"edit\":{\"label\":\"token\",\"description\":\"\",\"placeholder\":\"\",\"visible\":true,\"editable\":true,\"mainField\":\"name\"},\"list\":{\"label\":\"token\",\"searchable\":true,\"sortable\":true}},\"createdAt\":{\"edit\":{\"label\":\"createdAt\",\"description\":\"\",\"placeholder\":\"\",\"visible\":false,\"editable\":true},\"list\":{\"label\":\"createdAt\",\"searchable\":true,\"sortable\":true}},\"updatedAt\":{\"edit\":{\"label\":\"updatedAt\",\"description\":\"\",\"placeholder\":\"\",\"visible\":false,\"editable\":true},\"list\":{\"label\":\"updatedAt\",\"searchable\":true,\"sortable\":true}},\"createdBy\":{\"edit\":{\"label\":\"createdBy\",\"description\":\"\",\"placeholder\":\"\",\"visible\":false,\"editable\":true,\"mainField\":\"firstname\"},\"list\":{\"label\":\"createdBy\",\"searchable\":true,\"sortable\":true}},\"updatedBy\":{\"edit\":{\"label\":\"updatedBy\",\"description\":\"\",\"placeholder\":\"\",\"visible\":false,\"editable\":true,\"mainField\":\"firstname\"},\"list\":{\"label\":\"updatedBy\",\"searchable\":true,\"sortable\":true}},\"documentId\":{\"edit\":{},\"list\":{\"label\":\"documentId\",\"searchable\":true,\"sortable\":true}}},\"layouts\":{\"list\":[\"id\",\"action\",\"token\",\"createdAt\"],\"edit\":[[{\"name\":\"action\",\"size\":6},{\"name\":\"token\",\"size\":6}]]},\"uid\":\"admin::api-token-permission\"}','object',NULL,NULL),(43,'plugin_content_manager_configuration_content_types::admin::transfer-token','{\"settings\":{\"bulkable\":true,\"filterable\":true,\"searchable\":true,\"pageSize\":10,\"mainField\":\"name\",\"defaultSortBy\":\"name\",\"defaultSortOrder\":\"ASC\"},\"metadatas\":{\"id\":{\"edit\":{},\"list\":{\"label\":\"id\",\"searchable\":true,\"sortable\":true}},\"name\":{\"edit\":{\"label\":\"name\",\"description\":\"\",\"placeholder\":\"\",\"visible\":true,\"editable\":true},\"list\":{\"label\":\"name\",\"searchable\":true,\"sortable\":true}},\"description\":{\"edit\":{\"label\":\"description\",\"description\":\"\",\"placeholder\":\"\",\"visible\":true,\"editable\":true},\"list\":{\"label\":\"description\",\"searchable\":true,\"sortable\":true}},\"accessKey\":{\"edit\":{\"label\":\"accessKey\",\"description\":\"\",\"placeholder\":\"\",\"visible\":true,\"editable\":true},\"list\":{\"label\":\"accessKey\",\"searchable\":true,\"sortable\":true}},\"lastUsedAt\":{\"edit\":{\"label\":\"lastUsedAt\",\"description\":\"\",\"placeholder\":\"\",\"visible\":true,\"editable\":true},\"list\":{\"label\":\"lastUsedAt\",\"searchable\":true,\"sortable\":true}},\"permissions\":{\"edit\":{\"label\":\"permissions\",\"description\":\"\",\"placeholder\":\"\",\"visible\":true,\"editable\":true,\"mainField\":\"action\"},\"list\":{\"label\":\"permissions\",\"searchable\":false,\"sortable\":false}},\"expiresAt\":{\"edit\":{\"label\":\"expiresAt\",\"description\":\"\",\"placeholder\":\"\",\"visible\":true,\"editable\":true},\"list\":{\"label\":\"expiresAt\",\"searchable\":true,\"sortable\":true}},\"lifespan\":{\"edit\":{\"label\":\"lifespan\",\"description\":\"\",\"placeholder\":\"\",\"visible\":true,\"editable\":true},\"list\":{\"label\":\"lifespan\",\"searchable\":true,\"sortable\":true}},\"createdAt\":{\"edit\":{\"label\":\"createdAt\",\"description\":\"\",\"placeholder\":\"\",\"visible\":false,\"editable\":true},\"list\":{\"label\":\"createdAt\",\"searchable\":true,\"sortable\":true}},\"updatedAt\":{\"edit\":{\"label\":\"updatedAt\",\"description\":\"\",\"placeholder\":\"\",\"visible\":false,\"editable\":true},\"list\":{\"label\":\"updatedAt\",\"searchable\":true,\"sortable\":true}},\"createdBy\":{\"edit\":{\"label\":\"createdBy\",\"description\":\"\",\"placeholder\":\"\",\"visible\":false,\"editable\":true,\"mainField\":\"firstname\"},\"list\":{\"label\":\"createdBy\",\"searchable\":true,\"sortable\":true}},\"updatedBy\":{\"edit\":{\"label\":\"updatedBy\",\"description\":\"\",\"placeholder\":\"\",\"visible\":false,\"editable\":true,\"mainField\":\"firstname\"},\"list\":{\"label\":\"updatedBy\",\"searchable\":true,\"sortable\":true}},\"documentId\":{\"edit\":{},\"list\":{\"label\":\"documentId\",\"searchable\":true,\"sortable\":true}}},\"layouts\":{\"list\":[\"id\",\"name\",\"description\",\"accessKey\"],\"edit\":[[{\"name\":\"name\",\"size\":6},{\"name\":\"description\",\"size\":6}],[{\"name\":\"accessKey\",\"size\":6},{\"name\":\"lastUsedAt\",\"size\":6}],[{\"name\":\"permissions\",\"size\":6},{\"name\":\"expiresAt\",\"size\":6}],[{\"name\":\"lifespan\",\"size\":4}]]},\"uid\":\"admin::transfer-token\"}','object',NULL,NULL),(44,'plugin_content_manager_configuration_content_types::admin::transfer-token-permission','{\"settings\":{\"bulkable\":true,\"filterable\":true,\"searchable\":true,\"pageSize\":10,\"mainField\":\"action\",\"defaultSortBy\":\"action\",\"defaultSortOrder\":\"ASC\"},\"metadatas\":{\"id\":{\"edit\":{},\"list\":{\"label\":\"id\",\"searchable\":true,\"sortable\":true}},\"action\":{\"edit\":{\"label\":\"action\",\"description\":\"\",\"placeholder\":\"\",\"visible\":true,\"editable\":true},\"list\":{\"label\":\"action\",\"searchable\":true,\"sortable\":true}},\"token\":{\"edit\":{\"label\":\"token\",\"description\":\"\",\"placeholder\":\"\",\"visible\":true,\"editable\":true,\"mainField\":\"name\"},\"list\":{\"label\":\"token\",\"searchable\":true,\"sortable\":true}},\"createdAt\":{\"edit\":{\"label\":\"createdAt\",\"description\":\"\",\"placeholder\":\"\",\"visible\":false,\"editable\":true},\"list\":{\"label\":\"createdAt\",\"searchable\":true,\"sortable\":true}},\"updatedAt\":{\"edit\":{\"label\":\"updatedAt\",\"description\":\"\",\"placeholder\":\"\",\"visible\":false,\"editable\":true},\"list\":{\"label\":\"updatedAt\",\"searchable\":true,\"sortable\":true}},\"createdBy\":{\"edit\":{\"label\":\"createdBy\",\"description\":\"\",\"placeholder\":\"\",\"visible\":false,\"editable\":true,\"mainField\":\"firstname\"},\"list\":{\"label\":\"createdBy\",\"searchable\":true,\"sortable\":true}},\"updatedBy\":{\"edit\":{\"label\":\"updatedBy\",\"description\":\"\",\"placeholder\":\"\",\"visible\":false,\"editable\":true,\"mainField\":\"firstname\"},\"list\":{\"label\":\"updatedBy\",\"searchable\":true,\"sortable\":true}},\"documentId\":{\"edit\":{},\"list\":{\"label\":\"documentId\",\"searchable\":true,\"sortable\":true}}},\"layouts\":{\"list\":[\"id\",\"action\",\"token\",\"createdAt\"],\"edit\":[[{\"name\":\"action\",\"size\":6},{\"name\":\"token\",\"size\":6}]]},\"uid\":\"admin::transfer-token-permission\"}','object',NULL,NULL),(45,'plugin_upload_settings','{\"sizeOptimization\":true,\"responsiveDimensions\":true,\"autoOrientation\":false,\"aiMetadata\":true}','object',NULL,NULL),(46,'plugin_upload_view_configuration','{\"pageSize\":10,\"sort\":\"createdAt:DESC\"}','object',NULL,NULL),(47,'plugin_upload_metrics','{\"weeklySchedule\":\"0 50 2 * * 1\",\"lastWeeklyUpdate\":1783306200558}','object',NULL,NULL),(48,'plugin_i18n_default_locale','\"en\"','string',NULL,NULL),(49,'plugin_users-permissions_grant','{\"email\":{\"icon\":\"envelope\",\"enabled\":true},\"discord\":{\"icon\":\"discord\",\"enabled\":false,\"key\":\"\",\"secret\":\"\",\"callbackUrl\":\"api/auth/discord/callback\",\"scope\":[\"identify\",\"email\"]},\"facebook\":{\"icon\":\"facebook-square\",\"enabled\":false,\"key\":\"\",\"secret\":\"\",\"callbackUrl\":\"api/auth/facebook/callback\",\"scope\":[\"email\"]},\"google\":{\"icon\":\"google\",\"enabled\":false,\"key\":\"\",\"secret\":\"\",\"callbackUrl\":\"api/auth/google/callback\",\"scope\":[\"email\"]},\"github\":{\"icon\":\"github\",\"enabled\":false,\"key\":\"\",\"secret\":\"\",\"callbackUrl\":\"api/auth/github/callback\",\"scope\":[\"user\",\"user:email\"]},\"microsoft\":{\"icon\":\"windows\",\"enabled\":false,\"key\":\"\",\"secret\":\"\",\"callbackUrl\":\"api/auth/microsoft/callback\",\"scope\":[\"user.read\"]},\"twitter\":{\"icon\":\"twitter\",\"enabled\":false,\"key\":\"\",\"secret\":\"\",\"callbackUrl\":\"api/auth/twitter/callback\"},\"instagram\":{\"icon\":\"instagram\",\"enabled\":false,\"key\":\"\",\"secret\":\"\",\"callbackUrl\":\"api/auth/instagram/callback\",\"scope\":[\"user_profile\"]},\"vk\":{\"icon\":\"vk\",\"enabled\":false,\"key\":\"\",\"secret\":\"\",\"callbackUrl\":\"api/auth/vk/callback\",\"scope\":[\"email\"]},\"twitch\":{\"icon\":\"twitch\",\"enabled\":false,\"key\":\"\",\"secret\":\"\",\"callbackUrl\":\"api/auth/twitch/callback\",\"scope\":[\"user:read:email\"]},\"linkedin\":{\"icon\":\"linkedin\",\"enabled\":false,\"key\":\"\",\"secret\":\"\",\"callbackUrl\":\"api/auth/linkedin/callback\",\"scope\":[\"r_liteprofile\",\"r_emailaddress\"]},\"cognito\":{\"icon\":\"aws\",\"enabled\":false,\"key\":\"\",\"secret\":\"\",\"subdomain\":\"my.subdomain.com\",\"callback\":\"api/auth/cognito/callback\",\"scope\":[\"email\",\"openid\",\"profile\"]},\"reddit\":{\"icon\":\"reddit\",\"enabled\":false,\"key\":\"\",\"secret\":\"\",\"callback\":\"api/auth/reddit/callback\",\"scope\":[\"identity\"]},\"auth0\":{\"icon\":\"\",\"enabled\":false,\"key\":\"\",\"secret\":\"\",\"subdomain\":\"my-tenant.eu\",\"callback\":\"api/auth/auth0/callback\",\"scope\":[\"openid\",\"email\",\"profile\"]},\"cas\":{\"icon\":\"book\",\"enabled\":false,\"key\":\"\",\"secret\":\"\",\"callback\":\"api/auth/cas/callback\",\"scope\":[\"openid email\"],\"subdomain\":\"my.subdomain.com/cas\"},\"patreon\":{\"icon\":\"\",\"enabled\":false,\"key\":\"\",\"secret\":\"\",\"callback\":\"api/auth/patreon/callback\",\"scope\":[\"identity\",\"identity[email]\"]},\"keycloak\":{\"icon\":\"\",\"enabled\":false,\"key\":\"\",\"secret\":\"\",\"subdomain\":\"myKeycloakProvider.com/realms/myrealm\",\"callback\":\"api/auth/keycloak/callback\",\"scope\":[\"openid\",\"email\",\"profile\"]}}','object',NULL,NULL),(50,'plugin_users-permissions_email','{\"reset_password\":{\"display\":\"Email.template.reset_password\",\"icon\":\"sync\",\"options\":{\"from\":{\"name\":\"Administration Panel\",\"email\":\"no-reply@strapi.io\"},\"response_email\":\"\",\"object\":\"Reset password\",\"message\":\"<p>We heard that you lost your password. Sorry about that!</p>\\n\\n<p>But don’t worry! You can use the following link to reset your password:</p>\\n<p><%= URL %>?code=<%= TOKEN %></p>\\n\\n<p>Thanks.</p>\"}},\"email_confirmation\":{\"display\":\"Email.template.email_confirmation\",\"icon\":\"check-square\",\"options\":{\"from\":{\"name\":\"Administration Panel\",\"email\":\"no-reply@strapi.io\"},\"response_email\":\"\",\"object\":\"Account confirmation\",\"message\":\"<p>Thank you for registering!</p>\\n\\n<p>You have to confirm your email address. Please click on the link below.</p>\\n\\n<p><%= URL %>?confirmation=<%= CODE %></p>\\n\\n<p>Thanks.</p>\"}}}','object',NULL,NULL),(51,'plugin_users-permissions_advanced','{\"unique_email\":true,\"allow_register\":true,\"email_confirmation\":false,\"email_reset_password\":null,\"email_confirmation_redirection\":null,\"default_role\":\"authenticated\"}','object',NULL,NULL),(52,'core_admin_auth','{\"providers\":{\"autoRegister\":false,\"defaultRole\":null,\"ssoLockedRoles\":null}}','object',NULL,NULL),(58,'plugin_content_manager_configuration_content_types::api::location.location','{\"settings\":{\"bulkable\":true,\"filterable\":true,\"searchable\":true,\"pageSize\":10,\"mainField\":\"subTitle\",\"defaultSortBy\":\"subTitle\",\"defaultSortOrder\":\"ASC\"},\"metadatas\":{\"id\":{\"edit\":{},\"list\":{\"label\":\"id\",\"searchable\":true,\"sortable\":true}},\"subTitle\":{\"edit\":{\"label\":\"subTitle\",\"description\":\"\",\"placeholder\":\"\",\"visible\":true,\"editable\":true},\"list\":{\"label\":\"subTitle\",\"searchable\":true,\"sortable\":true}},\"title\":{\"edit\":{\"label\":\"title\",\"description\":\"\",\"placeholder\":\"\",\"visible\":true,\"editable\":true},\"list\":{\"label\":\"title\",\"searchable\":true,\"sortable\":true}},\"description\":{\"edit\":{\"label\":\"description\",\"description\":\"\",\"placeholder\":\"\",\"visible\":true,\"editable\":true},\"list\":{\"label\":\"description\",\"searchable\":false,\"sortable\":false}},\"seo\":{\"edit\":{\"label\":\"seo\",\"description\":\"\",\"placeholder\":\"\",\"visible\":true,\"editable\":true},\"list\":{\"label\":\"seo\",\"searchable\":false,\"sortable\":false}},\"locationTypes\":{\"edit\":{\"label\":\"locationTypes\",\"description\":\"\",\"placeholder\":\"\",\"visible\":true,\"editable\":true,\"mainField\":\"title\"},\"list\":{\"label\":\"locationTypes\",\"searchable\":false,\"sortable\":false}},\"createdAt\":{\"edit\":{\"label\":\"createdAt\",\"description\":\"\",\"placeholder\":\"\",\"visible\":false,\"editable\":true},\"list\":{\"label\":\"createdAt\",\"searchable\":true,\"sortable\":true}},\"updatedAt\":{\"edit\":{\"label\":\"updatedAt\",\"description\":\"\",\"placeholder\":\"\",\"visible\":false,\"editable\":true},\"list\":{\"label\":\"updatedAt\",\"searchable\":true,\"sortable\":true}},\"createdBy\":{\"edit\":{\"label\":\"createdBy\",\"description\":\"\",\"placeholder\":\"\",\"visible\":false,\"editable\":true,\"mainField\":\"firstname\"},\"list\":{\"label\":\"createdBy\",\"searchable\":true,\"sortable\":true}},\"updatedBy\":{\"edit\":{\"label\":\"updatedBy\",\"description\":\"\",\"placeholder\":\"\",\"visible\":false,\"editable\":true,\"mainField\":\"firstname\"},\"list\":{\"label\":\"updatedBy\",\"searchable\":true,\"sortable\":true}},\"documentId\":{\"edit\":{},\"list\":{\"label\":\"documentId\",\"searchable\":true,\"sortable\":true}}},\"layouts\":{\"list\":[\"id\",\"subTitle\",\"title\",\"seo\"],\"edit\":[[{\"name\":\"subTitle\",\"size\":6},{\"name\":\"title\",\"size\":6}],[{\"name\":\"description\",\"size\":12}],[{\"name\":\"seo\",\"size\":12}],[{\"name\":\"locationTypes\",\"size\":6}]]},\"uid\":\"api::location.location\"}','object',NULL,NULL),(63,'strapi_unidirectional-join-table-repair-ran','true','boolean',NULL,NULL),(84,'plugin_content_manager_configuration_components::home.trusted-section','{\"settings\":{\"bulkable\":true,\"filterable\":true,\"searchable\":true,\"pageSize\":10,\"mainField\":\"title\",\"defaultSortBy\":\"title\",\"defaultSortOrder\":\"ASC\"},\"metadatas\":{\"id\":{\"edit\":{},\"list\":{\"label\":\"id\",\"searchable\":false,\"sortable\":false}},\"title\":{\"edit\":{\"label\":\"title\",\"description\":\"\",\"placeholder\":\"\",\"visible\":true,\"editable\":true},\"list\":{\"label\":\"title\",\"searchable\":true,\"sortable\":true}},\"subTitle\":{\"edit\":{\"label\":\"subTitle\",\"description\":\"\",\"placeholder\":\"\",\"visible\":true,\"editable\":true},\"list\":{\"label\":\"subTitle\",\"searchable\":true,\"sortable\":true}},\"items\":{\"edit\":{\"label\":\"items\",\"description\":\"\",\"placeholder\":\"\",\"visible\":true,\"editable\":true},\"list\":{\"label\":\"items\",\"searchable\":false,\"sortable\":false}},\"documentId\":{\"edit\":{},\"list\":{\"label\":\"documentId\",\"searchable\":true,\"sortable\":true}}},\"layouts\":{\"list\":[\"id\",\"title\",\"subTitle\",\"items\"],\"edit\":[[{\"name\":\"title\",\"size\":6},{\"name\":\"subTitle\",\"size\":6}],[{\"name\":\"items\",\"size\":12}]]},\"uid\":\"home.trusted-section\",\"isComponent\":true}','object',NULL,NULL),(85,'plugin_content_manager_configuration_components::home.logos','{\"settings\":{\"bulkable\":true,\"filterable\":true,\"searchable\":true,\"pageSize\":10,\"mainField\":\"title\",\"defaultSortBy\":\"title\",\"defaultSortOrder\":\"ASC\"},\"metadatas\":{\"id\":{\"edit\":{},\"list\":{\"label\":\"id\",\"searchable\":false,\"sortable\":false}},\"title\":{\"edit\":{\"label\":\"title\",\"description\":\"\",\"placeholder\":\"\",\"visible\":true,\"editable\":true},\"list\":{\"label\":\"title\",\"searchable\":true,\"sortable\":true}},\"logo\":{\"edit\":{\"label\":\"logo\",\"description\":\"\",\"placeholder\":\"\",\"visible\":true,\"editable\":true},\"list\":{\"label\":\"logo\",\"searchable\":false,\"sortable\":false}},\"documentId\":{\"edit\":{},\"list\":{\"label\":\"documentId\",\"searchable\":true,\"sortable\":true}}},\"layouts\":{\"list\":[\"id\",\"title\",\"logo\"],\"edit\":[[{\"name\":\"title\",\"size\":6},{\"name\":\"logo\",\"size\":6}]]},\"uid\":\"home.logos\",\"isComponent\":true}','object',NULL,NULL),(86,'plugin_content_manager_configuration_components::home.content-section','{\"settings\":{\"bulkable\":true,\"filterable\":true,\"searchable\":true,\"pageSize\":10,\"mainField\":\"title\",\"defaultSortBy\":\"title\",\"defaultSortOrder\":\"ASC\"},\"metadatas\":{\"id\":{\"edit\":{},\"list\":{\"label\":\"id\",\"searchable\":false,\"sortable\":false}},\"title\":{\"edit\":{\"label\":\"title\",\"description\":\"\",\"placeholder\":\"\",\"visible\":true,\"editable\":true},\"list\":{\"label\":\"title\",\"searchable\":true,\"sortable\":true}},\"subTitle\":{\"edit\":{\"label\":\"subTitle\",\"description\":\"\",\"placeholder\":\"\",\"visible\":true,\"editable\":true},\"list\":{\"label\":\"subTitle\",\"searchable\":true,\"sortable\":true}},\"documentId\":{\"edit\":{},\"list\":{\"label\":\"documentId\",\"searchable\":true,\"sortable\":true}}},\"layouts\":{\"list\":[\"id\",\"title\",\"subTitle\"],\"edit\":[[{\"name\":\"title\",\"size\":6},{\"name\":\"subTitle\",\"size\":6}]]},\"uid\":\"home.content-section\",\"isComponent\":true}','object',NULL,NULL),(87,'plugin_content_manager_configuration_components::common.title-desc-with-img','{\"settings\":{\"bulkable\":true,\"filterable\":true,\"searchable\":true,\"pageSize\":10,\"mainField\":\"title\",\"defaultSortBy\":\"title\",\"defaultSortOrder\":\"ASC\"},\"metadatas\":{\"id\":{\"edit\":{},\"list\":{\"label\":\"id\",\"searchable\":false,\"sortable\":false}},\"title\":{\"edit\":{\"label\":\"title\",\"description\":\"\",\"placeholder\":\"\",\"visible\":true,\"editable\":true},\"list\":{\"label\":\"title\",\"searchable\":true,\"sortable\":true}},\"description\":{\"edit\":{\"label\":\"description\",\"description\":\"\",\"placeholder\":\"\",\"visible\":true,\"editable\":true},\"list\":{\"label\":\"description\",\"searchable\":false,\"sortable\":false}},\"image\":{\"edit\":{\"label\":\"image\",\"description\":\"\",\"placeholder\":\"\",\"visible\":true,\"editable\":true},\"list\":{\"label\":\"image\",\"searchable\":false,\"sortable\":false}},\"responsiveImage\":{\"edit\":{\"label\":\"responsiveImage\",\"description\":\"\",\"placeholder\":\"\",\"visible\":true,\"editable\":true},\"list\":{\"label\":\"responsiveImage\",\"searchable\":false,\"sortable\":false}},\"documentId\":{\"edit\":{},\"list\":{\"label\":\"documentId\",\"searchable\":true,\"sortable\":true}}},\"layouts\":{\"list\":[\"id\",\"title\",\"image\",\"responsiveImage\"],\"edit\":[[{\"name\":\"title\",\"size\":6}],[{\"name\":\"description\",\"size\":12}],[{\"name\":\"image\",\"size\":6},{\"name\":\"responsiveImage\",\"size\":6}]]},\"uid\":\"common.title-desc-with-img\",\"isComponent\":true}','object',NULL,NULL),(88,'plugin_content_manager_configuration_components::common.title-desc-btn-img','{\"settings\":{\"bulkable\":true,\"filterable\":true,\"searchable\":true,\"pageSize\":10,\"mainField\":\"title\",\"defaultSortBy\":\"title\",\"defaultSortOrder\":\"ASC\"},\"metadatas\":{\"id\":{\"edit\":{},\"list\":{\"label\":\"id\",\"searchable\":false,\"sortable\":false}},\"title\":{\"edit\":{\"label\":\"title\",\"description\":\"\",\"placeholder\":\"\",\"visible\":true,\"editable\":true},\"list\":{\"label\":\"title\",\"searchable\":true,\"sortable\":true}},\"description\":{\"edit\":{\"label\":\"description\",\"description\":\"\",\"placeholder\":\"\",\"visible\":true,\"editable\":true},\"list\":{\"label\":\"description\",\"searchable\":false,\"sortable\":false}},\"image\":{\"edit\":{\"label\":\"image\",\"description\":\"\",\"placeholder\":\"\",\"visible\":true,\"editable\":true},\"list\":{\"label\":\"image\",\"searchable\":false,\"sortable\":false}},\"responsiveImg\":{\"edit\":{\"label\":\"responsiveImg\",\"description\":\"\",\"placeholder\":\"\",\"visible\":true,\"editable\":true},\"list\":{\"label\":\"responsiveImg\",\"searchable\":false,\"sortable\":false}},\"imagePosition\":{\"edit\":{\"label\":\"imagePosition\",\"description\":\"\",\"placeholder\":\"\",\"visible\":true,\"editable\":true},\"list\":{\"label\":\"imagePosition\",\"searchable\":true,\"sortable\":true}},\"tags\":{\"edit\":{\"label\":\"tags\",\"description\":\"\",\"placeholder\":\"\",\"visible\":true,\"editable\":true},\"list\":{\"label\":\"tags\",\"searchable\":false,\"sortable\":false}},\"button\":{\"edit\":{\"label\":\"button\",\"description\":\"\",\"placeholder\":\"\",\"visible\":true,\"editable\":true},\"list\":{\"label\":\"button\",\"searchable\":false,\"sortable\":false}},\"documentId\":{\"edit\":{},\"list\":{\"label\":\"documentId\",\"searchable\":true,\"sortable\":true}}},\"layouts\":{\"list\":[\"id\",\"title\",\"image\",\"responsiveImg\"],\"edit\":[[{\"name\":\"title\",\"size\":6}],[{\"name\":\"description\",\"size\":12}],[{\"name\":\"image\",\"size\":6},{\"name\":\"responsiveImg\",\"size\":6}],[{\"name\":\"imagePosition\",\"size\":6}],[{\"name\":\"tags\",\"size\":12}],[{\"name\":\"button\",\"size\":12}]]},\"uid\":\"common.title-desc-btn-img\",\"isComponent\":true}','object',NULL,NULL),(89,'plugin_content_manager_configuration_components::home.business-stream','{\"settings\":{\"bulkable\":true,\"filterable\":true,\"searchable\":true,\"pageSize\":10,\"mainField\":\"title\",\"defaultSortBy\":\"title\",\"defaultSortOrder\":\"ASC\"},\"metadatas\":{\"id\":{\"edit\":{},\"list\":{\"label\":\"id\",\"searchable\":false,\"sortable\":false}},\"title\":{\"edit\":{\"label\":\"title\",\"description\":\"\",\"placeholder\":\"\",\"visible\":true,\"editable\":true},\"list\":{\"label\":\"title\",\"searchable\":true,\"sortable\":true}},\"subTitle\":{\"edit\":{\"label\":\"subTitle\",\"description\":\"\",\"placeholder\":\"\",\"visible\":true,\"editable\":true},\"list\":{\"label\":\"subTitle\",\"searchable\":true,\"sortable\":true}},\"serviceData\":{\"edit\":{\"label\":\"serviceData\",\"description\":\"\",\"placeholder\":\"\",\"visible\":true,\"editable\":true},\"list\":{\"label\":\"serviceData\",\"searchable\":false,\"sortable\":false}},\"documentId\":{\"edit\":{},\"list\":{\"label\":\"documentId\",\"searchable\":true,\"sortable\":true}}},\"layouts\":{\"list\":[\"id\",\"title\",\"subTitle\",\"serviceData\"],\"edit\":[[{\"name\":\"title\",\"size\":6},{\"name\":\"subTitle\",\"size\":6}],[{\"name\":\"serviceData\",\"size\":12}]]},\"uid\":\"home.business-stream\",\"isComponent\":true}','object',NULL,NULL),(90,'plugin_content_manager_configuration_components::home.about-cme','{\"settings\":{\"bulkable\":true,\"filterable\":true,\"searchable\":true,\"pageSize\":10,\"mainField\":\"subTitle\",\"defaultSortBy\":\"subTitle\",\"defaultSortOrder\":\"ASC\"},\"metadatas\":{\"id\":{\"edit\":{},\"list\":{\"label\":\"id\",\"searchable\":false,\"sortable\":false}},\"title\":{\"edit\":{\"label\":\"title\",\"description\":\"\",\"placeholder\":\"\",\"visible\":true,\"editable\":true},\"list\":{\"label\":\"title\",\"searchable\":false,\"sortable\":false}},\"subTitle\":{\"edit\":{\"label\":\"subTitle\",\"description\":\"\",\"placeholder\":\"\",\"visible\":true,\"editable\":true},\"list\":{\"label\":\"subTitle\",\"searchable\":true,\"sortable\":true}},\"description\":{\"edit\":{\"label\":\"description\",\"description\":\"\",\"placeholder\":\"\",\"visible\":true,\"editable\":true},\"list\":{\"label\":\"description\",\"searchable\":false,\"sortable\":false}},\"callToAction\":{\"edit\":{\"label\":\"callToAction\",\"description\":\"\",\"placeholder\":\"\",\"visible\":true,\"editable\":true},\"list\":{\"label\":\"callToAction\",\"searchable\":false,\"sortable\":false}},\"image\":{\"edit\":{\"label\":\"image\",\"description\":\"\",\"placeholder\":\"\",\"visible\":true,\"editable\":true},\"list\":{\"label\":\"image\",\"searchable\":false,\"sortable\":false}},\"documentId\":{\"edit\":{},\"list\":{\"label\":\"documentId\",\"searchable\":true,\"sortable\":true}}},\"layouts\":{\"list\":[\"id\",\"subTitle\",\"callToAction\",\"image\"],\"edit\":[[{\"name\":\"title\",\"size\":12}],[{\"name\":\"subTitle\",\"size\":6}],[{\"name\":\"description\",\"size\":12}],[{\"name\":\"callToAction\",\"size\":12}],[{\"name\":\"image\",\"size\":6}]]},\"uid\":\"home.about-cme\",\"isComponent\":true}','object',NULL,NULL),(91,'plugin_content_manager_configuration_components::common.tag','{\"settings\":{\"bulkable\":true,\"filterable\":true,\"searchable\":true,\"pageSize\":10,\"mainField\":\"title\",\"defaultSortBy\":\"title\",\"defaultSortOrder\":\"ASC\"},\"metadatas\":{\"id\":{\"edit\":{},\"list\":{\"label\":\"id\",\"searchable\":false,\"sortable\":false}},\"title\":{\"edit\":{\"label\":\"title\",\"description\":\"\",\"placeholder\":\"\",\"visible\":true,\"editable\":true},\"list\":{\"label\":\"title\",\"searchable\":true,\"sortable\":true}},\"key\":{\"edit\":{\"label\":\"key\",\"description\":\"\",\"placeholder\":\"\",\"visible\":true,\"editable\":true},\"list\":{\"label\":\"key\",\"searchable\":true,\"sortable\":true}},\"documentId\":{\"edit\":{},\"list\":{\"label\":\"documentId\",\"searchable\":true,\"sortable\":true}}},\"layouts\":{\"list\":[\"id\",\"title\",\"key\"],\"edit\":[[{\"name\":\"title\",\"size\":6},{\"name\":\"key\",\"size\":6}]]},\"uid\":\"common.tag\",\"isComponent\":true}','object',NULL,NULL),(92,'plugin_content_manager_configuration_components::common.phone','{\"settings\":{\"bulkable\":true,\"filterable\":true,\"searchable\":true,\"pageSize\":10,\"mainField\":\"phone\",\"defaultSortBy\":\"phone\",\"defaultSortOrder\":\"ASC\"},\"metadatas\":{\"id\":{\"edit\":{},\"list\":{\"label\":\"id\",\"searchable\":false,\"sortable\":false}},\"phone\":{\"edit\":{\"label\":\"phone\",\"description\":\"\",\"placeholder\":\"\",\"visible\":true,\"editable\":true},\"list\":{\"label\":\"phone\",\"searchable\":true,\"sortable\":true}},\"documentId\":{\"edit\":{},\"list\":{\"label\":\"documentId\",\"searchable\":true,\"sortable\":true}}},\"layouts\":{\"list\":[\"id\",\"phone\"],\"edit\":[[{\"name\":\"phone\",\"size\":6}]]},\"uid\":\"common.phone\",\"isComponent\":true}','object',NULL,NULL),(93,'plugin_content_manager_configuration_components::common.box-component','{\"settings\":{\"bulkable\":true,\"filterable\":true,\"searchable\":true,\"pageSize\":10,\"mainField\":\"title\",\"defaultSortBy\":\"title\",\"defaultSortOrder\":\"ASC\"},\"metadatas\":{\"id\":{\"edit\":{},\"list\":{\"label\":\"id\",\"searchable\":false,\"sortable\":false}},\"logo\":{\"edit\":{\"label\":\"logo\",\"description\":\"\",\"placeholder\":\"\",\"visible\":true,\"editable\":true},\"list\":{\"label\":\"logo\",\"searchable\":false,\"sortable\":false}},\"responsiveLogo\":{\"edit\":{\"label\":\"responsiveLogo\",\"description\":\"\",\"placeholder\":\"\",\"visible\":true,\"editable\":true},\"list\":{\"label\":\"responsiveLogo\",\"searchable\":false,\"sortable\":false}},\"title\":{\"edit\":{\"label\":\"title\",\"description\":\"\",\"placeholder\":\"\",\"visible\":true,\"editable\":true},\"list\":{\"label\":\"title\",\"searchable\":true,\"sortable\":true}},\"listItem\":{\"edit\":{\"label\":\"listItem\",\"description\":\"\",\"placeholder\":\"\",\"visible\":true,\"editable\":true},\"list\":{\"label\":\"listItem\",\"searchable\":false,\"sortable\":false}},\"description\":{\"edit\":{\"label\":\"description\",\"description\":\"\",\"placeholder\":\"\",\"visible\":true,\"editable\":true},\"list\":{\"label\":\"description\",\"searchable\":true,\"sortable\":true}},\"phone\":{\"edit\":{\"label\":\"phone\",\"description\":\"\",\"placeholder\":\"\",\"visible\":true,\"editable\":true},\"list\":{\"label\":\"phone\",\"searchable\":true,\"sortable\":true}},\"latitude\":{\"edit\":{\"label\":\"latitude\",\"description\":\"\",\"placeholder\":\"\",\"visible\":true,\"editable\":true},\"list\":{\"label\":\"latitude\",\"searchable\":true,\"sortable\":true}},\"longitude\":{\"edit\":{\"label\":\"longitude\",\"description\":\"\",\"placeholder\":\"\",\"visible\":true,\"editable\":true},\"list\":{\"label\":\"longitude\",\"searchable\":true,\"sortable\":true}},\"subTitle\":{\"edit\":{\"label\":\"subTitle\",\"description\":\"\",\"placeholder\":\"\",\"visible\":true,\"editable\":true},\"list\":{\"label\":\"subTitle\",\"searchable\":true,\"sortable\":true}},\"bgImage\":{\"edit\":{\"label\":\"bgImage\",\"description\":\"\",\"placeholder\":\"\",\"visible\":true,\"editable\":true},\"list\":{\"label\":\"bgImage\",\"searchable\":false,\"sortable\":false}},\"documentId\":{\"edit\":{},\"list\":{\"label\":\"documentId\",\"searchable\":true,\"sortable\":true}}},\"layouts\":{\"list\":[\"id\",\"logo\",\"responsiveLogo\",\"title\"],\"edit\":[[{\"name\":\"logo\",\"size\":6},{\"name\":\"responsiveLogo\",\"size\":6}],[{\"name\":\"title\",\"size\":6}],[{\"name\":\"listItem\",\"size\":12}],[{\"name\":\"description\",\"size\":6},{\"name\":\"phone\",\"size\":6}],[{\"name\":\"latitude\",\"size\":6},{\"name\":\"longitude\",\"size\":6}],[{\"name\":\"subTitle\",\"size\":6},{\"name\":\"bgImage\",\"size\":6}]]},\"uid\":\"common.box-component\",\"isComponent\":true}','object',NULL,NULL),(94,'plugin_content_manager_configuration_components::common.menu-item-w-services','{\"settings\":{\"bulkable\":true,\"filterable\":true,\"searchable\":true,\"pageSize\":10,\"mainField\":\"title\",\"defaultSortBy\":\"title\",\"defaultSortOrder\":\"ASC\"},\"metadatas\":{\"id\":{\"edit\":{},\"list\":{\"label\":\"id\",\"searchable\":false,\"sortable\":false}},\"title\":{\"edit\":{\"label\":\"title\",\"description\":\"\",\"placeholder\":\"\",\"visible\":true,\"editable\":true},\"list\":{\"label\":\"title\",\"searchable\":true,\"sortable\":true}},\"url\":{\"edit\":{\"label\":\"url\",\"description\":\"\",\"placeholder\":\"\",\"visible\":true,\"editable\":true},\"list\":{\"label\":\"url\",\"searchable\":true,\"sortable\":true}},\"content\":{\"edit\":{\"label\":\"content\",\"description\":\"\",\"placeholder\":\"\",\"visible\":true,\"editable\":true},\"list\":{\"label\":\"content\",\"searchable\":false,\"sortable\":false}},\"linkText\":{\"edit\":{\"label\":\"linkText\",\"description\":\"\",\"placeholder\":\"\",\"visible\":true,\"editable\":true},\"list\":{\"label\":\"linkText\",\"searchable\":true,\"sortable\":true}},\"documentId\":{\"edit\":{},\"list\":{\"label\":\"documentId\",\"searchable\":true,\"sortable\":true}}},\"layouts\":{\"list\":[\"id\",\"title\",\"url\",\"linkText\"],\"edit\":[[{\"name\":\"title\",\"size\":6},{\"name\":\"url\",\"size\":6}],[{\"name\":\"content\",\"size\":12}],[{\"name\":\"linkText\",\"size\":6}]]},\"uid\":\"common.menu-item-w-services\",\"isComponent\":true}','object',NULL,NULL),(95,'plugin_content_manager_configuration_components::common.list','{\"settings\":{\"bulkable\":true,\"filterable\":true,\"searchable\":true,\"pageSize\":10,\"mainField\":\"item\",\"defaultSortBy\":\"item\",\"defaultSortOrder\":\"ASC\"},\"metadatas\":{\"id\":{\"edit\":{},\"list\":{\"label\":\"id\",\"searchable\":false,\"sortable\":false}},\"item\":{\"edit\":{\"label\":\"item\",\"description\":\"\",\"placeholder\":\"\",\"visible\":true,\"editable\":true},\"list\":{\"label\":\"item\",\"searchable\":true,\"sortable\":true}},\"documentId\":{\"edit\":{},\"list\":{\"label\":\"documentId\",\"searchable\":true,\"sortable\":true}}},\"layouts\":{\"list\":[\"id\",\"item\"],\"edit\":[[{\"name\":\"item\",\"size\":6}]]},\"uid\":\"common.list\",\"isComponent\":true}','object',NULL,NULL),(96,'plugin_content_manager_configuration_components::common.link-item','{\"settings\":{\"bulkable\":true,\"filterable\":true,\"searchable\":true,\"pageSize\":10,\"mainField\":\"label\",\"defaultSortBy\":\"label\",\"defaultSortOrder\":\"ASC\"},\"metadatas\":{\"id\":{\"edit\":{},\"list\":{\"label\":\"id\",\"searchable\":false,\"sortable\":false}},\"label\":{\"edit\":{\"label\":\"label\",\"description\":\"\",\"placeholder\":\"\",\"visible\":true,\"editable\":true},\"list\":{\"label\":\"label\",\"searchable\":true,\"sortable\":true}},\"url\":{\"edit\":{\"label\":\"url\",\"description\":\"\",\"placeholder\":\"\",\"visible\":true,\"editable\":true},\"list\":{\"label\":\"url\",\"searchable\":true,\"sortable\":true}},\"newTab\":{\"edit\":{\"label\":\"newTab\",\"description\":\"\",\"placeholder\":\"\",\"visible\":true,\"editable\":true},\"list\":{\"label\":\"newTab\",\"searchable\":true,\"sortable\":true}},\"documentId\":{\"edit\":{},\"list\":{\"label\":\"documentId\",\"searchable\":true,\"sortable\":true}}},\"layouts\":{\"list\":[\"id\",\"label\",\"url\",\"newTab\"],\"edit\":[[{\"name\":\"label\",\"size\":6},{\"name\":\"url\",\"size\":6}],[{\"name\":\"newTab\",\"size\":4}]]},\"uid\":\"common.link-item\",\"isComponent\":true}','object',NULL,NULL),(97,'plugin_content_manager_configuration_components::common.content-with-link','{\"settings\":{\"bulkable\":true,\"filterable\":true,\"searchable\":true,\"pageSize\":10,\"mainField\":\"title\",\"defaultSortBy\":\"title\",\"defaultSortOrder\":\"ASC\"},\"metadatas\":{\"id\":{\"edit\":{},\"list\":{\"label\":\"id\",\"searchable\":false,\"sortable\":false}},\"title\":{\"edit\":{\"label\":\"title\",\"description\":\"\",\"placeholder\":\"\",\"visible\":true,\"editable\":true},\"list\":{\"label\":\"title\",\"searchable\":true,\"sortable\":true}},\"subTitle\":{\"edit\":{\"label\":\"subTitle\",\"description\":\"\",\"placeholder\":\"\",\"visible\":true,\"editable\":true},\"list\":{\"label\":\"subTitle\",\"searchable\":true,\"sortable\":true}},\"description\":{\"edit\":{\"label\":\"description\",\"description\":\"\",\"placeholder\":\"\",\"visible\":true,\"editable\":true},\"list\":{\"label\":\"description\",\"searchable\":false,\"sortable\":false}},\"image\":{\"edit\":{\"label\":\"image\",\"description\":\"\",\"placeholder\":\"\",\"visible\":true,\"editable\":true},\"list\":{\"label\":\"image\",\"searchable\":false,\"sortable\":false}},\"callToAction\":{\"edit\":{\"label\":\"callToAction\",\"description\":\"\",\"placeholder\":\"\",\"visible\":true,\"editable\":true},\"list\":{\"label\":\"callToAction\",\"searchable\":false,\"sortable\":false}},\"documentId\":{\"edit\":{},\"list\":{\"label\":\"documentId\",\"searchable\":true,\"sortable\":true}}},\"layouts\":{\"list\":[\"id\",\"title\",\"subTitle\",\"image\"],\"edit\":[[{\"name\":\"title\",\"size\":6},{\"name\":\"subTitle\",\"size\":6}],[{\"name\":\"description\",\"size\":12}],[{\"name\":\"image\",\"size\":6}],[{\"name\":\"callToAction\",\"size\":12}]]},\"uid\":\"common.content-with-link\",\"isComponent\":true}','object',NULL,NULL),(98,'plugin_content_manager_configuration_content_types::api::about-us.about-us','{\"settings\":{\"bulkable\":true,\"filterable\":true,\"searchable\":true,\"pageSize\":10,\"mainField\":\"subTitle\",\"defaultSortBy\":\"subTitle\",\"defaultSortOrder\":\"ASC\"},\"metadatas\":{\"id\":{\"edit\":{},\"list\":{\"label\":\"id\",\"searchable\":true,\"sortable\":true}},\"subTitle\":{\"edit\":{\"label\":\"subTitle\",\"description\":\"\",\"placeholder\":\"\",\"visible\":true,\"editable\":true},\"list\":{\"label\":\"subTitle\",\"searchable\":true,\"sortable\":true}},\"title\":{\"edit\":{\"label\":\"title\",\"description\":\"\",\"placeholder\":\"\",\"visible\":true,\"editable\":true},\"list\":{\"label\":\"title\",\"searchable\":true,\"sortable\":true}},\"description\":{\"edit\":{\"label\":\"description\",\"description\":\"\",\"placeholder\":\"\",\"visible\":true,\"editable\":true},\"list\":{\"label\":\"description\",\"searchable\":false,\"sortable\":false}},\"aboutSection\":{\"edit\":{\"label\":\"aboutSection\",\"description\":\"\",\"placeholder\":\"\",\"visible\":true,\"editable\":true},\"list\":{\"label\":\"aboutSection\",\"searchable\":false,\"sortable\":false}},\"cardSection\":{\"edit\":{\"label\":\"cardSection\",\"description\":\"\",\"placeholder\":\"\",\"visible\":true,\"editable\":true},\"list\":{\"label\":\"cardSection\",\"searchable\":false,\"sortable\":false}},\"sectionTitle\":{\"edit\":{\"label\":\"sectionTitle\",\"description\":\"\",\"placeholder\":\"\",\"visible\":true,\"editable\":true},\"list\":{\"label\":\"sectionTitle\",\"searchable\":true,\"sortable\":true}},\"sectionDescription\":{\"edit\":{\"label\":\"sectionDescription\",\"description\":\"\",\"placeholder\":\"\",\"visible\":true,\"editable\":true},\"list\":{\"label\":\"sectionDescription\",\"searchable\":false,\"sortable\":false}},\"sections\":{\"edit\":{\"label\":\"sections\",\"description\":\"\",\"placeholder\":\"\",\"visible\":true,\"editable\":true},\"list\":{\"label\":\"sections\",\"searchable\":false,\"sortable\":false}},\"seo\":{\"edit\":{\"label\":\"seo\",\"description\":\"\",\"placeholder\":\"\",\"visible\":true,\"editable\":true},\"list\":{\"label\":\"seo\",\"searchable\":false,\"sortable\":false}},\"createdAt\":{\"edit\":{\"label\":\"createdAt\",\"description\":\"\",\"placeholder\":\"\",\"visible\":false,\"editable\":true},\"list\":{\"label\":\"createdAt\",\"searchable\":true,\"sortable\":true}},\"updatedAt\":{\"edit\":{\"label\":\"updatedAt\",\"description\":\"\",\"placeholder\":\"\",\"visible\":false,\"editable\":true},\"list\":{\"label\":\"updatedAt\",\"searchable\":true,\"sortable\":true}},\"createdBy\":{\"edit\":{\"label\":\"createdBy\",\"description\":\"\",\"placeholder\":\"\",\"visible\":false,\"editable\":true,\"mainField\":\"firstname\"},\"list\":{\"label\":\"createdBy\",\"searchable\":true,\"sortable\":true}},\"updatedBy\":{\"edit\":{\"label\":\"updatedBy\",\"description\":\"\",\"placeholder\":\"\",\"visible\":false,\"editable\":true,\"mainField\":\"firstname\"},\"list\":{\"label\":\"updatedBy\",\"searchable\":true,\"sortable\":true}},\"documentId\":{\"edit\":{},\"list\":{\"label\":\"documentId\",\"searchable\":true,\"sortable\":true}}},\"layouts\":{\"list\":[\"id\",\"subTitle\",\"title\",\"aboutSection\"],\"edit\":[[{\"name\":\"subTitle\",\"size\":6},{\"name\":\"title\",\"size\":6}],[{\"name\":\"description\",\"size\":12}],[{\"name\":\"aboutSection\",\"size\":12}],[{\"name\":\"cardSection\",\"size\":12}],[{\"name\":\"sectionTitle\",\"size\":6}],[{\"name\":\"sectionDescription\",\"size\":12}],[{\"name\":\"sections\",\"size\":12}],[{\"name\":\"seo\",\"size\":12}]]},\"uid\":\"api::about-us.about-us\"}','object',NULL,NULL),(99,'plugin_content_manager_configuration_content_types::api::branch.branch','{\"settings\":{\"bulkable\":true,\"filterable\":true,\"searchable\":true,\"pageSize\":10,\"mainField\":\"title\",\"defaultSortBy\":\"title\",\"defaultSortOrder\":\"ASC\"},\"metadatas\":{\"id\":{\"edit\":{},\"list\":{\"label\":\"id\",\"searchable\":true,\"sortable\":true}},\"title\":{\"edit\":{\"label\":\"title\",\"description\":\"\",\"placeholder\":\"\",\"visible\":true,\"editable\":true},\"list\":{\"label\":\"title\",\"searchable\":true,\"sortable\":true}},\"slug\":{\"edit\":{\"label\":\"slug\",\"description\":\"\",\"placeholder\":\"\",\"visible\":true,\"editable\":true},\"list\":{\"label\":\"slug\",\"searchable\":true,\"sortable\":true}},\"address\":{\"edit\":{\"label\":\"address\",\"description\":\"\",\"placeholder\":\"\",\"visible\":true,\"editable\":true},\"list\":{\"label\":\"address\",\"searchable\":true,\"sortable\":true}},\"branchLocation\":{\"edit\":{\"label\":\"branchLocation\",\"description\":\"\",\"placeholder\":\"\",\"visible\":true,\"editable\":true,\"mainField\":\"title\"},\"list\":{\"label\":\"branchLocation\",\"searchable\":false,\"sortable\":false}},\"phoneNumbers\":{\"edit\":{\"label\":\"phoneNumbers\",\"description\":\"\",\"placeholder\":\"\",\"visible\":true,\"editable\":true},\"list\":{\"label\":\"phoneNumbers\",\"searchable\":false,\"sortable\":false}},\"image\":{\"edit\":{\"label\":\"image\",\"description\":\"\",\"placeholder\":\"\",\"visible\":true,\"editable\":true},\"list\":{\"label\":\"image\",\"searchable\":false,\"sortable\":false}},\"seo\":{\"edit\":{\"label\":\"seo\",\"description\":\"\",\"placeholder\":\"\",\"visible\":true,\"editable\":true},\"list\":{\"label\":\"seo\",\"searchable\":false,\"sortable\":false}},\"previewImage\":{\"edit\":{\"label\":\"previewImage\",\"description\":\"\",\"placeholder\":\"\",\"visible\":true,\"editable\":true},\"list\":{\"label\":\"previewImage\",\"searchable\":false,\"sortable\":false}},\"embededMapUrl\":{\"edit\":{\"label\":\"embededMapUrl\",\"description\":\"\",\"placeholder\":\"\",\"visible\":true,\"editable\":true},\"list\":{\"label\":\"embededMapUrl\",\"searchable\":true,\"sortable\":true}},\"mapUrl\":{\"edit\":{\"label\":\"mapUrl\",\"description\":\"\",\"placeholder\":\"\",\"visible\":true,\"editable\":true},\"list\":{\"label\":\"mapUrl\",\"searchable\":true,\"sortable\":true}},\"isFeatured\":{\"edit\":{\"label\":\"isFeatured\",\"description\":\"\",\"placeholder\":\"\",\"visible\":true,\"editable\":true},\"list\":{\"label\":\"isFeatured\",\"searchable\":true,\"sortable\":true}},\"type\":{\"edit\":{\"label\":\"type\",\"description\":\"\",\"placeholder\":\"\",\"visible\":true,\"editable\":true},\"list\":{\"label\":\"type\",\"searchable\":true,\"sortable\":true}},\"locationSortOrder\":{\"edit\":{\"label\":\"locationSortOrder\",\"description\":\"\",\"placeholder\":\"\",\"visible\":true,\"editable\":true},\"list\":{\"label\":\"locationSortOrder\",\"searchable\":true,\"sortable\":true}},\"products\":{\"edit\":{\"label\":\"products\",\"description\":\"\",\"placeholder\":\"\",\"visible\":true,\"editable\":true,\"mainField\":\"title\"},\"list\":{\"label\":\"products\",\"searchable\":false,\"sortable\":false}},\"showAddressInLocation\":{\"edit\":{\"label\":\"showAddressInLocation\",\"description\":\"\",\"placeholder\":\"\",\"visible\":true,\"editable\":true},\"list\":{\"label\":\"showAddressInLocation\",\"searchable\":true,\"sortable\":true}},\"services\":{\"edit\":{\"label\":\"services\",\"description\":\"\",\"placeholder\":\"\",\"visible\":true,\"editable\":true,\"mainField\":\"title\"},\"list\":{\"label\":\"services\",\"searchable\":false,\"sortable\":false}},\"isServiceButton\":{\"edit\":{\"label\":\"isServiceButton\",\"description\":\"\",\"placeholder\":\"\",\"visible\":true,\"editable\":true},\"list\":{\"label\":\"isServiceButton\",\"searchable\":true,\"sortable\":true}},\"createdAt\":{\"edit\":{\"label\":\"createdAt\",\"description\":\"\",\"placeholder\":\"\",\"visible\":false,\"editable\":true},\"list\":{\"label\":\"createdAt\",\"searchable\":true,\"sortable\":true}},\"updatedAt\":{\"edit\":{\"label\":\"updatedAt\",\"description\":\"\",\"placeholder\":\"\",\"visible\":false,\"editable\":true},\"list\":{\"label\":\"updatedAt\",\"searchable\":true,\"sortable\":true}},\"createdBy\":{\"edit\":{\"label\":\"createdBy\",\"description\":\"\",\"placeholder\":\"\",\"visible\":false,\"editable\":true,\"mainField\":\"firstname\"},\"list\":{\"label\":\"createdBy\",\"searchable\":true,\"sortable\":true}},\"updatedBy\":{\"edit\":{\"label\":\"updatedBy\",\"description\":\"\",\"placeholder\":\"\",\"visible\":false,\"editable\":true,\"mainField\":\"firstname\"},\"list\":{\"label\":\"updatedBy\",\"searchable\":true,\"sortable\":true}},\"documentId\":{\"edit\":{},\"list\":{\"label\":\"documentId\",\"searchable\":true,\"sortable\":true}}},\"layouts\":{\"list\":[\"id\",\"slug\",\"locationSortOrder\",\"products\",\"title\",\"address\",\"embededMapUrl\",\"mapUrl\"],\"edit\":[[{\"name\":\"title\",\"size\":6},{\"name\":\"slug\",\"size\":6}],[{\"name\":\"address\",\"size\":6},{\"name\":\"branchLocation\",\"size\":6}],[{\"name\":\"phoneNumbers\",\"size\":12}],[{\"name\":\"image\",\"size\":6}],[{\"name\":\"seo\",\"size\":12}],[{\"name\":\"previewImage\",\"size\":6},{\"name\":\"embededMapUrl\",\"size\":6}],[{\"name\":\"mapUrl\",\"size\":6},{\"name\":\"isFeatured\",\"size\":4}],[{\"name\":\"type\",\"size\":6},{\"name\":\"locationSortOrder\",\"size\":4}],[{\"name\":\"products\",\"size\":6},{\"name\":\"showAddressInLocation\",\"size\":4}],[{\"name\":\"services\",\"size\":6},{\"name\":\"isServiceButton\",\"size\":4}]]},\"uid\":\"api::branch.branch\"}','object',NULL,NULL),(100,'plugin_content_manager_configuration_content_types::api::branch-location.branch-location','{\"settings\":{\"bulkable\":true,\"filterable\":true,\"searchable\":true,\"pageSize\":10,\"mainField\":\"title\",\"defaultSortBy\":\"title\",\"defaultSortOrder\":\"ASC\"},\"metadatas\":{\"id\":{\"edit\":{},\"list\":{\"label\":\"id\",\"searchable\":true,\"sortable\":true}},\"title\":{\"edit\":{\"label\":\"title\",\"description\":\"\",\"placeholder\":\"\",\"visible\":true,\"editable\":true},\"list\":{\"label\":\"title\",\"searchable\":true,\"sortable\":true}},\"key\":{\"edit\":{\"label\":\"key\",\"description\":\"\",\"placeholder\":\"\",\"visible\":true,\"editable\":true},\"list\":{\"label\":\"key\",\"searchable\":true,\"sortable\":true}},\"tabSortOrder\":{\"edit\":{\"label\":\"tabSortOrder\",\"description\":\"\",\"placeholder\":\"\",\"visible\":true,\"editable\":true},\"list\":{\"label\":\"tabSortOrder\",\"searchable\":true,\"sortable\":true}},\"createdAt\":{\"edit\":{\"label\":\"createdAt\",\"description\":\"\",\"placeholder\":\"\",\"visible\":false,\"editable\":true},\"list\":{\"label\":\"createdAt\",\"searchable\":true,\"sortable\":true}},\"updatedAt\":{\"edit\":{\"label\":\"updatedAt\",\"description\":\"\",\"placeholder\":\"\",\"visible\":false,\"editable\":true},\"list\":{\"label\":\"updatedAt\",\"searchable\":true,\"sortable\":true}},\"createdBy\":{\"edit\":{\"label\":\"createdBy\",\"description\":\"\",\"placeholder\":\"\",\"visible\":false,\"editable\":true,\"mainField\":\"firstname\"},\"list\":{\"label\":\"createdBy\",\"searchable\":true,\"sortable\":true}},\"updatedBy\":{\"edit\":{\"label\":\"updatedBy\",\"description\":\"\",\"placeholder\":\"\",\"visible\":false,\"editable\":true,\"mainField\":\"firstname\"},\"list\":{\"label\":\"updatedBy\",\"searchable\":true,\"sortable\":true}},\"documentId\":{\"edit\":{},\"list\":{\"label\":\"documentId\",\"searchable\":true,\"sortable\":true}}},\"layouts\":{\"list\":[\"id\",\"title\",\"key\",\"createdAt\"],\"edit\":[[{\"name\":\"title\",\"size\":6},{\"name\":\"key\",\"size\":6}],[{\"name\":\"tabSortOrder\",\"size\":4}]]},\"uid\":\"api::branch-location.branch-location\"}','object',NULL,NULL),(101,'plugin_content_manager_configuration_content_types::api::contact-enquiry.contact-enquiry','{\"settings\":{\"bulkable\":true,\"filterable\":true,\"searchable\":true,\"pageSize\":10,\"mainField\":\"fullName\",\"defaultSortBy\":\"fullName\",\"defaultSortOrder\":\"ASC\"},\"metadatas\":{\"id\":{\"edit\":{},\"list\":{\"label\":\"id\",\"searchable\":true,\"sortable\":true}},\"fullName\":{\"edit\":{\"label\":\"fullName\",\"description\":\"\",\"placeholder\":\"\",\"visible\":true,\"editable\":true},\"list\":{\"label\":\"fullName\",\"searchable\":true,\"sortable\":true}},\"email\":{\"edit\":{\"label\":\"email\",\"description\":\"\",\"placeholder\":\"\",\"visible\":true,\"editable\":true},\"list\":{\"label\":\"email\",\"searchable\":true,\"sortable\":true}},\"phoneNumber\":{\"edit\":{\"label\":\"phoneNumber\",\"description\":\"\",\"placeholder\":\"\",\"visible\":true,\"editable\":true},\"list\":{\"label\":\"phoneNumber\",\"searchable\":true,\"sortable\":true}},\"message\":{\"edit\":{\"label\":\"message\",\"description\":\"\",\"placeholder\":\"\",\"visible\":true,\"editable\":true},\"list\":{\"label\":\"message\",\"searchable\":true,\"sortable\":true}},\"enquiryType\":{\"edit\":{\"label\":\"enquiryType\",\"description\":\"\",\"placeholder\":\"\",\"visible\":true,\"editable\":true},\"list\":{\"label\":\"enquiryType\",\"searchable\":true,\"sortable\":true}},\"createdAt\":{\"edit\":{\"label\":\"createdAt\",\"description\":\"\",\"placeholder\":\"\",\"visible\":false,\"editable\":true},\"list\":{\"label\":\"createdAt\",\"searchable\":true,\"sortable\":true}},\"updatedAt\":{\"edit\":{\"label\":\"updatedAt\",\"description\":\"\",\"placeholder\":\"\",\"visible\":false,\"editable\":true},\"list\":{\"label\":\"updatedAt\",\"searchable\":true,\"sortable\":true}},\"createdBy\":{\"edit\":{\"label\":\"createdBy\",\"description\":\"\",\"placeholder\":\"\",\"visible\":false,\"editable\":true,\"mainField\":\"firstname\"},\"list\":{\"label\":\"createdBy\",\"searchable\":true,\"sortable\":true}},\"updatedBy\":{\"edit\":{\"label\":\"updatedBy\",\"description\":\"\",\"placeholder\":\"\",\"visible\":false,\"editable\":true,\"mainField\":\"firstname\"},\"list\":{\"label\":\"updatedBy\",\"searchable\":true,\"sortable\":true}},\"documentId\":{\"edit\":{},\"list\":{\"label\":\"documentId\",\"searchable\":true,\"sortable\":true}}},\"layouts\":{\"list\":[\"id\",\"fullName\",\"email\",\"phoneNumber\"],\"edit\":[[{\"name\":\"fullName\",\"size\":6},{\"name\":\"email\",\"size\":6}],[{\"name\":\"phoneNumber\",\"size\":6},{\"name\":\"message\",\"size\":6}],[{\"name\":\"enquiryType\",\"size\":6}]]},\"uid\":\"api::contact-enquiry.contact-enquiry\"}','object',NULL,NULL),(102,'plugin_content_manager_configuration_content_types::api::business-stream.business-stream','{\"settings\":{\"bulkable\":true,\"filterable\":true,\"searchable\":true,\"pageSize\":10,\"mainField\":\"title\",\"defaultSortBy\":\"title\",\"defaultSortOrder\":\"ASC\"},\"metadatas\":{\"id\":{\"edit\":{},\"list\":{\"label\":\"id\",\"searchable\":true,\"sortable\":true}},\"title\":{\"edit\":{\"label\":\"title\",\"description\":\"\",\"placeholder\":\"\",\"visible\":true,\"editable\":true},\"list\":{\"label\":\"title\",\"searchable\":true,\"sortable\":true}},\"slug\":{\"edit\":{\"label\":\"slug\",\"description\":\"\",\"placeholder\":\"\",\"visible\":true,\"editable\":true},\"list\":{\"label\":\"slug\",\"searchable\":true,\"sortable\":true}},\"smallDescription\":{\"edit\":{\"label\":\"smallDescription\",\"description\":\"\",\"placeholder\":\"\",\"visible\":true,\"editable\":true},\"list\":{\"label\":\"smallDescription\",\"searchable\":true,\"sortable\":true}},\"image\":{\"edit\":{\"label\":\"image\",\"description\":\"\",\"placeholder\":\"\",\"visible\":true,\"editable\":true},\"list\":{\"label\":\"image\",\"searchable\":false,\"sortable\":false}},\"seo\":{\"edit\":{\"label\":\"seo\",\"description\":\"\",\"placeholder\":\"\",\"visible\":true,\"editable\":true},\"list\":{\"label\":\"seo\",\"searchable\":false,\"sortable\":false}},\"homePageSortOrder\":{\"edit\":{\"label\":\"homePageSortOrder\",\"description\":\"\",\"placeholder\":\"\",\"visible\":true,\"editable\":true},\"list\":{\"label\":\"homePageSortOrder\",\"searchable\":true,\"sortable\":true}},\"createdAt\":{\"edit\":{\"label\":\"createdAt\",\"description\":\"\",\"placeholder\":\"\",\"visible\":false,\"editable\":true},\"list\":{\"label\":\"createdAt\",\"searchable\":true,\"sortable\":true}},\"updatedAt\":{\"edit\":{\"label\":\"updatedAt\",\"description\":\"\",\"placeholder\":\"\",\"visible\":false,\"editable\":true},\"list\":{\"label\":\"updatedAt\",\"searchable\":true,\"sortable\":true}},\"createdBy\":{\"edit\":{\"label\":\"createdBy\",\"description\":\"\",\"placeholder\":\"\",\"visible\":false,\"editable\":true,\"mainField\":\"firstname\"},\"list\":{\"label\":\"createdBy\",\"searchable\":true,\"sortable\":true}},\"updatedBy\":{\"edit\":{\"label\":\"updatedBy\",\"description\":\"\",\"placeholder\":\"\",\"visible\":false,\"editable\":true,\"mainField\":\"firstname\"},\"list\":{\"label\":\"updatedBy\",\"searchable\":true,\"sortable\":true}},\"documentId\":{\"edit\":{},\"list\":{\"label\":\"documentId\",\"searchable\":true,\"sortable\":true}}},\"layouts\":{\"list\":[\"id\",\"title\",\"slug\",\"smallDescription\"],\"edit\":[[{\"name\":\"title\",\"size\":6},{\"name\":\"slug\",\"size\":6}],[{\"name\":\"smallDescription\",\"size\":6},{\"name\":\"image\",\"size\":6}],[{\"name\":\"seo\",\"size\":12}],[{\"name\":\"homePageSortOrder\",\"size\":4}]]},\"uid\":\"api::business-stream.business-stream\"}','object',NULL,NULL),(103,'plugin_content_manager_configuration_content_types::api::contact-us.contact-us','{\"settings\":{\"bulkable\":true,\"filterable\":true,\"searchable\":true,\"pageSize\":10,\"mainField\":\"formTitle\",\"defaultSortBy\":\"formTitle\",\"defaultSortOrder\":\"ASC\"},\"metadatas\":{\"id\":{\"edit\":{},\"list\":{\"label\":\"id\",\"searchable\":true,\"sortable\":true}},\"banner\":{\"edit\":{\"label\":\"banner\",\"description\":\"\",\"placeholder\":\"\",\"visible\":true,\"editable\":true},\"list\":{\"label\":\"banner\",\"searchable\":false,\"sortable\":false}},\"boxComponent\":{\"edit\":{\"label\":\"boxComponent\",\"description\":\"\",\"placeholder\":\"\",\"visible\":true,\"editable\":true},\"list\":{\"label\":\"boxComponent\",\"searchable\":false,\"sortable\":false}},\"formTitle\":{\"edit\":{\"label\":\"formTitle\",\"description\":\"\",\"placeholder\":\"\",\"visible\":true,\"editable\":true},\"list\":{\"label\":\"formTitle\",\"searchable\":true,\"sortable\":true}},\"seo\":{\"edit\":{\"label\":\"seo\",\"description\":\"\",\"placeholder\":\"\",\"visible\":true,\"editable\":true},\"list\":{\"label\":\"seo\",\"searchable\":false,\"sortable\":false}},\"locations\":{\"edit\":{\"label\":\"locations\",\"description\":\"\",\"placeholder\":\"\",\"visible\":true,\"editable\":true,\"mainField\":\"title\"},\"list\":{\"label\":\"locations\",\"searchable\":false,\"sortable\":false}},\"createdAt\":{\"edit\":{\"label\":\"createdAt\",\"description\":\"\",\"placeholder\":\"\",\"visible\":false,\"editable\":true},\"list\":{\"label\":\"createdAt\",\"searchable\":true,\"sortable\":true}},\"updatedAt\":{\"edit\":{\"label\":\"updatedAt\",\"description\":\"\",\"placeholder\":\"\",\"visible\":false,\"editable\":true},\"list\":{\"label\":\"updatedAt\",\"searchable\":true,\"sortable\":true}},\"createdBy\":{\"edit\":{\"label\":\"createdBy\",\"description\":\"\",\"placeholder\":\"\",\"visible\":false,\"editable\":true,\"mainField\":\"firstname\"},\"list\":{\"label\":\"createdBy\",\"searchable\":true,\"sortable\":true}},\"updatedBy\":{\"edit\":{\"label\":\"updatedBy\",\"description\":\"\",\"placeholder\":\"\",\"visible\":false,\"editable\":true,\"mainField\":\"firstname\"},\"list\":{\"label\":\"updatedBy\",\"searchable\":true,\"sortable\":true}},\"documentId\":{\"edit\":{},\"list\":{\"label\":\"documentId\",\"searchable\":true,\"sortable\":true}}},\"layouts\":{\"list\":[\"id\",\"banner\",\"boxComponent\",\"formTitle\"],\"edit\":[[{\"name\":\"banner\",\"size\":12}],[{\"name\":\"boxComponent\",\"size\":12}],[{\"name\":\"formTitle\",\"size\":6}],[{\"name\":\"seo\",\"size\":12}],[{\"name\":\"locations\",\"size\":6}]]},\"uid\":\"api::contact-us.contact-us\"}','object',NULL,NULL),(104,'plugin_content_manager_configuration_content_types::api::news.news','{\"settings\":{\"bulkable\":true,\"filterable\":true,\"searchable\":true,\"pageSize\":10,\"mainField\":\"title\",\"defaultSortBy\":\"title\",\"defaultSortOrder\":\"ASC\"},\"metadatas\":{\"id\":{\"edit\":{},\"list\":{\"label\":\"id\",\"searchable\":true,\"sortable\":true}},\"title\":{\"edit\":{\"label\":\"title\",\"description\":\"\",\"placeholder\":\"\",\"visible\":true,\"editable\":true},\"list\":{\"label\":\"title\",\"searchable\":true,\"sortable\":true}},\"slug\":{\"edit\":{\"label\":\"slug\",\"description\":\"\",\"placeholder\":\"\",\"visible\":true,\"editable\":true},\"list\":{\"label\":\"slug\",\"searchable\":true,\"sortable\":true}},\"postedDate\":{\"edit\":{\"label\":\"postedDate\",\"description\":\"\",\"placeholder\":\"\",\"visible\":true,\"editable\":true},\"list\":{\"label\":\"postedDate\",\"searchable\":true,\"sortable\":true}},\"smallDescription\":{\"edit\":{\"label\":\"smallDescription\",\"description\":\"\",\"placeholder\":\"\",\"visible\":true,\"editable\":true},\"list\":{\"label\":\"smallDescription\",\"searchable\":true,\"sortable\":true}},\"description\":{\"edit\":{\"label\":\"description\",\"description\":\"\",\"placeholder\":\"\",\"visible\":true,\"editable\":true},\"list\":{\"label\":\"description\",\"searchable\":false,\"sortable\":false}},\"image\":{\"edit\":{\"label\":\"image\",\"description\":\"\",\"placeholder\":\"\",\"visible\":true,\"editable\":true},\"list\":{\"label\":\"image\",\"searchable\":false,\"sortable\":false}},\"isFeatured\":{\"edit\":{\"label\":\"isFeatured\",\"description\":\"\",\"placeholder\":\"\",\"visible\":true,\"editable\":true},\"list\":{\"label\":\"isFeatured\",\"searchable\":true,\"sortable\":true}},\"readTime\":{\"edit\":{\"label\":\"readTime\",\"description\":\"\",\"placeholder\":\"\",\"visible\":true,\"editable\":true},\"list\":{\"label\":\"readTime\",\"searchable\":true,\"sortable\":true}},\"seo\":{\"edit\":{\"label\":\"seo\",\"description\":\"\",\"placeholder\":\"\",\"visible\":true,\"editable\":true},\"list\":{\"label\":\"seo\",\"searchable\":false,\"sortable\":false}},\"types\":{\"edit\":{\"label\":\"types\",\"description\":\"\",\"placeholder\":\"\",\"visible\":true,\"editable\":true,\"mainField\":\"title\"},\"list\":{\"label\":\"types\",\"searchable\":false,\"sortable\":false}},\"createdAt\":{\"edit\":{\"label\":\"createdAt\",\"description\":\"\",\"placeholder\":\"\",\"visible\":false,\"editable\":true},\"list\":{\"label\":\"createdAt\",\"searchable\":true,\"sortable\":true}},\"updatedAt\":{\"edit\":{\"label\":\"updatedAt\",\"description\":\"\",\"placeholder\":\"\",\"visible\":false,\"editable\":true},\"list\":{\"label\":\"updatedAt\",\"searchable\":true,\"sortable\":true}},\"createdBy\":{\"edit\":{\"label\":\"createdBy\",\"description\":\"\",\"placeholder\":\"\",\"visible\":false,\"editable\":true,\"mainField\":\"firstname\"},\"list\":{\"label\":\"createdBy\",\"searchable\":true,\"sortable\":true}},\"updatedBy\":{\"edit\":{\"label\":\"updatedBy\",\"description\":\"\",\"placeholder\":\"\",\"visible\":false,\"editable\":true,\"mainField\":\"firstname\"},\"list\":{\"label\":\"updatedBy\",\"searchable\":true,\"sortable\":true}},\"documentId\":{\"edit\":{},\"list\":{\"label\":\"documentId\",\"searchable\":true,\"sortable\":true}}},\"layouts\":{\"list\":[\"id\",\"title\",\"slug\",\"postedDate\"],\"edit\":[[{\"name\":\"title\",\"size\":6},{\"name\":\"slug\",\"size\":6}],[{\"name\":\"postedDate\",\"size\":4},{\"name\":\"smallDescription\",\"size\":6}],[{\"name\":\"description\",\"size\":12}],[{\"name\":\"image\",\"size\":6},{\"name\":\"isFeatured\",\"size\":4}],[{\"name\":\"readTime\",\"size\":6}],[{\"name\":\"seo\",\"size\":12}],[{\"name\":\"types\",\"size\":6}]]},\"uid\":\"api::news.news\"}','object',NULL,NULL),(105,'plugin_content_manager_configuration_content_types::api::news-landing.news-landing','{\"settings\":{\"bulkable\":true,\"filterable\":true,\"searchable\":true,\"pageSize\":10,\"mainField\":\"title\",\"defaultSortBy\":\"title\",\"defaultSortOrder\":\"ASC\"},\"metadatas\":{\"id\":{\"edit\":{},\"list\":{\"label\":\"id\",\"searchable\":true,\"sortable\":true}},\"title\":{\"edit\":{\"label\":\"title\",\"description\":\"\",\"placeholder\":\"\",\"visible\":true,\"editable\":true},\"list\":{\"label\":\"title\",\"searchable\":true,\"sortable\":true}},\"seo\":{\"edit\":{\"label\":\"seo\",\"description\":\"\",\"placeholder\":\"\",\"visible\":true,\"editable\":true},\"list\":{\"label\":\"seo\",\"searchable\":false,\"sortable\":false}},\"createdAt\":{\"edit\":{\"label\":\"createdAt\",\"description\":\"\",\"placeholder\":\"\",\"visible\":false,\"editable\":true},\"list\":{\"label\":\"createdAt\",\"searchable\":true,\"sortable\":true}},\"updatedAt\":{\"edit\":{\"label\":\"updatedAt\",\"description\":\"\",\"placeholder\":\"\",\"visible\":false,\"editable\":true},\"list\":{\"label\":\"updatedAt\",\"searchable\":true,\"sortable\":true}},\"createdBy\":{\"edit\":{\"label\":\"createdBy\",\"description\":\"\",\"placeholder\":\"\",\"visible\":false,\"editable\":true,\"mainField\":\"firstname\"},\"list\":{\"label\":\"createdBy\",\"searchable\":true,\"sortable\":true}},\"updatedBy\":{\"edit\":{\"label\":\"updatedBy\",\"description\":\"\",\"placeholder\":\"\",\"visible\":false,\"editable\":true,\"mainField\":\"firstname\"},\"list\":{\"label\":\"updatedBy\",\"searchable\":true,\"sortable\":true}},\"documentId\":{\"edit\":{},\"list\":{\"label\":\"documentId\",\"searchable\":true,\"sortable\":true}}},\"layouts\":{\"list\":[\"id\",\"title\",\"seo\",\"createdAt\"],\"edit\":[[{\"name\":\"title\",\"size\":6}],[{\"name\":\"seo\",\"size\":12}]]},\"uid\":\"api::news-landing.news-landing\"}','object',NULL,NULL),(106,'plugin_content_manager_configuration_content_types::api::service.service','{\"settings\":{\"bulkable\":true,\"filterable\":true,\"searchable\":true,\"pageSize\":10,\"mainField\":\"title\",\"defaultSortBy\":\"title\",\"defaultSortOrder\":\"ASC\"},\"metadatas\":{\"id\":{\"edit\":{},\"list\":{\"label\":\"id\",\"searchable\":true,\"sortable\":true}},\"title\":{\"edit\":{\"label\":\"title\",\"description\":\"\",\"placeholder\":\"\",\"visible\":true,\"editable\":true},\"list\":{\"label\":\"title\",\"searchable\":true,\"sortable\":true}},\"slug\":{\"edit\":{\"label\":\"slug\",\"description\":\"\",\"placeholder\":\"\",\"visible\":true,\"editable\":true},\"list\":{\"label\":\"slug\",\"searchable\":true,\"sortable\":true}},\"serviceType\":{\"edit\":{\"label\":\"serviceType\",\"description\":\"\",\"placeholder\":\"\",\"visible\":true,\"editable\":true,\"mainField\":\"title\"},\"list\":{\"label\":\"serviceType\",\"searchable\":true,\"sortable\":true}},\"banner\":{\"edit\":{\"label\":\"banner\",\"description\":\"\",\"placeholder\":\"\",\"visible\":true,\"editable\":true},\"list\":{\"label\":\"banner\",\"searchable\":false,\"sortable\":false}},\"listDesc\":{\"edit\":{\"label\":\"listDesc\",\"description\":\"\",\"placeholder\":\"\",\"visible\":true,\"editable\":true},\"list\":{\"label\":\"listDesc\",\"searchable\":true,\"sortable\":true}},\"listImage\":{\"edit\":{\"label\":\"listImage\",\"description\":\"\",\"placeholder\":\"\",\"visible\":true,\"editable\":true},\"list\":{\"label\":\"listImage\",\"searchable\":false,\"sortable\":false}},\"locationTypes\":{\"edit\":{\"label\":\"locationTypes\",\"description\":\"\",\"placeholder\":\"\",\"visible\":true,\"editable\":true,\"mainField\":\"title\"},\"list\":{\"label\":\"locationTypes\",\"searchable\":false,\"sortable\":false}},\"breadCrumb\":{\"edit\":{\"label\":\"breadCrumb\",\"description\":\"\",\"placeholder\":\"\",\"visible\":true,\"editable\":true},\"list\":{\"label\":\"breadCrumb\",\"searchable\":false,\"sortable\":false}},\"serviceContent\":{\"edit\":{\"label\":\"serviceContent\",\"description\":\"\",\"placeholder\":\"\",\"visible\":true,\"editable\":true},\"list\":{\"label\":\"serviceContent\",\"searchable\":false,\"sortable\":false}},\"seo\":{\"edit\":{\"label\":\"seo\",\"description\":\"\",\"placeholder\":\"\",\"visible\":true,\"editable\":true},\"list\":{\"label\":\"seo\",\"searchable\":false,\"sortable\":false}},\"showBookServiceForm\":{\"edit\":{\"label\":\"showBookServiceForm\",\"description\":\"\",\"placeholder\":\"\",\"visible\":true,\"editable\":true},\"list\":{\"label\":\"showBookServiceForm\",\"searchable\":true,\"sortable\":true}},\"showMobileServiceForm\":{\"edit\":{\"label\":\"showMobileServiceForm\",\"description\":\"\",\"placeholder\":\"\",\"visible\":true,\"editable\":true},\"list\":{\"label\":\"showMobileServiceForm\",\"searchable\":true,\"sortable\":true}},\"bookService\":{\"edit\":{\"label\":\"bookService\",\"description\":\"\",\"placeholder\":\"\",\"visible\":true,\"editable\":true},\"list\":{\"label\":\"bookService\",\"searchable\":false,\"sortable\":false}},\"mobileService\":{\"edit\":{\"label\":\"mobileService\",\"description\":\"\",\"placeholder\":\"\",\"visible\":true,\"editable\":true},\"list\":{\"label\":\"mobileService\",\"searchable\":false,\"sortable\":false}},\"headerServiceSortOrder\":{\"edit\":{\"label\":\"headerServiceSortOrder\",\"description\":\"\",\"placeholder\":\"\",\"visible\":true,\"editable\":true},\"list\":{\"label\":\"headerServiceSortOrder\",\"searchable\":true,\"sortable\":true}},\"hideFromCategoryDropdown\":{\"edit\":{\"label\":\"hideFromCategoryDropdown\",\"description\":\"\",\"placeholder\":\"\",\"visible\":true,\"editable\":true},\"list\":{\"label\":\"hideFromCategoryDropdown\",\"searchable\":true,\"sortable\":true}},\"branches\":{\"edit\":{\"label\":\"branches\",\"description\":\"\",\"placeholder\":\"\",\"visible\":true,\"editable\":true,\"mainField\":\"title\"},\"list\":{\"label\":\"branches\",\"searchable\":false,\"sortable\":false}},\"createdAt\":{\"edit\":{\"label\":\"createdAt\",\"description\":\"\",\"placeholder\":\"\",\"visible\":false,\"editable\":true},\"list\":{\"label\":\"createdAt\",\"searchable\":true,\"sortable\":true}},\"updatedAt\":{\"edit\":{\"label\":\"updatedAt\",\"description\":\"\",\"placeholder\":\"\",\"visible\":false,\"editable\":true},\"list\":{\"label\":\"updatedAt\",\"searchable\":true,\"sortable\":true}},\"createdBy\":{\"edit\":{\"label\":\"createdBy\",\"description\":\"\",\"placeholder\":\"\",\"visible\":false,\"editable\":true,\"mainField\":\"firstname\"},\"list\":{\"label\":\"createdBy\",\"searchable\":true,\"sortable\":true}},\"updatedBy\":{\"edit\":{\"label\":\"updatedBy\",\"description\":\"\",\"placeholder\":\"\",\"visible\":false,\"editable\":true,\"mainField\":\"firstname\"},\"list\":{\"label\":\"updatedBy\",\"searchable\":true,\"sortable\":true}},\"documentId\":{\"edit\":{},\"list\":{\"label\":\"documentId\",\"searchable\":true,\"sortable\":true}}},\"layouts\":{\"list\":[\"id\",\"title\",\"slug\",\"serviceType\",\"headerServiceSortOrder\",\"listImage\"],\"edit\":[[{\"name\":\"title\",\"size\":6},{\"name\":\"slug\",\"size\":6}],[{\"name\":\"serviceType\",\"size\":6}],[{\"name\":\"banner\",\"size\":12}],[{\"name\":\"breadCrumb\",\"size\":12}],[{\"name\":\"listDesc\",\"size\":6},{\"name\":\"listImage\",\"size\":6}],[{\"name\":\"locationTypes\",\"size\":6}],[{\"name\":\"serviceContent\",\"size\":12}],[{\"name\":\"showBookServiceForm\",\"size\":4},{\"name\":\"showMobileServiceForm\",\"size\":4}],[{\"name\":\"bookService\",\"size\":12}],[{\"name\":\"mobileService\",\"size\":12}],[{\"name\":\"seo\",\"size\":12}],[{\"name\":\"headerServiceSortOrder\",\"size\":4},{\"name\":\"hideFromCategoryDropdown\",\"size\":4}],[{\"name\":\"branches\",\"size\":6}]]},\"uid\":\"api::service.service\"}','object',NULL,NULL),(107,'plugin_content_manager_configuration_content_types::api::brand.brand','{\"settings\":{\"bulkable\":true,\"filterable\":true,\"searchable\":true,\"pageSize\":10,\"mainField\":\"title\",\"defaultSortBy\":\"title\",\"defaultSortOrder\":\"ASC\"},\"metadatas\":{\"id\":{\"edit\":{},\"list\":{\"label\":\"id\",\"searchable\":true,\"sortable\":true}},\"title\":{\"edit\":{\"label\":\"title\",\"description\":\"\",\"placeholder\":\"\",\"visible\":true,\"editable\":true},\"list\":{\"label\":\"title\",\"searchable\":true,\"sortable\":true}},\"image\":{\"edit\":{\"label\":\"image\",\"description\":\"\",\"placeholder\":\"\",\"visible\":true,\"editable\":true},\"list\":{\"label\":\"image\",\"searchable\":false,\"sortable\":false}},\"types\":{\"edit\":{\"label\":\"types\",\"description\":\"\",\"placeholder\":\"\",\"visible\":true,\"editable\":true,\"mainField\":\"title\"},\"list\":{\"label\":\"types\",\"searchable\":false,\"sortable\":false}},\"commonUrl\":{\"edit\":{\"label\":\"commonUrl\",\"description\":\"\",\"placeholder\":\"\",\"visible\":true,\"editable\":true},\"list\":{\"label\":\"commonUrl\",\"searchable\":true,\"sortable\":true}},\"enableCommonUrl\":{\"edit\":{\"label\":\"enableCommonUrl\",\"description\":\"\",\"placeholder\":\"\",\"visible\":true,\"editable\":true},\"list\":{\"label\":\"enableCommonUrl\",\"searchable\":true,\"sortable\":true}},\"automotiveUrl\":{\"edit\":{\"label\":\"automotiveUrl\",\"description\":\"\",\"placeholder\":\"\",\"visible\":true,\"editable\":true},\"list\":{\"label\":\"automotiveUrl\",\"searchable\":true,\"sortable\":true}},\"enableAutomotiveUrl\":{\"edit\":{\"label\":\"enableAutomotiveUrl\",\"description\":\"\",\"placeholder\":\"\",\"visible\":true,\"editable\":true},\"list\":{\"label\":\"enableAutomotiveUrl\",\"searchable\":true,\"sortable\":true}},\"powerToolUrl\":{\"edit\":{\"label\":\"powerToolUrl\",\"description\":\"\",\"placeholder\":\"\",\"visible\":true,\"editable\":true},\"list\":{\"label\":\"powerToolUrl\",\"searchable\":true,\"sortable\":true}},\"enablePowerToolUrl\":{\"edit\":{\"label\":\"enablePowerToolUrl\",\"description\":\"\",\"placeholder\":\"\",\"visible\":true,\"editable\":true},\"list\":{\"label\":\"enablePowerToolUrl\",\"searchable\":true,\"sortable\":true}},\"tyreUrl\":{\"edit\":{\"label\":\"tyreUrl\",\"description\":\"\",\"placeholder\":\"\",\"visible\":true,\"editable\":true},\"list\":{\"label\":\"tyreUrl\",\"searchable\":true,\"sortable\":true}},\"enableTyreUrl\":{\"edit\":{\"label\":\"enableTyreUrl\",\"description\":\"\",\"placeholder\":\"\",\"visible\":true,\"editable\":true},\"list\":{\"label\":\"enableTyreUrl\",\"searchable\":true,\"sortable\":true}},\"isFeatured\":{\"edit\":{\"label\":\"isFeatured\",\"description\":\"\",\"placeholder\":\"\",\"visible\":true,\"editable\":true},\"list\":{\"label\":\"isFeatured\",\"searchable\":true,\"sortable\":true}},\"homeDisplayOrder\":{\"edit\":{\"label\":\"homeDisplayOrder\",\"description\":\"\",\"placeholder\":\"\",\"visible\":true,\"editable\":true},\"list\":{\"label\":\"homeDisplayOrder\",\"searchable\":true,\"sortable\":true}},\"automotiveDisplayOrder\":{\"edit\":{\"label\":\"automotiveDisplayOrder\",\"description\":\"\",\"placeholder\":\"\",\"visible\":true,\"editable\":true},\"list\":{\"label\":\"automotiveDisplayOrder\",\"searchable\":true,\"sortable\":true}},\"tyreDisplayOrder\":{\"edit\":{\"label\":\"tyreDisplayOrder\",\"description\":\"\",\"placeholder\":\"\",\"visible\":true,\"editable\":true},\"list\":{\"label\":\"tyreDisplayOrder\",\"searchable\":true,\"sortable\":true}},\"powertoolsDisplayOrder\":{\"edit\":{\"label\":\"powertoolsDisplayOrder\",\"description\":\"\",\"placeholder\":\"\",\"visible\":true,\"editable\":true},\"list\":{\"label\":\"powertoolsDisplayOrder\",\"searchable\":true,\"sortable\":true}},\"homePosition\":{\"edit\":{\"label\":\"homePosition\",\"description\":\"\",\"placeholder\":\"\",\"visible\":true,\"editable\":true},\"list\":{\"label\":\"homePosition\",\"searchable\":true,\"sortable\":true}},\"automotivePosition\":{\"edit\":{\"label\":\"automotivePosition\",\"description\":\"\",\"placeholder\":\"\",\"visible\":true,\"editable\":true},\"list\":{\"label\":\"automotivePosition\",\"searchable\":true,\"sortable\":true}},\"tyrePosition\":{\"edit\":{\"label\":\"tyrePosition\",\"description\":\"\",\"placeholder\":\"\",\"visible\":true,\"editable\":true},\"list\":{\"label\":\"tyrePosition\",\"searchable\":true,\"sortable\":true}},\"powertoolsPosition\":{\"edit\":{\"label\":\"powertoolsPosition\",\"description\":\"\",\"placeholder\":\"\",\"visible\":true,\"editable\":true},\"list\":{\"label\":\"powertoolsPosition\",\"searchable\":true,\"sortable\":true}},\"createdAt\":{\"edit\":{\"label\":\"createdAt\",\"description\":\"\",\"placeholder\":\"\",\"visible\":false,\"editable\":true},\"list\":{\"label\":\"createdAt\",\"searchable\":true,\"sortable\":true}},\"updatedAt\":{\"edit\":{\"label\":\"updatedAt\",\"description\":\"\",\"placeholder\":\"\",\"visible\":false,\"editable\":true},\"list\":{\"label\":\"updatedAt\",\"searchable\":true,\"sortable\":true}},\"createdBy\":{\"edit\":{\"label\":\"createdBy\",\"description\":\"\",\"placeholder\":\"\",\"visible\":false,\"editable\":true,\"mainField\":\"firstname\"},\"list\":{\"label\":\"createdBy\",\"searchable\":true,\"sortable\":true}},\"updatedBy\":{\"edit\":{\"label\":\"updatedBy\",\"description\":\"\",\"placeholder\":\"\",\"visible\":false,\"editable\":true,\"mainField\":\"firstname\"},\"list\":{\"label\":\"updatedBy\",\"searchable\":true,\"sortable\":true}},\"documentId\":{\"edit\":{},\"list\":{\"label\":\"documentId\",\"searchable\":true,\"sortable\":true}}},\"layouts\":{\"list\":[\"id\",\"title\",\"image\",\"types\"],\"edit\":[[{\"name\":\"title\",\"size\":6},{\"name\":\"image\",\"size\":6}],[{\"name\":\"types\",\"size\":6},{\"name\":\"commonUrl\",\"size\":6}],[{\"name\":\"enableCommonUrl\",\"size\":4},{\"name\":\"automotiveUrl\",\"size\":6}],[{\"name\":\"enableAutomotiveUrl\",\"size\":4},{\"name\":\"powerToolUrl\",\"size\":6}],[{\"name\":\"enablePowerToolUrl\",\"size\":4},{\"name\":\"tyreUrl\",\"size\":6}],[{\"name\":\"enableTyreUrl\",\"size\":4},{\"name\":\"isFeatured\",\"size\":4},{\"name\":\"homeDisplayOrder\",\"size\":4}],[{\"name\":\"automotiveDisplayOrder\",\"size\":4},{\"name\":\"tyreDisplayOrder\",\"size\":4},{\"name\":\"powertoolsDisplayOrder\",\"size\":4}],[{\"name\":\"homePosition\",\"size\":6},{\"name\":\"automotivePosition\",\"size\":6}],[{\"name\":\"tyrePosition\",\"size\":6},{\"name\":\"powertoolsPosition\",\"size\":6}]]},\"uid\":\"api::brand.brand\"}','object',NULL,NULL),(108,'plugin_content_manager_configuration_content_types::api::service-category.service-category','{\"settings\":{\"bulkable\":true,\"filterable\":true,\"searchable\":true,\"pageSize\":10,\"mainField\":\"title\",\"defaultSortBy\":\"title\",\"defaultSortOrder\":\"ASC\"},\"metadatas\":{\"id\":{\"edit\":{},\"list\":{\"label\":\"id\",\"searchable\":true,\"sortable\":true}},\"title\":{\"edit\":{\"label\":\"title\",\"description\":\"\",\"placeholder\":\"\",\"visible\":true,\"editable\":true},\"list\":{\"label\":\"title\",\"searchable\":true,\"sortable\":true}},\"slug\":{\"edit\":{\"label\":\"slug\",\"description\":\"\",\"placeholder\":\"\",\"visible\":true,\"editable\":true},\"list\":{\"label\":\"slug\",\"searchable\":true,\"sortable\":true}},\"description\":{\"edit\":{\"label\":\"description\",\"description\":\"\",\"placeholder\":\"\",\"visible\":true,\"editable\":true},\"list\":{\"label\":\"description\",\"searchable\":true,\"sortable\":true}},\"image\":{\"edit\":{\"label\":\"image\",\"description\":\"\",\"placeholder\":\"\",\"visible\":true,\"editable\":true},\"list\":{\"label\":\"image\",\"searchable\":false,\"sortable\":false}},\"menuImage\":{\"edit\":{\"label\":\"menuImage\",\"description\":\"\",\"placeholder\":\"\",\"visible\":true,\"editable\":true},\"list\":{\"label\":\"menuImage\",\"searchable\":false,\"sortable\":false}},\"banner\":{\"edit\":{\"label\":\"banner\",\"description\":\"\",\"placeholder\":\"\",\"visible\":true,\"editable\":true},\"list\":{\"label\":\"banner\",\"searchable\":false,\"sortable\":false}},\"servicesList\":{\"edit\":{\"label\":\"servicesList\",\"description\":\"\",\"placeholder\":\"\",\"visible\":true,\"editable\":true},\"list\":{\"label\":\"servicesList\",\"searchable\":false,\"sortable\":false}},\"seo\":{\"edit\":{\"label\":\"seo\",\"description\":\"\",\"placeholder\":\"\",\"visible\":true,\"editable\":true},\"list\":{\"label\":\"seo\",\"searchable\":false,\"sortable\":false}},\"headerServicesSortOrder\":{\"edit\":{\"label\":\"headerServicesSortOrder\",\"description\":\"\",\"placeholder\":\"\",\"visible\":true,\"editable\":true},\"list\":{\"label\":\"headerServicesSortOrder\",\"searchable\":true,\"sortable\":true}},\"createdAt\":{\"edit\":{\"label\":\"createdAt\",\"description\":\"\",\"placeholder\":\"\",\"visible\":false,\"editable\":true},\"list\":{\"label\":\"createdAt\",\"searchable\":true,\"sortable\":true}},\"updatedAt\":{\"edit\":{\"label\":\"updatedAt\",\"description\":\"\",\"placeholder\":\"\",\"visible\":false,\"editable\":true},\"list\":{\"label\":\"updatedAt\",\"searchable\":true,\"sortable\":true}},\"createdBy\":{\"edit\":{\"label\":\"createdBy\",\"description\":\"\",\"placeholder\":\"\",\"visible\":false,\"editable\":true,\"mainField\":\"firstname\"},\"list\":{\"label\":\"createdBy\",\"searchable\":true,\"sortable\":true}},\"updatedBy\":{\"edit\":{\"label\":\"updatedBy\",\"description\":\"\",\"placeholder\":\"\",\"visible\":false,\"editable\":true,\"mainField\":\"firstname\"},\"list\":{\"label\":\"updatedBy\",\"searchable\":true,\"sortable\":true}},\"documentId\":{\"edit\":{},\"list\":{\"label\":\"documentId\",\"searchable\":true,\"sortable\":true}}},\"layouts\":{\"list\":[\"id\",\"title\",\"slug\",\"description\"],\"edit\":[[{\"name\":\"title\",\"size\":6},{\"name\":\"slug\",\"size\":6}],[{\"name\":\"description\",\"size\":6},{\"name\":\"image\",\"size\":6}],[{\"name\":\"menuImage\",\"size\":6}],[{\"name\":\"banner\",\"size\":12}],[{\"name\":\"servicesList\",\"size\":12}],[{\"name\":\"seo\",\"size\":12}],[{\"name\":\"headerServicesSortOrder\",\"size\":4}]]},\"uid\":\"api::service-category.service-category\"}','object',NULL,NULL),(109,'plugin_content_manager_configuration_content_types::api::type.type','{\"settings\":{\"bulkable\":true,\"filterable\":true,\"searchable\":true,\"pageSize\":10,\"mainField\":\"title\",\"defaultSortBy\":\"title\",\"defaultSortOrder\":\"ASC\"},\"metadatas\":{\"id\":{\"edit\":{},\"list\":{\"label\":\"id\",\"searchable\":true,\"sortable\":true}},\"title\":{\"edit\":{\"label\":\"title\",\"description\":\"\",\"placeholder\":\"\",\"visible\":true,\"editable\":true},\"list\":{\"label\":\"title\",\"searchable\":true,\"sortable\":true}},\"key\":{\"edit\":{\"label\":\"key\",\"description\":\"\",\"placeholder\":\"\",\"visible\":true,\"editable\":true},\"list\":{\"label\":\"key\",\"searchable\":true,\"sortable\":true}},\"createdAt\":{\"edit\":{\"label\":\"createdAt\",\"description\":\"\",\"placeholder\":\"\",\"visible\":false,\"editable\":true},\"list\":{\"label\":\"createdAt\",\"searchable\":true,\"sortable\":true}},\"updatedAt\":{\"edit\":{\"label\":\"updatedAt\",\"description\":\"\",\"placeholder\":\"\",\"visible\":false,\"editable\":true},\"list\":{\"label\":\"updatedAt\",\"searchable\":true,\"sortable\":true}},\"createdBy\":{\"edit\":{\"label\":\"createdBy\",\"description\":\"\",\"placeholder\":\"\",\"visible\":false,\"editable\":true,\"mainField\":\"firstname\"},\"list\":{\"label\":\"createdBy\",\"searchable\":true,\"sortable\":true}},\"updatedBy\":{\"edit\":{\"label\":\"updatedBy\",\"description\":\"\",\"placeholder\":\"\",\"visible\":false,\"editable\":true,\"mainField\":\"firstname\"},\"list\":{\"label\":\"updatedBy\",\"searchable\":true,\"sortable\":true}},\"documentId\":{\"edit\":{},\"list\":{\"label\":\"documentId\",\"searchable\":true,\"sortable\":true}}},\"layouts\":{\"list\":[\"id\",\"title\",\"key\",\"createdAt\"],\"edit\":[[{\"name\":\"title\",\"size\":6},{\"name\":\"key\",\"size\":6}]]},\"uid\":\"api::type.type\"}','object',NULL,NULL),(110,'plugin_content_manager_configuration_components::service-landing.service-form-blk','{\"settings\":{\"bulkable\":true,\"filterable\":true,\"searchable\":true,\"pageSize\":10,\"mainField\":\"subHeading\",\"defaultSortBy\":\"subHeading\",\"defaultSortOrder\":\"ASC\"},\"metadatas\":{\"id\":{\"edit\":{},\"list\":{\"label\":\"id\",\"searchable\":false,\"sortable\":false}},\"title\":{\"edit\":{\"label\":\"title\",\"description\":\"\",\"placeholder\":\"\",\"visible\":true,\"editable\":true},\"list\":{\"label\":\"title\",\"searchable\":true,\"sortable\":true}},\"subHeading\":{\"edit\":{\"label\":\"subHeading\",\"description\":\"\",\"placeholder\":\"\",\"visible\":true,\"editable\":true},\"list\":{\"label\":\"subHeading\",\"searchable\":true,\"sortable\":true}},\"description\":{\"edit\":{\"label\":\"description\",\"description\":\"\",\"placeholder\":\"\",\"visible\":true,\"editable\":true},\"list\":{\"label\":\"description\",\"searchable\":true,\"sortable\":true}},\"button\":{\"edit\":{\"label\":\"button\",\"description\":\"\",\"placeholder\":\"\",\"visible\":true,\"editable\":true},\"list\":{\"label\":\"button\",\"searchable\":false,\"sortable\":false}},\"documentId\":{\"edit\":{},\"list\":{\"label\":\"documentId\",\"searchable\":true,\"sortable\":true}}},\"layouts\":{\"list\":[\"id\",\"title\",\"subHeading\",\"description\"],\"edit\":[[{\"name\":\"title\",\"size\":6},{\"name\":\"subHeading\",\"size\":6}],[{\"name\":\"description\",\"size\":6}],[{\"name\":\"button\",\"size\":12}]]},\"uid\":\"service-landing.service-form-blk\",\"isComponent\":true}','object',NULL,NULL),(111,'plugin_content_manager_configuration_components::service-landing.our-service','{\"settings\":{\"bulkable\":true,\"filterable\":true,\"searchable\":true,\"pageSize\":10,\"mainField\":\"title\",\"defaultSortBy\":\"title\",\"defaultSortOrder\":\"ASC\"},\"metadatas\":{\"id\":{\"edit\":{},\"list\":{\"label\":\"id\",\"searchable\":false,\"sortable\":false}},\"title\":{\"edit\":{\"label\":\"title\",\"description\":\"\",\"placeholder\":\"\",\"visible\":true,\"editable\":true},\"list\":{\"label\":\"title\",\"searchable\":true,\"sortable\":true}},\"description\":{\"edit\":{\"label\":\"description\",\"description\":\"\",\"placeholder\":\"\",\"visible\":true,\"editable\":true},\"list\":{\"label\":\"description\",\"searchable\":true,\"sortable\":true}},\"documentId\":{\"edit\":{},\"list\":{\"label\":\"documentId\",\"searchable\":true,\"sortable\":true}}},\"layouts\":{\"list\":[\"id\",\"title\",\"description\"],\"edit\":[[{\"name\":\"title\",\"size\":6},{\"name\":\"description\",\"size\":6}]]},\"uid\":\"service-landing.our-service\",\"isComponent\":true}','object',NULL,NULL),(112,'plugin_content_manager_configuration_components::common.button','{\"settings\":{\"bulkable\":true,\"filterable\":true,\"searchable\":true,\"pageSize\":10,\"mainField\":\"title\",\"defaultSortBy\":\"title\",\"defaultSortOrder\":\"ASC\"},\"metadatas\":{\"id\":{\"edit\":{},\"list\":{\"label\":\"id\",\"searchable\":false,\"sortable\":false}},\"title\":{\"edit\":{\"label\":\"title\",\"description\":\"\",\"placeholder\":\"\",\"visible\":true,\"editable\":true},\"list\":{\"label\":\"title\",\"searchable\":true,\"sortable\":true}},\"url\":{\"edit\":{\"label\":\"url\",\"description\":\"\",\"placeholder\":\"\",\"visible\":true,\"editable\":true},\"list\":{\"label\":\"url\",\"searchable\":true,\"sortable\":true}},\"typeExternal\":{\"edit\":{\"label\":\"typeExternal\",\"description\":\"\",\"placeholder\":\"\",\"visible\":true,\"editable\":true},\"list\":{\"label\":\"typeExternal\",\"searchable\":true,\"sortable\":true}},\"documentId\":{\"edit\":{},\"list\":{\"label\":\"documentId\",\"searchable\":true,\"sortable\":true}}},\"layouts\":{\"list\":[\"id\",\"title\",\"url\",\"typeExternal\"],\"edit\":[[{\"name\":\"title\",\"size\":6},{\"name\":\"url\",\"size\":6}],[{\"name\":\"typeExternal\",\"size\":4}]]},\"uid\":\"common.button\",\"isComponent\":true}','object',NULL,NULL),(114,'plugin_content_manager_configuration_content_types::api::service-landing.service-landing','{\"settings\":{\"bulkable\":true,\"filterable\":true,\"searchable\":true,\"pageSize\":10,\"mainField\":\"documentId\",\"defaultSortBy\":\"documentId\",\"defaultSortOrder\":\"ASC\"},\"metadatas\":{\"id\":{\"edit\":{},\"list\":{\"label\":\"id\",\"searchable\":true,\"sortable\":true}},\"banner\":{\"edit\":{\"label\":\"banner\",\"description\":\"\",\"placeholder\":\"\",\"visible\":true,\"editable\":true},\"list\":{\"label\":\"banner\",\"searchable\":false,\"sortable\":false}},\"serviceHeading\":{\"edit\":{\"label\":\"serviceHeading\",\"description\":\"\",\"placeholder\":\"\",\"visible\":true,\"editable\":true},\"list\":{\"label\":\"serviceHeading\",\"searchable\":true,\"sortable\":true}},\"description\":{\"edit\":{\"label\":\"description\",\"description\":\"\",\"placeholder\":\"\",\"visible\":true,\"editable\":true},\"list\":{\"label\":\"description\",\"searchable\":false,\"sortable\":false}},\"seo\":{\"edit\":{\"label\":\"seo\",\"description\":\"\",\"placeholder\":\"\",\"visible\":true,\"editable\":true},\"list\":{\"label\":\"seo\",\"searchable\":false,\"sortable\":false}},\"serviceLocations\":{\"edit\":{\"label\":\"serviceLocations\",\"description\":\"\",\"placeholder\":\"\",\"visible\":true,\"editable\":true},\"list\":{\"label\":\"serviceLocations\",\"searchable\":false,\"sortable\":false}},\"locationTypes\":{\"edit\":{\"label\":\"locationTypes\",\"description\":\"\",\"placeholder\":\"\",\"visible\":true,\"editable\":true,\"mainField\":\"title\"},\"list\":{\"label\":\"locationTypes\",\"searchable\":false,\"sortable\":false}},\"createdAt\":{\"edit\":{\"label\":\"createdAt\",\"description\":\"\",\"placeholder\":\"\",\"visible\":false,\"editable\":true},\"list\":{\"label\":\"createdAt\",\"searchable\":true,\"sortable\":true}},\"updatedAt\":{\"edit\":{\"label\":\"updatedAt\",\"description\":\"\",\"placeholder\":\"\",\"visible\":false,\"editable\":true},\"list\":{\"label\":\"updatedAt\",\"searchable\":true,\"sortable\":true}},\"createdBy\":{\"edit\":{\"label\":\"createdBy\",\"description\":\"\",\"placeholder\":\"\",\"visible\":false,\"editable\":true,\"mainField\":\"firstname\"},\"list\":{\"label\":\"createdBy\",\"searchable\":true,\"sortable\":true}},\"updatedBy\":{\"edit\":{\"label\":\"updatedBy\",\"description\":\"\",\"placeholder\":\"\",\"visible\":false,\"editable\":true,\"mainField\":\"firstname\"},\"list\":{\"label\":\"updatedBy\",\"searchable\":true,\"sortable\":true}},\"documentId\":{\"edit\":{},\"list\":{\"label\":\"documentId\",\"searchable\":true,\"sortable\":true}}},\"layouts\":{\"list\":[\"id\",\"banner\",\"serviceHeading\",\"createdAt\"],\"edit\":[[{\"name\":\"banner\",\"size\":12}],[{\"name\":\"serviceHeading\",\"size\":6}],[{\"name\":\"description\",\"size\":12}],[{\"name\":\"seo\",\"size\":12}],[{\"name\":\"serviceLocations\",\"size\":12}],[{\"name\":\"locationTypes\",\"size\":6}]]},\"uid\":\"api::service-landing.service-landing\"}','object',NULL,NULL),(115,'plugin_content_manager_configuration_components::common.title-with-desc','{\"settings\":{\"bulkable\":true,\"filterable\":true,\"searchable\":true,\"pageSize\":10,\"mainField\":\"subTitle\",\"defaultSortBy\":\"subTitle\",\"defaultSortOrder\":\"ASC\"},\"metadatas\":{\"id\":{\"edit\":{},\"list\":{\"label\":\"id\",\"searchable\":false,\"sortable\":false}},\"title\":{\"edit\":{\"label\":\"title\",\"description\":\"\",\"placeholder\":\"\",\"visible\":true,\"editable\":true},\"list\":{\"label\":\"title\",\"searchable\":true,\"sortable\":true}},\"subTitle\":{\"edit\":{\"label\":\"subTitle\",\"description\":\"\",\"placeholder\":\"\",\"visible\":true,\"editable\":true},\"list\":{\"label\":\"subTitle\",\"searchable\":true,\"sortable\":true}},\"description\":{\"edit\":{\"label\":\"description\",\"description\":\"\",\"placeholder\":\"\",\"visible\":true,\"editable\":true},\"list\":{\"label\":\"description\",\"searchable\":false,\"sortable\":false}},\"horizontalAlignment\":{\"edit\":{\"label\":\"horizontalAlignment\",\"description\":\"\",\"placeholder\":\"\",\"visible\":true,\"editable\":true},\"list\":{\"label\":\"horizontalAlignment\",\"searchable\":true,\"sortable\":true}},\"documentId\":{\"edit\":{},\"list\":{\"label\":\"documentId\",\"searchable\":true,\"sortable\":true}}},\"layouts\":{\"list\":[\"id\",\"title\",\"subTitle\",\"horizontalAlignment\"],\"edit\":[[{\"name\":\"title\",\"size\":6},{\"name\":\"subTitle\",\"size\":6}],[{\"name\":\"description\",\"size\":12}],[{\"name\":\"horizontalAlignment\",\"size\":6}]]},\"uid\":\"common.title-with-desc\",\"isComponent\":true}','object',NULL,NULL),(116,'plugin_content_manager_configuration_components::common.locations','{\"settings\":{\"bulkable\":true,\"filterable\":true,\"searchable\":true,\"pageSize\":10,\"mainField\":\"title\",\"defaultSortBy\":\"title\",\"defaultSortOrder\":\"ASC\"},\"metadatas\":{\"id\":{\"edit\":{},\"list\":{\"label\":\"id\",\"searchable\":false,\"sortable\":false}},\"title\":{\"edit\":{\"label\":\"title\",\"description\":\"\",\"placeholder\":\"\",\"visible\":true,\"editable\":true},\"list\":{\"label\":\"title\",\"searchable\":true,\"sortable\":true}},\"items\":{\"edit\":{\"label\":\"items\",\"description\":\"\",\"placeholder\":\"\",\"visible\":true,\"editable\":true},\"list\":{\"label\":\"items\",\"searchable\":false,\"sortable\":false}},\"documentId\":{\"edit\":{},\"list\":{\"label\":\"documentId\",\"searchable\":true,\"sortable\":true}}},\"layouts\":{\"list\":[\"id\",\"title\",\"items\"],\"edit\":[[{\"name\":\"title\",\"size\":6}],[{\"name\":\"items\",\"size\":12}]]},\"uid\":\"common.locations\",\"isComponent\":true}','object',NULL,NULL),(117,'plugin_content_manager_configuration_components::common.location-card','{\"settings\":{\"bulkable\":true,\"filterable\":true,\"searchable\":true,\"pageSize\":10,\"mainField\":\"title\",\"defaultSortBy\":\"title\",\"defaultSortOrder\":\"ASC\"},\"metadatas\":{\"id\":{\"edit\":{},\"list\":{\"label\":\"id\",\"searchable\":false,\"sortable\":false}},\"title\":{\"edit\":{\"label\":\"title\",\"description\":\"\",\"placeholder\":\"\",\"visible\":true,\"editable\":true},\"list\":{\"label\":\"title\",\"searchable\":true,\"sortable\":true}},\"branchLocation\":{\"edit\":{\"label\":\"branchLocation\",\"description\":\"\",\"placeholder\":\"\",\"visible\":true,\"editable\":true,\"mainField\":\"title\"},\"list\":{\"label\":\"branchLocation\",\"searchable\":true,\"sortable\":true}},\"address\":{\"edit\":{\"label\":\"address\",\"description\":\"\",\"placeholder\":\"\",\"visible\":true,\"editable\":true},\"list\":{\"label\":\"address\",\"searchable\":true,\"sortable\":true}},\"phoneNumbers\":{\"edit\":{\"label\":\"phoneNumbers\",\"description\":\"\",\"placeholder\":\"\",\"visible\":true,\"editable\":true},\"list\":{\"label\":\"phoneNumbers\",\"searchable\":false,\"sortable\":false}},\"image\":{\"edit\":{\"label\":\"image\",\"description\":\"\",\"placeholder\":\"\",\"visible\":true,\"editable\":true},\"list\":{\"label\":\"image\",\"searchable\":false,\"sortable\":false}},\"embededMapUrl\":{\"edit\":{\"label\":\"embededMapUrl\",\"description\":\"\",\"placeholder\":\"\",\"visible\":true,\"editable\":true},\"list\":{\"label\":\"embededMapUrl\",\"searchable\":true,\"sortable\":true}},\"mapUrl\":{\"edit\":{\"label\":\"mapUrl\",\"description\":\"\",\"placeholder\":\"\",\"visible\":true,\"editable\":true},\"list\":{\"label\":\"mapUrl\",\"searchable\":true,\"sortable\":true}},\"documentId\":{\"edit\":{},\"list\":{\"label\":\"documentId\",\"searchable\":true,\"sortable\":true}}},\"layouts\":{\"list\":[\"id\",\"title\",\"branchLocation\",\"address\"],\"edit\":[[{\"name\":\"title\",\"size\":6},{\"name\":\"branchLocation\",\"size\":6}],[{\"name\":\"address\",\"size\":6}],[{\"name\":\"phoneNumbers\",\"size\":12}],[{\"name\":\"image\",\"size\":6},{\"name\":\"embededMapUrl\",\"size\":6}],[{\"name\":\"mapUrl\",\"size\":6}]]},\"uid\":\"common.location-card\",\"isComponent\":true}','object',NULL,NULL),(118,'plugin_content_manager_configuration_components::common.faq','{\"settings\":{\"bulkable\":true,\"filterable\":true,\"searchable\":true,\"pageSize\":10,\"mainField\":\"title\",\"defaultSortBy\":\"title\",\"defaultSortOrder\":\"ASC\"},\"metadatas\":{\"id\":{\"edit\":{},\"list\":{\"label\":\"id\",\"searchable\":false,\"sortable\":false}},\"title\":{\"edit\":{\"label\":\"title\",\"description\":\"\",\"placeholder\":\"\",\"visible\":true,\"editable\":true},\"list\":{\"label\":\"title\",\"searchable\":true,\"sortable\":true}},\"subTitle\":{\"edit\":{\"label\":\"subTitle\",\"description\":\"\",\"placeholder\":\"\",\"visible\":true,\"editable\":true},\"list\":{\"label\":\"subTitle\",\"searchable\":true,\"sortable\":true}},\"items\":{\"edit\":{\"label\":\"items\",\"description\":\"\",\"placeholder\":\"\",\"visible\":true,\"editable\":true},\"list\":{\"label\":\"items\",\"searchable\":false,\"sortable\":false}},\"documentId\":{\"edit\":{},\"list\":{\"label\":\"documentId\",\"searchable\":true,\"sortable\":true}}},\"layouts\":{\"list\":[\"id\",\"title\",\"subTitle\",\"items\"],\"edit\":[[{\"name\":\"title\",\"size\":6},{\"name\":\"subTitle\",\"size\":6}],[{\"name\":\"items\",\"size\":12}]]},\"uid\":\"common.faq\",\"isComponent\":true}','object',NULL,NULL),(119,'plugin_content_manager_configuration_components::common.content-block','{\"settings\":{\"bulkable\":true,\"filterable\":true,\"searchable\":true,\"pageSize\":10,\"mainField\":\"title\",\"defaultSortBy\":\"title\",\"defaultSortOrder\":\"ASC\"},\"metadatas\":{\"id\":{\"edit\":{},\"list\":{\"label\":\"id\",\"searchable\":false,\"sortable\":false}},\"title\":{\"edit\":{\"label\":\"title\",\"description\":\"\",\"placeholder\":\"\",\"visible\":true,\"editable\":true},\"list\":{\"label\":\"title\",\"searchable\":true,\"sortable\":true}},\"subTitle\":{\"edit\":{\"label\":\"subTitle\",\"description\":\"\",\"placeholder\":\"\",\"visible\":true,\"editable\":true},\"list\":{\"label\":\"subTitle\",\"searchable\":true,\"sortable\":true}},\"items\":{\"edit\":{\"label\":\"items\",\"description\":\"\",\"placeholder\":\"\",\"visible\":true,\"editable\":true},\"list\":{\"label\":\"items\",\"searchable\":false,\"sortable\":false}},\"showGradientBg\":{\"edit\":{\"label\":\"showGradientBg\",\"description\":\"\",\"placeholder\":\"\",\"visible\":true,\"editable\":true},\"list\":{\"label\":\"showGradientBg\",\"searchable\":true,\"sortable\":true}},\"serviceCardVariant\":{\"edit\":{\"label\":\"serviceCardVariant\",\"description\":\"\",\"placeholder\":\"\",\"visible\":true,\"editable\":true},\"list\":{\"label\":\"serviceCardVariant\",\"searchable\":true,\"sortable\":true}},\"documentId\":{\"edit\":{},\"list\":{\"label\":\"documentId\",\"searchable\":true,\"sortable\":true}}},\"layouts\":{\"list\":[\"id\",\"title\",\"subTitle\",\"items\"],\"edit\":[[{\"name\":\"title\",\"size\":6},{\"name\":\"subTitle\",\"size\":6}],[{\"name\":\"items\",\"size\":12}],[{\"name\":\"showGradientBg\",\"size\":4},{\"name\":\"serviceCardVariant\",\"size\":4}]]},\"uid\":\"common.content-block\",\"isComponent\":true}','object',NULL,NULL),(120,'plugin_content_manager_configuration_components::service-landing.service-locations','{\"settings\":{\"bulkable\":true,\"filterable\":true,\"searchable\":true,\"pageSize\":10,\"mainField\":\"title\",\"defaultSortBy\":\"title\",\"defaultSortOrder\":\"ASC\"},\"metadatas\":{\"id\":{\"edit\":{},\"list\":{\"label\":\"id\",\"searchable\":false,\"sortable\":false}},\"title\":{\"edit\":{\"label\":\"title\",\"description\":\"\",\"placeholder\":\"\",\"visible\":true,\"editable\":true},\"list\":{\"label\":\"title\",\"searchable\":true,\"sortable\":true}},\"slug\":{\"edit\":{\"label\":\"slug\",\"description\":\"\",\"placeholder\":\"\",\"visible\":true,\"editable\":true},\"list\":{\"label\":\"slug\",\"searchable\":true,\"sortable\":true}},\"address\":{\"edit\":{\"label\":\"address\",\"description\":\"\",\"placeholder\":\"\",\"visible\":true,\"editable\":true},\"list\":{\"label\":\"address\",\"searchable\":true,\"sortable\":true}},\"branchLocation\":{\"edit\":{\"label\":\"branchLocation\",\"description\":\"\",\"placeholder\":\"\",\"visible\":true,\"editable\":true,\"mainField\":\"title\"},\"list\":{\"label\":\"branchLocation\",\"searchable\":true,\"sortable\":true}},\"phoneNumbers\":{\"edit\":{\"label\":\"phoneNumbers\",\"description\":\"\",\"placeholder\":\"\",\"visible\":true,\"editable\":true},\"list\":{\"label\":\"phoneNumbers\",\"searchable\":false,\"sortable\":false}},\"image\":{\"edit\":{\"label\":\"image\",\"description\":\"\",\"placeholder\":\"\",\"visible\":true,\"editable\":true},\"list\":{\"label\":\"image\",\"searchable\":false,\"sortable\":false}},\"previewImage\":{\"edit\":{\"label\":\"previewImage\",\"description\":\"\",\"placeholder\":\"\",\"visible\":true,\"editable\":true},\"list\":{\"label\":\"previewImage\",\"searchable\":false,\"sortable\":false}},\"embededMapUrl\":{\"edit\":{\"label\":\"embededMapUrl\",\"description\":\"\",\"placeholder\":\"\",\"visible\":true,\"editable\":true},\"list\":{\"label\":\"embededMapUrl\",\"searchable\":true,\"sortable\":true}},\"mapUrl\":{\"edit\":{\"label\":\"mapUrl\",\"description\":\"\",\"placeholder\":\"\",\"visible\":true,\"editable\":true},\"list\":{\"label\":\"mapUrl\",\"searchable\":true,\"sortable\":true}},\"documentId\":{\"edit\":{},\"list\":{\"label\":\"documentId\",\"searchable\":true,\"sortable\":true}}},\"layouts\":{\"list\":[\"id\",\"title\",\"slug\",\"address\"],\"edit\":[[{\"name\":\"title\",\"size\":6},{\"name\":\"slug\",\"size\":6}],[{\"name\":\"address\",\"size\":6},{\"name\":\"branchLocation\",\"size\":6}],[{\"name\":\"phoneNumbers\",\"size\":12}],[{\"name\":\"image\",\"size\":6},{\"name\":\"previewImage\",\"size\":6}],[{\"name\":\"embededMapUrl\",\"size\":6},{\"name\":\"mapUrl\",\"size\":6}]]},\"uid\":\"service-landing.service-locations\",\"isComponent\":true}','object',NULL,NULL),(125,'plugin_content_manager_configuration_content_types::api::product-category.product-category','{\"settings\":{\"bulkable\":true,\"filterable\":true,\"searchable\":true,\"pageSize\":10,\"mainField\":\"title\",\"defaultSortBy\":\"title\",\"defaultSortOrder\":\"ASC\"},\"metadatas\":{\"id\":{\"edit\":{},\"list\":{\"label\":\"id\",\"searchable\":true,\"sortable\":true}},\"title\":{\"edit\":{\"label\":\"title\",\"description\":\"\",\"placeholder\":\"\",\"visible\":true,\"editable\":true},\"list\":{\"label\":\"title\",\"searchable\":true,\"sortable\":true}},\"image\":{\"edit\":{\"label\":\"image\",\"description\":\"\",\"placeholder\":\"\",\"visible\":true,\"editable\":true},\"list\":{\"label\":\"image\",\"searchable\":false,\"sortable\":false}},\"slug\":{\"edit\":{\"label\":\"slug\",\"description\":\"\",\"placeholder\":\"\",\"visible\":true,\"editable\":true},\"list\":{\"label\":\"slug\",\"searchable\":true,\"sortable\":true}},\"displayOrder\":{\"edit\":{\"label\":\"displayOrder\",\"description\":\"\",\"placeholder\":\"\",\"visible\":true,\"editable\":true},\"list\":{\"label\":\"displayOrder\",\"searchable\":true,\"sortable\":true}},\"createdAt\":{\"edit\":{\"label\":\"createdAt\",\"description\":\"\",\"placeholder\":\"\",\"visible\":false,\"editable\":true},\"list\":{\"label\":\"createdAt\",\"searchable\":true,\"sortable\":true}},\"updatedAt\":{\"edit\":{\"label\":\"updatedAt\",\"description\":\"\",\"placeholder\":\"\",\"visible\":false,\"editable\":true},\"list\":{\"label\":\"updatedAt\",\"searchable\":true,\"sortable\":true}},\"createdBy\":{\"edit\":{\"label\":\"createdBy\",\"description\":\"\",\"placeholder\":\"\",\"visible\":false,\"editable\":true,\"mainField\":\"firstname\"},\"list\":{\"label\":\"createdBy\",\"searchable\":true,\"sortable\":true}},\"updatedBy\":{\"edit\":{\"label\":\"updatedBy\",\"description\":\"\",\"placeholder\":\"\",\"visible\":false,\"editable\":true,\"mainField\":\"firstname\"},\"list\":{\"label\":\"updatedBy\",\"searchable\":true,\"sortable\":true}},\"documentId\":{\"edit\":{},\"list\":{\"label\":\"documentId\",\"searchable\":true,\"sortable\":true}}},\"layouts\":{\"edit\":[[{\"name\":\"title\",\"size\":6},{\"name\":\"image\",\"size\":6}],[{\"name\":\"slug\",\"size\":6},{\"name\":\"displayOrder\",\"size\":4}]],\"list\":[\"id\",\"title\",\"image\",\"slug\",\"displayOrder\"]},\"uid\":\"api::product-category.product-category\"}','object',NULL,NULL),(126,'plugin_content_manager_configuration_content_types::api::automotive-landing.automotive-landing','{\"settings\":{\"bulkable\":true,\"filterable\":true,\"searchable\":true,\"pageSize\":10,\"mainField\":\"title\",\"defaultSortBy\":\"title\",\"defaultSortOrder\":\"ASC\"},\"metadatas\":{\"id\":{\"edit\":{},\"list\":{\"label\":\"id\",\"searchable\":true,\"sortable\":true}},\"title\":{\"edit\":{\"label\":\"title\",\"description\":\"\",\"placeholder\":\"\",\"visible\":true,\"editable\":true},\"list\":{\"label\":\"title\",\"searchable\":true,\"sortable\":true}},\"banner\":{\"edit\":{\"label\":\"banner\",\"description\":\"\",\"placeholder\":\"\",\"visible\":true,\"editable\":true},\"list\":{\"label\":\"banner\",\"searchable\":false,\"sortable\":false}},\"seo\":{\"edit\":{\"label\":\"seo\",\"description\":\"\",\"placeholder\":\"\",\"visible\":true,\"editable\":true},\"list\":{\"label\":\"seo\",\"searchable\":false,\"sortable\":false}},\"locationTypes\":{\"edit\":{\"label\":\"locationTypes\",\"description\":\"\",\"placeholder\":\"\",\"visible\":true,\"editable\":true,\"mainField\":\"title\"},\"list\":{\"label\":\"locationTypes\",\"searchable\":false,\"sortable\":false}},\"socialFeeds\":{\"edit\":{\"label\":\"socialFeeds\",\"description\":\"\",\"placeholder\":\"\",\"visible\":true,\"editable\":true},\"list\":{\"label\":\"socialFeeds\",\"searchable\":false,\"sortable\":false}},\"createdAt\":{\"edit\":{\"label\":\"createdAt\",\"description\":\"\",\"placeholder\":\"\",\"visible\":false,\"editable\":true},\"list\":{\"label\":\"createdAt\",\"searchable\":true,\"sortable\":true}},\"updatedAt\":{\"edit\":{\"label\":\"updatedAt\",\"description\":\"\",\"placeholder\":\"\",\"visible\":false,\"editable\":true},\"list\":{\"label\":\"updatedAt\",\"searchable\":true,\"sortable\":true}},\"createdBy\":{\"edit\":{\"label\":\"createdBy\",\"description\":\"\",\"placeholder\":\"\",\"visible\":false,\"editable\":true,\"mainField\":\"firstname\"},\"list\":{\"label\":\"createdBy\",\"searchable\":true,\"sortable\":true}},\"updatedBy\":{\"edit\":{\"label\":\"updatedBy\",\"description\":\"\",\"placeholder\":\"\",\"visible\":false,\"editable\":true,\"mainField\":\"firstname\"},\"list\":{\"label\":\"updatedBy\",\"searchable\":true,\"sortable\":true}},\"documentId\":{\"edit\":{},\"list\":{\"label\":\"documentId\",\"searchable\":true,\"sortable\":true}}},\"layouts\":{\"list\":[\"id\",\"title\",\"banner\",\"createdAt\"],\"edit\":[[{\"name\":\"title\",\"size\":6}],[{\"name\":\"banner\",\"size\":12}],[{\"name\":\"seo\",\"size\":12}],[{\"name\":\"locationTypes\",\"size\":6}],[{\"name\":\"socialFeeds\",\"size\":12}]]},\"uid\":\"api::automotive-landing.automotive-landing\"}','object',NULL,NULL),(127,'plugin_content_manager_configuration_content_types::api::social.social','{\"settings\":{\"bulkable\":true,\"filterable\":true,\"searchable\":true,\"pageSize\":10,\"mainField\":\"title\",\"defaultSortBy\":\"title\",\"defaultSortOrder\":\"ASC\"},\"metadatas\":{\"id\":{\"edit\":{},\"list\":{\"label\":\"id\",\"searchable\":true,\"sortable\":true}},\"title\":{\"edit\":{\"label\":\"title\",\"description\":\"\",\"placeholder\":\"\",\"visible\":true,\"editable\":true},\"list\":{\"label\":\"title\",\"searchable\":true,\"sortable\":true}},\"image\":{\"edit\":{\"label\":\"image\",\"description\":\"\",\"placeholder\":\"\",\"visible\":true,\"editable\":true},\"list\":{\"label\":\"image\",\"searchable\":false,\"sortable\":false}},\"icon\":{\"edit\":{\"label\":\"icon\",\"description\":\"\",\"placeholder\":\"\",\"visible\":true,\"editable\":true},\"list\":{\"label\":\"icon\",\"searchable\":false,\"sortable\":false}},\"link\":{\"edit\":{\"label\":\"link\",\"description\":\"\",\"placeholder\":\"\",\"visible\":true,\"editable\":true},\"list\":{\"label\":\"link\",\"searchable\":true,\"sortable\":true}},\"typeExternal\":{\"edit\":{\"label\":\"typeExternal\",\"description\":\"\",\"placeholder\":\"\",\"visible\":true,\"editable\":true},\"list\":{\"label\":\"typeExternal\",\"searchable\":true,\"sortable\":true}},\"createdAt\":{\"edit\":{\"label\":\"createdAt\",\"description\":\"\",\"placeholder\":\"\",\"visible\":false,\"editable\":true},\"list\":{\"label\":\"createdAt\",\"searchable\":true,\"sortable\":true}},\"updatedAt\":{\"edit\":{\"label\":\"updatedAt\",\"description\":\"\",\"placeholder\":\"\",\"visible\":false,\"editable\":true},\"list\":{\"label\":\"updatedAt\",\"searchable\":true,\"sortable\":true}},\"createdBy\":{\"edit\":{\"label\":\"createdBy\",\"description\":\"\",\"placeholder\":\"\",\"visible\":false,\"editable\":true,\"mainField\":\"firstname\"},\"list\":{\"label\":\"createdBy\",\"searchable\":true,\"sortable\":true}},\"updatedBy\":{\"edit\":{\"label\":\"updatedBy\",\"description\":\"\",\"placeholder\":\"\",\"visible\":false,\"editable\":true,\"mainField\":\"firstname\"},\"list\":{\"label\":\"updatedBy\",\"searchable\":true,\"sortable\":true}},\"documentId\":{\"edit\":{},\"list\":{\"label\":\"documentId\",\"searchable\":true,\"sortable\":true}}},\"layouts\":{\"list\":[\"id\",\"title\",\"image\",\"icon\"],\"edit\":[[{\"name\":\"title\",\"size\":6},{\"name\":\"image\",\"size\":6}],[{\"name\":\"icon\",\"size\":6},{\"name\":\"link\",\"size\":6}],[{\"name\":\"typeExternal\",\"size\":4}]]},\"uid\":\"api::social.social\"}','object',NULL,NULL),(128,'plugin_content_manager_configuration_content_types::api::service-category-type.service-category-type','{\"settings\":{\"bulkable\":true,\"filterable\":true,\"searchable\":true,\"pageSize\":10,\"mainField\":\"title\",\"defaultSortBy\":\"title\",\"defaultSortOrder\":\"ASC\"},\"metadatas\":{\"id\":{\"edit\":{},\"list\":{\"label\":\"id\",\"searchable\":true,\"sortable\":true}},\"title\":{\"edit\":{\"label\":\"title\",\"description\":\"\",\"placeholder\":\"\",\"visible\":true,\"editable\":true},\"list\":{\"label\":\"title\",\"searchable\":true,\"sortable\":true}},\"image\":{\"edit\":{\"label\":\"image\",\"description\":\"\",\"placeholder\":\"\",\"visible\":true,\"editable\":true},\"list\":{\"label\":\"image\",\"searchable\":false,\"sortable\":false}},\"slug\":{\"edit\":{\"label\":\"slug\",\"description\":\"\",\"placeholder\":\"\",\"visible\":true,\"editable\":true},\"list\":{\"label\":\"slug\",\"searchable\":true,\"sortable\":true}},\"displayOrder\":{\"edit\":{\"label\":\"displayOrder\",\"description\":\"\",\"placeholder\":\"\",\"visible\":true,\"editable\":true},\"list\":{\"label\":\"displayOrder\",\"searchable\":true,\"sortable\":true}},\"createdAt\":{\"edit\":{\"label\":\"createdAt\",\"description\":\"\",\"placeholder\":\"\",\"visible\":false,\"editable\":true},\"list\":{\"label\":\"createdAt\",\"searchable\":true,\"sortable\":true}},\"updatedAt\":{\"edit\":{\"label\":\"updatedAt\",\"description\":\"\",\"placeholder\":\"\",\"visible\":false,\"editable\":true},\"list\":{\"label\":\"updatedAt\",\"searchable\":true,\"sortable\":true}},\"createdBy\":{\"edit\":{\"label\":\"createdBy\",\"description\":\"\",\"placeholder\":\"\",\"visible\":false,\"editable\":true,\"mainField\":\"firstname\"},\"list\":{\"label\":\"createdBy\",\"searchable\":true,\"sortable\":true}},\"updatedBy\":{\"edit\":{\"label\":\"updatedBy\",\"description\":\"\",\"placeholder\":\"\",\"visible\":false,\"editable\":true,\"mainField\":\"firstname\"},\"list\":{\"label\":\"updatedBy\",\"searchable\":true,\"sortable\":true}},\"documentId\":{\"edit\":{},\"list\":{\"label\":\"documentId\",\"searchable\":true,\"sortable\":true}}},\"layouts\":{\"edit\":[[{\"name\":\"title\",\"size\":6},{\"name\":\"image\",\"size\":6}],[{\"name\":\"slug\",\"size\":6},{\"name\":\"displayOrder\",\"size\":4}]],\"list\":[\"id\",\"title\",\"image\",\"slug\",\"displayOrder\"]},\"uid\":\"api::service-category-type.service-category-type\"}','object',NULL,NULL),(129,'plugin_content_manager_configuration_components::common.title-desc','{\"settings\":{\"bulkable\":true,\"filterable\":true,\"searchable\":true,\"pageSize\":10,\"mainField\":\"title\",\"defaultSortBy\":\"title\",\"defaultSortOrder\":\"ASC\"},\"metadatas\":{\"id\":{\"edit\":{},\"list\":{\"label\":\"id\",\"searchable\":false,\"sortable\":false}},\"title\":{\"edit\":{\"label\":\"title\",\"description\":\"\",\"placeholder\":\"\",\"visible\":true,\"editable\":true},\"list\":{\"label\":\"title\",\"searchable\":true,\"sortable\":true}},\"description\":{\"edit\":{\"label\":\"description\",\"description\":\"\",\"placeholder\":\"\",\"visible\":true,\"editable\":true},\"list\":{\"label\":\"description\",\"searchable\":true,\"sortable\":true}},\"documentId\":{\"edit\":{},\"list\":{\"label\":\"documentId\",\"searchable\":true,\"sortable\":true}}},\"layouts\":{\"list\":[\"id\",\"title\",\"description\"],\"edit\":[[{\"name\":\"title\",\"size\":6},{\"name\":\"description\",\"size\":6}]]},\"uid\":\"common.title-desc\",\"isComponent\":true}','object',NULL,NULL),(130,'plugin_content_manager_configuration_content_types::api::tyre-category.tyre-category','{\"settings\":{\"bulkable\":true,\"filterable\":true,\"searchable\":true,\"pageSize\":10,\"mainField\":\"title\",\"defaultSortBy\":\"title\",\"defaultSortOrder\":\"ASC\"},\"metadatas\":{\"id\":{\"edit\":{},\"list\":{\"label\":\"id\",\"searchable\":true,\"sortable\":true}},\"title\":{\"edit\":{\"label\":\"title\",\"description\":\"\",\"placeholder\":\"\",\"visible\":true,\"editable\":true},\"list\":{\"label\":\"title\",\"searchable\":true,\"sortable\":true}},\"image\":{\"edit\":{\"label\":\"image\",\"description\":\"\",\"placeholder\":\"\",\"visible\":true,\"editable\":true},\"list\":{\"label\":\"image\",\"searchable\":false,\"sortable\":false}},\"slug\":{\"edit\":{\"label\":\"slug\",\"description\":\"\",\"placeholder\":\"\",\"visible\":true,\"editable\":true},\"list\":{\"label\":\"slug\",\"searchable\":true,\"sortable\":true}},\"displayOrder\":{\"edit\":{\"label\":\"displayOrder\",\"description\":\"\",\"placeholder\":\"\",\"visible\":true,\"editable\":true},\"list\":{\"label\":\"displayOrder\",\"searchable\":true,\"sortable\":true}},\"createdAt\":{\"edit\":{\"label\":\"createdAt\",\"description\":\"\",\"placeholder\":\"\",\"visible\":false,\"editable\":true},\"list\":{\"label\":\"createdAt\",\"searchable\":true,\"sortable\":true}},\"updatedAt\":{\"edit\":{\"label\":\"updatedAt\",\"description\":\"\",\"placeholder\":\"\",\"visible\":false,\"editable\":true},\"list\":{\"label\":\"updatedAt\",\"searchable\":true,\"sortable\":true}},\"createdBy\":{\"edit\":{\"label\":\"createdBy\",\"description\":\"\",\"placeholder\":\"\",\"visible\":false,\"editable\":true,\"mainField\":\"firstname\"},\"list\":{\"label\":\"createdBy\",\"searchable\":true,\"sortable\":true}},\"updatedBy\":{\"edit\":{\"label\":\"updatedBy\",\"description\":\"\",\"placeholder\":\"\",\"visible\":false,\"editable\":true,\"mainField\":\"firstname\"},\"list\":{\"label\":\"updatedBy\",\"searchable\":true,\"sortable\":true}},\"documentId\":{\"edit\":{},\"list\":{\"label\":\"documentId\",\"searchable\":true,\"sortable\":true}}},\"layouts\":{\"edit\":[[{\"name\":\"title\",\"size\":6},{\"name\":\"image\",\"size\":6}],[{\"name\":\"slug\",\"size\":6},{\"name\":\"displayOrder\",\"size\":4}]],\"list\":[\"id\",\"title\",\"image\",\"slug\",\"displayOrder\"]},\"uid\":\"api::tyre-category.tyre-category\"}','object',NULL,NULL),(131,'plugin_content_manager_configuration_content_types::api::tyre-landing.tyre-landing','{\"settings\":{\"bulkable\":true,\"filterable\":true,\"searchable\":true,\"pageSize\":10,\"mainField\":\"title\",\"defaultSortBy\":\"title\",\"defaultSortOrder\":\"ASC\"},\"metadatas\":{\"id\":{\"edit\":{},\"list\":{\"label\":\"id\",\"searchable\":true,\"sortable\":true}},\"title\":{\"edit\":{\"label\":\"title\",\"description\":\"\",\"placeholder\":\"\",\"visible\":true,\"editable\":true},\"list\":{\"label\":\"title\",\"searchable\":true,\"sortable\":true}},\"banner\":{\"edit\":{\"label\":\"banner\",\"description\":\"\",\"placeholder\":\"\",\"visible\":true,\"editable\":true},\"list\":{\"label\":\"banner\",\"searchable\":false,\"sortable\":false}},\"bookService\":{\"edit\":{\"label\":\"bookService\",\"description\":\"\",\"placeholder\":\"\",\"visible\":true,\"editable\":true},\"list\":{\"label\":\"bookService\",\"searchable\":false,\"sortable\":false}},\"mobileService\":{\"edit\":{\"label\":\"mobileService\",\"description\":\"\",\"placeholder\":\"\",\"visible\":true,\"editable\":true},\"list\":{\"label\":\"mobileService\",\"searchable\":false,\"sortable\":false}},\"seo\":{\"edit\":{\"label\":\"seo\",\"description\":\"\",\"placeholder\":\"\",\"visible\":true,\"editable\":true},\"list\":{\"label\":\"seo\",\"searchable\":false,\"sortable\":false}},\"locationTypes\":{\"edit\":{\"label\":\"locationTypes\",\"description\":\"\",\"placeholder\":\"\",\"visible\":true,\"editable\":true,\"mainField\":\"title\"},\"list\":{\"label\":\"locationTypes\",\"searchable\":false,\"sortable\":false}},\"socialFeeds\":{\"edit\":{\"label\":\"socialFeeds\",\"description\":\"\",\"placeholder\":\"\",\"visible\":true,\"editable\":true},\"list\":{\"label\":\"socialFeeds\",\"searchable\":false,\"sortable\":false}},\"createdAt\":{\"edit\":{\"label\":\"createdAt\",\"description\":\"\",\"placeholder\":\"\",\"visible\":false,\"editable\":true},\"list\":{\"label\":\"createdAt\",\"searchable\":true,\"sortable\":true}},\"updatedAt\":{\"edit\":{\"label\":\"updatedAt\",\"description\":\"\",\"placeholder\":\"\",\"visible\":false,\"editable\":true},\"list\":{\"label\":\"updatedAt\",\"searchable\":true,\"sortable\":true}},\"createdBy\":{\"edit\":{\"label\":\"createdBy\",\"description\":\"\",\"placeholder\":\"\",\"visible\":false,\"editable\":true,\"mainField\":\"firstname\"},\"list\":{\"label\":\"createdBy\",\"searchable\":true,\"sortable\":true}},\"updatedBy\":{\"edit\":{\"label\":\"updatedBy\",\"description\":\"\",\"placeholder\":\"\",\"visible\":false,\"editable\":true,\"mainField\":\"firstname\"},\"list\":{\"label\":\"updatedBy\",\"searchable\":true,\"sortable\":true}},\"documentId\":{\"edit\":{},\"list\":{\"label\":\"documentId\",\"searchable\":true,\"sortable\":true}}},\"layouts\":{\"list\":[\"id\",\"title\",\"banner\",\"bookService\"],\"edit\":[[{\"name\":\"title\",\"size\":6}],[{\"name\":\"banner\",\"size\":12}],[{\"name\":\"bookService\",\"size\":12}],[{\"name\":\"mobileService\",\"size\":12}],[{\"name\":\"seo\",\"size\":12}],[{\"name\":\"locationTypes\",\"size\":6}],[{\"name\":\"socialFeeds\",\"size\":12}]]},\"uid\":\"api::tyre-landing.tyre-landing\"}','object',NULL,NULL),(132,'plugin_content_manager_configuration_content_types::api::power-tool-landing.power-tool-landing','{\"settings\":{\"bulkable\":true,\"filterable\":true,\"searchable\":true,\"pageSize\":10,\"mainField\":\"title\",\"defaultSortBy\":\"title\",\"defaultSortOrder\":\"ASC\"},\"metadatas\":{\"id\":{\"edit\":{},\"list\":{\"label\":\"id\",\"searchable\":true,\"sortable\":true}},\"title\":{\"edit\":{\"label\":\"title\",\"description\":\"\",\"placeholder\":\"\",\"visible\":true,\"editable\":true},\"list\":{\"label\":\"title\",\"searchable\":true,\"sortable\":true}},\"banner\":{\"edit\":{\"label\":\"banner\",\"description\":\"\",\"placeholder\":\"\",\"visible\":true,\"editable\":true},\"list\":{\"label\":\"banner\",\"searchable\":false,\"sortable\":false}},\"mainTitle\":{\"edit\":{\"label\":\"mainTitle\",\"description\":\"\",\"placeholder\":\"\",\"visible\":true,\"editable\":true},\"list\":{\"label\":\"mainTitle\",\"searchable\":false,\"sortable\":false}},\"mainDescription\":{\"edit\":{\"label\":\"mainDescription\",\"description\":\"\",\"placeholder\":\"\",\"visible\":true,\"editable\":true},\"list\":{\"label\":\"mainDescription\",\"searchable\":false,\"sortable\":false}},\"seo\":{\"edit\":{\"label\":\"seo\",\"description\":\"\",\"placeholder\":\"\",\"visible\":true,\"editable\":true},\"list\":{\"label\":\"seo\",\"searchable\":false,\"sortable\":false}},\"locationTypes\":{\"edit\":{\"label\":\"locationTypes\",\"description\":\"\",\"placeholder\":\"\",\"visible\":true,\"editable\":true,\"mainField\":\"title\"},\"list\":{\"label\":\"locationTypes\",\"searchable\":false,\"sortable\":false}},\"socialFeeds\":{\"edit\":{\"label\":\"socialFeeds\",\"description\":\"\",\"placeholder\":\"\",\"visible\":true,\"editable\":true},\"list\":{\"label\":\"socialFeeds\",\"searchable\":false,\"sortable\":false}},\"createdAt\":{\"edit\":{\"label\":\"createdAt\",\"description\":\"\",\"placeholder\":\"\",\"visible\":false,\"editable\":true},\"list\":{\"label\":\"createdAt\",\"searchable\":true,\"sortable\":true}},\"updatedAt\":{\"edit\":{\"label\":\"updatedAt\",\"description\":\"\",\"placeholder\":\"\",\"visible\":false,\"editable\":true},\"list\":{\"label\":\"updatedAt\",\"searchable\":true,\"sortable\":true}},\"createdBy\":{\"edit\":{\"label\":\"createdBy\",\"description\":\"\",\"placeholder\":\"\",\"visible\":false,\"editable\":true,\"mainField\":\"firstname\"},\"list\":{\"label\":\"createdBy\",\"searchable\":true,\"sortable\":true}},\"updatedBy\":{\"edit\":{\"label\":\"updatedBy\",\"description\":\"\",\"placeholder\":\"\",\"visible\":false,\"editable\":true,\"mainField\":\"firstname\"},\"list\":{\"label\":\"updatedBy\",\"searchable\":true,\"sortable\":true}},\"documentId\":{\"edit\":{},\"list\":{\"label\":\"documentId\",\"searchable\":true,\"sortable\":true}}},\"layouts\":{\"list\":[\"id\",\"title\",\"banner\",\"locationTypes\"],\"edit\":[[{\"name\":\"title\",\"size\":6}],[{\"name\":\"banner\",\"size\":12}],[{\"name\":\"mainTitle\",\"size\":12}],[{\"name\":\"mainDescription\",\"size\":12}],[{\"name\":\"seo\",\"size\":12}],[{\"name\":\"locationTypes\",\"size\":6}],[{\"name\":\"socialFeeds\",\"size\":12}]]},\"uid\":\"api::power-tool-landing.power-tool-landing\"}','object',NULL,NULL),(133,'plugin_content_manager_configuration_content_types::api::tyre-service.tyre-service','{\"settings\":{\"bulkable\":true,\"filterable\":true,\"searchable\":true,\"pageSize\":10,\"mainField\":\"title\",\"defaultSortBy\":\"title\",\"defaultSortOrder\":\"ASC\"},\"metadatas\":{\"id\":{\"edit\":{},\"list\":{\"label\":\"id\",\"searchable\":true,\"sortable\":true}},\"title\":{\"edit\":{\"label\":\"title\",\"description\":\"\",\"placeholder\":\"\",\"visible\":true,\"editable\":true},\"list\":{\"label\":\"title\",\"searchable\":true,\"sortable\":true}},\"image\":{\"edit\":{\"label\":\"image\",\"description\":\"\",\"placeholder\":\"\",\"visible\":true,\"editable\":true},\"list\":{\"label\":\"image\",\"searchable\":false,\"sortable\":false}},\"slug\":{\"edit\":{\"label\":\"slug\",\"description\":\"\",\"placeholder\":\"\",\"visible\":true,\"editable\":true},\"list\":{\"label\":\"slug\",\"searchable\":true,\"sortable\":true}},\"displayOrder\":{\"edit\":{\"label\":\"displayOrder\",\"description\":\"\",\"placeholder\":\"\",\"visible\":true,\"editable\":true},\"list\":{\"label\":\"displayOrder\",\"searchable\":true,\"sortable\":true}},\"createdAt\":{\"edit\":{\"label\":\"createdAt\",\"description\":\"\",\"placeholder\":\"\",\"visible\":false,\"editable\":true},\"list\":{\"label\":\"createdAt\",\"searchable\":true,\"sortable\":true}},\"updatedAt\":{\"edit\":{\"label\":\"updatedAt\",\"description\":\"\",\"placeholder\":\"\",\"visible\":false,\"editable\":true},\"list\":{\"label\":\"updatedAt\",\"searchable\":true,\"sortable\":true}},\"createdBy\":{\"edit\":{\"label\":\"createdBy\",\"description\":\"\",\"placeholder\":\"\",\"visible\":false,\"editable\":true,\"mainField\":\"firstname\"},\"list\":{\"label\":\"createdBy\",\"searchable\":true,\"sortable\":true}},\"updatedBy\":{\"edit\":{\"label\":\"updatedBy\",\"description\":\"\",\"placeholder\":\"\",\"visible\":false,\"editable\":true,\"mainField\":\"firstname\"},\"list\":{\"label\":\"updatedBy\",\"searchable\":true,\"sortable\":true}},\"documentId\":{\"edit\":{},\"list\":{\"label\":\"documentId\",\"searchable\":true,\"sortable\":true}}},\"layouts\":{\"edit\":[[{\"name\":\"title\",\"size\":6},{\"name\":\"image\",\"size\":6}],[{\"name\":\"slug\",\"size\":6},{\"name\":\"displayOrder\",\"size\":4}]],\"list\":[\"id\",\"title\",\"image\",\"slug\",\"displayOrder\"]},\"uid\":\"api::tyre-service.tyre-service\"}','object',NULL,NULL),(134,'plugin_content_manager_configuration_content_types::api::power-category.power-category','{\"settings\":{\"bulkable\":true,\"filterable\":true,\"searchable\":true,\"pageSize\":10,\"mainField\":\"title\",\"defaultSortBy\":\"title\",\"defaultSortOrder\":\"ASC\"},\"metadatas\":{\"id\":{\"edit\":{},\"list\":{\"label\":\"id\",\"searchable\":true,\"sortable\":true}},\"title\":{\"edit\":{\"label\":\"title\",\"description\":\"\",\"placeholder\":\"\",\"visible\":true,\"editable\":true},\"list\":{\"label\":\"title\",\"searchable\":true,\"sortable\":true}},\"image\":{\"edit\":{\"label\":\"image\",\"description\":\"\",\"placeholder\":\"\",\"visible\":true,\"editable\":true},\"list\":{\"label\":\"image\",\"searchable\":false,\"sortable\":false}},\"slug\":{\"edit\":{\"label\":\"slug\",\"description\":\"\",\"placeholder\":\"\",\"visible\":true,\"editable\":true},\"list\":{\"label\":\"slug\",\"searchable\":true,\"sortable\":true}},\"displayOrder\":{\"edit\":{\"label\":\"displayOrder\",\"description\":\"\",\"placeholder\":\"\",\"visible\":true,\"editable\":true},\"list\":{\"label\":\"displayOrder\",\"searchable\":true,\"sortable\":true}},\"createdAt\":{\"edit\":{\"label\":\"createdAt\",\"description\":\"\",\"placeholder\":\"\",\"visible\":false,\"editable\":true},\"list\":{\"label\":\"createdAt\",\"searchable\":true,\"sortable\":true}},\"updatedAt\":{\"edit\":{\"label\":\"updatedAt\",\"description\":\"\",\"placeholder\":\"\",\"visible\":false,\"editable\":true},\"list\":{\"label\":\"updatedAt\",\"searchable\":true,\"sortable\":true}},\"createdBy\":{\"edit\":{\"label\":\"createdBy\",\"description\":\"\",\"placeholder\":\"\",\"visible\":false,\"editable\":true,\"mainField\":\"firstname\"},\"list\":{\"label\":\"createdBy\",\"searchable\":true,\"sortable\":true}},\"updatedBy\":{\"edit\":{\"label\":\"updatedBy\",\"description\":\"\",\"placeholder\":\"\",\"visible\":false,\"editable\":true,\"mainField\":\"firstname\"},\"list\":{\"label\":\"updatedBy\",\"searchable\":true,\"sortable\":true}},\"documentId\":{\"edit\":{},\"list\":{\"label\":\"documentId\",\"searchable\":true,\"sortable\":true}}},\"layouts\":{\"list\":[\"id\",\"title\",\"image\",\"slug\"],\"edit\":[[{\"name\":\"title\",\"size\":6},{\"name\":\"image\",\"size\":6}],[{\"name\":\"slug\",\"size\":6},{\"name\":\"displayOrder\",\"size\":4}]]},\"uid\":\"api::power-category.power-category\"}','object',NULL,NULL),(135,'plugin_content_manager_configuration_content_types::api::power-top-category.power-top-category','{\"settings\":{\"bulkable\":true,\"filterable\":true,\"searchable\":true,\"pageSize\":10,\"mainField\":\"title\",\"defaultSortBy\":\"title\",\"defaultSortOrder\":\"ASC\"},\"metadatas\":{\"id\":{\"edit\":{},\"list\":{\"label\":\"id\",\"searchable\":true,\"sortable\":true}},\"title\":{\"edit\":{\"label\":\"title\",\"description\":\"\",\"placeholder\":\"\",\"visible\":true,\"editable\":true},\"list\":{\"label\":\"title\",\"searchable\":true,\"sortable\":true}},\"image\":{\"edit\":{\"label\":\"image\",\"description\":\"\",\"placeholder\":\"\",\"visible\":true,\"editable\":true},\"list\":{\"label\":\"image\",\"searchable\":false,\"sortable\":false}},\"slug\":{\"edit\":{\"label\":\"slug\",\"description\":\"\",\"placeholder\":\"\",\"visible\":true,\"editable\":true},\"list\":{\"label\":\"slug\",\"searchable\":true,\"sortable\":true}},\"displayOrder\":{\"edit\":{\"label\":\"displayOrder\",\"description\":\"\",\"placeholder\":\"\",\"visible\":true,\"editable\":true},\"list\":{\"label\":\"displayOrder\",\"searchable\":true,\"sortable\":true}},\"createdAt\":{\"edit\":{\"label\":\"createdAt\",\"description\":\"\",\"placeholder\":\"\",\"visible\":false,\"editable\":true},\"list\":{\"label\":\"createdAt\",\"searchable\":true,\"sortable\":true}},\"updatedAt\":{\"edit\":{\"label\":\"updatedAt\",\"description\":\"\",\"placeholder\":\"\",\"visible\":false,\"editable\":true},\"list\":{\"label\":\"updatedAt\",\"searchable\":true,\"sortable\":true}},\"createdBy\":{\"edit\":{\"label\":\"createdBy\",\"description\":\"\",\"placeholder\":\"\",\"visible\":false,\"editable\":true,\"mainField\":\"firstname\"},\"list\":{\"label\":\"createdBy\",\"searchable\":true,\"sortable\":true}},\"updatedBy\":{\"edit\":{\"label\":\"updatedBy\",\"description\":\"\",\"placeholder\":\"\",\"visible\":false,\"editable\":true,\"mainField\":\"firstname\"},\"list\":{\"label\":\"updatedBy\",\"searchable\":true,\"sortable\":true}},\"documentId\":{\"edit\":{},\"list\":{\"label\":\"documentId\",\"searchable\":true,\"sortable\":true}}},\"layouts\":{\"list\":[\"id\",\"title\",\"image\",\"slug\"],\"edit\":[[{\"name\":\"title\",\"size\":6},{\"name\":\"image\",\"size\":6}],[{\"name\":\"slug\",\"size\":6},{\"name\":\"displayOrder\",\"size\":4}]]},\"uid\":\"api::power-top-category.power-top-category\"}','object',NULL,NULL),(136,'plugin_content_manager_configuration_components::common.title-desc-img-position','{\"settings\":{\"bulkable\":true,\"filterable\":true,\"searchable\":true,\"pageSize\":10,\"mainField\":\"title\",\"defaultSortBy\":\"title\",\"defaultSortOrder\":\"ASC\"},\"metadatas\":{\"id\":{\"edit\":{},\"list\":{\"label\":\"id\",\"searchable\":false,\"sortable\":false}},\"title\":{\"edit\":{\"label\":\"title\",\"description\":\"\",\"placeholder\":\"\",\"visible\":true,\"editable\":true},\"list\":{\"label\":\"title\",\"searchable\":true,\"sortable\":true}},\"description\":{\"edit\":{\"label\":\"description\",\"description\":\"\",\"placeholder\":\"\",\"visible\":true,\"editable\":true},\"list\":{\"label\":\"description\",\"searchable\":false,\"sortable\":false}},\"imagePosition\":{\"edit\":{\"label\":\"imagePosition\",\"description\":\"\",\"placeholder\":\"\",\"visible\":true,\"editable\":true},\"list\":{\"label\":\"imagePosition\",\"searchable\":true,\"sortable\":true}},\"showImageBorderRadius\":{\"edit\":{\"label\":\"showImageBorderRadius\",\"description\":\"\",\"placeholder\":\"\",\"visible\":true,\"editable\":true},\"list\":{\"label\":\"showImageBorderRadius\",\"searchable\":true,\"sortable\":true}},\"customImgClass\":{\"edit\":{\"label\":\"customImgClass\",\"description\":\"\",\"placeholder\":\"\",\"visible\":true,\"editable\":true},\"list\":{\"label\":\"customImgClass\",\"searchable\":true,\"sortable\":true}},\"customImgParentClass\":{\"edit\":{\"label\":\"customImgParentClass\",\"description\":\"\",\"placeholder\":\"\",\"visible\":true,\"editable\":true},\"list\":{\"label\":\"customImgParentClass\",\"searchable\":true,\"sortable\":true}},\"images\":{\"edit\":{\"label\":\"images\",\"description\":\"\",\"placeholder\":\"\",\"visible\":true,\"editable\":true},\"list\":{\"label\":\"images\",\"searchable\":false,\"sortable\":false}},\"responsiveImages\":{\"edit\":{\"label\":\"responsiveImages\",\"description\":\"\",\"placeholder\":\"\",\"visible\":true,\"editable\":true},\"list\":{\"label\":\"responsiveImages\",\"searchable\":false,\"sortable\":false}},\"documentId\":{\"edit\":{},\"list\":{\"label\":\"documentId\",\"searchable\":true,\"sortable\":true}}},\"layouts\":{\"list\":[\"id\",\"title\",\"images\",\"responsiveImages\"],\"edit\":[[{\"name\":\"title\",\"size\":6}],[{\"name\":\"description\",\"size\":12}],[{\"name\":\"imagePosition\",\"size\":6},{\"name\":\"showImageBorderRadius\",\"size\":4}],[{\"name\":\"customImgClass\",\"size\":6},{\"name\":\"customImgParentClass\",\"size\":6}],[{\"name\":\"images\",\"size\":6},{\"name\":\"responsiveImages\",\"size\":6}]]},\"uid\":\"common.title-desc-img-position\",\"isComponent\":true}','object',NULL,NULL),(137,'plugin_content_manager_configuration_components::common.content-block-variant','{\"settings\":{\"bulkable\":true,\"filterable\":true,\"searchable\":true,\"pageSize\":10,\"mainField\":\"title\",\"defaultSortBy\":\"title\",\"defaultSortOrder\":\"ASC\"},\"metadatas\":{\"id\":{\"edit\":{},\"list\":{\"label\":\"id\",\"searchable\":false,\"sortable\":false}},\"title\":{\"edit\":{\"label\":\"title\",\"description\":\"\",\"placeholder\":\"\",\"visible\":true,\"editable\":true},\"list\":{\"label\":\"title\",\"searchable\":true,\"sortable\":true}},\"subTitle\":{\"edit\":{\"label\":\"subTitle\",\"description\":\"\",\"placeholder\":\"\",\"visible\":true,\"editable\":true},\"list\":{\"label\":\"subTitle\",\"searchable\":true,\"sortable\":true}},\"description\":{\"edit\":{\"label\":\"description\",\"description\":\"\",\"placeholder\":\"\",\"visible\":true,\"editable\":true},\"list\":{\"label\":\"description\",\"searchable\":false,\"sortable\":false}},\"items\":{\"edit\":{\"label\":\"items\",\"description\":\"\",\"placeholder\":\"\",\"visible\":true,\"editable\":true},\"list\":{\"label\":\"items\",\"searchable\":false,\"sortable\":false}},\"showGradientBg\":{\"edit\":{\"label\":\"showGradientBg\",\"description\":\"\",\"placeholder\":\"\",\"visible\":true,\"editable\":true},\"list\":{\"label\":\"showGradientBg\",\"searchable\":true,\"sortable\":true}},\"documentId\":{\"edit\":{},\"list\":{\"label\":\"documentId\",\"searchable\":true,\"sortable\":true}}},\"layouts\":{\"list\":[\"id\",\"title\",\"subTitle\",\"items\"],\"edit\":[[{\"name\":\"title\",\"size\":6},{\"name\":\"subTitle\",\"size\":6}],[{\"name\":\"description\",\"size\":12}],[{\"name\":\"items\",\"size\":12}],[{\"name\":\"showGradientBg\",\"size\":4}]]},\"uid\":\"common.content-block-variant\",\"isComponent\":true}','object',NULL,NULL),(138,'plugin_content_manager_configuration_content_types::api::privacy-policy.privacy-policy','{\"settings\":{\"bulkable\":true,\"filterable\":true,\"searchable\":true,\"pageSize\":10,\"mainField\":\"title\",\"defaultSortBy\":\"title\",\"defaultSortOrder\":\"ASC\"},\"metadatas\":{\"id\":{\"edit\":{},\"list\":{\"label\":\"id\",\"searchable\":true,\"sortable\":true}},\"title\":{\"edit\":{\"label\":\"title\",\"description\":\"\",\"placeholder\":\"\",\"visible\":true,\"editable\":true},\"list\":{\"label\":\"title\",\"searchable\":true,\"sortable\":true}},\"description\":{\"edit\":{\"label\":\"description\",\"description\":\"\",\"placeholder\":\"\",\"visible\":true,\"editable\":true},\"list\":{\"label\":\"description\",\"searchable\":false,\"sortable\":false}},\"seo\":{\"edit\":{\"label\":\"seo\",\"description\":\"\",\"placeholder\":\"\",\"visible\":true,\"editable\":true},\"list\":{\"label\":\"seo\",\"searchable\":false,\"sortable\":false}},\"createdAt\":{\"edit\":{\"label\":\"createdAt\",\"description\":\"\",\"placeholder\":\"\",\"visible\":false,\"editable\":true},\"list\":{\"label\":\"createdAt\",\"searchable\":true,\"sortable\":true}},\"updatedAt\":{\"edit\":{\"label\":\"updatedAt\",\"description\":\"\",\"placeholder\":\"\",\"visible\":false,\"editable\":true},\"list\":{\"label\":\"updatedAt\",\"searchable\":true,\"sortable\":true}},\"createdBy\":{\"edit\":{\"label\":\"createdBy\",\"description\":\"\",\"placeholder\":\"\",\"visible\":false,\"editable\":true,\"mainField\":\"firstname\"},\"list\":{\"label\":\"createdBy\",\"searchable\":true,\"sortable\":true}},\"updatedBy\":{\"edit\":{\"label\":\"updatedBy\",\"description\":\"\",\"placeholder\":\"\",\"visible\":false,\"editable\":true,\"mainField\":\"firstname\"},\"list\":{\"label\":\"updatedBy\",\"searchable\":true,\"sortable\":true}},\"documentId\":{\"edit\":{},\"list\":{\"label\":\"documentId\",\"searchable\":true,\"sortable\":true}}},\"layouts\":{\"list\":[\"id\",\"title\",\"seo\",\"createdAt\"],\"edit\":[[{\"name\":\"title\",\"size\":6}],[{\"name\":\"description\",\"size\":12}],[{\"name\":\"seo\",\"size\":12}]]},\"uid\":\"api::privacy-policy.privacy-policy\"}','object',NULL,NULL),(139,'plugin_content_manager_configuration_content_types::api::terms-condition.terms-condition','{\"settings\":{\"bulkable\":true,\"filterable\":true,\"searchable\":true,\"pageSize\":10,\"mainField\":\"title\",\"defaultSortBy\":\"title\",\"defaultSortOrder\":\"ASC\"},\"metadatas\":{\"id\":{\"edit\":{},\"list\":{\"label\":\"id\",\"searchable\":true,\"sortable\":true}},\"title\":{\"edit\":{\"label\":\"title\",\"description\":\"\",\"placeholder\":\"\",\"visible\":true,\"editable\":true},\"list\":{\"label\":\"title\",\"searchable\":true,\"sortable\":true}},\"description\":{\"edit\":{\"label\":\"description\",\"description\":\"\",\"placeholder\":\"\",\"visible\":true,\"editable\":true},\"list\":{\"label\":\"description\",\"searchable\":false,\"sortable\":false}},\"seo\":{\"edit\":{\"label\":\"seo\",\"description\":\"\",\"placeholder\":\"\",\"visible\":true,\"editable\":true},\"list\":{\"label\":\"seo\",\"searchable\":false,\"sortable\":false}},\"createdAt\":{\"edit\":{\"label\":\"createdAt\",\"description\":\"\",\"placeholder\":\"\",\"visible\":false,\"editable\":true},\"list\":{\"label\":\"createdAt\",\"searchable\":true,\"sortable\":true}},\"updatedAt\":{\"edit\":{\"label\":\"updatedAt\",\"description\":\"\",\"placeholder\":\"\",\"visible\":false,\"editable\":true},\"list\":{\"label\":\"updatedAt\",\"searchable\":true,\"sortable\":true}},\"createdBy\":{\"edit\":{\"label\":\"createdBy\",\"description\":\"\",\"placeholder\":\"\",\"visible\":false,\"editable\":true,\"mainField\":\"firstname\"},\"list\":{\"label\":\"createdBy\",\"searchable\":true,\"sortable\":true}},\"updatedBy\":{\"edit\":{\"label\":\"updatedBy\",\"description\":\"\",\"placeholder\":\"\",\"visible\":false,\"editable\":true,\"mainField\":\"firstname\"},\"list\":{\"label\":\"updatedBy\",\"searchable\":true,\"sortable\":true}},\"documentId\":{\"edit\":{},\"list\":{\"label\":\"documentId\",\"searchable\":true,\"sortable\":true}}},\"layouts\":{\"list\":[\"id\",\"title\",\"seo\",\"createdAt\"],\"edit\":[[{\"name\":\"title\",\"size\":6}],[{\"name\":\"description\",\"size\":12}],[{\"name\":\"seo\",\"size\":12}]]},\"uid\":\"api::terms-condition.terms-condition\"}','object',NULL,NULL),(140,'plugin_content_manager_configuration_components::common.slider','{\"settings\":{\"bulkable\":true,\"filterable\":true,\"searchable\":true,\"pageSize\":10,\"mainField\":\"title\",\"defaultSortBy\":\"title\",\"defaultSortOrder\":\"ASC\"},\"metadatas\":{\"id\":{\"edit\":{},\"list\":{\"label\":\"id\",\"searchable\":false,\"sortable\":false}},\"title\":{\"edit\":{\"label\":\"title\",\"description\":\"\",\"placeholder\":\"\",\"visible\":true,\"editable\":true},\"list\":{\"label\":\"title\",\"searchable\":true,\"sortable\":true}},\"description\":{\"edit\":{\"label\":\"description\",\"description\":\"\",\"placeholder\":\"\",\"visible\":true,\"editable\":true},\"list\":{\"label\":\"description\",\"searchable\":false,\"sortable\":false}},\"horizontalAlignment\":{\"edit\":{\"label\":\"horizontalAlignment\",\"description\":\"\",\"placeholder\":\"\",\"visible\":true,\"editable\":true},\"list\":{\"label\":\"horizontalAlignment\",\"searchable\":true,\"sortable\":true}},\"sliderImages\":{\"edit\":{\"label\":\"sliderImages\",\"description\":\"\",\"placeholder\":\"\",\"visible\":true,\"editable\":true},\"list\":{\"label\":\"sliderImages\",\"searchable\":false,\"sortable\":false}},\"documentId\":{\"edit\":{},\"list\":{\"label\":\"documentId\",\"searchable\":true,\"sortable\":true}}},\"layouts\":{\"list\":[\"id\",\"title\",\"horizontalAlignment\",\"sliderImages\"],\"edit\":[[{\"name\":\"title\",\"size\":6}],[{\"name\":\"description\",\"size\":12}],[{\"name\":\"horizontalAlignment\",\"size\":6}],[{\"name\":\"sliderImages\",\"size\":12}]]},\"uid\":\"common.slider\",\"isComponent\":true}','object',NULL,NULL),(141,'plugin_content_manager_configuration_components::common.slider-image','{\"settings\":{\"bulkable\":true,\"filterable\":true,\"searchable\":true,\"pageSize\":10,\"mainField\":\"alt\",\"defaultSortBy\":\"alt\",\"defaultSortOrder\":\"ASC\"},\"metadatas\":{\"id\":{\"edit\":{},\"list\":{\"label\":\"id\",\"searchable\":false,\"sortable\":false}},\"image\":{\"edit\":{\"label\":\"image\",\"description\":\"\",\"placeholder\":\"\",\"visible\":true,\"editable\":true},\"list\":{\"label\":\"image\",\"searchable\":false,\"sortable\":false}},\"alt\":{\"edit\":{\"label\":\"alt\",\"description\":\"\",\"placeholder\":\"\",\"visible\":true,\"editable\":true},\"list\":{\"label\":\"alt\",\"searchable\":true,\"sortable\":true}},\"disable\":{\"edit\":{\"label\":\"disable\",\"description\":\"\",\"placeholder\":\"\",\"visible\":true,\"editable\":true},\"list\":{\"label\":\"disable\",\"searchable\":true,\"sortable\":true}},\"documentId\":{\"edit\":{},\"list\":{\"label\":\"documentId\",\"searchable\":true,\"sortable\":true}}},\"layouts\":{\"list\":[\"id\",\"image\",\"alt\",\"disable\"],\"edit\":[[{\"name\":\"image\",\"size\":6},{\"name\":\"alt\",\"size\":6}],[{\"name\":\"disable\",\"size\":4}]]},\"uid\":\"common.slider-image\",\"isComponent\":true}','object',NULL,NULL),(142,'plugin_content_manager_configuration_content_types::api::offer.offer','{\"settings\":{\"bulkable\":true,\"filterable\":true,\"searchable\":true,\"pageSize\":10,\"mainField\":\"title\",\"defaultSortBy\":\"title\",\"defaultSortOrder\":\"ASC\"},\"metadatas\":{\"id\":{\"edit\":{},\"list\":{\"label\":\"id\",\"searchable\":true,\"sortable\":true}},\"title\":{\"edit\":{\"label\":\"title\",\"description\":\"\",\"placeholder\":\"\",\"visible\":true,\"editable\":true},\"list\":{\"label\":\"title\",\"searchable\":true,\"sortable\":true}},\"slug\":{\"edit\":{\"label\":\"slug\",\"description\":\"\",\"placeholder\":\"\",\"visible\":true,\"editable\":true},\"list\":{\"label\":\"slug\",\"searchable\":true,\"sortable\":true}},\"service_types\":{\"edit\":{\"label\":\"service_types\",\"description\":\"\",\"placeholder\":\"\",\"visible\":true,\"editable\":true,\"mainField\":\"title\"},\"list\":{\"label\":\"service_types\",\"searchable\":false,\"sortable\":false}},\"banner\":{\"edit\":{\"label\":\"banner\",\"description\":\"\",\"placeholder\":\"\",\"visible\":true,\"editable\":true},\"list\":{\"label\":\"banner\",\"searchable\":false,\"sortable\":false}},\"offerContent\":{\"edit\":{\"label\":\"offerContent\",\"description\":\"\",\"placeholder\":\"\",\"visible\":true,\"editable\":true},\"list\":{\"label\":\"offerContent\",\"searchable\":false,\"sortable\":false}},\"seo\":{\"edit\":{\"label\":\"seo\",\"description\":\"\",\"placeholder\":\"\",\"visible\":true,\"editable\":true},\"list\":{\"label\":\"seo\",\"searchable\":false,\"sortable\":false}},\"createdAt\":{\"edit\":{\"label\":\"createdAt\",\"description\":\"\",\"placeholder\":\"\",\"visible\":false,\"editable\":true},\"list\":{\"label\":\"createdAt\",\"searchable\":true,\"sortable\":true}},\"updatedAt\":{\"edit\":{\"label\":\"updatedAt\",\"description\":\"\",\"placeholder\":\"\",\"visible\":false,\"editable\":true},\"list\":{\"label\":\"updatedAt\",\"searchable\":true,\"sortable\":true}},\"createdBy\":{\"edit\":{\"label\":\"createdBy\",\"description\":\"\",\"placeholder\":\"\",\"visible\":false,\"editable\":true,\"mainField\":\"firstname\"},\"list\":{\"label\":\"createdBy\",\"searchable\":true,\"sortable\":true}},\"updatedBy\":{\"edit\":{\"label\":\"updatedBy\",\"description\":\"\",\"placeholder\":\"\",\"visible\":false,\"editable\":true,\"mainField\":\"firstname\"},\"list\":{\"label\":\"updatedBy\",\"searchable\":true,\"sortable\":true}},\"documentId\":{\"edit\":{},\"list\":{\"label\":\"documentId\",\"searchable\":true,\"sortable\":true}}},\"layouts\":{\"list\":[\"id\",\"title\",\"slug\",\"service_types\"],\"edit\":[[{\"name\":\"title\",\"size\":6},{\"name\":\"slug\",\"size\":6}],[{\"name\":\"service_types\",\"size\":6}],[{\"name\":\"banner\",\"size\":12}],[{\"name\":\"offerContent\",\"size\":12}],[{\"name\":\"seo\",\"size\":12}]]},\"uid\":\"api::offer.offer\"}','object',NULL,NULL);
