
--
-- Table structure for table `files_folder_lnk`
--

CREATE TABLE `files_folder_lnk` (
  `id` int unsigned NOT NULL AUTO_INCREMENT,
  `file_id` int unsigned DEFAULT NULL,
  `folder_id` int unsigned DEFAULT NULL,
  `file_ord` double unsigned DEFAULT NULL,
  PRIMARY KEY (`id`),
  UNIQUE KEY `files_folder_lnk_uq` (`file_id`,`folder_id`),
  KEY `files_folder_lnk_fk` (`file_id`),
  KEY `files_folder_lnk_ifk` (`folder_id`),
  KEY `files_folder_lnk_oifk` (`file_ord`),
  CONSTRAINT `files_folder_lnk_fk` FOREIGN KEY (`file_id`) REFERENCES `files` (`id`) ON DELETE CASCADE,
  CONSTRAINT `files_folder_lnk_ifk` FOREIGN KEY (`folder_id`) REFERENCES `upload_folders` (`id`) ON DELETE CASCADE
) ENGINE=InnoDB AUTO_INCREMENT=345 DEFAULT CHARSET=utf8mb4 COLLATE=utf8mb4_0900_ai_ci;

--
-- Dumping data for table `files_folder_lnk`
--

INSERT INTO `files_folder_lnk` VALUES (3,14,1,1),(4,16,1,2),(7,19,3,1),(8,20,4,1),(9,21,5,1),(10,22,6,1),(11,23,6,1),(12,24,6,1),(13,25,6,2),(14,26,6,3),(15,27,6,3),(16,28,6,4),(17,29,6,4),(18,30,6,5),(19,31,1,3),(20,32,7,1),(21,33,7,1),(22,34,7,1),(23,35,7,2),(24,36,7,2),(25,37,7,2),(26,38,8,1),(27,39,8,2),(28,40,8,3),(29,41,1,4),(32,44,10,1),(33,45,9,1),(34,46,12,1),(36,48,11,1),(37,49,12,3),(38,50,13,1),(39,51,13,1),(40,52,13,2),(41,53,13,3),(42,54,13,4),(43,55,13,5),(44,56,14,1),(47,58,14,3),(50,60,15,1),(51,61,15,2),(52,62,15,3),(53,63,15,3),(54,64,16,1),(55,65,16,2),(56,66,16,3),(57,67,16,4),(58,68,16,4),(59,69,15,4),(60,70,10,2),(61,71,10,3),(62,72,10,4),(63,73,10,5),(64,74,10,5),(65,75,10,5),(72,85,7,3),(73,86,7,4),(74,87,17,1),(75,88,17,2),(76,89,17,3),(77,90,17,4),(78,91,17,5),(79,92,17,6),(80,93,14,4),(90,117,18,1),(91,118,18,2),(92,119,18,3),(93,120,18,4),(94,121,18,5),(95,122,18,6),(96,123,18,7),(97,124,18,7),(98,126,18,8),(99,127,18,9),(100,128,18,10),(103,136,20,1),(105,204,13,6),(106,205,13,7),(110,206,2,1),(113,207,5,2),(114,216,21,1),(115,217,21,1),(116,218,21,1),(117,219,21,1),(118,220,21,2),(119,221,21,3),(120,222,22,1),(121,223,6,6),(122,224,6,7),(123,225,6,8),(124,226,6,9),(125,227,6,10),(126,228,6,11),(127,229,6,12),(128,230,6,13),(129,231,6,14),(130,232,6,15),(131,233,6,16),(132,234,6,17),(133,235,6,18),(134,236,6,19),(135,237,6,20),(136,238,6,21),(137,239,17,7),(138,240,17,8),(139,241,17,9),(144,245,18,NULL),(146,246,15,5),(147,247,15,6),(148,248,15,6),(149,249,15,7),(150,250,15,7),(151,251,15,8),(152,252,15,8),(153,253,15,9),(154,254,15,10),(155,255,23,1),(160,260,24,2),(170,268,26,1),(172,270,26,2),(174,271,27,1),(180,277,27,7),(181,278,27,8),(182,279,28,1),(183,280,28,2),(184,281,28,3),(185,282,28,4),(186,283,28,5),(187,284,29,1),(188,285,29,2),(189,286,29,3),(190,287,29,4),(191,288,29,5),(192,289,29,6),(193,290,29,7),(194,291,25,1),(195,292,25,2),(196,293,25,3),(197,294,25,3),(198,295,25,4),(199,296,25,5),(200,297,25,5),(201,298,25,6),(202,299,27,9),(203,300,27,10),(204,301,27,11),(205,302,27,12),(206,303,27,13),(208,305,24,3),(209,306,24,4),(210,307,24,5),(211,308,30,1),(212,309,30,2),(213,310,30,3),(214,311,30,4),(215,312,31,1),(216,313,14,5),(217,314,14,5),(218,315,32,1),(219,316,32,2),(220,317,32,3),(221,318,32,4),(222,319,32,5),(223,320,32,6),(224,321,32,7),(225,322,32,8),(226,323,6,22),(227,324,6,22),(228,325,6,23),(229,326,6,24),(230,328,6,25),(231,327,6,25),(232,329,6,25),(233,330,6,25),(234,331,6,26),(235,332,6,26),(236,333,6,27),(237,334,6,28),(238,335,6,29),(239,336,2,2),(240,337,20,2),(241,338,18,11),(242,353,34,1),(243,354,35,1),(244,355,35,2),(245,356,36,1),(246,357,36,1),(247,358,36,2),(248,362,19,2),(249,366,37,1),(250,367,37,2),(251,368,37,3),(252,369,37,4),(253,370,37,5),(254,371,37,6),(255,372,39,1),(256,373,39,2),(257,374,39,2),(258,375,39,3),(259,376,39,4),(260,377,39,5),(261,378,39,6),(262,379,39,7),(263,380,39,8),(264,381,40,1),(265,382,40,2),(266,383,40,3),(267,384,40,4),(268,385,40,5),(269,386,40,6),(270,387,40,7),(271,388,40,8),(272,389,41,1),(273,390,41,2),(274,391,41,3),(275,392,41,4),(276,393,41,5),(277,394,41,6),(278,395,41,7),(279,396,41,8),(281,397,38,1),(283,399,42,1),(284,400,43,1),(285,401,43,2),(286,402,43,3),(287,403,43,3),(288,404,43,3),(289,405,43,4),(290,406,43,4),(291,407,43,5),(293,408,44,1),(294,410,44,2),(295,411,44,2),(296,409,44,2),(297,412,44,2),(298,413,44,3),(299,414,44,4),(300,415,44,5),(303,416,45,1),(304,417,45,1),(305,418,45,1),(306,419,45,2),(307,420,45,3),(308,421,45,3),(309,422,45,4),(310,423,45,5),(311,424,45,5),(314,425,13,8),(315,426,47,1),(316,427,47,1),(317,428,47,1),(318,429,47,1),(319,430,47,2),(320,431,47,2),(321,432,47,2),(322,433,47,3),(323,434,47,4),(324,435,50,1),(325,436,50,2),(326,437,50,2),(327,438,50,2),(328,439,50,3),(329,440,50,4),(330,441,50,5),(331,442,50,6),(332,443,50,7),(333,444,50,8),(334,445,50,9),(335,446,50,10),(336,447,50,11),(337,448,50,12),(339,449,48,1),(340,450,48,1),(341,451,49,1),(342,452,49,2),(343,453,49,3),(344,454,50,13);

--
-- Table structure for table `files_related_mph`
--

CREATE TABLE `files_related_mph` (
  `id` int unsigned NOT NULL AUTO_INCREMENT,
  `file_id` int unsigned DEFAULT NULL,
  `related_id` int unsigned DEFAULT NULL,
  `related_type` varchar(255) DEFAULT NULL,
  `field` varchar(255) DEFAULT NULL,
  `order` double unsigned DEFAULT NULL,
  PRIMARY KEY (`id`),
  KEY `files_related_mph_fk` (`file_id`),
  KEY `files_related_mph_oidx` (`order`),
  KEY `files_related_mph_idix` (`related_id`),
  CONSTRAINT `files_related_mph_fk` FOREIGN KEY (`file_id`) REFERENCES `files` (`id`) ON DELETE CASCADE
) ENGINE=InnoDB AUTO_INCREMENT=6281 DEFAULT CHARSET=utf8mb4 COLLATE=utf8mb4_0900_ai_ci;

--
-- Dumping data for table `files_related_mph`
--

INSERT INTO `files_related_mph` VALUES (60,16,5,'home.about-cme','image',1),(65,16,6,'home.about-cme','image',1),(71,16,7,'home.about-cme','image',1),(86,16,8,'home.about-cme','image',1),(118,16,9,'home.about-cme','image',1),(126,16,10,'home.about-cme','image',1),(142,16,11,'home.about-cme','image',1),(146,39,3,'api::branch.branch','image',1),(150,40,6,'api::branch.branch','image',1),(152,39,7,'api::branch.branch','image',1),(154,38,10,'api::branch.branch','image',1),(160,16,12,'home.about-cme','image',1),(187,49,15,'common.banner','media',1),(188,46,15,'common.banner','responsiveMedia',1),(191,49,19,'common.banner','media',1),(192,46,19,'common.banner','responsiveMedia',1),(196,39,11,'api::branch.branch','image',1),(198,40,12,'api::branch.branch','image',1),(200,38,13,'api::branch.branch','image',1),(202,38,14,'api::branch.branch','image',1),(204,38,15,'api::branch.branch','image',1),(206,38,16,'api::branch.branch','image',1),(207,38,8,'api::branch.branch','image',1),(210,40,18,'api::branch.branch','image',1),(211,40,4,'api::branch.branch','image',1),(212,40,19,'api::branch.branch','image',1),(379,39,2,'api::branch.branch','image',1),(381,39,3,'api::branch.branch','image',1),(383,39,4,'api::branch.branch','image',1),(384,40,6,'api::branch.branch','image',1),(402,54,3,'api::our-service.our-service','image',1),(406,54,4,'api::our-service.our-service','image',1),(432,39,7,'api::branch.branch','image',1),(434,39,8,'api::branch.branch','image',1),(436,40,9,'api::branch.branch','image',1),(437,19,12,'api::our-service.our-service','image',1),(438,19,15,'api::our-service.our-service','image',1),(439,58,35,'common.banner','media',1),(441,58,43,'common.banner','media',1),(443,56,24,'common.banner','media',1),(445,56,44,'common.banner','media',1),(568,69,2,'common.location-card','image',1),(590,69,5,'common.location-card','image',1),(591,69,6,'common.location-card','image',1),(592,69,7,'common.location-card','image',1),(627,69,8,'common.location-card','image',1),(628,69,9,'common.location-card','image',1),(629,69,10,'common.location-card','image',1),(630,75,26,'api::service.service','listImage',1),(632,74,28,'api::service.service','listImage',1),(634,73,30,'api::service.service','listImage',1),(636,72,32,'api::service.service','listImage',1),(638,74,33,'api::service.service','listImage',1),(646,16,2,'home.about-cme','image',1),(655,16,3,'home.about-cme','image',1),(663,16,4,'home.about-cme','image',1),(675,16,5,'home.about-cme','image',1),(691,16,6,'home.about-cme','image',1),(704,16,7,'home.about-cme','image',1),(715,16,8,'home.about-cme','image',1),(822,16,9,'home.about-cme','image',1),(840,16,10,'home.about-cme','image',1),(852,16,11,'home.about-cme','image',1),(864,16,12,'home.about-cme','image',1),(876,16,13,'home.about-cme','image',1),(888,16,14,'home.about-cme','image',1),(974,87,10,'api::branch.branch','image',1),(976,87,11,'api::branch.branch','image',1),(980,87,12,'api::branch.branch','image',1),(982,87,13,'api::branch.branch','image',1),(984,87,14,'api::branch.branch','image',1),(986,87,15,'api::branch.branch','image',1),(988,87,16,'api::branch.branch','image',1),(990,38,18,'api::branch.branch','image',1),(992,88,19,'api::branch.branch','image',1),(994,88,20,'api::branch.branch','image',1),(996,89,22,'api::branch.branch','image',1),(998,88,23,'api::branch.branch','image',1),(1000,87,24,'api::branch.branch','image',1),(1002,90,26,'api::branch.branch','image',1),(1004,91,28,'api::branch.branch','image',1),(1006,92,30,'api::branch.branch','image',1),(1008,89,33,'api::branch.branch','image',1),(1010,89,34,'api::branch.branch','image',1),(1012,89,35,'api::branch.branch','image',1),(1014,88,36,'api::branch.branch','image',1),(1016,87,37,'api::branch.branch','image',1),(1018,87,38,'api::branch.branch','image',1),(1020,91,39,'api::branch.branch','image',1),(1022,90,40,'api::branch.branch','image',1),(1024,92,41,'api::branch.branch','image',1),(1027,56,31,'common.banner','media',1),(1029,56,80,'common.banner','media',1),(1046,16,15,'home.about-cme','image',1),(1083,91,6,'service-landing.service-locations','image',1),(1087,91,8,'service-landing.service-locations','image',1),(1099,16,16,'home.about-cme','image',1),(1105,87,42,'api::branch.branch','image',1),(1131,87,43,'api::branch.branch','image',1),(1146,16,17,'home.about-cme','image',1),(1179,72,34,'api::service.service','listImage',1),(1194,16,18,'home.about-cme','image',1),(1222,16,19,'home.about-cme','image',1),(1251,91,11,'service-landing.service-locations','image',1),(1256,89,13,'service-landing.service-locations','image',1),(1257,91,14,'service-landing.service-locations','image',1),(1285,16,20,'home.about-cme','image',1),(1311,16,21,'home.about-cme','image',1),(1337,16,22,'home.about-cme','image',1),(1363,16,23,'home.about-cme','image',1),(1401,16,24,'home.about-cme','image',1),(1412,117,101,'common.banner','media',1),(1413,117,102,'common.banner','media',1),(1436,122,44,'api::branch.branch','image',1),(1437,122,45,'api::branch.branch','image',1),(1440,122,47,'api::branch.branch','image',1),(1441,122,46,'api::branch.branch','image',1),(1442,122,48,'api::branch.branch','image',1),(1479,128,1,'api::social.social','image',1),(1480,126,1,'api::social.social','icon',1),(1481,128,2,'api::social.social','image',1),(1482,126,2,'api::social.social','icon',1),(1483,127,3,'api::social.social','image',1),(1484,126,3,'api::social.social','icon',1),(1485,127,4,'api::social.social','image',1),(1486,126,4,'api::social.social','icon',1),(1490,130,49,'api::branch.branch','image',1),(1501,69,1,'common.location-card','image',1),(1502,69,3,'common.location-card','image',1),(1503,69,4,'common.location-card','image',1),(1514,69,11,'common.location-card','image',1),(1515,69,12,'common.location-card','image',1),(1516,69,13,'common.location-card','image',1),(1517,75,35,'api::service.service','listImage',1),(1528,128,1,'api::social.social','image',1),(1529,126,1,'api::social.social','icon',1),(1530,128,2,'api::social.social','image',1),(1531,126,2,'api::social.social','icon',1),(1532,127,3,'api::social.social','image',1),(1533,126,3,'api::social.social','icon',1),(1534,127,4,'api::social.social','image',1),(1535,126,4,'api::social.social','icon',1),(1563,16,25,'home.about-cme','image',1),(1587,16,26,'home.about-cme','image',1),(1637,89,50,'api::branch.branch','image',1),(1675,89,51,'api::branch.branch','image',1),(1677,91,52,'api::branch.branch','image',1),(1693,91,53,'api::branch.branch','image',1),(1710,111,22,'api::brand.brand','image',1),(1723,88,54,'api::branch.branch','image',1),(1725,130,55,'api::branch.branch','image',1),(1729,87,56,'api::branch.branch','image',1),(1734,157,36,'api::brand.brand','image',1),(1746,159,40,'api::brand.brand','image',1),(1747,159,47,'api::brand.brand','image',1),(1758,24,16,'api::brand.brand','image',1),(1759,24,53,'api::brand.brand','image',1),(1768,161,54,'api::brand.brand','image',1),(1769,161,55,'api::brand.brand','image',1),(1778,22,18,'api::brand.brand','image',1),(1779,22,63,'api::brand.brand','image',1),(1780,109,24,'api::brand.brand','image',1),(1781,109,64,'api::brand.brand','image',1),(1787,87,57,'api::branch.branch','image',1),(1789,90,58,'api::branch.branch','image',1),(1791,89,59,'api::branch.branch','image',1),(1793,92,60,'api::branch.branch','image',1),(1795,87,61,'api::branch.branch','image',1),(1839,91,62,'api::branch.branch','image',1),(1841,90,63,'api::branch.branch','image',1),(1843,89,64,'api::branch.branch','image',1),(1845,92,65,'api::branch.branch','image',1),(1847,91,66,'api::branch.branch','image',1),(1849,91,67,'api::branch.branch','image',1),(1851,89,68,'api::branch.branch','image',1),(1853,89,69,'api::branch.branch','image',1),(1855,91,70,'api::branch.branch','image',1),(1892,172,121,'common.title-desc-with-img','image',1),(1895,172,125,'common.title-desc-with-img','image',1),(1905,88,71,'api::branch.branch','image',1),(1907,87,72,'api::branch.branch','image',1),(1909,87,73,'api::branch.branch','image',1),(1911,89,74,'api::branch.branch','image',1),(1913,130,75,'api::branch.branch','image',1),(1915,92,76,'api::branch.branch','image',1),(1919,92,77,'api::branch.branch','image',1),(1925,88,78,'api::branch.branch','image',1),(1927,89,79,'api::branch.branch','image',1),(1929,130,80,'api::branch.branch','image',1),(1931,87,81,'api::branch.branch','image',1),(1933,92,82,'api::branch.branch','image',1),(1935,90,83,'api::branch.branch','image',1),(1937,91,84,'api::branch.branch','image',1),(1939,87,85,'api::branch.branch','image',1),(1941,176,100,'api::branch.branch','image',1),(1943,177,101,'api::branch.branch','image',1),(1945,178,102,'api::branch.branch','image',1),(1948,88,104,'api::branch.branch','image',1),(1950,92,105,'api::branch.branch','image',1),(1952,179,107,'api::branch.branch','image',1),(1954,180,109,'api::branch.branch','image',1),(1956,180,110,'api::branch.branch','image',1),(1958,180,111,'api::branch.branch','image',1),(1960,180,112,'api::branch.branch','image',1),(1962,180,114,'api::branch.branch','image',1),(1964,89,115,'api::branch.branch','image',1),(1966,91,116,'api::branch.branch','image',1),(1968,90,117,'api::branch.branch','image',1),(1970,179,119,'api::branch.branch','image',1),(1972,179,124,'api::branch.branch','image',1),(1974,87,126,'api::branch.branch','image',1),(2012,179,127,'api::branch.branch','image',1),(2014,179,128,'api::branch.branch','image',1),(2016,179,129,'api::branch.branch','image',1),(2018,179,130,'api::branch.branch','image',1),(2020,179,131,'api::branch.branch','image',1),(2057,154,28,'api::brand.brand','image',1),(2058,154,73,'api::brand.brand','image',1),(2070,176,132,'api::branch.branch','image',1),(2076,178,133,'api::branch.branch','image',1),(2078,177,134,'api::branch.branch','image',1),(2080,92,135,'api::branch.branch','image',1),(2083,159,56,'api::brand.brand','image',1),(2085,30,20,'api::brand.brand','image',1),(2087,158,38,'api::brand.brand','image',1),(2088,158,78,'api::brand.brand','image',1),(2089,124,14,'api::brand.brand','image',1),(2092,91,136,'api::branch.branch','image',1),(2094,91,137,'api::branch.branch','image',1),(2096,90,138,'api::branch.branch','image',1),(2098,91,139,'api::branch.branch','image',1),(2100,91,140,'api::branch.branch','image',1),(2102,92,141,'api::branch.branch','image',1),(2104,179,142,'api::branch.branch','image',1),(2107,88,143,'api::branch.branch','image',1),(2109,179,145,'api::branch.branch','image',1),(2111,88,146,'api::branch.branch','image',1),(2113,179,147,'api::branch.branch','image',1),(2115,180,148,'api::branch.branch','image',1),(2117,180,149,'api::branch.branch','image',1),(2119,179,150,'api::branch.branch','image',1),(2121,179,151,'api::branch.branch','image',1),(2123,88,152,'api::branch.branch','image',1),(2125,88,153,'api::branch.branch','image',1),(2127,88,154,'api::branch.branch','image',1),(2148,26,44,'api::brand.brand','image',1),(2149,26,80,'api::brand.brand','image',1),(2150,29,30,'api::brand.brand','image',1),(2151,29,81,'api::brand.brand','image',1),(2152,28,58,'api::brand.brand','image',1),(2153,28,82,'api::brand.brand','image',1),(2158,89,16,'service-landing.service-locations','image',1),(2159,91,17,'service-landing.service-locations','image',1),(2164,89,19,'service-landing.service-locations','image',1),(2165,91,20,'service-landing.service-locations','image',1),(2242,89,21,'service-landing.service-locations','image',1),(2243,91,22,'service-landing.service-locations','image',1),(2304,130,155,'api::branch.branch','image',1),(2306,87,156,'api::branch.branch','image',1),(2308,88,157,'api::branch.branch','image',1),(2310,92,158,'api::branch.branch','image',1),(2314,88,159,'api::branch.branch','image',1),(2316,87,160,'api::branch.branch','image',1),(2320,87,161,'api::branch.branch','image',1),(2332,90,162,'api::branch.branch','image',1),(2334,91,163,'api::branch.branch','image',1),(2372,39,164,'api::branch.branch','image',1),(2374,39,165,'api::branch.branch','image',1),(2376,39,166,'api::branch.branch','image',1),(2434,179,167,'api::branch.branch','image',1),(2448,180,168,'api::branch.branch','image',1),(2450,179,169,'api::branch.branch','image',1),(2505,16,27,'home.about-cme','image',1),(2517,87,170,'api::branch.branch','image',1),(2519,87,171,'api::branch.branch','image',1),(2521,39,172,'api::branch.branch','image',1),(2587,75,45,'api::service.service','listImage',1),(2601,222,175,'api::branch.branch','image',1),(2610,227,91,'api::brand.brand','image',1),(2611,227,92,'api::brand.brand','image',1),(2614,229,95,'api::brand.brand','image',1),(2615,229,96,'api::brand.brand','image',1),(2628,237,109,'api::brand.brand','image',1),(2629,237,110,'api::brand.brand','image',1),(2630,238,111,'api::brand.brand','image',1),(2633,239,176,'api::branch.branch','image',1),(2635,240,177,'api::branch.branch','image',1),(2637,241,178,'api::branch.branch','image',1),(2638,224,85,'api::brand.brand','image',1),(2639,224,113,'api::brand.brand','image',1),(2640,223,83,'api::brand.brand','image',1),(2641,223,114,'api::brand.brand','image',1),(2642,225,87,'api::brand.brand','image',1),(2643,225,115,'api::brand.brand','image',1),(2644,226,89,'api::brand.brand','image',1),(2645,226,116,'api::brand.brand','image',1),(2646,228,93,'api::brand.brand','image',1),(2647,228,117,'api::brand.brand','image',1),(2654,233,103,'api::brand.brand','image',1),(2655,233,121,'api::brand.brand','image',1),(2656,232,101,'api::brand.brand','image',1),(2657,232,122,'api::brand.brand','image',1),(2658,234,105,'api::brand.brand','image',1),(2659,234,123,'api::brand.brand','image',1),(2664,156,34,'api::brand.brand','image',1),(2665,156,126,'api::brand.brand','image',1),(2687,221,1,'api::power-top-category.power-top-category','image',1),(2688,221,23,'api::power-top-category.power-top-category','image',1),(2689,218,3,'api::power-top-category.power-top-category','image',1),(2690,218,24,'api::power-top-category.power-top-category','image',1),(2691,216,7,'api::power-top-category.power-top-category','image',1),(2692,216,25,'api::power-top-category.power-top-category','image',1),(2693,220,9,'api::power-top-category.power-top-category','image',1),(2694,220,26,'api::power-top-category.power-top-category','image',1),(2707,197,3,'api::power-category.power-category','image',1),(2708,197,39,'api::power-category.power-category','image',1),(2709,214,1,'api::product-category.product-category','image',1),(2710,214,40,'api::product-category.product-category','image',1),(2711,215,3,'api::product-category.product-category','image',1),(2712,215,41,'api::product-category.product-category','image',1),(2713,213,5,'api::product-category.product-category','image',1),(2714,213,42,'api::product-category.product-category','image',1),(2717,140,9,'api::product-category.product-category','image',1),(2718,140,44,'api::product-category.product-category','image',1),(2719,121,1,'api::service-category-type.service-category-type','image',1),(2720,121,25,'api::service-category-type.service-category-type','image',1),(2731,143,7,'api::service-category-type.service-category-type','image',1),(2732,143,31,'api::service-category-type.service-category-type','image',1),(2733,120,3,'api::service-category-type.service-category-type','image',1),(2734,120,32,'api::service-category-type.service-category-type','image',1),(2735,118,1,'api::tyre-category.tyre-category','image',1),(2736,118,62,'api::tyre-category.tyre-category','image',1),(2737,144,5,'api::tyre-category.tyre-category','image',1),(2738,144,63,'api::tyre-category.tyre-category','image',1),(2739,119,3,'api::tyre-category.tyre-category','image',1),(2740,119,64,'api::tyre-category.tyre-category','image',1),(2741,147,13,'api::tyre-category.tyre-category','image',1),(2742,147,65,'api::tyre-category.tyre-category','image',1),(2743,143,15,'api::tyre-category.tyre-category','image',1),(2744,143,66,'api::tyre-category.tyre-category','image',1),(2745,202,22,'api::tyre-category.tyre-category','image',1),(2746,202,67,'api::tyre-category.tyre-category','image',1),(2751,153,19,'api::tyre-category.tyre-category','image',1),(2752,153,70,'api::tyre-category.tyre-category','image',1),(2772,203,13,'api::tyre-service.tyre-service','image',1),(2816,56,26,'common.banner','media',1),(2817,89,1,'service-landing.service-locations','image',1),(2818,91,4,'service-landing.service-locations','image',1),(2819,56,177,'common.banner','media',1),(2820,89,23,'service-landing.service-locations','image',1),(2821,91,24,'service-landing.service-locations','image',1),(2826,85,1,'api::news.news','image',1),(2827,85,58,'api::news.news','image',1),(2828,86,4,'api::news.news','image',1),(2829,86,59,'api::news.news','image',1),(2830,134,19,'api::news.news','image',1),(2831,134,60,'api::news.news','image',1),(2832,175,38,'api::news.news','image',1),(2833,175,61,'api::news.news','image',1),(2834,168,21,'api::news.news','image',1),(2835,168,62,'api::news.news','image',1),(2855,75,46,'api::service.service','listImage',1),(2873,16,28,'home.about-cme','image',1),(2904,163,111,'common.banner','media',1),(2905,166,124,'common.banner','media',1),(2906,163,193,'common.banner','media',1),(2907,166,194,'common.banner','media',1),(2965,75,47,'api::service.service','listImage',1),(2985,75,48,'api::service.service','listImage',1),(3005,75,49,'api::service.service','listImage',1),(3025,75,50,'api::service.service','listImage',1),(3045,75,51,'api::service.service','listImage',1),(3065,75,52,'api::service.service','listImage',1),(3085,75,53,'api::service.service','listImage',1),(3105,75,54,'api::service.service','listImage',1),(3125,75,55,'api::service.service','listImage',1),(3145,75,56,'api::service.service','listImage',1),(3165,75,57,'api::service.service','listImage',1),(3185,75,58,'api::service.service','listImage',1),(3205,75,59,'api::service.service','listImage',1),(3225,75,60,'api::service.service','listImage',1),(3245,75,61,'api::service.service','listImage',1),(3267,75,62,'api::service.service','listImage',1),(3301,75,63,'api::service.service','listImage',1),(3339,75,64,'api::service.service','listImage',1),(3377,75,65,'api::service.service','listImage',1),(3415,75,66,'api::service.service','listImage',1),(3453,75,67,'api::service.service','listImage',1),(3455,73,68,'api::service.service','listImage',1),(3457,73,69,'api::service.service','listImage',1),(3459,73,70,'api::service.service','listImage',1),(3461,73,71,'api::service.service','listImage',1),(3463,73,72,'api::service.service','listImage',1),(3467,73,73,'api::service.service','listImage',1),(3471,73,74,'api::service.service','listImage',1),(3475,73,75,'api::service.service','listImage',1),(3479,73,76,'api::service.service','listImage',1),(3483,73,77,'api::service.service','listImage',1),(3521,75,78,'api::service.service','listImage',1),(3524,62,11,'common.title-desc-with-img','image',1),(3525,63,13,'common.title-desc-with-img','image',1),(3526,67,16,'common.title-desc-with-img','image',1),(3527,68,17,'common.title-desc-with-img','image',1),(3528,66,18,'common.title-desc-with-img','image',1),(3529,65,19,'common.title-desc-with-img','image',1),(3530,64,20,'common.title-desc-with-img','image',1),(3543,62,418,'common.title-desc-with-img','image',1),(3544,63,419,'common.title-desc-with-img','image',1),(3545,67,420,'common.title-desc-with-img','image',1),(3546,68,421,'common.title-desc-with-img','image',1),(3547,66,422,'common.title-desc-with-img','image',1),(3548,65,423,'common.title-desc-with-img','image',1),(3549,64,424,'common.title-desc-with-img','image',1),(3559,75,79,'api::service.service','listImage',1),(3563,73,80,'api::service.service','listImage',1),(3587,75,81,'api::service.service','listImage',1),(3590,72,83,'api::service.service','listImage',1),(3592,72,84,'api::service.service','listImage',1),(3596,72,85,'api::service.service','listImage',1),(3600,72,86,'api::service.service','listImage',1),(3604,72,87,'api::service.service','listImage',1),(3608,72,88,'api::service.service','listImage',1),(3612,72,89,'api::service.service','listImage',1),(3616,72,90,'api::service.service','listImage',1),(3620,72,91,'api::service.service','listImage',1),(3624,72,92,'api::service.service','listImage',1),(3628,72,93,'api::service.service','listImage',1),(3632,72,94,'api::service.service','listImage',1),(3636,72,95,'api::service.service','listImage',1),(3640,72,96,'api::service.service','listImage',1),(3644,72,97,'api::service.service','listImage',1),(3650,72,98,'api::service.service','listImage',1),(3659,72,100,'api::service.service','listImage',1),(3661,72,101,'api::service.service','listImage',1),(3665,72,103,'api::service.service','listImage',1),(3669,72,104,'api::service.service','listImage',1),(3675,72,106,'api::service.service','listImage',1),(3679,72,107,'api::service.service','listImage',1),(3683,72,108,'api::service.service','listImage',1),(3687,72,109,'api::service.service','listImage',1),(3691,72,110,'api::service.service','listImage',1),(3695,72,111,'api::service.service','listImage',1),(3699,72,112,'api::service.service','listImage',1),(3703,72,113,'api::service.service','listImage',1),(3707,72,114,'api::service.service','listImage',1),(3711,72,115,'api::service.service','listImage',1),(3715,72,116,'api::service.service','listImage',1),(3717,74,117,'api::service.service','listImage',1),(3737,75,118,'api::service.service','listImage',1),(3739,74,119,'api::service.service','listImage',1),(3742,74,120,'api::service.service','listImage',1),(3745,74,121,'api::service.service','listImage',1),(3747,74,122,'api::service.service','listImage',1),(3749,74,123,'api::service.service','listImage',1),(3751,74,124,'api::service.service','listImage',1),(3757,72,125,'api::service.service','listImage',1),(3761,72,126,'api::service.service','listImage',1),(3765,72,127,'api::service.service','listImage',1),(3795,75,128,'api::service.service','listImage',1),(3799,73,129,'api::service.service','listImage',1),(3801,74,130,'api::service.service','listImage',1),(3803,72,131,'api::service.service','listImage',1),(3805,72,132,'api::service.service','listImage',1),(3807,74,133,'api::service.service','listImage',1),(3808,255,59,'common.title-desc-img-position','image',1),(3810,255,152,'common.title-desc-img-position','image',1),(3811,73,134,'api::service.service','listImage',1),(3817,73,136,'api::service.service','listImage',1),(3821,74,139,'api::service.service','listImage',1),(3825,74,140,'api::service.service','listImage',1),(3835,74,141,'api::service.service','listImage',1),(3849,74,142,'api::service.service','listImage',1),(3863,74,143,'api::service.service','listImage',1),(3879,74,144,'api::service.service','listImage',1),(3895,74,145,'api::service.service','listImage',1),(3913,74,146,'api::service.service','listImage',1),(3931,74,147,'api::service.service','listImage',1),(3932,254,175,'common.title-desc-img-position','image',1),(3933,247,1,'common.title-desc-img-position','image',1),(3940,250,19,'common.title-desc-img-position','image',1),(3942,247,176,'common.title-desc-img-position','image',1),(3949,250,177,'common.title-desc-img-position','image',1),(3950,254,178,'common.title-desc-img-position','image',1),(3951,75,148,'api::service.service','listImage',1),(3963,72,149,'api::service.service','listImage',1),(3979,73,150,'api::service.service','listImage',1),(3989,72,151,'api::service.service','listImage',1),(3999,72,152,'api::service.service','listImage',1),(4009,72,153,'api::service.service','listImage',1),(4027,74,154,'api::service.service','listImage',1),(4033,72,155,'api::service.service','listImage',1),(4034,148,3,'api::tyre-service.tyre-service','image',1),(4035,148,36,'api::tyre-service.tyre-service','image',1),(4036,150,7,'api::tyre-service.tyre-service','image',1),(4037,150,37,'api::tyre-service.tyre-service','image',1),(4038,149,1,'api::tyre-service.tyre-service','image',1),(4039,149,38,'api::tyre-service.tyre-service','image',1),(4042,152,11,'api::tyre-service.tyre-service','image',1),(4043,152,40,'api::tyre-service.tyre-service','image',1),(4061,74,156,'api::service.service','listImage',1),(4062,279,179,'common.title-desc-img-position','image',1),(4066,283,180,'common.title-desc-img-position','image',1),(4068,279,200,'common.title-desc-img-position','image',1),(4072,283,201,'common.title-desc-img-position','image',1),(4073,72,157,'api::service.service','listImage',1),(4089,73,158,'api::service.service','listImage',1),(4107,74,159,'api::service.service','listImage',1),(4125,74,160,'api::service.service','listImage',1),(4143,74,161,'api::service.service','listImage',1),(4161,74,162,'api::service.service','listImage',1),(4165,72,163,'api::service.service','listImage',1),(4171,72,164,'api::service.service','listImage',1),(4177,72,165,'api::service.service','listImage',1),(4183,72,166,'api::service.service','listImage',1),(4184,271,133,'common.title-desc-img-position','image',1),(4190,277,159,'common.title-desc-img-position','image',1),(4191,278,171,'common.title-desc-img-position','image',1),(4193,271,229,'common.title-desc-img-position','image',1),(4199,277,230,'common.title-desc-img-position','image',1),(4200,278,231,'common.title-desc-img-position','image',1),(4201,74,167,'api::service.service','listImage',1),(4202,284,153,'common.title-desc-img-position','image',1),(4207,289,183,'common.title-desc-img-position','image',1),(4208,290,184,'common.title-desc-img-position','image',1),(4210,284,232,'common.title-desc-img-position','image',1),(4215,289,233,'common.title-desc-img-position','image',1),(4216,290,234,'common.title-desc-img-position','image',1),(4217,73,168,'api::service.service','listImage',1),(4218,268,116,'common.title-desc-img-position','image',1),(4220,268,235,'common.title-desc-img-position','image',1),(4221,72,169,'api::service.service','listImage',1),(4229,72,170,'api::service.service','listImage',1),(4230,307,77,'common.title-desc-img-position','image',1),(4231,305,81,'common.title-desc-img-position','image',1),(4232,306,98,'common.title-desc-img-position','image',1),(4234,307,239,'common.title-desc-img-position','image',1),(4235,305,240,'common.title-desc-img-position','image',1),(4236,306,241,'common.title-desc-img-position','image',1),(4237,72,171,'api::service.service','listImage',1),(4270,74,173,'api::service.service','listImage',1),(4276,74,174,'api::service.service','listImage',1),(4286,74,175,'api::service.service','listImage',1),(4296,74,176,'api::service.service','listImage',1),(4301,74,177,'api::service.service','listImage',1),(4302,308,242,'common.title-desc-img-position','image',1),(4303,309,243,'common.title-desc-img-position','image',1),(4307,308,255,'common.title-desc-img-position','image',1),(4308,309,256,'common.title-desc-img-position','image',1),(4311,74,178,'api::service.service','listImage',1),(4328,74,181,'api::service.service','listImage',1),(4336,74,182,'api::service.service','listImage',1),(4344,74,183,'api::service.service','listImage',1),(4352,74,184,'api::service.service','listImage',1),(4360,74,185,'api::service.service','listImage',1),(4370,74,186,'api::service.service','listImage',1),(4399,74,187,'api::service.service','listImage',1),(4414,74,188,'api::service.service','listImage',1),(4426,74,189,'api::service.service','listImage',1),(4438,74,190,'api::service.service','listImage',1),(4450,74,191,'api::service.service','listImage',1),(4462,74,192,'api::service.service','listImage',1),(4480,74,193,'api::service.service','listImage',1),(4481,315,267,'common.title-desc-img-position','image',1),(4482,316,270,'common.title-desc-img-position','image',1),(4486,320,281,'common.title-desc-img-position','image',1),(4487,321,282,'common.title-desc-img-position','image',1),(4488,322,283,'common.title-desc-img-position','image',1),(4490,315,289,'common.title-desc-img-position','image',1),(4491,316,290,'common.title-desc-img-position','image',1),(4495,320,291,'common.title-desc-img-position','image',1),(4496,321,292,'common.title-desc-img-position','image',1),(4497,322,293,'common.title-desc-img-position','image',1),(4498,74,194,'api::service.service','listImage',1),(4506,74,195,'api::service.service','listImage',1),(4507,312,259,'common.title-desc-img-position','image',1),(4511,312,295,'common.title-desc-img-position','image',1),(4514,74,196,'api::service.service','listImage',1),(4530,72,197,'api::service.service','listImage',1),(4546,72,198,'api::service.service','listImage',1),(4562,72,199,'api::service.service','listImage',1),(4563,298,299,'common.title-desc-img-position','image',1),(4564,297,299,'common.title-desc-img-position','image',2),(4565,296,299,'common.title-desc-img-position','image',3),(4566,295,299,'common.title-desc-img-position','image',4),(4574,298,300,'common.title-desc-img-position','image',1),(4575,297,300,'common.title-desc-img-position','image',2),(4576,296,300,'common.title-desc-img-position','image',3),(4577,295,300,'common.title-desc-img-position','image',4),(4578,72,200,'api::service.service','listImage',1),(4594,72,201,'api::service.service','listImage',1),(4595,293,657,'common.title-desc-with-img','image',1),(4596,294,658,'common.title-desc-with-img','image',1),(4597,292,659,'common.title-desc-with-img','image',1),(4598,298,302,'common.title-desc-img-position','images',1),(4599,297,302,'common.title-desc-img-position','images',2),(4600,296,302,'common.title-desc-img-position','images',3),(4601,295,302,'common.title-desc-img-position','images',4),(4602,72,202,'api::service.service','listImage',1),(4603,293,660,'common.title-desc-with-img','image',1),(4604,294,661,'common.title-desc-with-img','image',1),(4605,292,662,'common.title-desc-with-img','image',1),(4606,298,303,'common.title-desc-img-position','images',1),(4607,297,303,'common.title-desc-img-position','images',2),(4608,296,303,'common.title-desc-img-position','images',3),(4609,295,303,'common.title-desc-img-position','images',4),(4610,72,203,'api::service.service','listImage',1),(4611,313,31,'api::service-category.service-category','image',1),(4612,45,31,'api::service-category.service-category','menuImage',1),(4613,313,32,'api::service-category.service-category','image',1),(4614,45,32,'api::service-category.service-category','menuImage',1),(4615,56,227,'common.banner','media',1),(4616,89,25,'service-landing.service-locations','image',1),(4617,91,26,'service-landing.service-locations','image',1),(4618,56,228,'common.banner','media',1),(4619,89,27,'service-landing.service-locations','image',1),(4620,91,28,'service-landing.service-locations','image',1),(4624,72,204,'api::service.service','listImage',1),(4630,72,205,'api::service.service','listImage',1),(4638,72,206,'api::service.service','listImage',1),(4654,72,207,'api::service.service','listImage',1),(4670,72,208,'api::service.service','listImage',1),(4674,72,209,'api::service.service','listImage',1),(4677,329,60,'api::brand.brand','image',1),(4678,329,128,'api::brand.brand','image',1),(4679,323,99,'api::brand.brand','image',1),(4680,323,129,'api::brand.brand','image',1),(4681,324,107,'api::brand.brand','image',1),(4682,324,130,'api::brand.brand','image',1),(4683,333,131,'api::brand.brand','image',1),(4684,333,132,'api::brand.brand','image',1),(4687,332,135,'api::brand.brand','image',1),(4688,332,136,'api::brand.brand','image',1),(4689,330,133,'api::brand.brand','image',1),(4690,330,137,'api::brand.brand','image',1),(4691,331,141,'api::brand.brand','image',1),(4692,331,143,'api::brand.brand','image',1),(4693,328,138,'api::brand.brand','image',1),(4694,328,144,'api::brand.brand','image',1),(4695,335,145,'api::brand.brand','image',1),(4696,335,146,'api::brand.brand','image',1),(4699,334,147,'api::brand.brand','image',1),(4700,334,149,'api::brand.brand','image',1),(4707,326,153,'api::brand.brand','image',1),(4708,326,155,'api::brand.brand','image',1),(4711,325,156,'api::brand.brand','image',1),(4712,325,158,'api::brand.brand','image',1),(4732,75,210,'api::service.service','listImage',1),(4750,74,211,'api::service.service','listImage',1),(4768,74,212,'api::service.service','listImage',1),(4780,72,213,'api::service.service','listImage',1),(4792,72,214,'api::service.service','listImage',1),(4810,74,215,'api::service.service','listImage',1),(4822,72,216,'api::service.service','listImage',1),(4840,74,217,'api::service.service','listImage',1),(4860,75,218,'api::service.service','listImage',1),(4864,73,219,'api::service.service','listImage',1),(4880,73,220,'api::service.service','listImage',1),(4892,74,221,'api::service.service','listImage',1),(4910,74,222,'api::service.service','listImage',1),(4928,74,223,'api::service.service','listImage',1),(4938,74,224,'api::service.service','listImage',1),(4946,74,225,'api::service.service','listImage',1),(4948,88,179,'api::branch.branch','image',1),(4950,39,180,'api::branch.branch','image',1),(4952,177,181,'api::branch.branch','image',1),(4954,176,182,'api::branch.branch','image',1),(4956,178,183,'api::branch.branch','image',1),(4958,92,184,'api::branch.branch','image',1),(4960,241,185,'api::branch.branch','image',1),(4962,240,186,'api::branch.branch','image',1),(4964,179,187,'api::branch.branch','image',1),(4966,180,188,'api::branch.branch','image',1),(4968,90,189,'api::branch.branch','image',1),(4970,239,190,'api::branch.branch','image',1),(4972,179,191,'api::branch.branch','image',1),(4974,222,192,'api::branch.branch','image',1),(4976,87,193,'api::branch.branch','image',1),(4977,336,97,'api::brand.brand','image',1),(4978,336,159,'api::brand.brand','image',1),(4979,338,160,'api::brand.brand','image',1),(4980,338,161,'api::brand.brand','image',1),(5000,75,226,'api::service.service','listImage',1),(5020,75,227,'api::service.service','listImage',1),(5040,75,228,'api::service.service','listImage',1),(5062,16,29,'home.about-cme','image',1),(5092,16,30,'home.about-cme','image',1),(5136,16,31,'home.about-cme','image',1),(5166,74,236,'api::service.service','listImage',1),(5178,72,237,'api::service.service','listImage',1),(5188,74,238,'api::service.service','listImage',1),(5196,74,239,'api::service.service','listImage',1),(5197,358,41,'api::tyre-service.tyre-service','image',1),(5198,358,48,'api::tyre-service.tyre-service','image',1),(5199,356,46,'api::tyre-service.tyre-service','image',1),(5200,356,49,'api::tyre-service.tyre-service','image',1),(5201,357,44,'api::tyre-service.tyre-service','image',1),(5202,357,50,'api::tyre-service.tyre-service','image',1),(5205,151,9,'api::tyre-service.tyre-service','image',1),(5206,151,51,'api::tyre-service.tyre-service','image',1),(5207,360,11,'api::power-top-category.power-top-category','image',1),(5208,360,29,'api::power-top-category.power-top-category','image',1),(5209,361,5,'api::power-top-category.power-top-category','image',1),(5210,361,30,'api::power-top-category.power-top-category','image',1),(5214,195,1,'api::power-category.power-category','image',1),(5215,195,41,'api::power-category.power-category','image',1),(5216,196,13,'api::power-category.power-category','image',1),(5217,196,42,'api::power-category.power-category','image',1),(5218,201,17,'api::power-category.power-category','image',1),(5219,201,43,'api::power-category.power-category','image',1),(5220,199,11,'api::power-category.power-category','image',1),(5221,199,44,'api::power-category.power-category','image',1),(5222,200,15,'api::power-category.power-category','image',1),(5223,200,45,'api::power-category.power-category','image',1),(5234,21,8,'api::business-stream.business-stream','image',1),(5235,21,41,'api::business-stream.business-stream','image',1),(5236,20,6,'api::business-stream.business-stream','image',1),(5237,20,42,'api::business-stream.business-stream','image',1),(5238,206,1,'api::business-stream.business-stream','image',1),(5239,206,43,'api::business-stream.business-stream','image',1),(5240,19,3,'api::business-stream.business-stream','image',1),(5241,19,44,'api::business-stream.business-stream','image',1),(5242,9,1,'api::header.header','logo',1),(5243,8,1,'api::header.header','colorLogo',1),(5244,9,17,'api::header.header','logo',1),(5245,8,17,'api::header.header','colorLogo',1),(5249,74,240,'api::service.service','listImage',1),(5255,363,194,'api::branch.branch','image',1),(5257,363,195,'api::branch.branch','image',1),(5259,363,196,'api::branch.branch','image',1),(5261,363,197,'api::branch.branch','image',1),(5262,363,21,'api::branch.branch','image',1),(5263,363,198,'api::branch.branch','image',1),(5265,239,199,'api::branch.branch','image',1),(5267,239,200,'api::branch.branch','image',1),(5268,364,5,'api::branch.branch','image',1),(5269,364,201,'api::branch.branch','image',1),(5296,72,242,'api::service.service','listImage',1),(5297,365,52,'api::tyre-service.tyre-service','image',1),(5298,365,54,'api::tyre-service.tyre-service','image',1),(5308,72,243,'api::service.service','listImage',1),(5318,72,244,'api::service.service','listImage',1),(5328,72,245,'api::service.service','listImage',1),(5338,72,246,'api::service.service','listImage',1),(5348,72,247,'api::service.service','listImage',1),(5358,72,248,'api::service.service','listImage',1),(5368,72,249,'api::service.service','listImage',1),(5378,365,250,'api::service.service','listImage',1),(5388,365,251,'api::service.service','listImage',1),(5398,365,252,'api::service.service','listImage',1),(5408,365,253,'api::service.service','listImage',1),(5418,365,254,'api::service.service','listImage',1),(5428,365,255,'api::service.service','listImage',1),(5438,365,256,'api::service.service','listImage',1),(5469,142,5,'api::service-category-type.service-category-type','image',1),(5470,142,33,'api::service-category-type.service-category-type','image',1),(5471,140,9,'api::service-category-type.service-category-type','image',1),(5472,140,34,'api::service-category-type.service-category-type','image',1),(5473,139,7,'api::product-category.product-category','image',1),(5474,139,45,'api::product-category.product-category','image',1),(5476,380,202,'api::branch.branch','image',1),(5478,379,203,'api::branch.branch','image',1),(5480,378,204,'api::branch.branch','image',1),(5482,377,205,'api::branch.branch','image',1),(5484,376,206,'api::branch.branch','image',1),(5486,375,207,'api::branch.branch','image',1),(5488,374,208,'api::branch.branch','image',1),(5490,373,209,'api::branch.branch','image',1),(5492,372,210,'api::branch.branch','image',1),(5494,387,211,'api::branch.branch','image',1),(5496,396,213,'api::branch.branch','image',1),(5498,395,214,'api::branch.branch','image',1),(5500,394,215,'api::branch.branch','image',1),(5502,393,216,'api::branch.branch','image',1),(5504,392,217,'api::branch.branch','image',1),(5506,390,218,'api::branch.branch','image',1),(5508,397,219,'api::branch.branch','image',1),(5510,397,220,'api::branch.branch','image',1),(5512,374,221,'api::branch.branch','image',1),(5514,376,222,'api::branch.branch','image',1),(5516,374,223,'api::branch.branch','image',1),(5520,399,225,'api::branch.branch','image',1),(5522,392,226,'api::branch.branch','image',1),(5524,403,228,'api::branch.branch','image',1),(5526,404,229,'api::branch.branch','image',1),(5528,407,230,'api::branch.branch','image',1),(5530,406,231,'api::branch.branch','image',1),(5532,390,232,'api::branch.branch','image',1),(5534,405,233,'api::branch.branch','image',1),(5536,404,234,'api::branch.branch','image',1),(5538,403,235,'api::branch.branch','image',1),(5540,404,236,'api::branch.branch','image',1),(5542,407,237,'api::branch.branch','image',1),(5544,406,238,'api::branch.branch','image',1),(5546,405,239,'api::branch.branch','image',1),(5548,405,240,'api::branch.branch','image',1),(5550,405,241,'api::branch.branch','image',1),(5552,406,242,'api::branch.branch','image',1),(5554,407,243,'api::branch.branch','image',1),(5556,404,244,'api::branch.branch','image',1),(5558,403,245,'api::branch.branch','image',1),(5560,413,246,'api::branch.branch','image',1),(5562,414,247,'api::branch.branch','image',1),(5564,408,248,'api::branch.branch','image',1),(5566,417,249,'api::branch.branch','image',1),(5568,416,250,'api::branch.branch','image',1),(5570,421,251,'api::branch.branch','image',1),(5572,423,252,'api::branch.branch','image',1),(5574,420,253,'api::branch.branch','image',1),(5576,419,254,'api::branch.branch','image',1),(5578,403,255,'api::branch.branch','image',1),(5580,405,256,'api::branch.branch','image',1),(5582,406,257,'api::branch.branch','image',1),(5584,407,258,'api::branch.branch','image',1),(5586,404,259,'api::branch.branch','image',1),(5588,403,260,'api::branch.branch','image',1),(5590,403,261,'api::branch.branch','image',1),(5592,413,262,'api::branch.branch','image',1),(5594,414,263,'api::branch.branch','image',1),(5596,420,264,'api::branch.branch','image',1),(5598,408,265,'api::branch.branch','image',1),(5600,419,266,'api::branch.branch','image',1),(5602,416,267,'api::branch.branch','image',1),(5604,417,268,'api::branch.branch','image',1),(5606,400,269,'api::branch.branch','image',1),(5608,424,270,'api::branch.branch','image',1),(5610,410,271,'api::branch.branch','image',1),(5612,411,272,'api::branch.branch','image',1),(5615,416,274,'api::branch.branch','image',1),(5617,416,275,'api::branch.branch','image',1),(5619,416,276,'api::branch.branch','image',1),(5621,416,277,'api::branch.branch','image',1),(5623,416,278,'api::branch.branch','image',1),(5625,416,279,'api::branch.branch','image',1),(5662,83,56,'common.title-desc-with-img','image',1),(5663,205,58,'common.title-desc-with-img','image',1),(5664,204,59,'common.title-desc-with-img','image',1),(5665,20,8,'common.title-desc-btn-img','image',1),(5666,425,1,'common.title-desc-btn-img','image',1),(5667,19,7,'common.title-desc-btn-img','image',1),(5668,21,15,'common.title-desc-btn-img','image',1),(5669,83,800,'common.title-desc-with-img','image',1),(5670,205,801,'common.title-desc-with-img','image',1),(5671,204,802,'common.title-desc-with-img','image',1),(5672,20,76,'common.title-desc-btn-img','image',1),(5673,425,77,'common.title-desc-btn-img','image',1),(5674,19,78,'common.title-desc-btn-img','image',1),(5675,21,79,'common.title-desc-btn-img','image',1),(5724,163,260,'common.banner','media',1),(5725,314,8,'api::service-category.service-category','image',1),(5726,207,8,'api::service-category.service-category','menuImage',1),(5727,163,265,'common.banner','media',1),(5728,314,38,'api::service-category.service-category','image',1),(5729,207,38,'api::service-category.service-category','menuImage',1),(5739,434,257,'api::service.service','listImage',1),(5743,426,258,'api::service.service','listImage',1),(5744,271,133,'common.title-desc-img-position','images',1),(5745,302,443,'common.title-desc-with-img','image',1),(5746,303,445,'common.title-desc-with-img','image',1),(5747,299,446,'common.title-desc-with-img','image',1),(5748,301,471,'common.title-desc-with-img','image',1),(5749,300,472,'common.title-desc-with-img','image',1),(5750,277,159,'common.title-desc-img-position','images',1),(5751,278,171,'common.title-desc-img-position','images',1),(5752,428,27,'api::service.service','listImage',1),(5753,271,421,'common.title-desc-img-position','images',1),(5754,302,805,'common.title-desc-with-img','image',1),(5755,303,806,'common.title-desc-with-img','image',1),(5756,299,807,'common.title-desc-with-img','image',1),(5757,301,808,'common.title-desc-with-img','image',1),(5758,300,809,'common.title-desc-with-img','image',1),(5759,277,422,'common.title-desc-img-position','images',1),(5760,278,423,'common.title-desc-img-position','images',1),(5761,428,259,'api::service.service','listImage',1),(5771,427,260,'api::service.service','listImage',1),(5783,429,261,'api::service.service','listImage',1),(5799,73,262,'api::service.service','listImage',1),(5817,431,263,'api::service.service','listImage',1),(5818,339,1,'common.title-desc-img-position','images',1),(5819,340,166,'common.title-desc-with-img','image',1),(5820,341,167,'common.title-desc-with-img','image',1),(5821,342,258,'common.title-desc-with-img','image',1),(5822,343,259,'common.title-desc-with-img','image',1),(5823,344,260,'common.title-desc-with-img','image',1),(5824,345,261,'common.title-desc-with-img','image',1),(5825,346,19,'common.title-desc-img-position','images',1),(5826,347,175,'common.title-desc-img-position','images',1),(5827,433,5,'api::service.service','listImage',1),(5828,339,436,'common.title-desc-img-position','images',1),(5829,340,822,'common.title-desc-with-img','image',1),(5830,341,823,'common.title-desc-with-img','image',1),(5831,342,824,'common.title-desc-with-img','image',1),(5832,343,825,'common.title-desc-with-img','image',1),(5833,344,826,'common.title-desc-with-img','image',1),(5834,345,827,'common.title-desc-with-img','image',1),(5835,346,437,'common.title-desc-img-position','images',1),(5836,347,438,'common.title-desc-img-position','images',1),(5837,433,264,'api::service.service','listImage',1),(5841,430,265,'api::service.service','listImage',1),(5857,432,266,'api::service.service','listImage',1),(5859,416,280,'api::branch.branch','image',1),(5861,416,281,'api::branch.branch','image',1),(5863,416,282,'api::branch.branch','image',1),(5865,416,283,'api::branch.branch','image',1),(5867,416,284,'api::branch.branch','image',1),(5869,416,285,'api::branch.branch','image',1),(5871,416,286,'api::branch.branch','image',1),(5873,416,287,'api::branch.branch','image',1),(5875,416,288,'api::branch.branch','image',1),(5877,416,289,'api::branch.branch','image',1),(5880,416,290,'api::branch.branch','image',1),(5882,416,291,'api::branch.branch','image',1),(5883,49,20,'common.banner','media',1),(5884,8,1,'common.box-component','logo',1),(5885,8,1,'common.box-component','responsiveLogo',1),(5886,49,266,'common.banner','media',1),(5887,8,11,'common.box-component','logo',1),(5888,8,11,'common.box-component','responsiveLogo',1),(5922,16,32,'home.about-cme','image',1),(5933,438,273,'common.banner','media',1),(5934,350,232,'common.banner','media',1),(5935,351,235,'common.banner','media',1),(5936,352,236,'common.banner','media',1),(5937,16,1,'home.about-cme','image',1),(5938,115,1,'home.logos','logo',1),(5939,116,24,'home.logos','logo',1),(5940,96,52,'home.logos','logo',1),(5941,114,53,'home.logos','logo',1),(5942,113,54,'home.logos','logo',1),(5943,112,55,'home.logos','logo',1),(5944,111,56,'home.logos','logo',1),(5945,109,57,'home.logos','logo',1),(5946,105,58,'home.logos','logo',1),(5947,41,1,'common.content-with-link','image',1),(5948,438,279,'common.banner','media',1),(5949,350,280,'common.banner','media',1),(5950,351,281,'common.banner','media',1),(5951,352,282,'common.banner','media',1),(5952,16,33,'home.about-cme','image',1),(5953,115,210,'home.logos','logo',1),(5954,116,211,'home.logos','logo',1),(5955,96,212,'home.logos','logo',1),(5956,114,213,'home.logos','logo',1),(5957,113,214,'home.logos','logo',1),(5958,112,215,'home.logos','logo',1),(5959,111,216,'home.logos','logo',1),(5960,109,217,'home.logos','logo',1),(5961,105,218,'home.logos','logo',1),(5962,41,35,'common.content-with-link','image',1),(5963,447,283,'common.banner','media',1),(5964,444,107,'common.banner','media',1),(5965,446,128,'common.banner','media',1),(5966,445,184,'common.banner','media',1),(5967,444,284,'common.banner','media',1),(5968,446,285,'common.banner','media',1),(5969,445,286,'common.banner','media',1),(5970,447,287,'common.banner','media',1),(5985,435,59,'common.banner','media',1),(5986,93,3,'api::service-category.service-category','image',1),(5987,44,3,'api::service-category.service-category','menuImage',1),(5988,435,300,'common.banner','media',1),(5989,93,39,'api::service-category.service-category','image',1),(5990,44,39,'api::service-category.service-category','menuImage',1),(5991,448,258,'common.banner','media',1),(5992,313,1,'api::service-category.service-category','image',1),(5993,45,1,'api::service-category.service-category','menuImage',1),(5994,448,301,'common.banner','media',1),(5995,313,40,'api::service-category.service-category','image',1),(5996,45,40,'api::service-category.service-category','menuImage',1),(5997,365,386,'common.title-desc-img-position','images',1),(5998,369,760,'common.title-desc-with-img','image',1),(5999,371,761,'common.title-desc-with-img','image',1),(6000,368,387,'common.title-desc-img-position','images',1),(6001,434,241,'api::service.service','listImage',1),(6002,365,443,'common.title-desc-img-position','images',1),(6003,369,834,'common.title-desc-with-img','image',1),(6004,371,835,'common.title-desc-with-img','image',1),(6005,368,444,'common.title-desc-img-position','images',1),(6006,434,267,'api::service.service','listImage',1),(6007,312,259,'common.title-desc-img-position','images',1),(6008,426,180,'api::service.service','listImage',1),(6009,312,445,'common.title-desc-img-position','images',1),(6010,426,268,'api::service.service','listImage',1),(6018,72,269,'api::service.service','listImage',1),(6034,72,270,'api::service.service','listImage',1),(6037,308,242,'common.title-desc-img-position','images',1),(6038,309,243,'common.title-desc-img-position','images',1),(6039,310,586,'common.title-desc-with-img','image',1),(6040,311,587,'common.title-desc-with-img','image',1),(6041,427,172,'api::service.service','listImage',1),(6042,308,450,'common.title-desc-img-position','images',1),(6043,309,451,'common.title-desc-img-position','images',1),(6044,310,839,'common.title-desc-with-img','image',1),(6045,311,840,'common.title-desc-with-img','image',1),(6046,427,272,'api::service.service','listImage',1),(6047,279,179,'common.title-desc-img-position','images',1),(6048,280,509,'common.title-desc-with-img','image',1),(6049,281,510,'common.title-desc-with-img','image',1),(6050,282,511,'common.title-desc-with-img','image',1),(6051,283,180,'common.title-desc-img-position','images',1),(6052,429,31,'api::service.service','listImage',1),(6053,279,452,'common.title-desc-img-position','images',1),(6054,280,841,'common.title-desc-with-img','image',1),(6055,281,842,'common.title-desc-with-img','image',1),(6056,282,843,'common.title-desc-with-img','image',1),(6057,283,453,'common.title-desc-img-position','images',1),(6058,429,273,'api::service.service','listImage',1),(6061,315,267,'common.title-desc-img-position','images',1),(6062,316,270,'common.title-desc-img-position','images',1),(6063,317,613,'common.title-desc-with-img','image',1),(6064,318,614,'common.title-desc-with-img','image',1),(6065,319,615,'common.title-desc-with-img','image',1),(6066,320,281,'common.title-desc-img-position','images',1),(6067,321,349,'common.title-desc-img-position','images',1),(6068,322,350,'common.title-desc-img-position','images',1),(6069,431,179,'api::service.service','listImage',1),(6070,315,454,'common.title-desc-img-position','images',1),(6071,316,455,'common.title-desc-img-position','images',1),(6072,317,844,'common.title-desc-with-img','image',1),(6073,318,845,'common.title-desc-with-img','image',1),(6074,319,846,'common.title-desc-with-img','image',1),(6075,320,456,'common.title-desc-img-position','images',1),(6076,321,457,'common.title-desc-img-position','images',1),(6077,322,458,'common.title-desc-img-position','images',1),(6078,431,276,'api::service.service','listImage',1),(6079,255,59,'common.title-desc-img-position','images',1),(6080,430,29,'api::service.service','listImage',1),(6081,255,459,'common.title-desc-img-position','images',1),(6082,430,277,'api::service.service','listImage',1),(6083,284,153,'common.title-desc-img-position','images',1),(6084,285,515,'common.title-desc-with-img','image',1),(6085,286,516,'common.title-desc-with-img','image',1),(6086,287,517,'common.title-desc-with-img','image',1),(6087,288,518,'common.title-desc-with-img','image',1),(6088,289,183,'common.title-desc-img-position','images',1),(6089,290,184,'common.title-desc-img-position','images',1),(6090,432,135,'api::service.service','listImage',1),(6091,284,460,'common.title-desc-img-position','images',1),(6092,285,847,'common.title-desc-with-img','image',1),(6093,286,848,'common.title-desc-with-img','image',1),(6094,287,849,'common.title-desc-with-img','image',1),(6095,288,850,'common.title-desc-with-img','image',1),(6096,289,461,'common.title-desc-img-position','images',1),(6097,290,462,'common.title-desc-img-position','images',1),(6098,432,278,'api::service.service','listImage',1),(6102,72,279,'api::service.service','listImage',1),(6103,419,273,'api::branch.branch','image',1),(6104,419,292,'api::branch.branch','image',1),(6106,421,293,'api::branch.branch','image',1),(6108,423,294,'api::branch.branch','image',1),(6110,420,295,'api::branch.branch','image',1),(6112,405,296,'api::branch.branch','image',1),(6114,406,297,'api::branch.branch','image',1),(6116,407,298,'api::branch.branch','image',1),(6118,404,299,'api::branch.branch','image',1),(6120,403,300,'api::branch.branch','image',1),(6122,413,301,'api::branch.branch','image',1),(6124,414,302,'api::branch.branch','image',1),(6126,419,303,'api::branch.branch','image',1),(6128,417,304,'api::branch.branch','image',1),(6130,416,305,'api::branch.branch','image',1),(6132,400,306,'api::branch.branch','image',1),(6134,424,307,'api::branch.branch','image',1),(6136,410,308,'api::branch.branch','image',1),(6138,411,309,'api::branch.branch','image',1),(6140,419,310,'api::branch.branch','image',1),(6142,416,311,'api::branch.branch','image',1),(6144,417,312,'api::branch.branch','image',1),(6165,11,1,'common.social-links','icon',1),(6166,13,4,'common.social-links','icon',1),(6167,12,5,'common.social-links','icon',1),(6168,10,6,'common.social-links','icon',1),(6169,15,1,'api::footer.footer','logo',1),(6170,11,87,'common.social-links','icon',1),(6171,13,88,'common.social-links','icon',1),(6172,12,89,'common.social-links','icon',1),(6173,10,90,'common.social-links','icon',1),(6174,15,25,'api::footer.footer','logo',1),(6175,307,77,'common.title-desc-img-position','images',1),(6176,305,81,'common.title-desc-img-position','images',1),(6177,306,98,'common.title-desc-img-position','images',1),(6178,451,82,'api::service.service','listImage',1),(6179,307,464,'common.title-desc-img-position','images',1),(6180,305,465,'common.title-desc-img-position','images',1),(6181,306,466,'common.title-desc-img-position','images',1),(6182,451,280,'api::service.service','listImage',1),(6183,298,299,'common.title-desc-img-position','images',1),(6184,297,299,'common.title-desc-img-position','images',2),(6185,296,299,'common.title-desc-img-position','images',3),(6186,295,299,'common.title-desc-img-position','images',4),(6187,293,523,'common.title-desc-with-img','image',1),(6188,294,524,'common.title-desc-with-img','image',1),(6189,292,525,'common.title-desc-with-img','image',1),(6190,453,99,'api::service.service','listImage',1),(6191,298,467,'common.title-desc-img-position','images',1),(6192,297,467,'common.title-desc-img-position','images',2),(6193,296,467,'common.title-desc-img-position','images',3),(6194,295,467,'common.title-desc-img-position','images',4),(6195,293,851,'common.title-desc-with-img','image',1),(6196,294,852,'common.title-desc-with-img','image',1),(6197,292,853,'common.title-desc-with-img','image',1),(6198,453,281,'api::service.service','listImage',1),(6199,268,116,'common.title-desc-img-position','images',1),(6200,452,105,'api::service.service','listImage',1),(6201,268,468,'common.title-desc-img-position','images',1),(6202,452,282,'api::service.service','listImage',1),(6206,449,283,'api::service.service','listImage',1),(6210,450,284,'api::service.service','listImage',1),(6225,454,109,'common.banner','media',1),(6226,437,290,'common.banner','media',1),(6227,442,288,'common.banner','media',1),(6228,441,291,'common.banner','media',1),(6229,440,292,'common.banner','media',1),(6230,454,313,'common.banner','media',1),(6231,437,314,'common.banner','media',1),(6232,442,315,'common.banner','media',1),(6233,441,316,'common.banner','media',1),(6234,440,317,'common.banner','media',1),(6235,403,173,'api::branch.branch','image',1),(6236,403,313,'api::branch.branch','image',1),(6237,353,241,'common.banner','media',1),(6238,449,7,'api::service.service','listImage',1),(6239,353,318,'common.banner','media',1),(6240,449,285,'api::service.service','listImage',1),(6241,355,141,'common.banner','media',1),(6242,450,36,'api::service.service','listImage',1),(6243,355,319,'common.banner','media',1),(6244,450,286,'api::service.service','listImage',1),(6245,421,17,'api::branch.branch','image',1),(6246,421,314,'api::branch.branch','image',1),(6247,423,1,'api::branch.branch','image',1),(6248,423,315,'api::branch.branch','image',1),(6249,420,31,'api::branch.branch','image',1),(6250,420,316,'api::branch.branch','image',1),(6251,405,86,'api::branch.branch','image',1),(6252,405,317,'api::branch.branch','image',1),(6253,406,88,'api::branch.branch','image',1),(6254,406,318,'api::branch.branch','image',1),(6255,407,90,'api::branch.branch','image',1),(6256,407,319,'api::branch.branch','image',1),(6257,404,29,'api::branch.branch','image',1),(6258,404,320,'api::branch.branch','image',1),(6259,403,103,'api::branch.branch','image',1),(6260,403,321,'api::branch.branch','image',1),(6261,413,106,'api::branch.branch','image',1),(6262,413,322,'api::branch.branch','image',1),(6263,414,108,'api::branch.branch','image',1),(6264,414,323,'api::branch.branch','image',1),(6265,408,144,'api::branch.branch','image',1),(6266,408,324,'api::branch.branch','image',1),(6267,419,113,'api::branch.branch','image',1),(6268,419,325,'api::branch.branch','image',1),(6269,416,25,'api::branch.branch','image',1),(6270,416,326,'api::branch.branch','image',1),(6271,417,27,'api::branch.branch','image',1),(6272,417,327,'api::branch.branch','image',1),(6273,400,121,'api::branch.branch','image',1),(6274,400,328,'api::branch.branch','image',1),(6275,424,123,'api::branch.branch','image',1),(6276,424,329,'api::branch.branch','image',1),(6277,410,118,'api::branch.branch','image',1),(6278,410,330,'api::branch.branch','image',1),(6279,411,125,'api::branch.branch','image',1),(6280,411,331,'api::branch.branch','image',1);

--
-- Table structure for table `footers`
--

CREATE TABLE `footers` (
  `id` int unsigned NOT NULL AUTO_INCREMENT,
  `document_id` varchar(255) DEFAULT NULL,
  `created_at` datetime(6) DEFAULT NULL,
  `updated_at` datetime(6) DEFAULT NULL,
  `published_at` datetime(6) DEFAULT NULL,
  `created_by_id` int unsigned DEFAULT NULL,
  `updated_by_id` int unsigned DEFAULT NULL,
  `locale` varchar(255) DEFAULT NULL,
  `copyright_text` longtext,
  `description` longtext,
  PRIMARY KEY (`id`),
  KEY `footers_documents_idx` (`document_id`,`locale`,`published_at`),
  KEY `footers_created_by_id_fk` (`created_by_id`),
  KEY `footers_updated_by_id_fk` (`updated_by_id`),
  CONSTRAINT `footers_created_by_id_fk` FOREIGN KEY (`created_by_id`) REFERENCES `admin_users` (`id`) ON DELETE SET NULL,
  CONSTRAINT `footers_updated_by_id_fk` FOREIGN KEY (`updated_by_id`) REFERENCES `admin_users` (`id`) ON DELETE SET NULL
) ENGINE=InnoDB AUTO_INCREMENT=26 DEFAULT CHARSET=utf8mb4 COLLATE=utf8mb4_0900_ai_ci;

--
-- Dumping data for table `footers`
--

INSERT INTO `footers` VALUES (1,'kdzkmdya4gu6pu184qlei04d','2025-11-22 06:46:14.928000','2026-04-02 05:55:43.610000',NULL,1,1,'en','© Central Motors & Equipment 2026. All Rights Reserved.','Central Motors & Equipment'),(25,'kdzkmdya4gu6pu184qlei04d','2025-11-22 06:46:14.928000','2026-04-02 05:55:43.610000','2026-04-02 05:55:45.003000',1,1,'en','© Central Motors & Equipment 2026. All Rights Reserved.','Central Motors & Equipment');

--
-- Table structure for table `footers_cmps`
--

CREATE TABLE `footers_cmps` (
  `id` int unsigned NOT NULL AUTO_INCREMENT,
  `entity_id` int unsigned DEFAULT NULL,
  `cmp_id` int unsigned DEFAULT NULL,
  `component_type` varchar(255) DEFAULT NULL,
  `field` varchar(255) DEFAULT NULL,
  `order` double unsigned DEFAULT NULL,
  PRIMARY KEY (`id`),
  UNIQUE KEY `footers_uq` (`entity_id`,`cmp_id`,`field`,`component_type`),
  KEY `footers_field_idx` (`field`),
  KEY `footers_component_type_idx` (`component_type`),
  KEY `footers_entity_fk` (`entity_id`),
  CONSTRAINT `footers_entity_fk` FOREIGN KEY (`entity_id`) REFERENCES `footers` (`id`) ON DELETE CASCADE
) ENGINE=InnoDB AUTO_INCREMENT=409 DEFAULT CHARSET=utf8mb4 COLLATE=utf8mb4_0900_ai_ci;

--
-- Dumping data for table `footers_cmps`
--

INSERT INTO `footers_cmps` VALUES (1,1,1,'common.social-links','socialLinks',3),(2,1,11,'common.menu-item','bottomMenu',2),(3,1,12,'common.menu-item','bottomMenu',4),(4,1,1,'common.menu-item-w-sub','menu',1),(5,1,2,'common.menu-item-w-sub','menu',2),(21,1,4,'common.social-links','socialLinks',6),(22,1,5,'common.social-links','socialLinks',7),(23,1,6,'common.social-links','socialLinks',8),(401,25,87,'common.social-links','socialLinks',1),(402,25,88,'common.social-links','socialLinks',2),(403,25,89,'common.social-links','socialLinks',3),(404,25,90,'common.social-links','socialLinks',4),(405,25,306,'common.menu-item','bottomMenu',1),(406,25,307,'common.menu-item','bottomMenu',2),(407,25,58,'common.menu-item-w-sub','menu',1),(408,25,59,'common.menu-item-w-sub','menu',2);

--
-- Table structure for table `headers`
--

CREATE TABLE `headers` (
  `id` int unsigned NOT NULL AUTO_INCREMENT,
  `document_id` varchar(255) DEFAULT NULL,
  `show_multilingual` tinyint(1) DEFAULT NULL,
  `created_at` datetime(6) DEFAULT NULL,
  `updated_at` datetime(6) DEFAULT NULL,
  `published_at` datetime(6) DEFAULT NULL,
  `created_by_id` int unsigned DEFAULT NULL,
  `updated_by_id` int unsigned DEFAULT NULL,
  `locale` varchar(255) DEFAULT NULL,
  PRIMARY KEY (`id`),
  KEY `headers_documents_idx` (`document_id`,`locale`,`published_at`),
  KEY `headers_created_by_id_fk` (`created_by_id`),
  KEY `headers_updated_by_id_fk` (`updated_by_id`),
  CONSTRAINT `headers_created_by_id_fk` FOREIGN KEY (`created_by_id`) REFERENCES `admin_users` (`id`) ON DELETE SET NULL,
  CONSTRAINT `headers_updated_by_id_fk` FOREIGN KEY (`updated_by_id`) REFERENCES `admin_users` (`id`) ON DELETE SET NULL
) ENGINE=InnoDB AUTO_INCREMENT=18 DEFAULT CHARSET=utf8mb4 COLLATE=utf8mb4_0900_ai_ci;

--
-- Dumping data for table `headers`
--

INSERT INTO `headers` VALUES (1,'sp7t2jyo0s7xitjpftvi3mw1',0,'2025-11-22 06:41:06.614000','2026-03-27 09:49:08.400000',NULL,1,1,'en'),(17,'sp7t2jyo0s7xitjpftvi3mw1',0,'2025-11-22 06:41:06.614000','2026-03-27 09:49:08.400000','2026-03-27 09:49:09.199000',1,1,'en');

--
-- Table structure for table `headers_cmps`
--

CREATE TABLE `headers_cmps` (
  `id` int unsigned NOT NULL AUTO_INCREMENT,
  `entity_id` int unsigned DEFAULT NULL,
  `cmp_id` int unsigned DEFAULT NULL,
  `component_type` varchar(255) DEFAULT NULL,
  `field` varchar(255) DEFAULT NULL,
  `order` double unsigned DEFAULT NULL,
  PRIMARY KEY (`id`),
  UNIQUE KEY `headers_uq` (`entity_id`,`cmp_id`,`field`,`component_type`),
  KEY `headers_field_idx` (`field`),
  KEY `headers_component_type_idx` (`component_type`),
  KEY `headers_entity_fk` (`entity_id`),
  CONSTRAINT `headers_entity_fk` FOREIGN KEY (`entity_id`) REFERENCES `headers` (`id`) ON DELETE CASCADE
) ENGINE=InnoDB AUTO_INCREMENT=125 DEFAULT CHARSET=utf8mb4 COLLATE=utf8mb4_0900_ai_ci;

--
-- Dumping data for table `headers_cmps`
--

INSERT INTO `headers_cmps` VALUES (111,1,202,'common.menu-item','menu',1),(112,1,203,'common.menu-item','menu',2),(113,1,204,'common.menu-item','menu',3),(114,1,1,'common.menu-item-w-services','menu',4),(115,1,1,'common.menu-item','menu',5),(116,1,6,'common.menu-item','menu',6),(117,1,7,'common.menu-item','menu',7),(118,17,234,'common.menu-item','menu',1),(119,17,235,'common.menu-item','menu',2),(120,17,236,'common.menu-item','menu',3),(121,17,10,'common.menu-item-w-services','menu',4),(122,17,237,'common.menu-item','menu',5),(123,17,238,'common.menu-item','menu',6),(124,17,239,'common.menu-item','menu',7);

--
-- Table structure for table `homes`
--

CREATE TABLE `homes` (
  `id` int unsigned NOT NULL AUTO_INCREMENT,
  `document_id` varchar(255) DEFAULT NULL,
  `created_at` datetime(6) DEFAULT NULL,
  `updated_at` datetime(6) DEFAULT NULL,
  `published_at` datetime(6) DEFAULT NULL,
  `created_by_id` int unsigned DEFAULT NULL,
  `updated_by_id` int unsigned DEFAULT NULL,
  `locale` varchar(255) DEFAULT NULL,
  `is_news_enabled` tinyint(1) DEFAULT NULL,
  PRIMARY KEY (`id`),
  KEY `homes_documents_idx` (`document_id`,`locale`,`published_at`),
  KEY `homes_created_by_id_fk` (`created_by_id`),
  KEY `homes_updated_by_id_fk` (`updated_by_id`),
  CONSTRAINT `homes_created_by_id_fk` FOREIGN KEY (`created_by_id`) REFERENCES `admin_users` (`id`) ON DELETE SET NULL,
  CONSTRAINT `homes_updated_by_id_fk` FOREIGN KEY (`updated_by_id`) REFERENCES `admin_users` (`id`) ON DELETE SET NULL
) ENGINE=InnoDB AUTO_INCREMENT=51 DEFAULT CHARSET=utf8mb4 COLLATE=utf8mb4_0900_ai_ci;

--
-- Dumping data for table `homes`
--

INSERT INTO `homes` VALUES (1,'omwub2vqq79mjezdxrj80qmx','2025-11-22 05:40:07.852000','2026-04-01 09:50:45.955000',NULL,1,1,'en',1),(15,'omwub2vqq79mjezdxrj80qmx','2025-12-14 06:35:42.308000','2025-12-14 06:35:42.308000',NULL,1,1,'ar',1),(16,'omwub2vqq79mjezdxrj80qmx','2025-12-14 06:35:42.308000','2025-12-14 06:35:42.308000','2025-12-14 06:35:42.988000',1,1,'ar',1),(50,'omwub2vqq79mjezdxrj80qmx','2025-11-22 05:40:07.852000','2026-04-01 09:50:45.955000','2026-04-01 09:50:49.066000',1,1,'en',1);

--
-- Table structure for table `homes_cmps`
--

CREATE TABLE `homes_cmps` (
  `id` int unsigned NOT NULL AUTO_INCREMENT,
  `entity_id` int unsigned DEFAULT NULL,
  `cmp_id` int unsigned DEFAULT NULL,
  `component_type` varchar(255) DEFAULT NULL,
  `field` varchar(255) DEFAULT NULL,
  `order` double unsigned DEFAULT NULL,
  PRIMARY KEY (`id`),
  UNIQUE KEY `homes_uq` (`entity_id`,`cmp_id`,`field`,`component_type`),
  KEY `homes_field_idx` (`field`),
  KEY `homes_component_type_idx` (`component_type`),
  KEY `homes_entity_fk` (`entity_id`),
  CONSTRAINT `homes_entity_fk` FOREIGN KEY (`entity_id`) REFERENCES `homes` (`id`) ON DELETE CASCADE
) ENGINE=InnoDB AUTO_INCREMENT=663 DEFAULT CHARSET=utf8mb4 COLLATE=utf8mb4_0900_ai_ci;

--
-- Dumping data for table `homes_cmps`
--

INSERT INTO `homes_cmps` VALUES (87,15,40,'common.banner','banner',1),(88,16,41,'common.banner','banner',1),(90,1,1,'common.content-with-link','aboutGroup',12),(98,1,1,'home.about-cme','aboutCme',7),(99,1,1,'home.business-stream','businessStreams',8),(100,1,1,'home.trusted-section','trustedPartners',10),(101,1,1,'home.content-section','socialFeeds',9),(102,1,2,'home.content-section','ourLocations',11),(114,1,5,'home.content-section','trustedBrands',6),(535,1,88,'common.seo','seo',1),(545,1,232,'common.banner','banner',2),(565,1,235,'common.banner','banner',3),(566,1,236,'common.banner','banner',4),(613,1,273,'common.banner','banner',1),(651,50,279,'common.banner','banner',1),(652,50,280,'common.banner','banner',2),(653,50,281,'common.banner','banner',3),(654,50,282,'common.banner','banner',4),(655,50,33,'home.about-cme','aboutCme',NULL),(656,50,33,'home.business-stream','businessStreams',NULL),(657,50,106,'home.content-section','trustedBrands',NULL),(658,50,33,'home.trusted-section','trustedPartners',NULL),(659,50,107,'home.content-section','socialFeeds',NULL),(660,50,108,'home.content-section','ourLocations',NULL),(661,50,35,'common.content-with-link','aboutGroup',NULL),(662,50,163,'common.seo','seo',NULL);

--
-- Table structure for table `i18n_locale`
--

CREATE TABLE `i18n_locale` (
  `id` int unsigned NOT NULL AUTO_INCREMENT,
  `document_id` varchar(255) DEFAULT NULL,
  `name` varchar(255) DEFAULT NULL,
  `code` varchar(255) DEFAULT NULL,
  `created_at` datetime(6) DEFAULT NULL,
  `updated_at` datetime(6) DEFAULT NULL,
  `published_at` datetime(6) DEFAULT NULL,
  `created_by_id` int unsigned DEFAULT NULL,
  `updated_by_id` int unsigned DEFAULT NULL,
  `locale` varchar(255) DEFAULT NULL,
  PRIMARY KEY (`id`),
  KEY `i18n_locale_documents_idx` (`document_id`,`locale`,`published_at`),
  KEY `i18n_locale_created_by_id_fk` (`created_by_id`),
  KEY `i18n_locale_updated_by_id_fk` (`updated_by_id`),
  CONSTRAINT `i18n_locale_created_by_id_fk` FOREIGN KEY (`created_by_id`) REFERENCES `admin_users` (`id`) ON DELETE SET NULL,
  CONSTRAINT `i18n_locale_updated_by_id_fk` FOREIGN KEY (`updated_by_id`) REFERENCES `admin_users` (`id`) ON DELETE SET NULL
) ENGINE=InnoDB AUTO_INCREMENT=3 DEFAULT CHARSET=utf8mb4 COLLATE=utf8mb4_0900_ai_ci;

--
-- Dumping data for table `i18n_locale`
--

INSERT INTO `i18n_locale` VALUES (1,'sc34f0ritbxgoaf0bmfvixb5','English (en)','en','2025-11-21 05:39:29.301000','2025-11-21 05:39:29.301000','2025-11-21 05:39:29.303000',NULL,NULL,NULL),(2,'ttqlf2jrq3gjx11asw6ajbll','Arabic (ar)','ar','2025-11-28 09:33:47.290000','2025-11-28 09:33:47.290000','2025-11-28 09:33:47.291000',1,1,NULL);

--
-- Table structure for table `locations`
--

CREATE TABLE `locations` (
  `id` int unsigned NOT NULL AUTO_INCREMENT,
  `document_id` varchar(255) DEFAULT NULL,
  `created_at` datetime(6) DEFAULT NULL,
  `updated_at` datetime(6) DEFAULT NULL,
  `published_at` datetime(6) DEFAULT NULL,
  `created_by_id` int unsigned DEFAULT NULL,
  `updated_by_id` int unsigned DEFAULT NULL,
  `locale` varchar(255) DEFAULT NULL,
  `sub_title` varchar(255) DEFAULT NULL,
  `title` varchar(255) DEFAULT NULL,
  `description` longtext,
  PRIMARY KEY (`id`),
  KEY `locations_documents_idx` (`document_id`,`locale`,`published_at`),
  KEY `locations_created_by_id_fk` (`created_by_id`),
  KEY `locations_updated_by_id_fk` (`updated_by_id`),
  CONSTRAINT `locations_created_by_id_fk` FOREIGN KEY (`created_by_id`) REFERENCES `admin_users` (`id`) ON DELETE SET NULL,
  CONSTRAINT `locations_updated_by_id_fk` FOREIGN KEY (`updated_by_id`) REFERENCES `admin_users` (`id`) ON DELETE SET NULL
) ENGINE=InnoDB AUTO_INCREMENT=10 DEFAULT CHARSET=utf8mb4 COLLATE=utf8mb4_0900_ai_ci;

--
-- Dumping data for table `locations`
--

INSERT INTO `locations` VALUES (1,'qu6yjyv0cla8lq4yssqcrjaa','2025-11-27 06:26:40.295000','2026-02-05 06:47:09.587000',NULL,1,1,'en','Where to Find Us ','Explore Our Locations','<p>CME has expanded its portfolio taking in complementary brands with exclusive agency agreements for the UAE. The company functions under the major divisions: Tyres, Automotive, Services and Power Tools</p>'),(9,'qu6yjyv0cla8lq4yssqcrjaa','2025-11-27 06:26:40.295000','2026-02-05 06:47:09.587000','2026-02-05 06:47:10.232000',1,1,'en','Where to Find Us ','Explore Our Locations','<p>CME has expanded its portfolio taking in complementary brands with exclusive agency agreements for the UAE. The company functions under the major divisions: Tyres, Automotive, Services and Power Tools</p>');

--
-- Table structure for table `locations_cmps`
--

CREATE TABLE `locations_cmps` (
  `id` int unsigned NOT NULL AUTO_INCREMENT,
  `entity_id` int unsigned DEFAULT NULL,
  `cmp_id` int unsigned DEFAULT NULL,
  `component_type` varchar(255) DEFAULT NULL,
  `field` varchar(255) DEFAULT NULL,
  `order` double unsigned DEFAULT NULL,
  PRIMARY KEY (`id`),
  UNIQUE KEY `locations_uq` (`entity_id`,`cmp_id`,`field`,`component_type`),
  KEY `locations_field_idx` (`field`),
  KEY `locations_component_type_idx` (`component_type`),
  KEY `locations_entity_fk` (`entity_id`),
  CONSTRAINT `locations_entity_fk` FOREIGN KEY (`entity_id`) REFERENCES `locations` (`id`) ON DELETE CASCADE
) ENGINE=InnoDB AUTO_INCREMENT=11 DEFAULT CHARSET=utf8mb4 COLLATE=utf8mb4_0900_ai_ci;

--
-- Dumping data for table `locations_cmps`
--

INSERT INTO `locations_cmps` VALUES (1,1,41,'common.seo','seo',NULL),(10,9,63,'common.seo','seo',NULL);

--
-- Table structure for table `locations_location_types_lnk`
--

CREATE TABLE `locations_location_types_lnk` (
  `id` int unsigned NOT NULL AUTO_INCREMENT,
  `location_id` int unsigned DEFAULT NULL,
  `branch_location_id` int unsigned DEFAULT NULL,
  `branch_location_ord` double unsigned DEFAULT NULL,
  PRIMARY KEY (`id`),
  UNIQUE KEY `locations_location_types_lnk_uq` (`location_id`,`branch_location_id`),
  KEY `locations_location_types_lnk_fk` (`location_id`),
  KEY `locations_location_types_lnk_ifk` (`branch_location_id`),
  KEY `locations_location_types_lnk_ofk` (`branch_location_ord`),
  CONSTRAINT `locations_location_types_lnk_fk` FOREIGN KEY (`location_id`) REFERENCES `locations` (`id`) ON DELETE CASCADE,
  CONSTRAINT `locations_location_types_lnk_ifk` FOREIGN KEY (`branch_location_id`) REFERENCES `branch_locations` (`id`) ON DELETE CASCADE
) ENGINE=InnoDB AUTO_INCREMENT=13 DEFAULT CHARSET=utf8mb4 COLLATE=utf8mb4_0900_ai_ci;

--
-- Dumping data for table `locations_location_types_lnk`
--

INSERT INTO `locations_location_types_lnk` VALUES (1,1,4,1),(3,1,7,2),(9,1,1,3),(10,9,6,1),(11,9,8,2),(12,9,3,3);

--
-- Table structure for table `newes`
--

CREATE TABLE `newes` (
  `id` int unsigned NOT NULL AUTO_INCREMENT,
  `document_id` varchar(255) DEFAULT NULL,
  `title` varchar(255) DEFAULT NULL,
  `slug` varchar(255) DEFAULT NULL,
  `posted_date` date DEFAULT NULL,
  `small_description` longtext,
  `description` longtext,
  `is_featured` tinyint(1) DEFAULT NULL,
  `read_time` varchar(255) DEFAULT NULL,
  `created_at` datetime(6) DEFAULT NULL,
  `updated_at` datetime(6) DEFAULT NULL,
  `published_at` datetime(6) DEFAULT NULL,
  `created_by_id` int unsigned DEFAULT NULL,
  `updated_by_id` int unsigned DEFAULT NULL,
  `locale` varchar(255) DEFAULT NULL,
  PRIMARY KEY (`id`),
  KEY `newes_documents_idx` (`document_id`,`locale`,`published_at`),
  KEY `newes_created_by_id_fk` (`created_by_id`),
  KEY `newes_updated_by_id_fk` (`updated_by_id`),
  CONSTRAINT `newes_created_by_id_fk` FOREIGN KEY (`created_by_id`) REFERENCES `admin_users` (`id`) ON DELETE SET NULL,
  CONSTRAINT `newes_updated_by_id_fk` FOREIGN KEY (`updated_by_id`) REFERENCES `admin_users` (`id`) ON DELETE SET NULL
) ENGINE=InnoDB AUTO_INCREMENT=63 DEFAULT CHARSET=utf8mb4 COLLATE=utf8mb4_0900_ai_ci;

--
-- Dumping data for table `newes`
--

INSERT INTO `newes` VALUES (1,'pabl6v25u1lp2r05v1fc77ub','A HISTORIC MOMENT FOR CENTRAL MOTORS & & EQUIPMENT! & WE ARE BEYOND EXCITED TO SHARE TRULY EXTRA ORDINARY NEWS!','awards1','2026-01-08','We are beyond excited to share truly extraordinary news!\n','<p>We are beyond excited to share truly extraordinary news!</p><p>Central Motors &amp; Equipment LLC has been honored on the world stage, winning the “Highly Commended Distributor of the Year” at the prestigious Automechanika 2025 Global Awards!</p><p>This remarkable distinction was presented by Mr. Michael Johannes, Vice President Mobility &amp; Logistics at Messe Frankfurt a true industry icon and received with pride by our General Manager, Mr. Sami Messaoudi, and Country Business Director, Mr. Rajkumar Venkatapathy.<br>&nbsp;</p>',1,'5 mins','2025-12-12 05:37:33.823000','2026-03-09 10:02:33.202000',NULL,1,1,'en'),(4,'lnfso4vkopvjvx8xkw9wpukv','A HISTORIC MOMENT FOR CENTRAL MOTORS & & EQUIPMENT! & WE ARE BEYOND EXCITED TO SHARE TRULY EXTRA ORDINARY NEWS!','awards2','2026-12-08','As Knorr Bremse strategic partner in Middle East Central Motors & Equipment LLC is honored to be appointed once again as an authorized UAE & Qatar TruckServices Expert Network Distributor until 09-09-2027.','<p style=\"line-height:108%;margin-bottom:0.28cm;\"><span style=\"background-color:#ffffff;font-family:Segoe UI, sans-serif;font-size:small;\"><font style=\"font-size:10pt;\">As Knorr Bremse strategic partner in Middle East Central Motors &amp; Equipment LLC is honored to be appointed once again as an authorized UAE &amp; Qatar TruckServices Expert Network Distributor until 09-09-2027.</font></span><br><br><span style=\"background-color:#ffffff;font-family:Segoe UI, sans-serif;font-size:small;\"><font style=\"font-size:10pt;\">Thanks to Mr. Ozan Cicek, Managing Director, Knorr-Bremse Türkiye &amp; MENA, Vishal Sanghavi, Head of Aftermarket Strategy EMEA, Yarkin Gul, Sales Manager Türkiye &amp; MENA, Savaş OK, Technical Services &amp; Account Manager, Knorr-Bremse Türkiye &amp; MENA for visiting CME stand at Automechanika 2025 and presenting the certificate.</font></span><br><br><span style=\"background-color:#ffffff;font-family:Segoe UI, sans-serif;font-size:small;\"><font style=\"font-size:10pt;\">We sincerely thanks to entire Knorr Bremse team and believe that we will accomplish many things in future as we have done till today together.</font></span></p>',1,'5 mins','2025-12-12 05:38:24.512000','2026-03-09 10:02:51.165000',NULL,1,1,'en'),(19,'k3ms928e4ebxrb5xczipghke','Central Motors and Equipment proudly congratulates Fine Tools on the Grand Opening of their New Experience Center.','news-3','2025-12-12',NULL,'<p style=\"line-height:108%;margin-bottom:0.28cm;\"><span style=\"color:#212121;font-family:Aptos, serif;\">Bosch Power Tools participated in the integration of Finetools’ new branch while celebrating their 25th anniversary milestone. The new location features a dedicated Bosch experience center, allowing customers to easily explore, understand, and use Bosch tools through hands-on demonstrations. This initiative strengthens our long-standing partnership with Finetools and reinforces our shared commitment to delivering innovative solutions, superior service, and an enhanced customer experience</span><br><br>Central Motors &amp; Equipment Lightup the season with BOSCH Powertools new activation to powering the festive spirit<br>Venue: ACE Hardware DFC, Dubai</p><p>BOSCH Power Tools collaborated with ACE Dubai Festival City as part of the Light Up Season, creating an engaging in-store experience for customers. The event attracted strong footfall, with many visitors witnessing live demonstrations and exploring the BOSCH Power Tools range.<br>The activation enhanced brand visibility and customer interaction, highlighting the effectiveness of festive in-store collaborations in driving awareness and engagement.</p>',1,NULL,'2026-01-13 09:19:31.679000','2026-03-09 10:03:05.880000',NULL,1,1,'en'),(21,'pdkwlj6e27rzzp0swewcjv7n','MICHELIN GUIDE Abu Dhabi 2026 ceremony held in October 2025.','news-4','2025-10-23',NULL,'<p>The event was a spectacular celebration of Abu Dhabi\'s culinary excellence, recognizing the city\'s finest chefs and restaurants.</p><p>CME – Tyre Division team has represented the company, the success of the event is a testament to the city\'s thriving food scene, which is rapidly becoming one of the region\'s most dynamic and sought-after destinations for foodies and connoisseurs alike.</p><p>CME thanked to Michelin AIM team for inviting and to have such wonderful experience.&nbsp;</p>',0,NULL,'2026-01-13 09:23:00.970000','2026-03-09 10:03:34.718000',NULL,1,1,'en'),(38,'eoyvkw49iyjnj6ipbx9o3mse','CME Tyre Division- Michelin collaborated with EMC – Mercedes for Track Day Event','news-5','2025-10-24','Venue: Yas Marina Circuit, Abu Dhabi UAE','<p>Central Motors and Equipment Tyre Division’s Brand Michelin has collaborated with Emirates Motor Company (Alfahim Group) for Mercedes Track Day Event, where all tyres for Track Day Car for customers were sponsored by CME-Michelin.</p><p>At this high-octane event, Michelin showcased its premium tire capabilities, providing top-notch tires for the track cars. The collaboration aimed to promote Michelin\'s brand excellence, cutting-edge technology, and exceptional performance.</p><p>The event provided a unique opportunity for guests to experience the thrill of driving Mercedes-Benz cars equipped with Michelin tires, highlighting the brand\'s commitment to safety, quality, and innovation.<br>Adding to the event\'s success, the CME Tyreplus van was on-site, providing expert tire services and showcasing the convenience of mobile tire care. Guests had the opportunity to experience firsthand the quality and efficiency of Tyreplus\'s services, further solidifying Central Motors and Equipment\'s commitment to customer satisfaction.</p><p>&nbsp;</p>',NULL,NULL,'2026-01-27 09:54:57.647000','2026-03-09 10:03:19.904000',NULL,1,1,'en'),(58,'pabl6v25u1lp2r05v1fc77ub','A HISTORIC MOMENT FOR CENTRAL MOTORS & & EQUIPMENT! & WE ARE BEYOND EXCITED TO SHARE TRULY EXTRA ORDINARY NEWS!','awards1','2026-01-08','We are beyond excited to share truly extraordinary news!\n','<p>We are beyond excited to share truly extraordinary news!</p><p>Central Motors &amp; Equipment LLC has been honored on the world stage, winning the “Highly Commended Distributor of the Year” at the prestigious Automechanika 2025 Global Awards!</p><p>This remarkable distinction was presented by Mr. Michael Johannes, Vice President Mobility &amp; Logistics at Messe Frankfurt a true industry icon and received with pride by our General Manager, Mr. Sami Messaoudi, and Country Business Director, Mr. Rajkumar Venkatapathy.<br>&nbsp;</p>',1,'5 mins','2025-12-12 05:37:33.823000','2026-03-09 10:02:33.202000','2026-03-09 10:02:33.961000',1,1,'en'),(59,'lnfso4vkopvjvx8xkw9wpukv','A HISTORIC MOMENT FOR CENTRAL MOTORS & & EQUIPMENT! & WE ARE BEYOND EXCITED TO SHARE TRULY EXTRA ORDINARY NEWS!','awards2','2026-12-08','As Knorr Bremse strategic partner in Middle East Central Motors & Equipment LLC is honored to be appointed once again as an authorized UAE & Qatar TruckServices Expert Network Distributor until 09-09-2027.','<p style=\"line-height:108%;margin-bottom:0.28cm;\"><span style=\"background-color:#ffffff;font-family:Segoe UI, sans-serif;font-size:small;\"><font style=\"font-size:10pt;\">As Knorr Bremse strategic partner in Middle East Central Motors &amp; Equipment LLC is honored to be appointed once again as an authorized UAE &amp; Qatar TruckServices Expert Network Distributor until 09-09-2027.</font></span><br><br><span style=\"background-color:#ffffff;font-family:Segoe UI, sans-serif;font-size:small;\"><font style=\"font-size:10pt;\">Thanks to Mr. Ozan Cicek, Managing Director, Knorr-Bremse Türkiye &amp; MENA, Vishal Sanghavi, Head of Aftermarket Strategy EMEA, Yarkin Gul, Sales Manager Türkiye &amp; MENA, Savaş OK, Technical Services &amp; Account Manager, Knorr-Bremse Türkiye &amp; MENA for visiting CME stand at Automechanika 2025 and presenting the certificate.</font></span><br><br><span style=\"background-color:#ffffff;font-family:Segoe UI, sans-serif;font-size:small;\"><font style=\"font-size:10pt;\">We sincerely thanks to entire Knorr Bremse team and believe that we will accomplish many things in future as we have done till today together.</font></span></p>',1,'5 mins','2025-12-12 05:38:24.512000','2026-03-09 10:02:51.165000','2026-03-09 10:02:51.840000',1,1,'en'),(60,'k3ms928e4ebxrb5xczipghke','Central Motors and Equipment proudly congratulates Fine Tools on the Grand Opening of their New Experience Center.','news-3','2025-12-12',NULL,'<p style=\"line-height:108%;margin-bottom:0.28cm;\"><span style=\"color:#212121;font-family:Aptos, serif;\">Bosch Power Tools participated in the integration of Finetools’ new branch while celebrating their 25th anniversary milestone. The new location features a dedicated Bosch experience center, allowing customers to easily explore, understand, and use Bosch tools through hands-on demonstrations. This initiative strengthens our long-standing partnership with Finetools and reinforces our shared commitment to delivering innovative solutions, superior service, and an enhanced customer experience</span><br><br>Central Motors &amp; Equipment Lightup the season with BOSCH Powertools new activation to powering the festive spirit<br>Venue: ACE Hardware DFC, Dubai</p><p>BOSCH Power Tools collaborated with ACE Dubai Festival City as part of the Light Up Season, creating an engaging in-store experience for customers. The event attracted strong footfall, with many visitors witnessing live demonstrations and exploring the BOSCH Power Tools range.<br>The activation enhanced brand visibility and customer interaction, highlighting the effectiveness of festive in-store collaborations in driving awareness and engagement.</p>',1,NULL,'2026-01-13 09:19:31.679000','2026-03-09 10:03:05.880000','2026-03-09 10:03:06.449000',1,1,'en'),(61,'eoyvkw49iyjnj6ipbx9o3mse','CME Tyre Division- Michelin collaborated with EMC – Mercedes for Track Day Event','news-5','2025-10-24','Venue: Yas Marina Circuit, Abu Dhabi UAE','<p>Central Motors and Equipment Tyre Division’s Brand Michelin has collaborated with Emirates Motor Company (Alfahim Group) for Mercedes Track Day Event, where all tyres for Track Day Car for customers were sponsored by CME-Michelin.</p><p>At this high-octane event, Michelin showcased its premium tire capabilities, providing top-notch tires for the track cars. The collaboration aimed to promote Michelin\'s brand excellence, cutting-edge technology, and exceptional performance.</p><p>The event provided a unique opportunity for guests to experience the thrill of driving Mercedes-Benz cars equipped with Michelin tires, highlighting the brand\'s commitment to safety, quality, and innovation.<br>Adding to the event\'s success, the CME Tyreplus van was on-site, providing expert tire services and showcasing the convenience of mobile tire care. Guests had the opportunity to experience firsthand the quality and efficiency of Tyreplus\'s services, further solidifying Central Motors and Equipment\'s commitment to customer satisfaction.</p><p>&nbsp;</p>',NULL,NULL,'2026-01-27 09:54:57.647000','2026-03-09 10:03:19.904000','2026-03-09 10:03:20.532000',1,1,'en'),(62,'pdkwlj6e27rzzp0swewcjv7n','MICHELIN GUIDE Abu Dhabi 2026 ceremony held in October 2025.','news-4','2025-10-23',NULL,'<p>The event was a spectacular celebration of Abu Dhabi\'s culinary excellence, recognizing the city\'s finest chefs and restaurants.</p><p>CME – Tyre Division team has represented the company, the success of the event is a testament to the city\'s thriving food scene, which is rapidly becoming one of the region\'s most dynamic and sought-after destinations for foodies and connoisseurs alike.</p><p>CME thanked to Michelin AIM team for inviting and to have such wonderful experience.&nbsp;</p>',0,NULL,'2026-01-13 09:23:00.970000','2026-03-09 10:03:34.718000','2026-03-09 10:03:35.340000',1,1,'en');

--
-- Table structure for table `newes_cmps`
--

CREATE TABLE `newes_cmps` (
  `id` int unsigned NOT NULL AUTO_INCREMENT,
  `entity_id` int unsigned DEFAULT NULL,
  `cmp_id` int unsigned DEFAULT NULL,
  `component_type` varchar(255) DEFAULT NULL,
  `field` varchar(255) DEFAULT NULL,
  `order` double unsigned DEFAULT NULL,
  PRIMARY KEY (`id`),
  UNIQUE KEY `newes_uq` (`entity_id`,`cmp_id`,`field`,`component_type`),
  KEY `newes_field_idx` (`field`),
  KEY `newes_component_type_idx` (`component_type`),
  KEY `newes_entity_fk` (`entity_id`),
  CONSTRAINT `newes_entity_fk` FOREIGN KEY (`entity_id`) REFERENCES `newes` (`id`) ON DELETE CASCADE
) ENGINE=InnoDB AUTO_INCREMENT=52 DEFAULT CHARSET=utf8mb4 COLLATE=utf8mb4_0900_ai_ci;

--
-- Dumping data for table `newes_cmps`
--

INSERT INTO `newes_cmps` VALUES (1,1,35,'common.seo','seo',NULL),(3,4,37,'common.seo','seo',NULL),(43,58,76,'common.seo','seo',NULL),(45,59,77,'common.seo','seo',NULL),(46,19,78,'common.seo','seo',NULL),(47,60,79,'common.seo','seo',NULL),(48,38,80,'common.seo','seo',NULL),(49,61,81,'common.seo','seo',NULL),(50,21,82,'common.seo','seo',NULL),(51,62,83,'common.seo','seo',NULL);

--
-- Table structure for table `newes_types_lnk`
--

CREATE TABLE `newes_types_lnk` (
  `id` int unsigned NOT NULL AUTO_INCREMENT,
  `news_id` int unsigned DEFAULT NULL,
  `type_id` int unsigned DEFAULT NULL,
  `type_ord` double unsigned DEFAULT NULL,
  PRIMARY KEY (`id`),
  UNIQUE KEY `newes_types_lnk_uq` (`news_id`,`type_id`),
  KEY `newes_types_lnk_fk` (`news_id`),
  KEY `newes_types_lnk_ifk` (`type_id`),
  KEY `newes_types_lnk_ofk` (`type_ord`),
  CONSTRAINT `newes_types_lnk_fk` FOREIGN KEY (`news_id`) REFERENCES `newes` (`id`) ON DELETE CASCADE,
  CONSTRAINT `newes_types_lnk_ifk` FOREIGN KEY (`type_id`) REFERENCES `types` (`id`) ON DELETE CASCADE
) ENGINE=InnoDB AUTO_INCREMENT=40 DEFAULT CHARSET=utf8mb4 COLLATE=utf8mb4_0900_ai_ci;

--
-- Dumping data for table `newes_types_lnk`
--

INSERT INTO `newes_types_lnk` VALUES (1,21,7,1),(3,38,7,1),(5,19,1,1),(7,4,3,1),(9,1,3,1),(11,1,5,2),(14,4,5,2),(17,19,5,2),(32,58,4,1),(33,58,6,2),(34,59,4,1),(35,59,6,2),(36,60,9,1),(37,60,6,2),(38,61,8,1),(39,62,8,1);

--
-- Table structure for table `news_landings`
--

CREATE TABLE `news_landings` (
  `id` int unsigned NOT NULL AUTO_INCREMENT,
  `document_id` varchar(255) DEFAULT NULL,
  `title` varchar(255) DEFAULT NULL,
  `created_at` datetime(6) DEFAULT NULL,
  `updated_at` datetime(6) DEFAULT NULL,
  `published_at` datetime(6) DEFAULT NULL,
  `created_by_id` int unsigned DEFAULT NULL,
  `updated_by_id` int unsigned DEFAULT NULL,
  `locale` varchar(255) DEFAULT NULL,
  PRIMARY KEY (`id`),
  KEY `news_landings_documents_idx` (`document_id`,`locale`,`published_at`),
  KEY `news_landings_created_by_id_fk` (`created_by_id`),
  KEY `news_landings_updated_by_id_fk` (`updated_by_id`),
  CONSTRAINT `news_landings_created_by_id_fk` FOREIGN KEY (`created_by_id`) REFERENCES `admin_users` (`id`) ON DELETE SET NULL,
  CONSTRAINT `news_landings_updated_by_id_fk` FOREIGN KEY (`updated_by_id`) REFERENCES `admin_users` (`id`) ON DELETE SET NULL
) ENGINE=InnoDB AUTO_INCREMENT=5 DEFAULT CHARSET=utf8mb4 COLLATE=utf8mb4_0900_ai_ci;

--
-- Dumping data for table `news_landings`
--

INSERT INTO `news_landings` VALUES (1,'sgmumfmrfuzwa858hb2dn34u','test','2025-12-12 05:39:28.473000','2026-03-09 09:59:21.734000',NULL,1,1,'en'),(4,'sgmumfmrfuzwa858hb2dn34u','test','2025-12-12 05:39:28.473000','2026-03-09 09:59:21.734000','2026-03-09 09:59:22.255000',1,1,'en');

--
-- Table structure for table `news_landings_cmps`
--

CREATE TABLE `news_landings_cmps` (
  `id` int unsigned NOT NULL AUTO_INCREMENT,
  `entity_id` int unsigned DEFAULT NULL,
  `cmp_id` int unsigned DEFAULT NULL,
  `component_type` varchar(255) DEFAULT NULL,
  `field` varchar(255) DEFAULT NULL,
  `order` double unsigned DEFAULT NULL,
  PRIMARY KEY (`id`),
  UNIQUE KEY `news_landings_uq` (`entity_id`,`cmp_id`,`field`,`component_type`),
  KEY `news_landings_field_idx` (`field`),
  KEY `news_landings_component_type_idx` (`component_type`),
  KEY `news_landings_entity_fk` (`entity_id`),
  CONSTRAINT `news_landings_entity_fk` FOREIGN KEY (`entity_id`) REFERENCES `news_landings` (`id`) ON DELETE CASCADE
) ENGINE=InnoDB AUTO_INCREMENT=7 DEFAULT CHARSET=utf8mb4 COLLATE=utf8mb4_0900_ai_ci;

--
-- Dumping data for table `news_landings_cmps`
--

INSERT INTO `news_landings_cmps` VALUES (1,1,39,'common.seo','seo',NULL),(6,4,69,'common.seo','seo',NULL);

--
-- Table structure for table `power_categories`
--

CREATE TABLE `power_categories` (
  `id` int unsigned NOT NULL AUTO_INCREMENT,
  `document_id` varchar(255) DEFAULT NULL,
  `title` varchar(255) DEFAULT NULL,
  `slug` varchar(255) DEFAULT NULL,
  `created_at` datetime(6) DEFAULT NULL,
  `updated_at` datetime(6) DEFAULT NULL,
  `published_at` datetime(6) DEFAULT NULL,
  `created_by_id` int unsigned DEFAULT NULL,
  `updated_by_id` int unsigned DEFAULT NULL,
  `locale` varchar(255) DEFAULT NULL,
  `display_order` int DEFAULT NULL,
  PRIMARY KEY (`id`),
  KEY `power_categories_documents_idx` (`document_id`,`locale`,`published_at`),
  KEY `power_categories_created_by_id_fk` (`created_by_id`),
  KEY `power_categories_updated_by_id_fk` (`updated_by_id`),
  CONSTRAINT `power_categories_created_by_id_fk` FOREIGN KEY (`created_by_id`) REFERENCES `admin_users` (`id`) ON DELETE SET NULL,
  CONSTRAINT `power_categories_updated_by_id_fk` FOREIGN KEY (`updated_by_id`) REFERENCES `admin_users` (`id`) ON DELETE SET NULL
) ENGINE=InnoDB AUTO_INCREMENT=46 DEFAULT CHARSET=utf8mb4 COLLATE=utf8mb4_0900_ai_ci;

--
-- Dumping data for table `power_categories`
--

INSERT INTO `power_categories` VALUES (1,'ua7ijg1kgz5el0ue3ipnh6ku','Angle Grinders','power-tools/search?categoryKey=power-tools&subcategoryKey=angle-grinders','2026-02-05 05:41:06.602000','2026-03-19 08:55:03.740000',NULL,1,1,'en',1),(3,'h0366rc7skwy6d8uvwi242m5','Combo Kits',NULL,'2026-02-05 05:41:39.857000','2026-03-09 06:49:38.985000',NULL,1,1,'en',6),(11,'w5jlol53itgwhnof7e07b1o9','Cordless Rotary Hammers','power-tools/search?categoryKey=power-tools&subcategoryKey=rotary-hammers-demolition-hammers&page=1&limit=20&category=rotary-hammers-demolition-hammers','2026-02-05 10:56:25.760000','2026-03-19 08:59:51.177000',NULL,1,1,'en',3),(13,'kcxwsvlkmoe3ynlw89zxqvxs','Carrying Case','power-tools/search?categoryKey=power-tools&subcategoryKey=carrying-cases','2026-02-05 10:56:41.136000','2026-03-19 08:56:12.615000',NULL,1,1,'en',2),(15,'gorzvqh0p60s7sm6vh2sf4dh','High Pressure Washer','power-tools/search?categoryKey=power-tools&subcategoryKey=high-pressure-washers','2026-02-05 10:57:14.368000','2026-03-19 09:00:25.117000',NULL,1,1,'en',4),(17,'jx2ghowlp0n4pq76xxf010y1','Cordless Drills','power-tools/search?categoryKey=power-tools&subcategoryKey=cordless-tools','2026-02-05 10:57:50.132000','2026-03-19 08:59:01.884000',NULL,1,1,'en',5),(39,'h0366rc7skwy6d8uvwi242m5','Combo Kits',NULL,'2026-02-05 05:41:39.857000','2026-03-09 06:49:38.985000','2026-03-09 06:49:39.291000',1,1,'en',6),(41,'ua7ijg1kgz5el0ue3ipnh6ku','Angle Grinders','power-tools/search?categoryKey=power-tools&subcategoryKey=angle-grinders','2026-02-05 05:41:06.602000','2026-03-19 08:55:03.740000','2026-03-19 08:55:04.095000',1,1,'en',1),(42,'kcxwsvlkmoe3ynlw89zxqvxs','Carrying Case','power-tools/search?categoryKey=power-tools&subcategoryKey=carrying-cases','2026-02-05 10:56:41.136000','2026-03-19 08:56:12.615000','2026-03-19 08:56:12.923000',1,1,'en',2),(43,'jx2ghowlp0n4pq76xxf010y1','Cordless Drills','power-tools/search?categoryKey=power-tools&subcategoryKey=cordless-tools','2026-02-05 10:57:50.132000','2026-03-19 08:59:01.884000','2026-03-19 08:59:02.420000',1,1,'en',5),(44,'w5jlol53itgwhnof7e07b1o9','Cordless Rotary Hammers','power-tools/search?categoryKey=power-tools&subcategoryKey=rotary-hammers-demolition-hammers&page=1&limit=20&category=rotary-hammers-demolition-hammers','2026-02-05 10:56:25.760000','2026-03-19 08:59:51.177000','2026-03-19 08:59:51.641000',1,1,'en',3),(45,'gorzvqh0p60s7sm6vh2sf4dh','High Pressure Washer','power-tools/search?categoryKey=power-tools&subcategoryKey=high-pressure-washers','2026-02-05 10:57:14.368000','2026-03-19 09:00:25.117000','2026-03-19 09:00:25.470000',1,1,'en',4);

--
-- Table structure for table `power_tool_landings`
--

CREATE TABLE `power_tool_landings` (
  `id` int unsigned NOT NULL AUTO_INCREMENT,
  `document_id` varchar(255) DEFAULT NULL,
  `title` varchar(255) DEFAULT NULL,
  `main_title` longtext,
  `main_description` longtext,
  `created_at` datetime(6) DEFAULT NULL,
  `updated_at` datetime(6) DEFAULT NULL,
  `published_at` datetime(6) DEFAULT NULL,
  `created_by_id` int unsigned DEFAULT NULL,
  `updated_by_id` int unsigned DEFAULT NULL,
  `locale` varchar(255) DEFAULT NULL,
  PRIMARY KEY (`id`),
  KEY `power_tool_landings_documents_idx` (`document_id`,`locale`,`published_at`),
  KEY `power_tool_landings_created_by_id_fk` (`created_by_id`),
  KEY `power_tool_landings_updated_by_id_fk` (`updated_by_id`),
  CONSTRAINT `power_tool_landings_created_by_id_fk` FOREIGN KEY (`created_by_id`) REFERENCES `admin_users` (`id`) ON DELETE SET NULL,
  CONSTRAINT `power_tool_landings_updated_by_id_fk` FOREIGN KEY (`updated_by_id`) REFERENCES `admin_users` (`id`) ON DELETE SET NULL
) ENGINE=InnoDB AUTO_INCREMENT=19 DEFAULT CHARSET=utf8mb4 COLLATE=utf8mb4_0900_ai_ci;

--
-- Dumping data for table `power_tool_landings`
--

INSERT INTO `power_tool_landings` VALUES (1,'limjiv0szr0p1oto0nye2iun','Power Tools','<p><span style=\"white-space:pre-wrap;\">Wide Range of </span><br><span style=\"white-space:pre-wrap;\">Bosch Power Tools in UAE</span></p>','<p><span style=\"white-space:pre-wrap;\">Bosch power tools are renowned for their quality, durability, and innovative cordless technology. As the authorized distributor of Bosch Power Tools across Dubai, Sharjah, and the UAE, Central Motors &amp; Equipment (CME) offers a complete range of professional tools and accessories for every trade — making us your trusted destination for genuine Bosch products.</span></p>','2026-01-20 10:21:58.934000','2026-03-09 14:12:13.632000',NULL,1,1,'en'),(18,'limjiv0szr0p1oto0nye2iun','Power Tools','<p><span style=\"white-space:pre-wrap;\">Wide Range of </span><br><span style=\"white-space:pre-wrap;\">Bosch Power Tools in UAE</span></p>','<p><span style=\"white-space:pre-wrap;\">Bosch power tools are renowned for their quality, durability, and innovative cordless technology. As the authorized distributor of Bosch Power Tools across Dubai, Sharjah, and the UAE, Central Motors &amp; Equipment (CME) offers a complete range of professional tools and accessories for every trade — making us your trusted destination for genuine Bosch products.</span></p>','2026-01-20 10:21:58.934000','2026-03-09 14:12:13.632000','2026-03-09 14:12:14.516000',1,1,'en');

--
-- Table structure for table `power_tool_landings_cmps`
--

CREATE TABLE `power_tool_landings_cmps` (
  `id` int unsigned NOT NULL AUTO_INCREMENT,
  `entity_id` int unsigned DEFAULT NULL,
  `cmp_id` int unsigned DEFAULT NULL,
  `component_type` varchar(255) DEFAULT NULL,
  `field` varchar(255) DEFAULT NULL,
  `order` double unsigned DEFAULT NULL,
  PRIMARY KEY (`id`),
  UNIQUE KEY `power_tool_landings_uq` (`entity_id`,`cmp_id`,`field`,`component_type`),
  KEY `power_tool_landings_field_idx` (`field`),
  KEY `power_tool_landings_component_type_idx` (`component_type`),
  KEY `power_tool_landings_entity_fk` (`entity_id`),
  CONSTRAINT `power_tool_landings_entity_fk` FOREIGN KEY (`entity_id`) REFERENCES `power_tool_landings` (`id`) ON DELETE CASCADE
) ENGINE=InnoDB AUTO_INCREMENT=67 DEFAULT CHARSET=utf8mb4 COLLATE=utf8mb4_0900_ai_ci;

--
-- Dumping data for table `power_tool_landings_cmps`
--

INSERT INTO `power_tool_landings_cmps` VALUES (1,1,111,'common.banner','banner',1),(9,1,124,'common.banner','banner',2),(63,1,86,'home.content-section','socialFeeds',NULL),(64,18,193,'common.banner','banner',1),(65,18,194,'common.banner','banner',2),(66,18,87,'home.content-section','socialFeeds',NULL);

--
-- Table structure for table `power_tool_landings_location_types_lnk`
--

CREATE TABLE `power_tool_landings_location_types_lnk` (
  `id` int unsigned NOT NULL AUTO_INCREMENT,
  `power_tool_landing_id` int unsigned DEFAULT NULL,
  `branch_location_id` int unsigned DEFAULT NULL,
  `branch_location_ord` double unsigned DEFAULT NULL,
  PRIMARY KEY (`id`),
  UNIQUE KEY `power_tool_landings_location_types_lnk_uq` (`power_tool_landing_id`,`branch_location_id`),
  KEY `power_tool_landings_location_types_lnk_fk` (`power_tool_landing_id`),
  KEY `power_tool_landings_location_types_lnk_ifk` (`branch_location_id`),
  KEY `power_tool_landings_location_types_lnk_ofk` (`branch_location_ord`),
  CONSTRAINT `power_tool_landings_location_types_lnk_fk` FOREIGN KEY (`power_tool_landing_id`) REFERENCES `power_tool_landings` (`id`) ON DELETE CASCADE,
  CONSTRAINT `power_tool_landings_location_types_lnk_ifk` FOREIGN KEY (`branch_location_id`) REFERENCES `branch_locations` (`id`) ON DELETE CASCADE
) ENGINE=InnoDB AUTO_INCREMENT=48 DEFAULT CHARSET=utf8mb4 COLLATE=utf8mb4_0900_ai_ci;

--
-- Dumping data for table `power_tool_landings_location_types_lnk`
--

INSERT INTO `power_tool_landings_location_types_lnk` VALUES (16,1,23,1),(25,1,25,2),(26,1,27,3),(45,18,24,1),(46,18,26,2),(47,18,28,3);

--
-- Table structure for table `power_top_categories`
--

CREATE TABLE `power_top_categories` (
  `id` int unsigned NOT NULL AUTO_INCREMENT,
  `document_id` varchar(255) DEFAULT NULL,
  `title` varchar(255) DEFAULT NULL,
  `slug` varchar(255) DEFAULT NULL,
  `created_at` datetime(6) DEFAULT NULL,
  `updated_at` datetime(6) DEFAULT NULL,
  `published_at` datetime(6) DEFAULT NULL,
  `created_by_id` int unsigned DEFAULT NULL,
  `updated_by_id` int unsigned DEFAULT NULL,
  `locale` varchar(255) DEFAULT NULL,
  `display_order` int DEFAULT NULL,
  PRIMARY KEY (`id`),
  KEY `power_top_categories_documents_idx` (`document_id`,`locale`,`published_at`),
  KEY `power_top_categories_created_by_id_fk` (`created_by_id`),
  KEY `power_top_categories_updated_by_id_fk` (`updated_by_id`),
  CONSTRAINT `power_top_categories_created_by_id_fk` FOREIGN KEY (`created_by_id`) REFERENCES `admin_users` (`id`) ON DELETE SET NULL,
  CONSTRAINT `power_top_categories_updated_by_id_fk` FOREIGN KEY (`updated_by_id`) REFERENCES `admin_users` (`id`) ON DELETE SET NULL
) ENGINE=InnoDB AUTO_INCREMENT=31 DEFAULT CHARSET=utf8mb4 COLLATE=utf8mb4_0900_ai_ci;

--
-- Dumping data for table `power_top_categories`
--

INSERT INTO `power_top_categories` VALUES (1,'w6cj4twoggawvqsue2i3g7mo','Power Tools','/power-tools/search?categoryKey=power-tools&page=1&limit=20&category=power-tools','2026-03-06 05:41:28.228000','2026-03-09 06:44:32.960000',NULL,1,1,'en',1),(3,'ugp9u37ut5dul5b0k8t1eqeu','Measuring Technology','/power-tools/search?categoryKey=power-tools&subcategoryKey=measuring-tools&page=1&limit=20&category=measuring-tools','2026-03-06 05:42:00.483000','2026-03-09 06:44:38.702000',NULL,1,1,'en',2),(5,'e73iomy9zhh9x12bjlxlob30','Accessories','/power-tools/search?categoryKey=power-tools&subcategoryKey=electric-test&page=1&limit=20&category=electric-test','2026-03-06 05:42:22.845000','2026-03-19 05:39:33.796000',NULL,1,1,'en',3),(7,'b5315qoj84bes2hn9xb3ksbs','Outdoor & Garden','/power-tools/search?page=1&limit=12','2026-03-06 05:43:07.942000','2026-03-09 06:44:49.422000',NULL,1,1,'en',4),(9,'qxji5z6wjsdw5u2axncpr7ah','DIY','/power-tools/search?categoryKey=power-tools&subcategoryKey=corded-impact-drills-386','2026-03-06 05:43:30.695000','2026-03-09 06:45:01.606000',NULL,1,1,'en',5),(11,'kdrfnfnw6jn2z4f8mbca42cw','Dremel','/power-tools/search?categoryKey=power-tools&subcategoryKey=dremel&page=1&limit=20&category=dremel','2026-03-06 05:44:16.874000','2026-03-19 05:36:35.774000',NULL,1,1,'en',6),(23,'w6cj4twoggawvqsue2i3g7mo','Power Tools','/power-tools/search?categoryKey=power-tools&page=1&limit=20&category=power-tools','2026-03-06 05:41:28.228000','2026-03-09 06:44:32.960000','2026-03-09 06:44:33.272000',1,1,'en',1),(24,'ugp9u37ut5dul5b0k8t1eqeu','Measuring Technology','/power-tools/search?categoryKey=power-tools&subcategoryKey=measuring-tools&page=1&limit=20&category=measuring-tools','2026-03-06 05:42:00.483000','2026-03-09 06:44:38.702000','2026-03-09 06:44:39.005000',1,1,'en',2),(25,'b5315qoj84bes2hn9xb3ksbs','Outdoor & Garden','/power-tools/search?page=1&limit=12','2026-03-06 05:43:07.942000','2026-03-09 06:44:49.422000','2026-03-09 06:44:49.732000',1,1,'en',4),(26,'qxji5z6wjsdw5u2axncpr7ah','DIY','/power-tools/search?categoryKey=power-tools&subcategoryKey=corded-impact-drills-386','2026-03-06 05:43:30.695000','2026-03-09 06:45:01.606000','2026-03-09 06:45:02.140000',1,1,'en',5),(29,'kdrfnfnw6jn2z4f8mbca42cw','Dremel','/power-tools/search?categoryKey=power-tools&subcategoryKey=dremel&page=1&limit=20&category=dremel','2026-03-06 05:44:16.874000','2026-03-19 05:36:35.774000','2026-03-19 05:36:36.090000',1,1,'en',6),(30,'e73iomy9zhh9x12bjlxlob30','Accessories','/power-tools/search?categoryKey=power-tools&subcategoryKey=electric-test&page=1&limit=20&category=electric-test','2026-03-06 05:42:22.845000','2026-03-19 05:39:33.796000','2026-03-19 05:39:34.117000',1,1,'en',3);

--
-- Table structure for table `privacy_policies`
--

CREATE TABLE `privacy_policies` (
  `id` int unsigned NOT NULL AUTO_INCREMENT,
  `document_id` varchar(255) DEFAULT NULL,
  `title` varchar(255) DEFAULT NULL,
  `description` longtext,
  `created_at` datetime(6) DEFAULT NULL,
  `updated_at` datetime(6) DEFAULT NULL,
  `published_at` datetime(6) DEFAULT NULL,
  `created_by_id` int unsigned DEFAULT NULL,
  `updated_by_id` int unsigned DEFAULT NULL,
  `locale` varchar(255) DEFAULT NULL,
  PRIMARY KEY (`id`),
  KEY `privacy_policies_documents_idx` (`document_id`,`locale`,`published_at`),
  KEY `privacy_policies_created_by_id_fk` (`created_by_id`),
  KEY `privacy_policies_updated_by_id_fk` (`updated_by_id`),
  CONSTRAINT `privacy_policies_created_by_id_fk` FOREIGN KEY (`created_by_id`) REFERENCES `admin_users` (`id`) ON DELETE SET NULL,
  CONSTRAINT `privacy_policies_updated_by_id_fk` FOREIGN KEY (`updated_by_id`) REFERENCES `admin_users` (`id`) ON DELETE SET NULL
) ENGINE=InnoDB AUTO_INCREMENT=4 DEFAULT CHARSET=utf8mb4 COLLATE=utf8mb4_0900_ai_ci;

--
-- Dumping data for table `privacy_policies`
--

INSERT INTO `privacy_policies` VALUES (1,'k0xo3wbimlm7mvar8na0u9lt','Privacy Policy','<p>CME website of ALFAHIM offers the present website to its customers. By using it, the user agrees to abide by all the Terms and Conditions published on this page or on any other part of the website.</p><p>Terms and Conditions are permanently subject to change or modification, without previous notice, knowing that the entire website is under the regulations of the United Arab Emirates.</p><p>Some pages of the website related to services, features and benefits, and offers are subject to their respective Terms and Conditions, upon which the user should agree. However, in the case of contradiction between them and the general Terms and Conditions, the one relevant to services, features and benefits, and offers take effect.</p><h2>Recruitment Applications</h2><p>All vacancies will be announced on the website where the users can enter and fill in the recruitment application and provide the group with the personal information required. Whereas the group is aware of the privacy of such information, it treats all the data with high security and never discloses them to any third party except its own consultants, who abide by the group’s privacy and security agreements.</p><p>This website may include links of other suppliers and third parties for the users to benefit from their products or services.</p><p>However, the group is not responsible of the procedure the third parties adopt when requesting the users’ personal information. Therefore, we recommend you as a user review the privacy and security policy of each link you log in to. In fact, when you log in to third parties’ websites, you will not be subject/or under the security and privacy zone provided by ALFAHIM. Moreover, the group is not responsible of their websites’ content and does not represent the third parties or the user in any case even while they both deal together to perform a transaction.</p><p>The user does not have the right to copy or save any part of this website, unless it is for personal use only. In this case, he has to save the copies and keep all the copyrights signs, notes and notices as per the original pages.</p><p>The user is also forbidden to copy any part of this website on other web pages or save it on any other public or private electronic system for data collection reasons, without previous written permission from the group.</p><p>Apart from a text stating the opposite, all the trademarks, brands and slogans displayed on the website are considered of the group’s property and the user is forbidden to copy or use them, without previous written permission from the group.</p><ul><li>lorem ipsum dolor sit amet</li><li>lorem ipsum dolor sit amet</li><li>lorem ipsum dolor sit amet</li><li>lorem ipsum dolor sit amet</li></ul><ol><li>lorem ipsum dolor sit ametlorem ipsum dolor sit amet</li><li>lorem ipsum dolor sit amet</li><li>lorem ipsum dolor sit ametlorem ipsum dolor sit ametlorem ipsum dolor sit amet</li><li>lorem ipsum dolor sit ametlorem ipsum dolor sit ametlorem ipsum dolor sit amet</li><li>lorem ipsum dolor sit amet</li></ol><p>lorem ipsum dolor sit ametlorem ipsum dolor sit ametlorem ipsum dolor sit ametlorem ipsum dolor sit ametlorem ipsum dolor sit ametlorem ipsum dolor sit amet</p><p>lorem ipsum dolor sit ametlorem ipsum dolor sit ametlorem ipsum dolor sit ametlorem ipsum dolor sit ametlorem ipsum dolor sit ametlorem ipsum dolor sit amet</p><p>lorem ipsum dolor sit ametlorem ipsum dolor sit ametlorem ipsum dolor sit amet</p>','2026-04-02 05:28:43.320000','2026-04-02 05:43:35.688000',NULL,1,1,'en');

--
-- Table structure for table `privacy_policies_cmps`
--

CREATE TABLE `privacy_policies_cmps` (
  `id` int unsigned NOT NULL AUTO_INCREMENT,
  `entity_id` int unsigned DEFAULT NULL,
  `cmp_id` int unsigned DEFAULT NULL,
  `component_type` varchar(255) DEFAULT NULL,
  `field` varchar(255) DEFAULT NULL,
  `order` double unsigned DEFAULT NULL,
  PRIMARY KEY (`id`),
  UNIQUE KEY `privacy_policies_uq` (`entity_id`,`cmp_id`,`field`,`component_type`),
  KEY `privacy_policies_field_idx` (`field`),
  KEY `privacy_policies_component_type_idx` (`component_type`),
  KEY `privacy_policies_entity_fk` (`entity_id`),
  CONSTRAINT `privacy_policies_entity_fk` FOREIGN KEY (`entity_id`) REFERENCES `privacy_policies` (`id`) ON DELETE CASCADE
) ENGINE=InnoDB AUTO_INCREMENT=5 DEFAULT CHARSET=utf8mb4 COLLATE=utf8mb4_0900_ai_ci;

--
-- Dumping data for table `privacy_policies_cmps`
--

INSERT INTO `privacy_policies_cmps` VALUES (1,1,168,'common.seo','seo',NULL);

--
-- Table structure for table `product_categories`
--

CREATE TABLE `product_categories` (
  `id` int unsigned NOT NULL AUTO_INCREMENT,
  `document_id` varchar(255) DEFAULT NULL,
  `title` varchar(255) DEFAULT NULL,
  `slug` varchar(255) DEFAULT NULL,
  `created_at` datetime(6) DEFAULT NULL,
  `updated_at` datetime(6) DEFAULT NULL,
  `published_at` datetime(6) DEFAULT NULL,
  `created_by_id` int unsigned DEFAULT NULL,
  `updated_by_id` int unsigned DEFAULT NULL,
  `locale` varchar(255) DEFAULT NULL,
  `display_order` int DEFAULT NULL,
  PRIMARY KEY (`id`),
  KEY `product_categories_documents_idx` (`document_id`,`locale`,`published_at`),
  KEY `product_categories_created_by_id_fk` (`created_by_id`),
  KEY `product_categories_updated_by_id_fk` (`updated_by_id`),
  CONSTRAINT `product_categories_created_by_id_fk` FOREIGN KEY (`created_by_id`) REFERENCES `admin_users` (`id`) ON DELETE SET NULL,
  CONSTRAINT `product_categories_updated_by_id_fk` FOREIGN KEY (`updated_by_id`) REFERENCES `admin_users` (`id`) ON DELETE SET NULL
) ENGINE=InnoDB AUTO_INCREMENT=46 DEFAULT CHARSET=utf8mb4 COLLATE=utf8mb4_0900_ai_ci;

--
-- Dumping data for table `product_categories`
--

INSERT INTO `product_categories` VALUES (1,'tu05udnerlodd9kwxv8o7yjz','Passenger Vehicles','automotive-aftermarket/search?category=passenger-car-13','2026-01-20 12:13:26.783000','2026-03-09 06:52:33.779000',NULL,1,1,'en',1),(3,'y704u918i9ydtaxmfr96rawh','Commercial Vehicles ','automotive-aftermarket/search?category=light-commercial-vehicle-13','2026-01-20 18:13:28.855000','2026-03-09 06:52:49.481000',NULL,1,1,'en',2),(5,'k2shirleplau7xj4ndgz1e95','Industrial Vehicle & Marine','automotive-aftermarket/search?category=truck-13','2026-01-20 18:14:40.119000','2026-03-09 06:53:00.890000',NULL,1,1,'en',3),(7,'jptijdi6g46fr9hww6b9mji9','Workshop Test Equipment & Tools ','automotive-aftermarket/search?categoryKey=automotive&subcategoryKey=workshop-equipment-103','2026-01-20 18:15:35.914000','2026-03-31 04:40:46.465000',NULL,1,1,'en',4),(9,'jfxpfnc8fhxtgtm2s5aloqeh','Bosch Diesel Service ','automotive-aftermarket/search?category=diesel-systems-107','2026-01-20 18:16:03.695000','2026-03-09 06:54:06.078000',NULL,1,1,'en',5),(40,'tu05udnerlodd9kwxv8o7yjz','Passenger Vehicles','automotive-aftermarket/search?category=passenger-car-13','2026-01-20 12:13:26.783000','2026-03-09 06:52:33.779000','2026-03-09 06:52:34.081000',1,1,'en',1),(41,'y704u918i9ydtaxmfr96rawh','Commercial Vehicles ','automotive-aftermarket/search?category=light-commercial-vehicle-13','2026-01-20 18:13:28.855000','2026-03-09 06:52:49.481000','2026-03-09 06:52:49.783000',1,1,'en',2),(42,'k2shirleplau7xj4ndgz1e95','Industrial Vehicle & Marine','automotive-aftermarket/search?category=truck-13','2026-01-20 18:14:40.119000','2026-03-09 06:53:00.890000','2026-03-09 06:53:01.210000',1,1,'en',3),(44,'jfxpfnc8fhxtgtm2s5aloqeh','Bosch Diesel Service ','automotive-aftermarket/search?category=diesel-systems-107','2026-01-20 18:16:03.695000','2026-03-09 06:54:06.078000','2026-03-09 06:54:06.387000',1,1,'en',5),(45,'jptijdi6g46fr9hww6b9mji9','Workshop Test Equipment & Tools ','automotive-aftermarket/search?categoryKey=automotive&subcategoryKey=workshop-equipment-103','2026-01-20 18:15:35.914000','2026-03-31 04:40:46.465000','2026-03-31 04:40:46.759000',1,1,'en',4);

--
-- Table structure for table `service_categories`
--

CREATE TABLE `service_categories` (
  `id` int unsigned NOT NULL AUTO_INCREMENT,
  `document_id` varchar(255) DEFAULT NULL,
  `title` varchar(255) DEFAULT NULL,
  `slug` varchar(255) DEFAULT NULL,
  `description` longtext,
  `created_at` datetime(6) DEFAULT NULL,
  `updated_at` datetime(6) DEFAULT NULL,
  `published_at` datetime(6) DEFAULT NULL,
  `created_by_id` int unsigned DEFAULT NULL,
  `updated_by_id` int unsigned DEFAULT NULL,
  `locale` varchar(255) DEFAULT NULL,
  `header_services_sort_order` int DEFAULT NULL,
  PRIMARY KEY (`id`),
  KEY `service_categories_documents_idx` (`document_id`,`locale`,`published_at`),
  KEY `service_categories_created_by_id_fk` (`created_by_id`),
  KEY `service_categories_updated_by_id_fk` (`updated_by_id`),
  CONSTRAINT `service_categories_created_by_id_fk` FOREIGN KEY (`created_by_id`) REFERENCES `admin_users` (`id`) ON DELETE SET NULL,
  CONSTRAINT `service_categories_updated_by_id_fk` FOREIGN KEY (`updated_by_id`) REFERENCES `admin_users` (`id`) ON DELETE SET NULL
) ENGINE=InnoDB AUTO_INCREMENT=41 DEFAULT CHARSET=utf8mb4 COLLATE=utf8mb4_0900_ai_ci;

--
-- Dumping data for table `service_categories`
--

INSERT INTO `service_categories` VALUES (1,'o3lef0byy95ltwmijdu5pvj7','Automotive Aftermarket Services','automotive-aftermarket','Provide reliable maintenance, diagnostics, & parts solutions to keep your vehicle performing at its best.','2025-12-12 06:15:08.323000','2026-04-01 10:17:06.759000',NULL,1,1,'en',1),(3,'x5ph8rhtcpkc7lwp0ww5xj1v','Tyre Services','tyre','Ensure safety, performance, & longevity. From fitting & balancing to repairs and alignment, we provide expert care for passenger, commercial, & heavy-duty vehicles.','2025-12-12 07:04:23.558000','2026-04-01 10:16:17.594000',NULL,1,1,'en',2),(8,'b4axb05jyxple831e7n5ltxf','Power Tools Services','powertool','We offer comprehensive Power Tools Services, including maintenance, repairs, & diagnostics, to keep your tools operating efficiently & reliably for every task. ','2025-12-17 15:38:16.545000','2026-04-01 08:49:32.653000',NULL,1,1,'en',3),(31,'o3lef0byy95ltwmijdu5pvj7','Automotive Aftermarket Services','automotive-aftermarket','Provide reliable maintenance, diagnostics, & parts solutions to keep your vehicle performing at its best.','2026-03-13 05:15:21.868000','2026-03-13 05:15:21.868000',NULL,1,1,'ar',1),(32,'o3lef0byy95ltwmijdu5pvj7','Automotive Aftermarket Services','automotive-aftermarket','Provide reliable maintenance, diagnostics, & parts solutions to keep your vehicle performing at its best.','2026-03-13 05:15:21.868000','2026-03-13 05:15:21.868000','2026-03-13 05:15:22.419000',1,1,'ar',1),(38,'b4axb05jyxple831e7n5ltxf','Power Tools Services','powertool','We offer comprehensive Power Tools Services, including maintenance, repairs, & diagnostics, to keep your tools operating efficiently & reliably for every task. ','2025-12-17 15:38:16.545000','2026-04-01 08:49:32.653000','2026-04-01 08:49:33.821000',1,1,'en',3),(39,'x5ph8rhtcpkc7lwp0ww5xj1v','Tyre Services','tyre','Ensure safety, performance, & longevity. From fitting & balancing to repairs and alignment, we provide expert care for passenger, commercial, & heavy-duty vehicles.','2025-12-12 07:04:23.558000','2026-04-01 10:16:17.594000','2026-04-01 10:16:18.490000',1,1,'en',2),(40,'o3lef0byy95ltwmijdu5pvj7','Automotive Aftermarket Services','automotive-aftermarket','Provide reliable maintenance, diagnostics, & parts solutions to keep your vehicle performing at its best.','2025-12-12 06:15:08.323000','2026-04-01 10:17:06.759000','2026-04-01 10:17:07.636000',1,1,'en',1);

--
-- Table structure for table `service_categories_cmps`
--

CREATE TABLE `service_categories_cmps` (
  `id` int unsigned NOT NULL AUTO_INCREMENT,
  `entity_id` int unsigned DEFAULT NULL,
  `cmp_id` int unsigned DEFAULT NULL,
  `component_type` varchar(255) DEFAULT NULL,
  `field` varchar(255) DEFAULT NULL,
  `order` double unsigned DEFAULT NULL,
  PRIMARY KEY (`id`),
  UNIQUE KEY `service_categories_uq` (`entity_id`,`cmp_id`,`field`,`component_type`),
  KEY `service_categories_field_idx` (`field`),
  KEY `service_categories_component_type_idx` (`component_type`),
  KEY `service_categories_entity_fk` (`entity_id`),
  CONSTRAINT `service_categories_entity_fk` FOREIGN KEY (`entity_id`) REFERENCES `service_categories` (`id`) ON DELETE CASCADE
) ENGINE=InnoDB AUTO_INCREMENT=77 DEFAULT CHARSET=utf8mb4 COLLATE=utf8mb4_0900_ai_ci;

--
-- Dumping data for table `service_categories_cmps`
--

INSERT INTO `service_categories_cmps` VALUES (1,3,59,'common.banner','banner',1),(4,3,18,'common.title-with-desc','servicesList',1),(15,8,90,'common.seo','seo',3),(35,31,328,'common.title-with-desc','servicesList',NULL),(36,31,131,'common.seo','seo',NULL),(37,32,329,'common.title-with-desc','servicesList',NULL),(38,32,132,'common.seo','seo',NULL),(39,1,258,'common.banner','banner',1),(40,1,379,'common.title-with-desc','servicesList',2),(43,8,260,'common.banner','banner',1),(44,8,381,'common.title-with-desc','servicesList',2),(66,38,265,'common.banner','banner',1),(67,38,386,'common.title-with-desc','servicesList',NULL),(68,38,157,'common.seo','seo',NULL),(71,39,300,'common.banner','banner',1),(72,39,402,'common.title-with-desc','servicesList',NULL),(75,40,301,'common.banner','banner',1),(76,40,403,'common.title-with-desc','servicesList',NULL);

--
-- Table structure for table `service_category_types`
--

CREATE TABLE `service_category_types` (
  `id` int unsigned NOT NULL AUTO_INCREMENT,
  `document_id` varchar(255) DEFAULT NULL,
  `title` varchar(255) DEFAULT NULL,
  `slug` varchar(255) DEFAULT NULL,
  `created_at` datetime(6) DEFAULT NULL,
  `updated_at` datetime(6) DEFAULT NULL,
  `published_at` datetime(6) DEFAULT NULL,
  `created_by_id` int unsigned DEFAULT NULL,
  `updated_by_id` int unsigned DEFAULT NULL,
  `locale` varchar(255) DEFAULT NULL,
  `display_order` int DEFAULT NULL,
  PRIMARY KEY (`id`),
  KEY `service_category_types_documents_idx` (`document_id`,`locale`,`published_at`),
  KEY `service_category_types_created_by_id_fk` (`created_by_id`),
  KEY `service_category_types_updated_by_id_fk` (`updated_by_id`),
  CONSTRAINT `service_category_types_created_by_id_fk` FOREIGN KEY (`created_by_id`) REFERENCES `admin_users` (`id`) ON DELETE SET NULL,
  CONSTRAINT `service_category_types_updated_by_id_fk` FOREIGN KEY (`updated_by_id`) REFERENCES `admin_users` (`id`) ON DELETE SET NULL
) ENGINE=InnoDB AUTO_INCREMENT=35 DEFAULT CHARSET=utf8mb4 COLLATE=utf8mb4_0900_ai_ci;

--
-- Dumping data for table `service_category_types`
--

INSERT INTO `service_category_types` VALUES (1,'ij2obeqnotbo0ecuaaj31kdb','Passenger Vehicle','automotive-aftermarket/search?category=passenger-car-13','2026-01-20 12:15:31.677000','2026-03-09 06:54:53.152000',NULL,1,1,'en',1),(3,'pjar1kf9go5k9135zsqoqb5x','Batteries ','automotive-aftermarket/search?category=batteries-107','2026-01-20 18:16:39.651000','2026-03-09 06:57:41.439000',NULL,1,1,'en',2),(5,'zcep3z9x0lpdnkomn85lrzho','Workshop Test Equipment & Tools ','automotive-aftermarket/search?categoryKey=automotive&subcategoryKey=workshop-equipment-103','2026-01-20 18:17:26.467000','2026-03-31 04:39:39.970000',NULL,1,1,'en',4),(7,'zep4w6vz4nk6bpdqhs5qe6y9','Industrial Vehicles ','automotive-aftermarket/search?category=truck-13','2026-01-20 18:18:05.740000','2026-03-09 06:57:33.946000',NULL,1,1,'en',3),(9,'j6tiv8i5lv8tmnhga5l2x2bl','Bosch Diesel Service ','automotive-aftermarket/search?category=diesel-systems-107','2026-01-20 18:18:29.035000','2026-03-31 04:40:32.296000',NULL,1,1,'en',5),(25,'ij2obeqnotbo0ecuaaj31kdb','Passenger Vehicle','automotive-aftermarket/search?category=passenger-car-13','2026-01-20 12:15:31.677000','2026-03-09 06:54:53.152000','2026-03-09 06:54:53.451000',1,1,'en',1),(31,'zep4w6vz4nk6bpdqhs5qe6y9','Industrial Vehicles ','automotive-aftermarket/search?category=truck-13','2026-01-20 18:18:05.740000','2026-03-09 06:57:33.946000','2026-03-09 06:57:34.250000',1,1,'en',3),(32,'pjar1kf9go5k9135zsqoqb5x','Batteries ','automotive-aftermarket/search?category=batteries-107','2026-01-20 18:16:39.651000','2026-03-09 06:57:41.439000','2026-03-09 06:57:41.747000',1,1,'en',2),(33,'zcep3z9x0lpdnkomn85lrzho','Workshop Test Equipment & Tools ','automotive-aftermarket/search?categoryKey=automotive&subcategoryKey=workshop-equipment-103','2026-01-20 18:17:26.467000','2026-03-31 04:39:39.970000','2026-03-31 04:39:40.302000',1,1,'en',4),(34,'j6tiv8i5lv8tmnhga5l2x2bl','Bosch Diesel Service ','automotive-aftermarket/search?category=diesel-systems-107','2026-01-20 18:18:29.035000','2026-03-31 04:40:32.296000','2026-03-31 04:40:32.586000',1,1,'en',5);

--
-- Table structure for table `service_landings`
--

CREATE TABLE `service_landings` (
  `id` int unsigned NOT NULL AUTO_INCREMENT,
  `document_id` varchar(255) DEFAULT NULL,
  `service_heading` longtext,
  `description` longtext,
  `created_at` datetime(6) DEFAULT NULL,
  `updated_at` datetime(6) DEFAULT NULL,
  `published_at` datetime(6) DEFAULT NULL,
  `created_by_id` int unsigned DEFAULT NULL,
  `updated_by_id` int unsigned DEFAULT NULL,
  `locale` varchar(255) DEFAULT NULL,
  PRIMARY KEY (`id`),
  KEY `service_landings_documents_idx` (`document_id`,`locale`,`published_at`),
  KEY `service_landings_created_by_id_fk` (`created_by_id`),
  KEY `service_landings_updated_by_id_fk` (`updated_by_id`),
  CONSTRAINT `service_landings_created_by_id_fk` FOREIGN KEY (`created_by_id`) REFERENCES `admin_users` (`id`) ON DELETE SET NULL,
  CONSTRAINT `service_landings_updated_by_id_fk` FOREIGN KEY (`updated_by_id`) REFERENCES `admin_users` (`id`) ON DELETE SET NULL
) ENGINE=InnoDB AUTO_INCREMENT=17 DEFAULT CHARSET=utf8mb4 COLLATE=utf8mb4_0900_ai_ci;

--
-- Dumping data for table `service_landings`
--

INSERT INTO `service_landings` VALUES (1,'jlubt3a23khvmr4905tupkyy','Expert Auto & Equipment Services, All in One Place','<p>We specialize in delivering expert solutions across three key service areas: Automotive Aftermarket Services, Tyre Services, and Power Tools Services. Whether you\'re maintaining a personal vehicle, managing a fleet, or keeping your tools in top condition, our team is here to ensure performance, safety, and reliability at every turn.</p><p>With a commitment to quality, precision, and customer satisfaction, we bring industry-leading expertise and technology to every job. From diagnostics and repairs to tyre fitting and balancing, and even power tool calibration and servicing – we\'ve got you covered.</p>','2025-12-12 13:05:54.447000','2026-03-09 10:00:45.263000',NULL,1,1,'en'),(3,'jlubt3a23khvmr4905tupkyy','Expert Auto & Equipment Services, All in One Place','<p>We specialize in delivering expert solutions across three key service areas: Automotive Aftermarket Services, Tyre Services, and Power Tools Services. Whether you\'re maintaining a personal vehicle, managing a fleet, or keeping your tools in top condition, our team is here to ensure performance, safety, and reliability at every turn.</p><p>With a commitment to quality, precision, and customer satisfaction, we bring industry-leading expertise and technology to every job. From diagnostics and repairs to tyre fitting and balancing, and even power tool calibration and servicing – we\'ve got you covered.</p>','2025-12-14 06:28:59.949000','2026-03-13 05:16:04.705000',NULL,1,1,'ar'),(15,'jlubt3a23khvmr4905tupkyy','Expert Auto & Equipment Services, All in One Place','<p>We specialize in delivering expert solutions across three key service areas: Automotive Aftermarket Services, Tyre Services, and Power Tools Services. Whether you\'re maintaining a personal vehicle, managing a fleet, or keeping your tools in top condition, our team is here to ensure performance, safety, and reliability at every turn.</p><p>With a commitment to quality, precision, and customer satisfaction, we bring industry-leading expertise and technology to every job. From diagnostics and repairs to tyre fitting and balancing, and even power tool calibration and servicing – we\'ve got you covered.</p>','2025-12-12 13:05:54.447000','2026-03-09 10:00:45.263000','2026-03-09 10:00:46.413000',1,1,'en'),(16,'jlubt3a23khvmr4905tupkyy','Expert Auto & Equipment Services, All in One Place','<p>We specialize in delivering expert solutions across three key service areas: Automotive Aftermarket Services, Tyre Services, and Power Tools Services. Whether you\'re maintaining a personal vehicle, managing a fleet, or keeping your tools in top condition, our team is here to ensure performance, safety, and reliability at every turn.</p><p>With a commitment to quality, precision, and customer satisfaction, we bring industry-leading expertise and technology to every job. From diagnostics and repairs to tyre fitting and balancing, and even power tool calibration and servicing – we\'ve got you covered.</p>','2025-12-14 06:28:59.949000','2026-03-13 05:16:04.705000','2026-03-13 05:16:05.759000',1,1,'ar');

--
-- Table structure for table `service_landings_cmps`
--

CREATE TABLE `service_landings_cmps` (
  `id` int unsigned NOT NULL AUTO_INCREMENT,
  `entity_id` int unsigned DEFAULT NULL,
  `cmp_id` int unsigned DEFAULT NULL,
  `component_type` varchar(255) DEFAULT NULL,
  `field` varchar(255) DEFAULT NULL,
  `order` double unsigned DEFAULT NULL,
  PRIMARY KEY (`id`),
  UNIQUE KEY `service_landings_uq` (`entity_id`,`cmp_id`,`field`,`component_type`),
  KEY `service_landings_field_idx` (`field`),
  KEY `service_landings_component_type_idx` (`component_type`),
  KEY `service_landings_entity_fk` (`entity_id`),
  CONSTRAINT `service_landings_entity_fk` FOREIGN KEY (`entity_id`) REFERENCES `service_landings` (`id`) ON DELETE CASCADE
) ENGINE=InnoDB AUTO_INCREMENT=79 DEFAULT CHARSET=utf8mb4 COLLATE=utf8mb4_0900_ai_ci;

--
-- Dumping data for table `service_landings_cmps`
--

INSERT INTO `service_landings_cmps` VALUES (1,1,26,'common.banner','banner',3),(6,1,1,'service-landing.service-locations','serviceLocations',1),(14,1,4,'service-landing.service-locations','serviceLocations',2),(64,1,72,'common.seo','seo',1),(67,15,177,'common.banner','banner',1),(68,15,73,'common.seo','seo',NULL),(69,15,23,'service-landing.service-locations','serviceLocations',1),(70,15,24,'service-landing.service-locations','serviceLocations',2),(71,3,227,'common.banner','banner',2),(72,3,133,'common.seo','seo',1),(73,3,25,'service-landing.service-locations','serviceLocations',1),(74,3,26,'service-landing.service-locations','serviceLocations',2),(75,16,228,'common.banner','banner',1),(76,16,134,'common.seo','seo',NULL),(77,16,27,'service-landing.service-locations','serviceLocations',1),(78,16,28,'service-landing.service-locations','serviceLocations',2);

--
-- Table structure for table `service_landings_location_types_lnk`
--

CREATE TABLE `service_landings_location_types_lnk` (
  `id` int unsigned NOT NULL AUTO_INCREMENT,
  `service_landing_id` int unsigned DEFAULT NULL,
  `branch_location_id` int unsigned DEFAULT NULL,
  `branch_location_ord` double unsigned DEFAULT NULL,
  PRIMARY KEY (`id`),
  UNIQUE KEY `service_landings_location_types_lnk_uq` (`service_landing_id`,`branch_location_id`),
  KEY `service_landings_location_types_lnk_fk` (`service_landing_id`),
  KEY `service_landings_location_types_lnk_ifk` (`branch_location_id`),
  KEY `service_landings_location_types_lnk_ofk` (`branch_location_ord`),
  CONSTRAINT `service_landings_location_types_lnk_fk` FOREIGN KEY (`service_landing_id`) REFERENCES `service_landings` (`id`) ON DELETE CASCADE,
  CONSTRAINT `service_landings_location_types_lnk_ifk` FOREIGN KEY (`branch_location_id`) REFERENCES `branch_locations` (`id`) ON DELETE CASCADE
) ENGINE=InnoDB AUTO_INCREMENT=7 DEFAULT CHARSET=utf8mb4 COLLATE=utf8mb4_0900_ai_ci;

--
-- Dumping data for table `service_landings_location_types_lnk`
--

INSERT INTO `service_landings_location_types_lnk` VALUES (1,1,1,1),(2,1,4,2),(5,15,3,1),(6,15,6,2);

--
-- Table structure for table `services`
--

CREATE TABLE `services` (
  `id` int unsigned NOT NULL AUTO_INCREMENT,
  `document_id` varchar(255) DEFAULT NULL,
  `title` varchar(255) DEFAULT NULL,
  `slug` varchar(255) DEFAULT NULL,
  `created_at` datetime(6) DEFAULT NULL,
  `updated_at` datetime(6) DEFAULT NULL,
  `published_at` datetime(6) DEFAULT NULL,
  `created_by_id` int unsigned DEFAULT NULL,
  `updated_by_id` int unsigned DEFAULT NULL,
  `locale` varchar(255) DEFAULT NULL,
  `list_desc` longtext,
  `show_book_service_form` tinyint(1) DEFAULT NULL,
  `show_mobile_service_form` tinyint(1) DEFAULT NULL,
  `header_service_sort_order` int DEFAULT NULL,
  PRIMARY KEY (`id`),
  KEY `services_documents_idx` (`document_id`,`locale`,`published_at`),
  KEY `services_created_by_id_fk` (`created_by_id`),
  KEY `services_updated_by_id_fk` (`updated_by_id`),
  CONSTRAINT `services_created_by_id_fk` FOREIGN KEY (`created_by_id`) REFERENCES `admin_users` (`id`) ON DELETE SET NULL,
  CONSTRAINT `services_updated_by_id_fk` FOREIGN KEY (`updated_by_id`) REFERENCES `admin_users` (`id`) ON DELETE SET NULL
) ENGINE=InnoDB AUTO_INCREMENT=287 DEFAULT CHARSET=utf8mb4 COLLATE=utf8mb4_0900_ai_ci;

--
-- Dumping data for table `services`
--

INSERT INTO `services` VALUES (1,'g18oof4nka4jou664eq4fy0e','Spare Parts','spare-parts','2025-12-12 06:14:34.619000','2026-04-01 10:31:35.102000',NULL,1,1,'en','Bosch offers you the appropriate spare parts for your tools, such as angle grinders or drills: from the armature, to the carbon brushes, through to the batteries and chargers.',NULL,NULL,NULL),(5,'padhr29nknzix7og066ybt5x','Tyre Repair','tyre-repair','2025-12-12 08:58:03.156000','2026-04-01 08:59:56.340000',NULL,1,1,'en','At CME Alfahim, we offer comprehensive tyre repair solutions for passenger, commercial, and heavy-duty vehicles.',1,1,1),(7,'rar5hdd51s37ji0k5p2qyh9r','Spare Parts Service','spare-parts-services','2025-12-12 08:58:31.818000','2026-04-08 09:08:31.853000',NULL,1,1,'en','Bosch offers you the appropriate spare parts for your tools, such as angle grinders or drills: from the armature, to the carbon brushes, through to the batteries and chargers.',1,NULL,1),(27,'neqskd16ndcmmi3pmsoymg7w','Brake Pads','brake-pads','2025-12-21 09:02:27.135000','2026-04-01 08:57:34.152000',NULL,1,1,'en','Brake safety is critical, and CME Alfahim’s expert technicians provide thorough inspections and timely replacement of brake pads.',1,0,2),(29,'w0axm3hwjk6c18n3ih1ozmql','Tyre Rotation','tyre-rotation','2025-12-21 09:03:17.068000','2026-04-01 10:33:53.919000',NULL,1,1,'en','Tyre rotation is a simple yet effective way to extend the life of your tyres and ensure even wear. By moving tyres from one position to another, we balance wear patterns and reduce stress on individual tyres.',1,1,4),(31,'adc29g15x63wxbq22awojzno','Oil Change','oil-change','2025-12-21 09:04:35.176000','2026-04-01 10:30:45.866000',NULL,1,1,'en','Oil is the lifeblood of your car\'s engine, playing a crucial role in its performance and longevity. It lubricates engine parts, reduces friction, and helps dissipate heat, ensuring smooth operation',1,1,3),(36,'ql0tp5nnlmk95jg8x1mao3pm','Callibration Service','calibration','2026-01-22 09:48:26.624000','2026-04-08 09:09:29.713000',NULL,1,1,'en','Our calibration services:\n\nCleaning the tool\nChecking the measuring accuracy\nIf required: Adjusting of the tool\nDocumenting all measured values',1,NULL,2),(82,'yxrw888gc89ht9zwlfwa8js3','Bosch Car Service','bosch-car-service','2026-03-11 11:21:12.735000','2026-04-02 07:18:17.060000',NULL,1,1,'en','Workshop solutions for the future. For professional service on modern vehicles, Bosch provides test and workshop equipment, software and expertise perfectly coordinated from a single source.',1,NULL,1),(99,'q5mbbvo7m4ds5r1tv4asgtqf','Bosch Diesel Service','bosch-diesel-service','2026-03-11 13:09:41.051000','2026-04-02 07:18:36.587000',NULL,1,1,'en','A wide range of services, partners of the Bosch network can benefit from access to all of Bosch’s knowledge, technological expertise and comprehensive practical experience from decades of workshop support. What we offer:',1,NULL,2),(105,'s09m8y34xek7obkn7evd33xj','Workshop Test Equipment Services','workshop-test-equipment-services','2026-03-11 13:29:24.675000','2026-04-02 07:18:58.303000',NULL,1,1,'en','Central Motors & Equipment brings the latest state-of-the-art workshop equipment services',1,NULL,3),(135,'wgckx3k125zray0hj1d742zr','Wheel Alignment','wheel-alignment','2026-03-12 06:11:27.809000','2026-04-01 10:34:34.126000',NULL,1,1,'en','At CME, our expert technicians use advanced equipment to adjust your wheels to manufacturer specs, ensuring smooth and safe driving',1,0,5),(172,'p917w95opaix2r5qrhh1w6sy','Nitrogen Inflation','nitrogen-inflation','2026-03-12 09:17:53.087000','2026-04-01 10:30:01.358000',NULL,1,1,'en','Tyre inflation is undoubtedly a key element in ensuring tyre longevity. The pressure recommended by the manufacturers is different for each vehicle and must be scrupulously respected for your safety',1,0,7),(179,'rpldpoo2plpfl7d6ff7izski','Tyre Change and Balancing / Tyre Replacement','tyre-change-balancing-replacement','2026-03-12 09:38:06.789000','2026-04-01 10:32:43.722000',NULL,1,1,'en','Proper tyre fitting and balancing are crucial for your vehicle\'s maintenance. Poorly fitted tyres can lead to a rough, uneven, and potentially unsafe ride. When fitting new tyres, make sure they\'re mounted correctly, are the right type for your vehicle, and are balanced accurately to ensure a smooth, safe drive and extend tyre lifespan.',1,1,6),(180,'hu8h55oswweuqxqu25d2b8cf','AC Maintenance','ac-maintenance','2026-03-12 09:45:41.292000','2026-04-01 10:25:17.781000',NULL,1,1,'en','Maintaining your vehicle\'s air conditioning system is crucial for a comfortable driving experience, particularly during extreme temperatures. The AC system not only regulates temperature but also controls humidity, contributing to a healthier in-cab environment',1,0,8),(202,'q5mbbvo7m4ds5r1tv4asgtqf','Bosch Diesel Service','bosch-diesel-service','2026-03-13 05:14:17.482000','2026-03-13 05:14:17.482000',NULL,1,1,'ar','Brake safety is critical, and CME Alfahim’s expert technicians provide thorough inspections and timely replacement of brake pads.',1,NULL,2),(203,'q5mbbvo7m4ds5r1tv4asgtqf','Bosch Diesel Service','bosch-diesel-service','2026-03-13 05:14:17.482000','2026-03-13 05:14:17.482000','2026-03-13 05:14:18.448000',1,1,'ar','Brake safety is critical, and CME Alfahim’s expert technicians provide thorough inspections and timely replacement of brake pads.',1,NULL,2),(241,'op8tlp3ajr50zwn0gok51mty',' Battery Replacement','battery-replacement','2026-03-30 15:29:06.120000','2026-04-01 10:23:55.698000',NULL,1,1,'en','Dead battery got you stuck?  Need a reliable car battery replacement in the UAE? CME TyrePlushas you covered! We offer fast, affordable, and top-notch battery replacement services across Dubai, Abu Dhabi, and the UAE. Our pros will come to you –whether you\'re at home, work, or stranded. Get back on the road pronto!',1,1,9),(259,'neqskd16ndcmmi3pmsoymg7w','Brake Pads','brake-pads','2025-12-21 09:02:27.135000','2026-04-01 08:57:34.152000','2026-04-01 08:57:36.276000',1,1,'en','Brake safety is critical, and CME Alfahim’s expert technicians provide thorough inspections and timely replacement of brake pads.',1,0,2),(264,'padhr29nknzix7og066ybt5x','Tyre Repair','tyre-repair','2025-12-12 08:58:03.156000','2026-04-01 08:59:56.340000','2026-04-01 08:59:58.692000',1,1,'en','At CME Alfahim, we offer comprehensive tyre repair solutions for passenger, commercial, and heavy-duty vehicles.',1,1,1),(267,'op8tlp3ajr50zwn0gok51mty',' Battery Replacement','battery-replacement','2026-03-30 15:29:06.120000','2026-04-01 10:23:55.698000','2026-04-01 10:23:57.489000',1,1,'en','Dead battery got you stuck?  Need a reliable car battery replacement in the UAE? CME TyrePlushas you covered! We offer fast, affordable, and top-notch battery replacement services across Dubai, Abu Dhabi, and the UAE. Our pros will come to you –whether you\'re at home, work, or stranded. Get back on the road pronto!',1,1,9),(268,'hu8h55oswweuqxqu25d2b8cf','AC Maintenance','ac-maintenance','2026-03-12 09:45:41.292000','2026-04-01 10:25:17.781000','2026-04-01 10:25:19.317000',1,1,'en','Maintaining your vehicle\'s air conditioning system is crucial for a comfortable driving experience, particularly during extreme temperatures. The AC system not only regulates temperature but also controls humidity, contributing to a healthier in-cab environment',1,0,8),(272,'p917w95opaix2r5qrhh1w6sy','Nitrogen Inflation','nitrogen-inflation','2026-03-12 09:17:53.087000','2026-04-01 10:30:01.358000','2026-04-01 10:30:04.842000',1,1,'en','Tyre inflation is undoubtedly a key element in ensuring tyre longevity. The pressure recommended by the manufacturers is different for each vehicle and must be scrupulously respected for your safety',1,0,7),(273,'adc29g15x63wxbq22awojzno','Oil Change','oil-change','2025-12-21 09:04:35.176000','2026-04-01 10:30:45.866000','2026-04-01 10:30:47.669000',1,1,'en','Oil is the lifeblood of your car\'s engine, playing a crucial role in its performance and longevity. It lubricates engine parts, reduces friction, and helps dissipate heat, ensuring smooth operation',1,1,3),(276,'rpldpoo2plpfl7d6ff7izski','Tyre Change and Balancing / Tyre Replacement','tyre-change-balancing-replacement','2026-03-12 09:38:06.789000','2026-04-01 10:32:43.722000','2026-04-01 10:32:45.895000',1,1,'en','Proper tyre fitting and balancing are crucial for your vehicle\'s maintenance. Poorly fitted tyres can lead to a rough, uneven, and potentially unsafe ride. When fitting new tyres, make sure they\'re mounted correctly, are the right type for your vehicle, and are balanced accurately to ensure a smooth, safe drive and extend tyre lifespan.',1,1,6),(277,'w0axm3hwjk6c18n3ih1ozmql','Tyre Rotation','tyre-rotation','2025-12-21 09:03:17.068000','2026-04-01 10:33:53.919000','2026-04-01 10:33:55.392000',1,1,'en','Tyre rotation is a simple yet effective way to extend the life of your tyres and ensure even wear. By moving tyres from one position to another, we balance wear patterns and reduce stress on individual tyres.',1,1,4),(278,'wgckx3k125zray0hj1d742zr','Wheel Alignment','wheel-alignment','2026-03-12 06:11:27.809000','2026-04-01 10:34:34.126000','2026-04-01 10:34:36.052000',1,1,'en','At CME, our expert technicians use advanced equipment to adjust your wheels to manufacturer specs, ensuring smooth and safe driving',1,0,5),(280,'yxrw888gc89ht9zwlfwa8js3','Bosch Car Service','bosch-car-service','2026-03-11 11:21:12.735000','2026-04-02 07:18:17.060000','2026-04-02 07:18:18.584000',1,1,'en','Workshop solutions for the future. For professional service on modern vehicles, Bosch provides test and workshop equipment, software and expertise perfectly coordinated from a single source.',1,NULL,1),(281,'q5mbbvo7m4ds5r1tv4asgtqf','Bosch Diesel Service','bosch-diesel-service','2026-03-11 13:09:41.051000','2026-04-02 07:18:36.587000','2026-04-02 07:18:38.359000',1,1,'en','A wide range of services, partners of the Bosch network can benefit from access to all of Bosch’s knowledge, technological expertise and comprehensive practical experience from decades of workshop support. What we offer:',1,NULL,2),(282,'s09m8y34xek7obkn7evd33xj','Workshop Test Equipment Services','workshop-test-equipment-services','2026-03-11 13:29:24.675000','2026-04-02 07:18:58.303000','2026-04-02 07:18:59.713000',1,1,'en','Central Motors & Equipment brings the latest state-of-the-art workshop equipment services',1,NULL,3),(285,'rar5hdd51s37ji0k5p2qyh9r','Spare Parts Service','spare-parts-services','2025-12-12 08:58:31.818000','2026-04-08 09:08:31.853000','2026-04-08 09:08:33.250000',1,1,'en','Bosch offers you the appropriate spare parts for your tools, such as angle grinders or drills: from the armature, to the carbon brushes, through to the batteries and chargers.',1,NULL,1),(286,'ql0tp5nnlmk95jg8x1mao3pm','Callibration Service','calibration','2026-01-22 09:48:26.624000','2026-04-08 09:09:29.713000','2026-04-08 09:09:31.124000',1,1,'en','Our calibration services:\n\nCleaning the tool\nChecking the measuring accuracy\nIf required: Adjusting of the tool\nDocumenting all measured values',1,NULL,2);

--
-- Table structure for table `services_cmps`
--

CREATE TABLE `services_cmps` (
  `id` int unsigned NOT NULL AUTO_INCREMENT,
  `entity_id` int unsigned DEFAULT NULL,
  `cmp_id` int unsigned DEFAULT NULL,
  `component_type` varchar(255) DEFAULT NULL,
  `field` varchar(255) DEFAULT NULL,
  `order` double unsigned DEFAULT NULL,
  PRIMARY KEY (`id`),
  UNIQUE KEY `services_uq` (`entity_id`,`cmp_id`,`field`,`component_type`),
  KEY `services_field_idx` (`field`),
  KEY `services_component_type_idx` (`component_type`),
  KEY `services_entity_fk` (`entity_id`),
  CONSTRAINT `services_entity_fk` FOREIGN KEY (`entity_id`) REFERENCES `services` (`id`) ON DELETE CASCADE
) ENGINE=InnoDB AUTO_INCREMENT=4210 DEFAULT CHARSET=utf8mb4 COLLATE=utf8mb4_0900_ai_ci;

--
-- Dumping data for table `services_cmps`
--

INSERT INTO `services_cmps` VALUES (6,5,1,'common.title-with-desc','trustedPartner',15),(7,5,1,'common.content-block','aboutBlock',14),(50,5,9,'common.content-block','tyreRepairMatters',13),(59,5,1,'common.locations','locations',12),(70,5,1,'common.faq','faq',11),(89,27,24,'common.title-with-desc','trustedPartner',10),(105,36,141,'common.banner','banner',2),(108,36,32,'common.title-with-desc','trustedPartner',9),(109,36,20,'common.content-block','aboutBlock',1),(158,5,84,'common.seo','seo',10),(170,5,115,'common.link-item','breadCrumb',1),(171,5,116,'common.link-item','breadCrumb',2),(242,5,123,'common.link-item','breadCrumb',3),(482,5,17,'common.title-desc','bookService',8),(483,5,18,'common.title-desc','mobileService',9),(745,29,37,'common.title-desc','bookService',1),(746,29,38,'common.title-desc','mobileService',9),(893,29,184,'common.link-item','breadCrumb',1),(894,29,185,'common.link-item','breadCrumb',2),(895,29,186,'common.link-item','breadCrumb',3),(896,29,187,'common.link-item','breadCrumb',4),(912,5,192,'common.link-item','breadCrumb',4),(935,82,197,'common.link-item','breadCrumb',1),(936,82,198,'common.link-item','breadCrumb',2),(937,82,199,'common.link-item','breadCrumb',3),(938,82,200,'common.link-item','breadCrumb',4),(951,82,67,'common.title-desc','bookService',7),(952,82,68,'common.title-desc','mobileService',8),(1177,99,265,'common.link-item','breadCrumb',1),(1178,99,266,'common.link-item','breadCrumb',2),(1179,99,267,'common.link-item','breadCrumb',3),(1180,99,268,'common.link-item','breadCrumb',4),(1183,99,99,'common.title-desc','bookService',7),(1184,99,100,'common.title-desc','mobileService',8),(1229,105,281,'common.link-item','breadCrumb',1),(1230,105,282,'common.link-item','breadCrumb',2),(1231,105,283,'common.link-item','breadCrumb',3),(1232,105,284,'common.link-item','breadCrumb',4),(1234,105,107,'common.title-desc','bookService',7),(1235,105,108,'common.title-desc','mobileService',8),(1564,135,357,'common.link-item','breadCrumb',1),(1565,135,358,'common.link-item','breadCrumb',2),(1566,135,359,'common.link-item','breadCrumb',3),(1567,135,360,'common.link-item','breadCrumb',4),(1571,135,145,'common.title-desc','bookService',8),(1572,135,146,'common.title-desc','mobileService',9),(1768,31,165,'common.title-desc','bookService',8),(1769,31,166,'common.title-desc','mobileService',9),(1793,27,393,'common.link-item','breadCrumb',1),(1794,27,394,'common.link-item','breadCrumb',2),(1795,27,395,'common.link-item','breadCrumb',3),(1796,27,396,'common.link-item','breadCrumb',4),(1842,27,171,'common.title-desc','bookService',8),(1843,27,172,'common.title-desc','mobileService',9),(2001,172,449,'common.link-item','breadCrumb',1),(2002,172,450,'common.link-item','breadCrumb',2),(2003,172,451,'common.link-item','breadCrumb',3),(2004,172,452,'common.link-item','breadCrumb',4),(2008,172,193,'common.title-desc','bookService',1),(2009,172,194,'common.title-desc','mobileService',14),(2170,179,477,'common.link-item','breadCrumb',1),(2171,179,478,'common.link-item','breadCrumb',2),(2172,179,479,'common.link-item','breadCrumb',3),(2173,179,480,'common.link-item','breadCrumb',4),(2182,179,207,'common.title-desc','bookService',1),(2183,179,208,'common.title-desc','mobileService',13),(2184,180,481,'common.link-item','breadCrumb',1),(2185,180,482,'common.link-item','breadCrumb',2),(2186,180,483,'common.link-item','breadCrumb',3),(2187,180,484,'common.link-item','breadCrumb',4),(2196,180,209,'common.title-desc','bookService',1),(2197,180,210,'common.title-desc','mobileService',12),(2678,202,569,'common.link-item','breadCrumb',1),(2679,202,570,'common.link-item','breadCrumb',2),(2680,202,571,'common.link-item','breadCrumb',3),(2681,202,572,'common.link-item','breadCrumb',4),(2682,202,168,'common.content-block','serviceContent',1),(2683,202,256,'common.content-block-variant','serviceContent',2),(2684,202,129,'common.seo','seo',NULL),(2685,202,253,'common.title-desc','bookService',NULL),(2686,202,254,'common.title-desc','mobileService',NULL),(2687,203,573,'common.link-item','breadCrumb',1),(2688,203,574,'common.link-item','breadCrumb',2),(2689,203,575,'common.link-item','breadCrumb',3),(2690,203,576,'common.link-item','breadCrumb',4),(2691,203,169,'common.content-block','serviceContent',1),(2692,203,257,'common.content-block-variant','serviceContent',2),(2693,203,130,'common.seo','seo',NULL),(2694,203,255,'common.title-desc','bookService',NULL),(2695,203,256,'common.title-desc','mobileService',NULL),(2858,31,613,'common.link-item','breadCrumb',1),(2859,31,614,'common.link-item','breadCrumb',2),(2860,31,615,'common.link-item','breadCrumb',3),(2861,31,616,'common.link-item','breadCrumb',4),(3184,7,241,'common.banner','banner',1),(3185,7,681,'common.link-item','breadCrumb',1),(3186,7,682,'common.link-item','breadCrumb',2),(3187,7,683,'common.link-item','breadCrumb',3),(3188,7,684,'common.link-item','breadCrumb',4),(3233,36,701,'common.link-item','breadCrumb',1),(3234,36,702,'common.link-item','breadCrumb',2),(3235,36,703,'common.link-item','breadCrumb',3),(3236,36,704,'common.link-item','breadCrumb',4),(3388,241,739,'common.link-item','breadCrumb',1),(3389,241,740,'common.link-item','breadCrumb',2),(3390,241,741,'common.link-item','breadCrumb',3),(3391,241,742,'common.link-item','breadCrumb',4),(3395,241,319,'common.title-desc','bookService',1),(3396,241,320,'common.title-desc','mobileService',9),(3722,27,113,'common.content-block-variant','serviceContent',1),(3723,27,103,'common.content-block','serviceContent',2),(3724,27,138,'common.content-block-variant','serviceContent',3),(3727,259,823,'common.link-item','breadCrumb',1),(3728,259,824,'common.link-item','breadCrumb',2),(3729,259,825,'common.link-item','breadCrumb',3),(3730,259,826,'common.link-item','breadCrumb',4),(3731,259,355,'common.content-block-variant','serviceContent',1),(3732,259,211,'common.content-block','serviceContent',2),(3733,259,356,'common.content-block-variant','serviceContent',3),(3734,259,355,'common.title-desc','bookService',NULL),(3735,259,356,'common.title-desc','mobileService',NULL),(3830,5,1,'common.content-block-variant','serviceContent',1),(3831,5,31,'common.content-block','serviceContent',2),(3832,5,10,'common.content-block-variant','serviceContent',3),(3836,264,843,'common.link-item','breadCrumb',1),(3837,264,844,'common.link-item','breadCrumb',2),(3838,264,845,'common.link-item','breadCrumb',3),(3839,264,846,'common.link-item','breadCrumb',4),(3840,264,366,'common.content-block-variant','serviceContent',1),(3841,264,216,'common.content-block','serviceContent',2),(3842,264,367,'common.content-block-variant','serviceContent',3),(3843,264,158,'common.seo','seo',NULL),(3844,264,365,'common.title-desc','bookService',NULL),(3845,264,366,'common.title-desc','mobileService',NULL),(3886,241,320,'common.content-block-variant','serviceContent',1),(3887,241,194,'common.content-block','serviceContent',2),(3888,241,321,'common.content-block-variant','serviceContent',3),(3891,267,859,'common.link-item','breadCrumb',1),(3892,267,860,'common.link-item','breadCrumb',2),(3893,267,861,'common.link-item','breadCrumb',3),(3894,267,862,'common.link-item','breadCrumb',4),(3895,267,371,'common.content-block-variant','serviceContent',1),(3896,267,218,'common.content-block','serviceContent',2),(3897,267,372,'common.content-block-variant','serviceContent',3),(3898,267,373,'common.title-desc','bookService',NULL),(3899,267,374,'common.title-desc','mobileService',NULL),(3904,180,265,'common.title-with-desc','serviceContent',1),(3905,180,266,'common.title-with-desc','serviceContent',2),(3906,180,267,'common.title-with-desc','serviceContent',3),(3907,180,215,'common.content-block-variant','serviceContent',4),(3908,180,268,'common.title-with-desc','serviceContent',5),(3909,180,269,'common.title-with-desc','serviceContent',6),(3912,268,863,'common.link-item','breadCrumb',1),(3913,268,864,'common.link-item','breadCrumb',2),(3914,268,865,'common.link-item','breadCrumb',3),(3915,268,866,'common.link-item','breadCrumb',4),(3916,268,404,'common.title-with-desc','serviceContent',1),(3917,268,405,'common.title-with-desc','serviceContent',2),(3918,268,406,'common.title-with-desc','serviceContent',3),(3919,268,373,'common.content-block-variant','serviceContent',4),(3920,268,407,'common.title-with-desc','serviceContent',5),(3921,268,408,'common.title-with-desc','serviceContent',6),(3922,268,375,'common.title-desc','bookService',NULL),(3923,268,376,'common.title-desc','mobileService',NULL),(3974,172,199,'common.content-block-variant','serviceContent',1),(3975,172,229,'common.title-with-desc','serviceContent',2),(3976,172,230,'common.title-with-desc','serviceContent',3),(3977,172,231,'common.title-with-desc','serviceContent',4),(3978,172,200,'common.content-block-variant','serviceContent',5),(3979,172,238,'common.title-with-desc','serviceContent',6),(3980,172,239,'common.title-with-desc','serviceContent',7),(3981,172,138,'common.content-block','serviceContent',8),(3984,272,879,'common.link-item','breadCrumb',1),(3985,272,880,'common.link-item','breadCrumb',2),(3986,272,881,'common.link-item','breadCrumb',3),(3987,272,882,'common.link-item','breadCrumb',4),(3988,272,377,'common.content-block-variant','serviceContent',1),(3989,272,411,'common.title-with-desc','serviceContent',2),(3990,272,412,'common.title-with-desc','serviceContent',3),(3991,272,413,'common.title-with-desc','serviceContent',4),(3992,272,378,'common.content-block-variant','serviceContent',5),(3993,272,414,'common.title-with-desc','serviceContent',6),(3994,272,415,'common.title-with-desc','serviceContent',7),(3995,272,220,'common.content-block','serviceContent',8),(3996,272,381,'common.title-desc','bookService',NULL),(3997,272,382,'common.title-desc','mobileService',NULL),(4002,31,154,'common.content-block-variant','serviceContent',1),(4003,31,119,'common.content-block','serviceContent',2),(4004,31,155,'common.content-block-variant','serviceContent',3),(4007,273,883,'common.link-item','breadCrumb',1),(4008,273,884,'common.link-item','breadCrumb',2),(4009,273,885,'common.link-item','breadCrumb',3),(4010,273,886,'common.link-item','breadCrumb',4),(4011,273,379,'common.content-block-variant','serviceContent',1),(4012,273,221,'common.content-block','serviceContent',2),(4013,273,380,'common.content-block-variant','serviceContent',3),(4014,273,383,'common.title-desc','bookService',NULL),(4015,273,384,'common.title-desc','mobileService',NULL),(4032,179,223,'common.content-block-variant','serviceContent',1),(4033,179,226,'common.content-block-variant','serviceContent',2),(4034,179,152,'common.content-block','serviceContent',3),(4035,179,308,'common.title-with-desc','serviceContent',4),(4036,179,311,'common.title-with-desc','serviceContent',5),(4037,179,312,'common.title-with-desc','serviceContent',6),(4038,179,235,'common.content-block-variant','serviceContent',7),(4041,276,891,'common.link-item','breadCrumb',1),(4042,276,892,'common.link-item','breadCrumb',2),(4043,276,893,'common.link-item','breadCrumb',3),(4044,276,894,'common.link-item','breadCrumb',4),(4045,276,381,'common.content-block-variant','serviceContent',1),(4046,276,382,'common.content-block-variant','serviceContent',2),(4047,276,222,'common.content-block','serviceContent',3),(4048,276,417,'common.title-with-desc','serviceContent',4),(4049,276,418,'common.title-with-desc','serviceContent',5),(4050,276,419,'common.title-with-desc','serviceContent',6),(4051,276,383,'common.content-block-variant','serviceContent',7),(4052,276,385,'common.title-desc','bookService',NULL),(4053,276,386,'common.title-desc','mobileService',NULL),(4058,29,175,'common.title-with-desc','serviceContent',1),(4059,29,176,'common.title-with-desc','serviceContent',2),(4060,29,45,'common.content-block-variant','serviceContent',3),(4063,277,895,'common.link-item','breadCrumb',1),(4064,277,896,'common.link-item','breadCrumb',2),(4065,277,897,'common.link-item','breadCrumb',3),(4066,277,898,'common.link-item','breadCrumb',4),(4067,277,420,'common.title-with-desc','serviceContent',1),(4068,277,421,'common.title-with-desc','serviceContent',2),(4069,277,384,'common.content-block-variant','serviceContent',3),(4070,277,387,'common.title-desc','bookService',NULL),(4071,277,388,'common.title-desc','mobileService',NULL),(4076,135,132,'common.content-block-variant','serviceContent',1),(4077,135,121,'common.content-block','serviceContent',2),(4078,135,158,'common.content-block-variant','serviceContent',3),(4081,278,899,'common.link-item','breadCrumb',1),(4082,278,900,'common.link-item','breadCrumb',2),(4083,278,901,'common.link-item','breadCrumb',3),(4084,278,902,'common.link-item','breadCrumb',4),(4085,278,385,'common.content-block-variant','serviceContent',1),(4086,278,223,'common.content-block','serviceContent',2),(4087,278,386,'common.content-block-variant','serviceContent',3),(4088,278,389,'common.title-desc','bookService',NULL),(4089,278,390,'common.title-desc','mobileService',NULL),(4110,82,63,'common.content-block-variant','serviceContent',1),(4111,82,67,'common.content-block-variant','serviceContent',2),(4114,280,907,'common.link-item','breadCrumb',1),(4115,280,908,'common.link-item','breadCrumb',2),(4116,280,909,'common.link-item','breadCrumb',3),(4117,280,910,'common.link-item','breadCrumb',4),(4118,280,388,'common.content-block-variant','serviceContent',1),(4119,280,389,'common.content-block-variant','serviceContent',2),(4120,280,393,'common.title-desc','bookService',NULL),(4121,280,394,'common.title-desc','mobileService',NULL),(4126,99,253,'common.content-block-variant','serviceContent',1),(4127,99,123,'common.content-block','serviceContent',2),(4130,281,911,'common.link-item','breadCrumb',1),(4131,281,912,'common.link-item','breadCrumb',2),(4132,281,913,'common.link-item','breadCrumb',3),(4133,281,914,'common.link-item','breadCrumb',4),(4134,281,390,'common.content-block-variant','serviceContent',1),(4135,281,224,'common.content-block','serviceContent',2),(4136,281,395,'common.title-desc','bookService',NULL),(4137,281,396,'common.title-desc','mobileService',NULL),(4142,105,96,'common.content-block-variant','serviceContent',1),(4143,105,215,'common.title-with-desc','serviceContent',2),(4146,282,915,'common.link-item','breadCrumb',1),(4147,282,916,'common.link-item','breadCrumb',2),(4148,282,917,'common.link-item','breadCrumb',3),(4149,282,918,'common.link-item','breadCrumb',4),(4150,282,391,'common.content-block-variant','serviceContent',1),(4151,282,423,'common.title-with-desc','serviceContent',2),(4152,282,397,'common.title-desc','bookService',NULL),(4153,282,398,'common.title-desc','mobileService',NULL),(4185,7,353,'common.title-with-desc','serviceContent',1),(4186,7,403,'common.title-desc','bookService',NULL),(4187,285,318,'common.banner','banner',1),(4188,285,927,'common.link-item','breadCrumb',1),(4189,285,928,'common.link-item','breadCrumb',2),(4190,285,929,'common.link-item','breadCrumb',3),(4191,285,930,'common.link-item','breadCrumb',4),(4192,285,427,'common.title-with-desc','serviceContent',1),(4193,285,404,'common.title-desc','bookService',NULL),(4199,36,357,'common.title-with-desc','serviceContent',1),(4200,36,358,'common.title-with-desc','serviceContent',2),(4201,36,405,'common.title-desc','bookService',NULL),(4202,286,319,'common.banner','banner',1),(4203,286,931,'common.link-item','breadCrumb',1),(4204,286,932,'common.link-item','breadCrumb',2),(4205,286,933,'common.link-item','breadCrumb',3),(4206,286,934,'common.link-item','breadCrumb',4),(4207,286,428,'common.title-with-desc','serviceContent',1),(4208,286,429,'common.title-with-desc','serviceContent',2),(4209,286,406,'common.title-desc','bookService',NULL);

--
-- Table structure for table `services_location_types_lnk`
--

CREATE TABLE `services_location_types_lnk` (
  `id` int unsigned NOT NULL AUTO_INCREMENT,
  `service_id` int unsigned DEFAULT NULL,
  `branch_location_id` int unsigned DEFAULT NULL,
  `branch_location_ord` double unsigned DEFAULT NULL,
  PRIMARY KEY (`id`),
  UNIQUE KEY `services_location_types_lnk_uq` (`service_id`,`branch_location_id`),
  KEY `services_location_types_lnk_fk` (`service_id`),
  KEY `services_location_types_lnk_ifk` (`branch_location_id`),
  KEY `services_location_types_lnk_ofk` (`branch_location_ord`),
  CONSTRAINT `services_location_types_lnk_fk` FOREIGN KEY (`service_id`) REFERENCES `services` (`id`) ON DELETE CASCADE,
  CONSTRAINT `services_location_types_lnk_ifk` FOREIGN KEY (`branch_location_id`) REFERENCES `branch_locations` (`id`) ON DELETE CASCADE
) ENGINE=InnoDB AUTO_INCREMENT=123 DEFAULT CHARSET=utf8mb4 COLLATE=utf8mb4_0900_ai_ci;

--
-- Dumping data for table `services_location_types_lnk`
--

INSERT INTO `services_location_types_lnk` VALUES (1,5,1,1),(2,5,4,2),(49,29,1,1),(50,29,4,2),(85,135,1,1),(86,135,4,2),(113,264,3,1),(114,264,6,2),(119,277,3,1),(120,277,6,2),(121,278,3,1),(122,278,6,2);

--
-- Table structure for table `services_service_type_lnk`
--

CREATE TABLE `services_service_type_lnk` (
  `id` int unsigned NOT NULL AUTO_INCREMENT,
  `service_id` int unsigned DEFAULT NULL,
  `service_category_id` int unsigned DEFAULT NULL,
  PRIMARY KEY (`id`),
  UNIQUE KEY `services_service_type_lnk_uq` (`service_id`,`service_category_id`),
  KEY `services_service_type_lnk_fk` (`service_id`),
  KEY `services_service_type_lnk_ifk` (`service_category_id`),
  CONSTRAINT `services_service_type_lnk_fk` FOREIGN KEY (`service_id`) REFERENCES `services` (`id`) ON DELETE CASCADE,
  CONSTRAINT `services_service_type_lnk_ifk` FOREIGN KEY (`service_category_id`) REFERENCES `service_categories` (`id`) ON DELETE CASCADE
) ENGINE=InnoDB AUTO_INCREMENT=283 DEFAULT CHARSET=utf8mb4 COLLATE=utf8mb4_0900_ai_ci;

--
-- Dumping data for table `services_service_type_lnk`
--

INSERT INTO `services_service_type_lnk` VALUES (133,1,8),(3,5,3),(5,7,8),(20,27,3),(22,29,3),(95,31,3),(30,36,8),(76,82,1),(93,99,1),(101,105,1),(131,135,3),(168,172,3),(175,179,3),(180,180,3),(237,241,3),(255,259,39),(260,264,39),(263,267,39),(264,268,39),(268,272,39),(269,273,39),(272,276,39),(273,277,39),(274,278,39),(276,280,40),(277,281,40),(278,282,40),(281,285,38),(282,286,38);

--
-- Table structure for table `socials`
--

CREATE TABLE `socials` (
  `id` int unsigned NOT NULL AUTO_INCREMENT,
  `document_id` varchar(255) DEFAULT NULL,
  `title` varchar(255) DEFAULT NULL,
  `link` longtext,
  `type_external` tinyint(1) DEFAULT NULL,
  `created_at` datetime(6) DEFAULT NULL,
  `updated_at` datetime(6) DEFAULT NULL,
  `published_at` datetime(6) DEFAULT NULL,
  `created_by_id` int unsigned DEFAULT NULL,
  `updated_by_id` int unsigned DEFAULT NULL,
  `locale` varchar(255) DEFAULT NULL,
  PRIMARY KEY (`id`),
  KEY `socials_documents_idx` (`document_id`,`locale`,`published_at`),
  KEY `socials_created_by_id_fk` (`created_by_id`),
  KEY `socials_updated_by_id_fk` (`updated_by_id`),
  CONSTRAINT `socials_created_by_id_fk` FOREIGN KEY (`created_by_id`) REFERENCES `admin_users` (`id`) ON DELETE SET NULL,
  CONSTRAINT `socials_updated_by_id_fk` FOREIGN KEY (`updated_by_id`) REFERENCES `admin_users` (`id`) ON DELETE SET NULL
) ENGINE=InnoDB AUTO_INCREMENT=5 DEFAULT CHARSET=utf8mb4 COLLATE=utf8mb4_0900_ai_ci;

--
-- Dumping data for table `socials`
--

INSERT INTO `socials` VALUES (1,'ucwk0rjd3g9ogkvioc9srocd','Fb1','/',1,'2026-01-20 06:46:22.583000','2026-01-20 06:46:22.583000',NULL,1,1,'en'),(2,'ucwk0rjd3g9ogkvioc9srocd','Fb1','/',1,'2026-01-20 06:46:22.583000','2026-01-20 06:46:22.583000','2026-01-20 06:46:22.894000',1,1,'en'),(3,'y0ti98ytimbt985g1jdf06ct','Fb2','/',1,'2026-01-20 06:46:43.268000','2026-01-20 06:46:43.268000',NULL,1,1,'en'),(4,'y0ti98ytimbt985g1jdf06ct','Fb2','/',1,'2026-01-20 06:46:43.268000','2026-01-20 06:46:43.268000','2026-01-20 06:46:43.560000',1,1,'en');

--
-- Table structure for table `strapi_api_token_permissions`
--

CREATE TABLE `strapi_api_token_permissions` (
  `id` int unsigned NOT NULL AUTO_INCREMENT,
  `document_id` varchar(255) DEFAULT NULL,
  `action` varchar(255) DEFAULT NULL,
  `created_at` datetime(6) DEFAULT NULL,
  `updated_at` datetime(6) DEFAULT NULL,
  `published_at` datetime(6) DEFAULT NULL,
  `created_by_id` int unsigned DEFAULT NULL,
  `updated_by_id` int unsigned DEFAULT NULL,
  `locale` varchar(255) DEFAULT NULL,
  PRIMARY KEY (`id`),
  KEY `strapi_api_token_permissions_documents_idx` (`document_id`,`locale`,`published_at`),
  KEY `strapi_api_token_permissions_created_by_id_fk` (`created_by_id`),
  KEY `strapi_api_token_permissions_updated_by_id_fk` (`updated_by_id`),
  CONSTRAINT `strapi_api_token_permissions_created_by_id_fk` FOREIGN KEY (`created_by_id`) REFERENCES `admin_users` (`id`) ON DELETE SET NULL,
  CONSTRAINT `strapi_api_token_permissions_updated_by_id_fk` FOREIGN KEY (`updated_by_id`) REFERENCES `admin_users` (`id`) ON DELETE SET NULL
) ENGINE=InnoDB DEFAULT CHARSET=utf8mb4 COLLATE=utf8mb4_0900_ai_ci;

--
-- Dumping data for table `strapi_api_token_permissions`
--


--
-- Table structure for table `strapi_api_token_permissions_token_lnk`
--

CREATE TABLE `strapi_api_token_permissions_token_lnk` (
  `id` int unsigned NOT NULL AUTO_INCREMENT,
  `api_token_permission_id` int unsigned DEFAULT NULL,
  `api_token_id` int unsigned DEFAULT NULL,
  `api_token_permission_ord` double unsigned DEFAULT NULL,
  PRIMARY KEY (`id`),
  UNIQUE KEY `strapi_api_token_permissions_token_lnk_uq` (`api_token_permission_id`,`api_token_id`),
  KEY `strapi_api_token_permissions_token_lnk_fk` (`api_token_permission_id`),
  KEY `strapi_api_token_permissions_token_lnk_ifk` (`api_token_id`),
  KEY `strapi_api_token_permissions_token_lnk_oifk` (`api_token_permission_ord`),
  CONSTRAINT `strapi_api_token_permissions_token_lnk_fk` FOREIGN KEY (`api_token_permission_id`) REFERENCES `strapi_api_token_permissions` (`id`) ON DELETE CASCADE,
  CONSTRAINT `strapi_api_token_permissions_token_lnk_ifk` FOREIGN KEY (`api_token_id`) REFERENCES `strapi_api_tokens` (`id`) ON DELETE CASCADE
) ENGINE=InnoDB DEFAULT CHARSET=utf8mb4 COLLATE=utf8mb4_0900_ai_ci;

--
-- Dumping data for table `strapi_api_token_permissions_token_lnk`
--


--
-- Table structure for table `strapi_api_tokens`
--

CREATE TABLE `strapi_api_tokens` (
  `id` int unsigned NOT NULL AUTO_INCREMENT,
  `document_id` varchar(255) DEFAULT NULL,
  `name` varchar(255) DEFAULT NULL,
  `description` varchar(255) DEFAULT NULL,
  `type` varchar(255) DEFAULT NULL,
  `access_key` varchar(255) DEFAULT NULL,
  `encrypted_key` longtext,
  `last_used_at` datetime(6) DEFAULT NULL,
  `expires_at` datetime(6) DEFAULT NULL,
  `lifespan` bigint DEFAULT NULL,
  `created_at` datetime(6) DEFAULT NULL,
  `updated_at` datetime(6) DEFAULT NULL,
  `published_at` datetime(6) DEFAULT NULL,
  `created_by_id` int unsigned DEFAULT NULL,
  `updated_by_id` int unsigned DEFAULT NULL,
  `locale` varchar(255) DEFAULT NULL,
  PRIMARY KEY (`id`),
  KEY `strapi_api_tokens_documents_idx` (`document_id`,`locale`,`published_at`),
  KEY `strapi_api_tokens_created_by_id_fk` (`created_by_id`),
  KEY `strapi_api_tokens_updated_by_id_fk` (`updated_by_id`),
  CONSTRAINT `strapi_api_tokens_created_by_id_fk` FOREIGN KEY (`created_by_id`) REFERENCES `admin_users` (`id`) ON DELETE SET NULL,
  CONSTRAINT `strapi_api_tokens_updated_by_id_fk` FOREIGN KEY (`updated_by_id`) REFERENCES `admin_users` (`id`) ON DELETE SET NULL
) ENGINE=InnoDB AUTO_INCREMENT=3 DEFAULT CHARSET=utf8mb4 COLLATE=utf8mb4_0900_ai_ci;

--
-- Dumping data for table `strapi_api_tokens`
--

INSERT INTO `strapi_api_tokens` VALUES (1,'cjhyu7s3ddr3x8dq05c2sp34','Read Only','A default API token with read-only permissions, only used for accessing resources','read-only','d7c518b5937e84590426f59cfb647822738a81f6af71c306daa7cff3099d0ab7909bc9aab337c7d21f408c10ddf003dccd6c40c0f4b9c578404348013c7cdc32','v1:f6474bbd3757df4538f7a6dac18b5f32:c4bd6ab23a16a297f565f4ba7afbe48ec9ecc0d16801b21827418abf35b97773b8689f4206fa5e5cb6968c25695a90c3a85553969bc8a3db6a0f4f47abb50cc137850b13dc54765df3d48391df31c91cd86e20a04c1ed7f253ec847fbe489b5f7c6c8b8c443943be80dea619ece09763306e32f2ba6ed352e5ffb9ad925784736b5b4d592c7df3382fd4d17d1db22345f9449f11ebfec5c5d737109657824d1e5d153fb321b6aaa54c3da6ebf2ca35804e9f0d2f6a615a1717e25bbc06136894654a0ab5bc69903dccd82a8dd668a66dfac5f9483fe20299bb38d8e19e488e9b26563c8aa3b476a77ac2cf9c6b827eb3603b5b7e6fdaa62ca9ca58c3570e2872:f30116e486a7cb014f66ad3a71bae8f8',NULL,NULL,NULL,'2025-11-21 05:39:57.105000','2025-11-21 05:39:57.105000','2025-11-21 05:39:57.105000',NULL,NULL,NULL),(2,'ykq3df6bwkmtjgd7fj2zoxc2','Full Access','A default API token with full access permissions, used for accessing or modifying resources','full-access','520f4bc524b865bedb79d5f60597a42915ad005d698c32f3e2e0ae416c3bea74b482ba57a079a42e9e3127f9badef896973413d7f9ba2947b8905559b17e9da2','v1:15d2879dc0155284a98865442804fea8:ccc12f85b77aa4649e0396b566160ba5e36e167010ecbc668f03ed7f9139112ca38dfc517837deb4116cb9e6df4558faae6213a3b9a314c7928a17cf9d924c5e17dcd8058769d3de1e52890be8e51b212bd246c12f0f259c7955f88fcd84adc17f0f1c6482ba7e15fda832728e9d8c35db86c5b140122247fd89fc5b68ba87e8543e5e7093663cf7a08b363fa01c5b792620f2a4b97f784e02a9d757251fa7ec5f92f6c6216bd0a8dc79a14b44495ae1bd0a6951012bbd702080b1445c8ab376ff7699f81eaaa6eb94eb587ab77e3e60b5625ac3f5d7fad103e57dfe30747c52731cc07c4989619d65458b358829dcb312545041bbd93a86cebcadb14766f01d:adc9f11578b281ec3320f4e440e025c5',NULL,NULL,NULL,'2025-11-21 05:39:57.189000','2025-11-21 05:39:57.189000','2025-11-21 05:39:57.189000',NULL,NULL,NULL);

--
-- Table structure for table `strapi_core_store_settings`
--

CREATE TABLE `strapi_core_store_settings` (
  `id` int unsigned NOT NULL AUTO_INCREMENT,
  `key` varchar(255) DEFAULT NULL,
  `value` longtext,
  `type` varchar(255) DEFAULT NULL,
  `environment` varchar(255) DEFAULT NULL,
  `tag` varchar(255) DEFAULT NULL,
  PRIMARY KEY (`id`)
) ENGINE=InnoDB AUTO_INCREMENT=140 DEFAULT CHARSET=utf8mb4 COLLATE=utf8mb4_0900_ai_ci;

--
-- Dumping data for table `strapi_core_store_settings`
--

INSERT INTO `strapi_core_store_settings` VALUES (1,'strapi_content_types_schema','{\"plugin::upload.file\":{\"collectionName\":\"files\",\"info\":{\"singularName\":\"file\",\"pluralName\":\"files\",\"displayName\":\"File\",\"description\":\"\"},\"options\":{\"draftAndPublish\":false},\"pluginOptions\":{\"content-manager\":{\"visible\":false},\"content-type-builder\":{\"visible\":false}},\"attributes\":{\"name\":{\"type\":\"string\",\"configurable\":false,\"required\":true},\"alternativeText\":{\"type\":\"string\",\"configurable\":false},\"caption\":{\"type\":\"string\",\"configurable\":false},\"width\":{\"type\":\"integer\",\"configurable\":false},\"height\":{\"type\":\"integer\",\"configurable\":false},\"formats\":{\"type\":\"json\",\"configurable\":false},\"hash\":{\"type\":\"string\",\"configurable\":false,\"required\":true},\"ext\":{\"type\":\"string\",\"configurable\":false},\"mime\":{\"type\":\"string\",\"configurable\":false,\"required\":true},\"size\":{\"type\":\"decimal\",\"configurable\":false,\"required\":true},\"url\":{\"type\":\"string\",\"configurable\":false,\"required\":true},\"previewUrl\":{\"type\":\"string\",\"configurable\":false},\"provider\":{\"type\":\"string\",\"configurable\":false,\"required\":true},\"provider_metadata\":{\"type\":\"json\",\"configurable\":false},\"related\":{\"type\":\"relation\",\"relation\":\"morphToMany\",\"configurable\":false},\"folder\":{\"type\":\"relation\",\"relation\":\"manyToOne\",\"target\":\"plugin::upload.folder\",\"inversedBy\":\"files\",\"private\":true},\"folderPath\":{\"type\":\"string\",\"minLength\":1,\"required\":true,\"private\":true,\"searchable\":false},\"createdAt\":{\"type\":\"datetime\"},\"updatedAt\":{\"type\":\"datetime\"},\"publishedAt\":{\"type\":\"datetime\",\"configurable\":false,\"writable\":true,\"visible\":false},\"createdBy\":{\"type\":\"relation\",\"relation\":\"oneToOne\",\"target\":\"admin::user\",\"configurable\":false,\"writable\":false,\"visible\":false,\"useJoinTable\":false,\"private\":true},\"updatedBy\":{\"type\":\"relation\",\"relation\":\"oneToOne\",\"target\":\"admin::user\",\"configurable\":false,\"writable\":false,\"visible\":false,\"useJoinTable\":false,\"private\":true},\"locale\":{\"writable\":true,\"private\":true,\"configurable\":false,\"visible\":false,\"type\":\"string\"},\"localizations\":{\"type\":\"relation\",\"relation\":\"oneToMany\",\"target\":\"plugin::upload.file\",\"writable\":false,\"private\":true,\"configurable\":false,\"visible\":false,\"unstable_virtual\":true,\"joinColumn\":{\"name\":\"document_id\",\"referencedColumn\":\"document_id\",\"referencedTable\":\"files\"}}},\"indexes\":[{\"name\":\"upload_files_folder_path_index\",\"columns\":[\"folder_path\"],\"type\":null},{\"name\":\"upload_files_created_at_index\",\"columns\":[\"created_at\"],\"type\":null},{\"name\":\"upload_files_updated_at_index\",\"columns\":[\"updated_at\"],\"type\":null},{\"name\":\"upload_files_name_index\",\"columns\":[\"name\"],\"type\":null},{\"name\":\"upload_files_size_index\",\"columns\":[\"size\"],\"type\":null},{\"name\":\"upload_files_ext_index\",\"columns\":[\"ext\"],\"type\":null}],\"plugin\":\"upload\",\"globalId\":\"UploadFile\",\"uid\":\"plugin::upload.file\",\"modelType\":\"contentType\",\"kind\":\"collectionType\",\"__schema__\":{\"collectionName\":\"files\",\"info\":{\"singularName\":\"file\",\"pluralName\":\"files\",\"displayName\":\"File\",\"description\":\"\"},\"options\":{},\"pluginOptions\":{\"content-manager\":{\"visible\":false},\"content-type-builder\":{\"visible\":false}},\"attributes\":{\"name\":{\"type\":\"string\",\"configurable\":false,\"required\":true},\"alternativeText\":{\"type\":\"string\",\"configurable\":false},\"caption\":{\"type\":\"string\",\"configurable\":false},\"width\":{\"type\":\"integer\",\"configurable\":false},\"height\":{\"type\":\"integer\",\"configurable\":false},\"formats\":{\"type\":\"json\",\"configurable\":false},\"hash\":{\"type\":\"string\",\"configurable\":false,\"required\":true},\"ext\":{\"type\":\"string\",\"configurable\":false},\"mime\":{\"type\":\"string\",\"configurable\":false,\"required\":true},\"size\":{\"type\":\"decimal\",\"configurable\":false,\"required\":true},\"url\":{\"type\":\"string\",\"configurable\":false,\"required\":true},\"previewUrl\":{\"type\":\"string\",\"configurable\":false},\"provider\":{\"type\":\"string\",\"configurable\":false,\"required\":true},\"provider_metadata\":{\"type\":\"json\",\"configurable\":false},\"related\":{\"type\":\"relation\",\"relation\":\"morphToMany\",\"configurable\":false},\"folder\":{\"type\":\"relation\",\"relation\":\"manyToOne\",\"target\":\"plugin::upload.folder\",\"inversedBy\":\"files\",\"private\":true},\"folderPath\":{\"type\":\"string\",\"minLength\":1,\"required\":true,\"private\":true,\"searchable\":false}},\"kind\":\"collectionType\"},\"modelName\":\"file\"},\"plugin::upload.folder\":{\"collectionName\":\"upload_folders\",\"info\":{\"singularName\":\"folder\",\"pluralName\":\"folders\",\"displayName\":\"Folder\"},\"options\":{\"draftAndPublish\":false},\"pluginOptions\":{\"content-manager\":{\"visible\":false},\"content-type-builder\":{\"visible\":false}},\"attributes\":{\"name\":{\"type\":\"string\",\"minLength\":1,\"required\":true},\"pathId\":{\"type\":\"integer\",\"unique\":true,\"required\":true},\"parent\":{\"type\":\"relation\",\"relation\":\"manyToOne\",\"target\":\"plugin::upload.folder\",\"inversedBy\":\"children\"},\"children\":{\"type\":\"relation\",\"relation\":\"oneToMany\",\"target\":\"plugin::upload.folder\",\"mappedBy\":\"parent\"},\"files\":{\"type\":\"relation\",\"relation\":\"oneToMany\",\"target\":\"plugin::upload.file\",\"mappedBy\":\"folder\"},\"path\":{\"type\":\"string\",\"minLength\":1,\"required\":true},\"createdAt\":{\"type\":\"datetime\"},\"updatedAt\":{\"type\":\"datetime\"},\"publishedAt\":{\"type\":\"datetime\",\"configurable\":false,\"writable\":true,\"visible\":false},\"createdBy\":{\"type\":\"relation\",\"relation\":\"oneToOne\",\"target\":\"admin::user\",\"configurable\":false,\"writable\":false,\"visible\":false,\"useJoinTable\":false,\"private\":true},\"updatedBy\":{\"type\":\"relation\",\"relation\":\"oneToOne\",\"target\":\"admin::user\",\"configurable\":false,\"writable\":false,\"visible\":false,\"useJoinTable\":false,\"private\":true},\"locale\":{\"writable\":true,\"private\":true,\"configurable\":false,\"visible\":false,\"type\":\"string\"},\"localizations\":{\"type\":\"relation\",\"relation\":\"oneToMany\",\"target\":\"plugin::upload.folder\",\"writable\":false,\"private\":true,\"configurable\":false,\"visible\":false,\"unstable_virtual\":true,\"joinColumn\":{\"name\":\"document_id\",\"referencedColumn\":\"document_id\",\"referencedTable\":\"upload_folders\"}}},\"indexes\":[{\"name\":\"upload_folders_path_id_index\",\"columns\":[\"path_id\"],\"type\":\"unique\"},{\"name\":\"upload_folders_path_index\",\"columns\":[\"path\"],\"type\":\"unique\"}],\"plugin\":\"upload\",\"globalId\":\"UploadFolder\",\"uid\":\"plugin::upload.folder\",\"modelType\":\"contentType\",\"kind\":\"collectionType\",\"__schema__\":{\"collectionName\":\"upload_folders\",\"info\":{\"singularName\":\"folder\",\"pluralName\":\"folders\",\"displayName\":\"Folder\"},\"options\":{},\"pluginOptions\":{\"content-manager\":{\"visible\":false},\"content-type-builder\":{\"visible\":false}},\"attributes\":{\"name\":{\"type\":\"string\",\"minLength\":1,\"required\":true},\"pathId\":{\"type\":\"integer\",\"unique\":true,\"required\":true},\"parent\":{\"type\":\"relation\",\"relation\":\"manyToOne\",\"target\":\"plugin::upload.folder\",\"inversedBy\":\"children\"},\"children\":{\"type\":\"relation\",\"relation\":\"oneToMany\",\"target\":\"plugin::upload.folder\",\"mappedBy\":\"parent\"},\"files\":{\"type\":\"relation\",\"relation\":\"oneToMany\",\"target\":\"plugin::upload.file\",\"mappedBy\":\"folder\"},\"path\":{\"type\":\"string\",\"minLength\":1,\"required\":true}},\"kind\":\"collectionType\"},\"modelName\":\"folder\"},\"plugin::i18n.locale\":{\"info\":{\"singularName\":\"locale\",\"pluralName\":\"locales\",\"collectionName\":\"locales\",\"displayName\":\"Locale\",\"description\":\"\"},\"options\":{\"draftAndPublish\":false},\"pluginOptions\":{\"content-manager\":{\"visible\":false},\"content-type-builder\":{\"visible\":false}},\"attributes\":{\"name\":{\"type\":\"string\",\"min\":1,\"max\":50,\"configurable\":false},\"code\":{\"type\":\"string\",\"unique\":true,\"configurable\":false},\"createdAt\":{\"type\":\"datetime\"},\"updatedAt\":{\"type\":\"datetime\"},\"publishedAt\":{\"type\":\"datetime\",\"configurable\":false,\"writable\":true,\"visible\":false},\"createdBy\":{\"type\":\"relation\",\"relation\":\"oneToOne\",\"target\":\"admin::user\",\"configurable\":false,\"writable\":false,\"visible\":false,\"useJoinTable\":false,\"private\":true},\"updatedBy\":{\"type\":\"relation\",\"relation\":\"oneToOne\",\"target\":\"admin::user\",\"configurable\":false,\"writable\":false,\"visible\":false,\"useJoinTable\":false,\"private\":true},\"locale\":{\"writable\":true,\"private\":true,\"configurable\":false,\"visible\":false,\"type\":\"string\"},\"localizations\":{\"type\":\"relation\",\"relation\":\"oneToMany\",\"target\":\"plugin::i18n.locale\",\"writable\":false,\"private\":true,\"configurable\":false,\"visible\":false,\"unstable_virtual\":true,\"joinColumn\":{\"name\":\"document_id\",\"referencedColumn\":\"document_id\",\"referencedTable\":\"i18n_locale\"}}},\"plugin\":\"i18n\",\"collectionName\":\"i18n_locale\",\"globalId\":\"I18NLocale\",\"uid\":\"plugin::i18n.locale\",\"modelType\":\"contentType\",\"kind\":\"collectionType\",\"__schema__\":{\"collectionName\":\"i18n_locale\",\"info\":{\"singularName\":\"locale\",\"pluralName\":\"locales\",\"collectionName\":\"locales\",\"displayName\":\"Locale\",\"description\":\"\"},\"options\":{},\"pluginOptions\":{\"content-manager\":{\"visible\":false},\"content-type-builder\":{\"visible\":false}},\"attributes\":{\"name\":{\"type\":\"string\",\"min\":1,\"max\":50,\"configurable\":false},\"code\":{\"type\":\"string\",\"unique\":true,\"configurable\":false}},\"kind\":\"collectionType\"},\"modelName\":\"locale\"},\"plugin::content-releases.release\":{\"collectionName\":\"strapi_releases\",\"info\":{\"singularName\":\"release\",\"pluralName\":\"releases\",\"displayName\":\"Release\"},\"options\":{\"draftAndPublish\":false},\"pluginOptions\":{\"content-manager\":{\"visible\":false},\"content-type-builder\":{\"visible\":false}},\"attributes\":{\"name\":{\"type\":\"string\",\"required\":true},\"releasedAt\":{\"type\":\"datetime\"},\"scheduledAt\":{\"type\":\"datetime\"},\"timezone\":{\"type\":\"string\"},\"status\":{\"type\":\"enumeration\",\"enum\":[\"ready\",\"blocked\",\"failed\",\"done\",\"empty\"],\"required\":true},\"actions\":{\"type\":\"relation\",\"relation\":\"oneToMany\",\"target\":\"plugin::content-releases.release-action\",\"mappedBy\":\"release\"},\"createdAt\":{\"type\":\"datetime\"},\"updatedAt\":{\"type\":\"datetime\"},\"publishedAt\":{\"type\":\"datetime\",\"configurable\":false,\"writable\":true,\"visible\":false},\"createdBy\":{\"type\":\"relation\",\"relation\":\"oneToOne\",\"target\":\"admin::user\",\"configurable\":false,\"writable\":false,\"visible\":false,\"useJoinTable\":false,\"private\":true},\"updatedBy\":{\"type\":\"relation\",\"relation\":\"oneToOne\",\"target\":\"admin::user\",\"configurable\":false,\"writable\":false,\"visible\":false,\"useJoinTable\":false,\"private\":true},\"locale\":{\"writable\":true,\"private\":true,\"configurable\":false,\"visible\":false,\"type\":\"string\"},\"localizations\":{\"type\":\"relation\",\"relation\":\"oneToMany\",\"target\":\"plugin::content-releases.release\",\"writable\":false,\"private\":true,\"configurable\":false,\"visible\":false,\"unstable_virtual\":true,\"joinColumn\":{\"name\":\"document_id\",\"referencedColumn\":\"document_id\",\"referencedTable\":\"strapi_releases\"}}},\"plugin\":\"content-releases\",\"globalId\":\"ContentReleasesRelease\",\"uid\":\"plugin::content-releases.release\",\"modelType\":\"contentType\",\"kind\":\"collectionType\",\"__schema__\":{\"collectionName\":\"strapi_releases\",\"info\":{\"singularName\":\"release\",\"pluralName\":\"releases\",\"displayName\":\"Release\"},\"options\":{\"draftAndPublish\":false},\"pluginOptions\":{\"content-manager\":{\"visible\":false},\"content-type-builder\":{\"visible\":false}},\"attributes\":{\"name\":{\"type\":\"string\",\"required\":true},\"releasedAt\":{\"type\":\"datetime\"},\"scheduledAt\":{\"type\":\"datetime\"},\"timezone\":{\"type\":\"string\"},\"status\":{\"type\":\"enumeration\",\"enum\":[\"ready\",\"blocked\",\"failed\",\"done\",\"empty\"],\"required\":true},\"actions\":{\"type\":\"relation\",\"relation\":\"oneToMany\",\"target\":\"plugin::content-releases.release-action\",\"mappedBy\":\"release\"}},\"kind\":\"collectionType\"},\"modelName\":\"release\"},\"plugin::content-releases.release-action\":{\"collectionName\":\"strapi_release_actions\",\"info\":{\"singularName\":\"release-action\",\"pluralName\":\"release-actions\",\"displayName\":\"Release Action\"},\"options\":{\"draftAndPublish\":false},\"pluginOptions\":{\"content-manager\":{\"visible\":false},\"content-type-builder\":{\"visible\":false}},\"attributes\":{\"type\":{\"type\":\"enumeration\",\"enum\":[\"publish\",\"unpublish\"],\"required\":true},\"contentType\":{\"type\":\"string\",\"required\":true},\"entryDocumentId\":{\"type\":\"string\"},\"locale\":{\"writable\":true,\"private\":true,\"configurable\":false,\"visible\":false,\"type\":\"string\"},\"release\":{\"type\":\"relation\",\"relation\":\"manyToOne\",\"target\":\"plugin::content-releases.release\",\"inversedBy\":\"actions\"},\"isEntryValid\":{\"type\":\"boolean\"},\"createdAt\":{\"type\":\"datetime\"},\"updatedAt\":{\"type\":\"datetime\"},\"publishedAt\":{\"type\":\"datetime\",\"configurable\":false,\"writable\":true,\"visible\":false},\"createdBy\":{\"type\":\"relation\",\"relation\":\"oneToOne\",\"target\":\"admin::user\",\"configurable\":false,\"writable\":false,\"visible\":false,\"useJoinTable\":false,\"private\":true},\"updatedBy\":{\"type\":\"relation\",\"relation\":\"oneToOne\",\"target\":\"admin::user\",\"configurable\":false,\"writable\":false,\"visible\":false,\"useJoinTable\":false,\"private\":true},\"localizations\":{\"type\":\"relation\",\"relation\":\"oneToMany\",\"target\":\"plugin::content-releases.release-action\",\"writable\":false,\"private\":true,\"configurable\":false,\"visible\":false,\"unstable_virtual\":true,\"joinColumn\":{\"name\":\"document_id\",\"referencedColumn\":\"document_id\",\"referencedTable\":\"strapi_release_actions\"}}},\"plugin\":\"content-releases\",\"globalId\":\"ContentReleasesReleaseAction\",\"uid\":\"plugin::content-releases.release-action\",\"modelType\":\"contentType\",\"kind\":\"collectionType\",\"__schema__\":{\"collectionName\":\"strapi_release_actions\",\"info\":{\"singularName\":\"release-action\",\"pluralName\":\"release-actions\",\"displayName\":\"Release Action\"},\"options\":{\"draftAndPublish\":false},\"pluginOptions\":{\"content-manager\":{\"visible\":false},\"content-type-builder\":{\"visible\":false}},\"attributes\":{\"type\":{\"type\":\"enumeration\",\"enum\":[\"publish\",\"unpublish\"],\"required\":true},\"contentType\":{\"type\":\"string\",\"required\":true},\"entryDocumentId\":{\"type\":\"string\"},\"locale\":{\"type\":\"string\"},\"release\":{\"type\":\"relation\",\"relation\":\"manyToOne\",\"target\":\"plugin::content-releases.release\",\"inversedBy\":\"actions\"},\"isEntryValid\":{\"type\":\"boolean\"}},\"kind\":\"collectionType\"},\"modelName\":\"release-action\"},\"plugin::review-workflows.workflow\":{\"collectionName\":\"strapi_workflows\",\"info\":{\"name\":\"Workflow\",\"description\":\"\",\"singularName\":\"workflow\",\"pluralName\":\"workflows\",\"displayName\":\"Workflow\"},\"options\":{\"draftAndPublish\":false},\"pluginOptions\":{\"content-manager\":{\"visible\":false},\"content-type-builder\":{\"visible\":false}},\"attributes\":{\"name\":{\"type\":\"string\",\"required\":true,\"unique\":true},\"stages\":{\"type\":\"relation\",\"target\":\"plugin::review-workflows.workflow-stage\",\"relation\":\"oneToMany\",\"mappedBy\":\"workflow\"},\"stageRequiredToPublish\":{\"type\":\"relation\",\"target\":\"plugin::review-workflows.workflow-stage\",\"relation\":\"oneToOne\",\"required\":false},\"contentTypes\":{\"type\":\"json\",\"required\":true,\"default\":\"[]\"},\"createdAt\":{\"type\":\"datetime\"},\"updatedAt\":{\"type\":\"datetime\"},\"publishedAt\":{\"type\":\"datetime\",\"configurable\":false,\"writable\":true,\"visible\":false},\"createdBy\":{\"type\":\"relation\",\"relation\":\"oneToOne\",\"target\":\"admin::user\",\"configurable\":false,\"writable\":false,\"visible\":false,\"useJoinTable\":false,\"private\":true},\"updatedBy\":{\"type\":\"relation\",\"relation\":\"oneToOne\",\"target\":\"admin::user\",\"configurable\":false,\"writable\":false,\"visible\":false,\"useJoinTable\":false,\"private\":true},\"locale\":{\"writable\":true,\"private\":true,\"configurable\":false,\"visible\":false,\"type\":\"string\"},\"localizations\":{\"type\":\"relation\",\"relation\":\"oneToMany\",\"target\":\"plugin::review-workflows.workflow\",\"writable\":false,\"private\":true,\"configurable\":false,\"visible\":false,\"unstable_virtual\":true,\"joinColumn\":{\"name\":\"document_id\",\"referencedColumn\":\"document_id\",\"referencedTable\":\"strapi_workflows\"}}},\"plugin\":\"review-workflows\",\"globalId\":\"ReviewWorkflowsWorkflow\",\"uid\":\"plugin::review-workflows.workflow\",\"modelType\":\"contentType\",\"kind\":\"collectionType\",\"__schema__\":{\"collectionName\":\"strapi_workflows\",\"info\":{\"name\":\"Workflow\",\"description\":\"\",\"singularName\":\"workflow\",\"pluralName\":\"workflows\",\"displayName\":\"Workflow\"},\"options\":{},\"pluginOptions\":{\"content-manager\":{\"visible\":false},\"content-type-builder\":{\"visible\":false}},\"attributes\":{\"name\":{\"type\":\"string\",\"required\":true,\"unique\":true},\"stages\":{\"type\":\"relation\",\"target\":\"plugin::review-workflows.workflow-stage\",\"relation\":\"oneToMany\",\"mappedBy\":\"workflow\"},\"stageRequiredToPublish\":{\"type\":\"relation\",\"target\":\"plugin::review-workflows.workflow-stage\",\"relation\":\"oneToOne\",\"required\":false},\"contentTypes\":{\"type\":\"json\",\"required\":true,\"default\":\"[]\"}},\"kind\":\"collectionType\"},\"modelName\":\"workflow\"},\"plugin::review-workflows.workflow-stage\":{\"collectionName\":\"strapi_workflows_stages\",\"info\":{\"name\":\"Workflow Stage\",\"description\":\"\",\"singularName\":\"workflow-stage\",\"pluralName\":\"workflow-stages\",\"displayName\":\"Stages\"},\"options\":{\"version\":\"1.1.0\",\"draftAndPublish\":false},\"pluginOptions\":{\"content-manager\":{\"visible\":false},\"content-type-builder\":{\"visible\":false}},\"attributes\":{\"name\":{\"type\":\"string\",\"configurable\":false},\"color\":{\"type\":\"string\",\"configurable\":false,\"default\":\"#4945FF\"},\"workflow\":{\"type\":\"relation\",\"target\":\"plugin::review-workflows.workflow\",\"relation\":\"manyToOne\",\"inversedBy\":\"stages\",\"configurable\":false},\"permissions\":{\"type\":\"relation\",\"target\":\"admin::permission\",\"relation\":\"manyToMany\",\"configurable\":false},\"createdAt\":{\"type\":\"datetime\"},\"updatedAt\":{\"type\":\"datetime\"},\"publishedAt\":{\"type\":\"datetime\",\"configurable\":false,\"writable\":true,\"visible\":false},\"createdBy\":{\"type\":\"relation\",\"relation\":\"oneToOne\",\"target\":\"admin::user\",\"configurable\":false,\"writable\":false,\"visible\":false,\"useJoinTable\":false,\"private\":true},\"updatedBy\":{\"type\":\"relation\",\"relation\":\"oneToOne\",\"target\":\"admin::user\",\"configurable\":false,\"writable\":false,\"visible\":false,\"useJoinTable\":false,\"private\":true},\"locale\":{\"writable\":true,\"private\":true,\"configurable\":false,\"visible\":false,\"type\":\"string\"},\"localizations\":{\"type\":\"relation\",\"relation\":\"oneToMany\",\"target\":\"plugin::review-workflows.workflow-stage\",\"writable\":false,\"private\":true,\"configurable\":false,\"visible\":false,\"unstable_virtual\":true,\"joinColumn\":{\"name\":\"document_id\",\"referencedColumn\":\"document_id\",\"referencedTable\":\"strapi_workflows_stages\"}}},\"plugin\":\"review-workflows\",\"globalId\":\"ReviewWorkflowsWorkflowStage\",\"uid\":\"plugin::review-workflows.workflow-stage\",\"modelType\":\"contentType\",\"kind\":\"collectionType\",\"__schema__\":{\"collectionName\":\"strapi_workflows_stages\",\"info\":{\"name\":\"Workflow Stage\",\"description\":\"\",\"singularName\":\"workflow-stage\",\"pluralName\":\"workflow-stages\",\"displayName\":\"Stages\"},\"options\":{\"version\":\"1.1.0\"},\"pluginOptions\":{\"content-manager\":{\"visible\":false},\"content-type-builder\":{\"visible\":false}},\"attributes\":{\"name\":{\"type\":\"string\",\"configurable\":false},\"color\":{\"type\":\"string\",\"configurable\":false,\"default\":\"#4945FF\"},\"workflow\":{\"type\":\"relation\",\"target\":\"plugin::review-workflows.workflow\",\"relation\":\"manyToOne\",\"inversedBy\":\"stages\",\"configurable\":false},\"permissions\":{\"type\":\"relation\",\"target\":\"admin::permission\",\"relation\":\"manyToMany\",\"configurable\":false}},\"kind\":\"collectionType\"},\"modelName\":\"workflow-stage\"},\"plugin::users-permissions.permission\":{\"collectionName\":\"up_permissions\",\"info\":{\"name\":\"permission\",\"description\":\"\",\"singularName\":\"permission\",\"pluralName\":\"permissions\",\"displayName\":\"Permission\"},\"pluginOptions\":{\"content-manager\":{\"visible\":false},\"content-type-builder\":{\"visible\":false}},\"attributes\":{\"action\":{\"type\":\"string\",\"required\":true,\"configurable\":false},\"role\":{\"type\":\"relation\",\"relation\":\"manyToOne\",\"target\":\"plugin::users-permissions.role\",\"inversedBy\":\"permissions\",\"configurable\":false},\"createdAt\":{\"type\":\"datetime\"},\"updatedAt\":{\"type\":\"datetime\"},\"publishedAt\":{\"type\":\"datetime\",\"configurable\":false,\"writable\":true,\"visible\":false},\"createdBy\":{\"type\":\"relation\",\"relation\":\"oneToOne\",\"target\":\"admin::user\",\"configurable\":false,\"writable\":false,\"visible\":false,\"useJoinTable\":false,\"private\":true},\"updatedBy\":{\"type\":\"relation\",\"relation\":\"oneToOne\",\"target\":\"admin::user\",\"configurable\":false,\"writable\":false,\"visible\":false,\"useJoinTable\":false,\"private\":true},\"locale\":{\"writable\":true,\"private\":true,\"configurable\":false,\"visible\":false,\"type\":\"string\"},\"localizations\":{\"type\":\"relation\",\"relation\":\"oneToMany\",\"target\":\"plugin::users-permissions.permission\",\"writable\":false,\"private\":true,\"configurable\":false,\"visible\":false,\"unstable_virtual\":true,\"joinColumn\":{\"name\":\"document_id\",\"referencedColumn\":\"document_id\",\"referencedTable\":\"up_permissions\"}}},\"plugin\":\"users-permissions\",\"globalId\":\"UsersPermissionsPermission\",\"uid\":\"plugin::users-permissions.permission\",\"modelType\":\"contentType\",\"kind\":\"collectionType\",\"__schema__\":{\"collectionName\":\"up_permissions\",\"info\":{\"name\":\"permission\",\"description\":\"\",\"singularName\":\"permission\",\"pluralName\":\"permissions\",\"displayName\":\"Permission\"},\"pluginOptions\":{\"content-manager\":{\"visible\":false},\"content-type-builder\":{\"visible\":false}},\"attributes\":{\"action\":{\"type\":\"string\",\"required\":true,\"configurable\":false},\"role\":{\"type\":\"relation\",\"relation\":\"manyToOne\",\"target\":\"plugin::users-permissions.role\",\"inversedBy\":\"permissions\",\"configurable\":false}},\"kind\":\"collectionType\"},\"modelName\":\"permission\",\"options\":{\"draftAndPublish\":false}},\"plugin::users-permissions.role\":{\"collectionName\":\"up_roles\",\"info\":{\"name\":\"role\",\"description\":\"\",\"singularName\":\"role\",\"pluralName\":\"roles\",\"displayName\":\"Role\"},\"pluginOptions\":{\"content-manager\":{\"visible\":false},\"content-type-builder\":{\"visible\":false}},\"attributes\":{\"name\":{\"type\":\"string\",\"minLength\":3,\"required\":true,\"configurable\":false},\"description\":{\"type\":\"string\",\"configurable\":false},\"type\":{\"type\":\"string\",\"unique\":true,\"configurable\":false},\"permissions\":{\"type\":\"relation\",\"relation\":\"oneToMany\",\"target\":\"plugin::users-permissions.permission\",\"mappedBy\":\"role\",\"configurable\":false},\"users\":{\"type\":\"relation\",\"relation\":\"oneToMany\",\"target\":\"plugin::users-permissions.user\",\"mappedBy\":\"role\",\"configurable\":false},\"createdAt\":{\"type\":\"datetime\"},\"updatedAt\":{\"type\":\"datetime\"},\"publishedAt\":{\"type\":\"datetime\",\"configurable\":false,\"writable\":true,\"visible\":false},\"createdBy\":{\"type\":\"relation\",\"relation\":\"oneToOne\",\"target\":\"admin::user\",\"configurable\":false,\"writable\":false,\"visible\":false,\"useJoinTable\":false,\"private\":true},\"updatedBy\":{\"type\":\"relation\",\"relation\":\"oneToOne\",\"target\":\"admin::user\",\"configurable\":false,\"writable\":false,\"visible\":false,\"useJoinTable\":false,\"private\":true},\"locale\":{\"writable\":true,\"private\":true,\"configurable\":false,\"visible\":false,\"type\":\"string\"},\"localizations\":{\"type\":\"relation\",\"relation\":\"oneToMany\",\"target\":\"plugin::users-permissions.role\",\"writable\":false,\"private\":true,\"configurable\":false,\"visible\":false,\"unstable_virtual\":true,\"joinColumn\":{\"name\":\"document_id\",\"referencedColumn\":\"document_id\",\"referencedTable\":\"up_roles\"}}},\"plugin\":\"users-permissions\",\"globalId\":\"UsersPermissionsRole\",\"uid\":\"plugin::users-permissions.role\",\"modelType\":\"contentType\",\"kind\":\"collectionType\",\"__schema__\":{\"collectionName\":\"up_roles\",\"info\":{\"name\":\"role\",\"description\":\"\",\"singularName\":\"role\",\"pluralName\":\"roles\",\"displayName\":\"Role\"},\"pluginOptions\":{\"content-manager\":{\"visible\":false},\"content-type-builder\":{\"visible\":false}},\"attributes\":{\"name\":{\"type\":\"string\",\"minLength\":3,\"required\":true,\"configurable\":false},\"description\":{\"type\":\"string\",\"configurable\":false},\"type\":{\"type\":\"string\",\"unique\":true,\"configurable\":false},\"permissions\":{\"type\":\"relation\",\"relation\":\"oneToMany\",\"target\":\"plugin::users-permissions.permission\",\"mappedBy\":\"role\",\"configurable\":false},\"users\":{\"type\":\"relation\",\"relation\":\"oneToMany\",\"target\":\"plugin::users-permissions.user\",\"mappedBy\":\"role\",\"configurable\":false}},\"kind\":\"collectionType\"},\"modelName\":\"role\",\"options\":{\"draftAndPublish\":false}},\"plugin::users-permissions.user\":{\"collectionName\":\"up_users\",\"info\":{\"name\":\"user\",\"description\":\"\",\"singularName\":\"user\",\"pluralName\":\"users\",\"displayName\":\"User\"},\"options\":{\"timestamps\":true,\"draftAndPublish\":false},\"attributes\":{\"username\":{\"type\":\"string\",\"minLength\":3,\"unique\":true,\"configurable\":false,\"required\":true},\"email\":{\"type\":\"email\",\"minLength\":6,\"configurable\":false,\"required\":true},\"provider\":{\"type\":\"string\",\"configurable\":false},\"password\":{\"type\":\"password\",\"minLength\":6,\"configurable\":false,\"private\":true,\"searchable\":false},\"resetPasswordToken\":{\"type\":\"string\",\"configurable\":false,\"private\":true,\"searchable\":false},\"confirmationToken\":{\"type\":\"string\",\"configurable\":false,\"private\":true,\"searchable\":false},\"confirmed\":{\"type\":\"boolean\",\"default\":false,\"configurable\":false},\"blocked\":{\"type\":\"boolean\",\"default\":false,\"configurable\":false},\"role\":{\"type\":\"relation\",\"relation\":\"manyToOne\",\"target\":\"plugin::users-permissions.role\",\"inversedBy\":\"users\",\"configurable\":false},\"createdAt\":{\"type\":\"datetime\"},\"updatedAt\":{\"type\":\"datetime\"},\"publishedAt\":{\"type\":\"datetime\",\"configurable\":false,\"writable\":true,\"visible\":false},\"createdBy\":{\"type\":\"relation\",\"relation\":\"oneToOne\",\"target\":\"admin::user\",\"configurable\":false,\"writable\":false,\"visible\":false,\"useJoinTable\":false,\"private\":true},\"updatedBy\":{\"type\":\"relation\",\"relation\":\"oneToOne\",\"target\":\"admin::user\",\"configurable\":false,\"writable\":false,\"visible\":false,\"useJoinTable\":false,\"private\":true},\"locale\":{\"writable\":true,\"private\":true,\"configurable\":false,\"visible\":false,\"type\":\"string\"},\"localizations\":{\"type\":\"relation\",\"relation\":\"oneToMany\",\"target\":\"plugin::users-permissions.user\",\"writable\":false,\"private\":true,\"configurable\":false,\"visible\":false,\"unstable_virtual\":true,\"joinColumn\":{\"name\":\"document_id\",\"referencedColumn\":\"document_id\",\"referencedTable\":\"up_users\"}}},\"config\":{\"attributes\":{\"resetPasswordToken\":{\"hidden\":true},\"confirmationToken\":{\"hidden\":true},\"provider\":{\"hidden\":true}}},\"plugin\":\"users-permissions\",\"globalId\":\"UsersPermissionsUser\",\"uid\":\"plugin::users-permissions.user\",\"modelType\":\"contentType\",\"kind\":\"collectionType\",\"__schema__\":{\"collectionName\":\"up_users\",\"info\":{\"name\":\"user\",\"description\":\"\",\"singularName\":\"user\",\"pluralName\":\"users\",\"displayName\":\"User\"},\"options\":{\"timestamps\":true},\"attributes\":{\"username\":{\"type\":\"string\",\"minLength\":3,\"unique\":true,\"configurable\":false,\"required\":true},\"email\":{\"type\":\"email\",\"minLength\":6,\"configurable\":false,\"required\":true},\"provider\":{\"type\":\"string\",\"configurable\":false},\"password\":{\"type\":\"password\",\"minLength\":6,\"configurable\":false,\"private\":true,\"searchable\":false},\"resetPasswordToken\":{\"type\":\"string\",\"configurable\":false,\"private\":true,\"searchable\":false},\"confirmationToken\":{\"type\":\"string\",\"configurable\":false,\"private\":true,\"searchable\":false},\"confirmed\":{\"type\":\"boolean\",\"default\":false,\"configurable\":false},\"blocked\":{\"type\":\"boolean\",\"default\":false,\"configurable\":false},\"role\":{\"type\":\"relation\",\"relation\":\"manyToOne\",\"target\":\"plugin::users-permissions.role\",\"inversedBy\":\"users\",\"configurable\":false}},\"kind\":\"collectionType\"},\"modelName\":\"user\"},\"api::about-us.about-us\":{\"kind\":\"singleType\",\"collectionName\":\"about_uses\",\"info\":{\"singularName\":\"about-us\",\"pluralName\":\"about-uses\",\"displayName\":\"aboutUs\"},\"options\":{\"draftAndPublish\":true},\"pluginOptions\":{\"i18n\":{\"localized\":true}},\"attributes\":{\"subTitle\":{\"type\":\"string\",\"pluginOptions\":{\"i18n\":{\"localized\":true}}},\"title\":{\"type\":\"string\",\"pluginOptions\":{\"i18n\":{\"localized\":true}}},\"description\":{\"type\":\"richtext\",\"pluginOptions\":{\"i18n\":{\"localized\":true}},\"customField\":\"plugin::ckeditor5.CKEditor\",\"options\":{\"preset\":\"default\"}},\"aboutSection\":{\"type\":\"component\",\"pluginOptions\":{\"i18n\":{\"localized\":true}},\"component\":\"common.title-desc-with-img\",\"repeatable\":false},\"cardSection\":{\"type\":\"component\",\"pluginOptions\":{\"i18n\":{\"localized\":true}},\"component\":\"common.title-desc-with-img\",\"repeatable\":true},\"sectionTitle\":{\"type\":\"string\",\"pluginOptions\":{\"i18n\":{\"localized\":true}}},\"sectionDescription\":{\"type\":\"richtext\",\"pluginOptions\":{\"i18n\":{\"localized\":true}},\"customField\":\"plugin::ckeditor5.CKEditor\",\"options\":{\"preset\":\"default\"}},\"sections\":{\"type\":\"component\",\"pluginOptions\":{\"i18n\":{\"localized\":true}},\"component\":\"common.title-desc-btn-img\",\"repeatable\":true},\"seo\":{\"type\":\"component\",\"pluginOptions\":{\"i18n\":{\"localized\":true}},\"component\":\"common.seo\",\"repeatable\":false},\"createdAt\":{\"type\":\"datetime\"},\"updatedAt\":{\"type\":\"datetime\"},\"publishedAt\":{\"type\":\"datetime\",\"configurable\":false,\"writable\":true,\"visible\":false},\"createdBy\":{\"type\":\"relation\",\"relation\":\"oneToOne\",\"target\":\"admin::user\",\"configurable\":false,\"writable\":false,\"visible\":false,\"useJoinTable\":false,\"private\":true},\"updatedBy\":{\"type\":\"relation\",\"relation\":\"oneToOne\",\"target\":\"admin::user\",\"configurable\":false,\"writable\":false,\"visible\":false,\"useJoinTable\":false,\"private\":true},\"locale\":{\"writable\":true,\"private\":false,\"configurable\":false,\"visible\":false,\"type\":\"string\"},\"localizations\":{\"type\":\"relation\",\"relation\":\"oneToMany\",\"target\":\"api::about-us.about-us\",\"writable\":false,\"private\":false,\"configurable\":false,\"visible\":false,\"unstable_virtual\":true,\"joinColumn\":{\"name\":\"document_id\",\"referencedColumn\":\"document_id\",\"referencedTable\":\"about_uses\"}}},\"apiName\":\"about-us\",\"globalId\":\"AboutUs\",\"uid\":\"api::about-us.about-us\",\"modelType\":\"contentType\",\"__schema__\":{\"collectionName\":\"about_uses\",\"info\":{\"singularName\":\"about-us\",\"pluralName\":\"about-uses\",\"displayName\":\"aboutUs\"},\"options\":{\"draftAndPublish\":true},\"pluginOptions\":{\"i18n\":{\"localized\":true}},\"attributes\":{\"subTitle\":{\"type\":\"string\",\"pluginOptions\":{\"i18n\":{\"localized\":true}}},\"title\":{\"type\":\"string\",\"pluginOptions\":{\"i18n\":{\"localized\":true}}},\"description\":{\"type\":\"customField\",\"pluginOptions\":{\"i18n\":{\"localized\":true}},\"customField\":\"plugin::ckeditor5.CKEditor\",\"options\":{\"preset\":\"default\"}},\"aboutSection\":{\"type\":\"component\",\"pluginOptions\":{\"i18n\":{\"localized\":true}},\"component\":\"common.title-desc-with-img\",\"repeatable\":false},\"cardSection\":{\"type\":\"component\",\"pluginOptions\":{\"i18n\":{\"localized\":true}},\"component\":\"common.title-desc-with-img\",\"repeatable\":true},\"sectionTitle\":{\"type\":\"string\",\"pluginOptions\":{\"i18n\":{\"localized\":true}}},\"sectionDescription\":{\"type\":\"customField\",\"pluginOptions\":{\"i18n\":{\"localized\":true}},\"customField\":\"plugin::ckeditor5.CKEditor\",\"options\":{\"preset\":\"default\"}},\"sections\":{\"type\":\"component\",\"pluginOptions\":{\"i18n\":{\"localized\":true}},\"component\":\"common.title-desc-btn-img\",\"repeatable\":true},\"seo\":{\"type\":\"component\",\"pluginOptions\":{\"i18n\":{\"localized\":true}},\"component\":\"common.seo\",\"repeatable\":false}},\"kind\":\"singleType\"},\"modelName\":\"about-us\",\"actions\":{},\"lifecycles\":{}},\"api::automotive-landing.automotive-landing\":{\"kind\":\"singleType\",\"collectionName\":\"automotive_landings\",\"info\":{\"singularName\":\"automotive-landing\",\"pluralName\":\"automotive-landings\",\"displayName\":\"AutomotiveLanding\"},\"options\":{\"draftAndPublish\":true},\"pluginOptions\":{\"i18n\":{\"localized\":true}},\"attributes\":{\"title\":{\"type\":\"string\",\"pluginOptions\":{\"i18n\":{\"localized\":true}}},\"banner\":{\"type\":\"component\",\"pluginOptions\":{\"i18n\":{\"localized\":true}},\"component\":\"common.banner\",\"repeatable\":true},\"seo\":{\"type\":\"component\",\"pluginOptions\":{\"i18n\":{\"localized\":true}},\"component\":\"common.seo\",\"repeatable\":false},\"locationTypes\":{\"type\":\"relation\",\"relation\":\"oneToMany\",\"target\":\"api::branch-location.branch-location\"},\"socialFeeds\":{\"type\":\"component\",\"pluginOptions\":{\"i18n\":{\"localized\":true}},\"component\":\"home.content-section\",\"repeatable\":false},\"createdAt\":{\"type\":\"datetime\"},\"updatedAt\":{\"type\":\"datetime\"},\"publishedAt\":{\"type\":\"datetime\",\"configurable\":false,\"writable\":true,\"visible\":false},\"createdBy\":{\"type\":\"relation\",\"relation\":\"oneToOne\",\"target\":\"admin::user\",\"configurable\":false,\"writable\":false,\"visible\":false,\"useJoinTable\":false,\"private\":true},\"updatedBy\":{\"type\":\"relation\",\"relation\":\"oneToOne\",\"target\":\"admin::user\",\"configurable\":false,\"writable\":false,\"visible\":false,\"useJoinTable\":false,\"private\":true},\"locale\":{\"writable\":true,\"private\":false,\"configurable\":false,\"visible\":false,\"type\":\"string\"},\"localizations\":{\"type\":\"relation\",\"relation\":\"oneToMany\",\"target\":\"api::automotive-landing.automotive-landing\",\"writable\":false,\"private\":false,\"configurable\":false,\"visible\":false,\"unstable_virtual\":true,\"joinColumn\":{\"name\":\"document_id\",\"referencedColumn\":\"document_id\",\"referencedTable\":\"automotive_landings\"}}},\"apiName\":\"automotive-landing\",\"globalId\":\"AutomotiveLanding\",\"uid\":\"api::automotive-landing.automotive-landing\",\"modelType\":\"contentType\",\"__schema__\":{\"collectionName\":\"automotive_landings\",\"info\":{\"singularName\":\"automotive-landing\",\"pluralName\":\"automotive-landings\",\"displayName\":\"AutomotiveLanding\"},\"options\":{\"draftAndPublish\":true},\"pluginOptions\":{\"i18n\":{\"localized\":true}},\"attributes\":{\"title\":{\"type\":\"string\",\"pluginOptions\":{\"i18n\":{\"localized\":true}}},\"banner\":{\"type\":\"component\",\"pluginOptions\":{\"i18n\":{\"localized\":true}},\"component\":\"common.banner\",\"repeatable\":true},\"seo\":{\"type\":\"component\",\"pluginOptions\":{\"i18n\":{\"localized\":true}},\"component\":\"common.seo\",\"repeatable\":false},\"locationTypes\":{\"type\":\"relation\",\"relation\":\"oneToMany\",\"target\":\"api::branch-location.branch-location\"},\"socialFeeds\":{\"type\":\"component\",\"pluginOptions\":{\"i18n\":{\"localized\":true}},\"component\":\"home.content-section\",\"repeatable\":false}},\"kind\":\"singleType\"},\"modelName\":\"automotive-landing\",\"actions\":{},\"lifecycles\":{}},\"api::branch.branch\":{\"kind\":\"collectionType\",\"collectionName\":\"branches\",\"info\":{\"singularName\":\"branch\",\"pluralName\":\"branches\",\"displayName\":\"branch\"},\"options\":{\"draftAndPublish\":true},\"pluginOptions\":{\"i18n\":{\"localized\":true}},\"attributes\":{\"title\":{\"type\":\"string\",\"pluginOptions\":{\"i18n\":{\"localized\":true}}},\"slug\":{\"type\":\"string\",\"pluginOptions\":{\"i18n\":{\"localized\":true}},\"required\":true,\"unique\":true},\"address\":{\"type\":\"text\",\"pluginOptions\":{\"i18n\":{\"localized\":true}}},\"branchLocation\":{\"type\":\"relation\",\"relation\":\"oneToMany\",\"target\":\"api::branch-location.branch-location\"},\"phoneNumbers\":{\"type\":\"component\",\"pluginOptions\":{\"i18n\":{\"localized\":true}},\"component\":\"common.phone\",\"repeatable\":true},\"image\":{\"type\":\"media\",\"pluginOptions\":{\"i18n\":{\"localized\":true}},\"multiple\":false,\"allowedTypes\":[\"images\",\"files\",\"videos\",\"audios\"]},\"seo\":{\"type\":\"component\",\"pluginOptions\":{\"i18n\":{\"localized\":true}},\"component\":\"common.seo\",\"repeatable\":false},\"previewImage\":{\"type\":\"media\",\"pluginOptions\":{\"i18n\":{\"localized\":true}},\"multiple\":false,\"allowedTypes\":[\"images\",\"files\",\"videos\",\"audios\"]},\"embededMapUrl\":{\"type\":\"text\",\"pluginOptions\":{\"i18n\":{\"localized\":true}}},\"mapUrl\":{\"type\":\"text\",\"pluginOptions\":{\"i18n\":{\"localized\":true}}},\"isFeatured\":{\"type\":\"boolean\",\"pluginOptions\":{\"i18n\":{\"localized\":true}},\"default\":false},\"type\":{\"type\":\"enumeration\",\"pluginOptions\":{\"i18n\":{\"localized\":true}},\"enum\":[\"CME Branch Office\",\"Service Locations\",\"Ware houses\"]},\"locationSortOrder\":{\"type\":\"integer\",\"pluginOptions\":{\"i18n\":{\"localized\":true}}},\"products\":{\"type\":\"relation\",\"relation\":\"oneToMany\",\"target\":\"api::business-stream.business-stream\"},\"createdAt\":{\"type\":\"datetime\"},\"updatedAt\":{\"type\":\"datetime\"},\"publishedAt\":{\"type\":\"datetime\",\"configurable\":false,\"writable\":true,\"visible\":false},\"createdBy\":{\"type\":\"relation\",\"relation\":\"oneToOne\",\"target\":\"admin::user\",\"configurable\":false,\"writable\":false,\"visible\":false,\"useJoinTable\":false,\"private\":true},\"updatedBy\":{\"type\":\"relation\",\"relation\":\"oneToOne\",\"target\":\"admin::user\",\"configurable\":false,\"writable\":false,\"visible\":false,\"useJoinTable\":false,\"private\":true},\"locale\":{\"writable\":true,\"private\":false,\"configurable\":false,\"visible\":false,\"type\":\"string\"},\"localizations\":{\"type\":\"relation\",\"relation\":\"oneToMany\",\"target\":\"api::branch.branch\",\"writable\":false,\"private\":false,\"configurable\":false,\"visible\":false,\"unstable_virtual\":true,\"joinColumn\":{\"name\":\"document_id\",\"referencedColumn\":\"document_id\",\"referencedTable\":\"branches\"}}},\"apiName\":\"branch\",\"globalId\":\"Branch\",\"uid\":\"api::branch.branch\",\"modelType\":\"contentType\",\"__schema__\":{\"collectionName\":\"branches\",\"info\":{\"singularName\":\"branch\",\"pluralName\":\"branches\",\"displayName\":\"branch\"},\"options\":{\"draftAndPublish\":true},\"pluginOptions\":{\"i18n\":{\"localized\":true}},\"attributes\":{\"title\":{\"type\":\"string\",\"pluginOptions\":{\"i18n\":{\"localized\":true}}},\"slug\":{\"type\":\"string\",\"pluginOptions\":{\"i18n\":{\"localized\":true}},\"required\":true,\"unique\":true},\"address\":{\"type\":\"text\",\"pluginOptions\":{\"i18n\":{\"localized\":true}}},\"branchLocation\":{\"type\":\"relation\",\"relation\":\"oneToMany\",\"target\":\"api::branch-location.branch-location\"},\"phoneNumbers\":{\"type\":\"component\",\"pluginOptions\":{\"i18n\":{\"localized\":true}},\"component\":\"common.phone\",\"repeatable\":true},\"image\":{\"type\":\"media\",\"pluginOptions\":{\"i18n\":{\"localized\":true}},\"multiple\":false,\"allowedTypes\":[\"images\",\"files\",\"videos\",\"audios\"]},\"seo\":{\"type\":\"component\",\"pluginOptions\":{\"i18n\":{\"localized\":true}},\"component\":\"common.seo\",\"repeatable\":false},\"previewImage\":{\"type\":\"media\",\"pluginOptions\":{\"i18n\":{\"localized\":true}},\"multiple\":false,\"allowedTypes\":[\"images\",\"files\",\"videos\",\"audios\"]},\"embededMapUrl\":{\"type\":\"text\",\"pluginOptions\":{\"i18n\":{\"localized\":true}}},\"mapUrl\":{\"type\":\"text\",\"pluginOptions\":{\"i18n\":{\"localized\":true}}},\"isFeatured\":{\"type\":\"boolean\",\"pluginOptions\":{\"i18n\":{\"localized\":true}},\"default\":false},\"type\":{\"type\":\"enumeration\",\"pluginOptions\":{\"i18n\":{\"localized\":true}},\"enum\":[\"CME Branch Office\",\"Service Locations\",\"Ware houses\"]},\"locationSortOrder\":{\"type\":\"integer\",\"pluginOptions\":{\"i18n\":{\"localized\":true}}},\"products\":{\"type\":\"relation\",\"relation\":\"oneToMany\",\"target\":\"api::business-stream.business-stream\"}},\"kind\":\"collectionType\"},\"modelName\":\"branch\",\"actions\":{},\"lifecycles\":{}},\"api::branch-location.branch-location\":{\"kind\":\"collectionType\",\"collectionName\":\"branch_locations\",\"info\":{\"singularName\":\"branch-location\",\"pluralName\":\"branch-locations\",\"displayName\":\"branchLocation\"},\"options\":{\"draftAndPublish\":true},\"pluginOptions\":{\"i18n\":{\"localized\":true}},\"attributes\":{\"title\":{\"type\":\"string\",\"pluginOptions\":{\"i18n\":{\"localized\":true}}},\"key\":{\"type\":\"string\",\"pluginOptions\":{\"i18n\":{\"localized\":true}}},\"tabSortOrder\":{\"type\":\"integer\",\"pluginOptions\":{\"i18n\":{\"localized\":true}}},\"createdAt\":{\"type\":\"datetime\"},\"updatedAt\":{\"type\":\"datetime\"},\"publishedAt\":{\"type\":\"datetime\",\"configurable\":false,\"writable\":true,\"visible\":false},\"createdBy\":{\"type\":\"relation\",\"relation\":\"oneToOne\",\"target\":\"admin::user\",\"configurable\":false,\"writable\":false,\"visible\":false,\"useJoinTable\":false,\"private\":true},\"updatedBy\":{\"type\":\"relation\",\"relation\":\"oneToOne\",\"target\":\"admin::user\",\"configurable\":false,\"writable\":false,\"visible\":false,\"useJoinTable\":false,\"private\":true},\"locale\":{\"writable\":true,\"private\":false,\"configurable\":false,\"visible\":false,\"type\":\"string\"},\"localizations\":{\"type\":\"relation\",\"relation\":\"oneToMany\",\"target\":\"api::branch-location.branch-location\",\"writable\":false,\"private\":false,\"configurable\":false,\"visible\":false,\"unstable_virtual\":true,\"joinColumn\":{\"name\":\"document_id\",\"referencedColumn\":\"document_id\",\"referencedTable\":\"branch_locations\"}}},\"apiName\":\"branch-location\",\"globalId\":\"BranchLocation\",\"uid\":\"api::branch-location.branch-location\",\"modelType\":\"contentType\",\"__schema__\":{\"collectionName\":\"branch_locations\",\"info\":{\"singularName\":\"branch-location\",\"pluralName\":\"branch-locations\",\"displayName\":\"branchLocation\"},\"options\":{\"draftAndPublish\":true},\"pluginOptions\":{\"i18n\":{\"localized\":true}},\"attributes\":{\"title\":{\"type\":\"string\",\"pluginOptions\":{\"i18n\":{\"localized\":true}}},\"key\":{\"type\":\"string\",\"pluginOptions\":{\"i18n\":{\"localized\":true}}},\"tabSortOrder\":{\"type\":\"integer\",\"pluginOptions\":{\"i18n\":{\"localized\":true}}}},\"kind\":\"collectionType\"},\"modelName\":\"branch-location\",\"actions\":{},\"lifecycles\":{}},\"api::brand.brand\":{\"kind\":\"collectionType\",\"collectionName\":\"brands\",\"info\":{\"singularName\":\"brand\",\"pluralName\":\"brands\",\"displayName\":\"brands\"},\"options\":{\"draftAndPublish\":true},\"pluginOptions\":{\"i18n\":{\"localized\":true}},\"attributes\":{\"title\":{\"type\":\"string\",\"pluginOptions\":{\"i18n\":{\"localized\":true}}},\"image\":{\"type\":\"media\",\"pluginOptions\":{\"i18n\":{\"localized\":true}},\"multiple\":false,\"allowedTypes\":[\"images\",\"files\",\"videos\",\"audios\"]},\"types\":{\"type\":\"relation\",\"relation\":\"oneToMany\",\"target\":\"api::type.type\"},\"commonUrl\":{\"type\":\"text\",\"pluginOptions\":{\"i18n\":{\"localized\":true}}},\"enableCommonUrl\":{\"type\":\"boolean\",\"pluginOptions\":{\"i18n\":{\"localized\":true}},\"default\":false},\"automotiveUrl\":{\"type\":\"text\",\"pluginOptions\":{\"i18n\":{\"localized\":true}}},\"enableAutomotiveUrl\":{\"type\":\"boolean\",\"pluginOptions\":{\"i18n\":{\"localized\":true}},\"default\":false},\"powerToolUrl\":{\"type\":\"text\",\"pluginOptions\":{\"i18n\":{\"localized\":true}}},\"enablePowerToolUrl\":{\"type\":\"boolean\",\"pluginOptions\":{\"i18n\":{\"localized\":true}},\"default\":false},\"tyreUrl\":{\"type\":\"text\",\"pluginOptions\":{\"i18n\":{\"localized\":true}}},\"enableTyreUrl\":{\"type\":\"boolean\",\"pluginOptions\":{\"i18n\":{\"localized\":true}},\"default\":false},\"isFeatured\":{\"type\":\"boolean\",\"pluginOptions\":{\"i18n\":{\"localized\":true}},\"default\":false},\"createdAt\":{\"type\":\"datetime\"},\"updatedAt\":{\"type\":\"datetime\"},\"publishedAt\":{\"type\":\"datetime\",\"configurable\":false,\"writable\":true,\"visible\":false},\"createdBy\":{\"type\":\"relation\",\"relation\":\"oneToOne\",\"target\":\"admin::user\",\"configurable\":false,\"writable\":false,\"visible\":false,\"useJoinTable\":false,\"private\":true},\"updatedBy\":{\"type\":\"relation\",\"relation\":\"oneToOne\",\"target\":\"admin::user\",\"configurable\":false,\"writable\":false,\"visible\":false,\"useJoinTable\":false,\"private\":true},\"locale\":{\"writable\":true,\"private\":false,\"configurable\":false,\"visible\":false,\"type\":\"string\"},\"localizations\":{\"type\":\"relation\",\"relation\":\"oneToMany\",\"target\":\"api::brand.brand\",\"writable\":false,\"private\":false,\"configurable\":false,\"visible\":false,\"unstable_virtual\":true,\"joinColumn\":{\"name\":\"document_id\",\"referencedColumn\":\"document_id\",\"referencedTable\":\"brands\"}}},\"apiName\":\"brand\",\"globalId\":\"Brand\",\"uid\":\"api::brand.brand\",\"modelType\":\"contentType\",\"__schema__\":{\"collectionName\":\"brands\",\"info\":{\"singularName\":\"brand\",\"pluralName\":\"brands\",\"displayName\":\"brands\"},\"options\":{\"draftAndPublish\":true},\"pluginOptions\":{\"i18n\":{\"localized\":true}},\"attributes\":{\"title\":{\"type\":\"string\",\"pluginOptions\":{\"i18n\":{\"localized\":true}}},\"image\":{\"type\":\"media\",\"pluginOptions\":{\"i18n\":{\"localized\":true}},\"multiple\":false,\"allowedTypes\":[\"images\",\"files\",\"videos\",\"audios\"]},\"types\":{\"type\":\"relation\",\"relation\":\"oneToMany\",\"target\":\"api::type.type\"},\"commonUrl\":{\"type\":\"text\",\"pluginOptions\":{\"i18n\":{\"localized\":true}}},\"enableCommonUrl\":{\"type\":\"boolean\",\"pluginOptions\":{\"i18n\":{\"localized\":true}},\"default\":false},\"automotiveUrl\":{\"type\":\"text\",\"pluginOptions\":{\"i18n\":{\"localized\":true}}},\"enableAutomotiveUrl\":{\"type\":\"boolean\",\"pluginOptions\":{\"i18n\":{\"localized\":true}},\"default\":false},\"powerToolUrl\":{\"type\":\"text\",\"pluginOptions\":{\"i18n\":{\"localized\":true}}},\"enablePowerToolUrl\":{\"type\":\"boolean\",\"pluginOptions\":{\"i18n\":{\"localized\":true}},\"default\":false},\"tyreUrl\":{\"type\":\"text\",\"pluginOptions\":{\"i18n\":{\"localized\":true}}},\"enableTyreUrl\":{\"type\":\"boolean\",\"pluginOptions\":{\"i18n\":{\"localized\":true}},\"default\":false},\"isFeatured\":{\"type\":\"boolean\",\"pluginOptions\":{\"i18n\":{\"localized\":true}},\"default\":false}},\"kind\":\"collectionType\"},\"modelName\":\"brand\",\"actions\":{},\"lifecycles\":{}},\"api::business-stream.business-stream\":{\"kind\":\"collectionType\",\"collectionName\":\"business_streams\",\"info\":{\"singularName\":\"business-stream\",\"pluralName\":\"business-streams\",\"displayName\":\"products\"},\"options\":{\"draftAndPublish\":true},\"pluginOptions\":{\"i18n\":{\"localized\":true}},\"attributes\":{\"title\":{\"type\":\"string\",\"pluginOptions\":{\"i18n\":{\"localized\":true}}},\"slug\":{\"type\":\"string\",\"pluginOptions\":{\"i18n\":{\"localized\":true}},\"required\":true,\"unique\":true},\"smallDescription\":{\"type\":\"text\",\"pluginOptions\":{\"i18n\":{\"localized\":true}}},\"image\":{\"type\":\"media\",\"pluginOptions\":{\"i18n\":{\"localized\":true}},\"multiple\":false,\"allowedTypes\":[\"images\",\"files\",\"videos\",\"audios\"]},\"seo\":{\"type\":\"component\",\"pluginOptions\":{\"i18n\":{\"localized\":true}},\"component\":\"common.seo\",\"repeatable\":false},\"homePageSortOrder\":{\"type\":\"integer\",\"pluginOptions\":{\"i18n\":{\"localized\":true}}},\"createdAt\":{\"type\":\"datetime\"},\"updatedAt\":{\"type\":\"datetime\"},\"publishedAt\":{\"type\":\"datetime\",\"configurable\":false,\"writable\":true,\"visible\":false},\"createdBy\":{\"type\":\"relation\",\"relation\":\"oneToOne\",\"target\":\"admin::user\",\"configurable\":false,\"writable\":false,\"visible\":false,\"useJoinTable\":false,\"private\":true},\"updatedBy\":{\"type\":\"relation\",\"relation\":\"oneToOne\",\"target\":\"admin::user\",\"configurable\":false,\"writable\":false,\"visible\":false,\"useJoinTable\":false,\"private\":true},\"locale\":{\"writable\":true,\"private\":false,\"configurable\":false,\"visible\":false,\"type\":\"string\"},\"localizations\":{\"type\":\"relation\",\"relation\":\"oneToMany\",\"target\":\"api::business-stream.business-stream\",\"writable\":false,\"private\":false,\"configurable\":false,\"visible\":false,\"unstable_virtual\":true,\"joinColumn\":{\"name\":\"document_id\",\"referencedColumn\":\"document_id\",\"referencedTable\":\"business_streams\"}}},\"apiName\":\"business-stream\",\"globalId\":\"BusinessStream\",\"uid\":\"api::business-stream.business-stream\",\"modelType\":\"contentType\",\"__schema__\":{\"collectionName\":\"business_streams\",\"info\":{\"singularName\":\"business-stream\",\"pluralName\":\"business-streams\",\"displayName\":\"products\"},\"options\":{\"draftAndPublish\":true},\"pluginOptions\":{\"i18n\":{\"localized\":true}},\"attributes\":{\"title\":{\"type\":\"string\",\"pluginOptions\":{\"i18n\":{\"localized\":true}}},\"slug\":{\"type\":\"string\",\"pluginOptions\":{\"i18n\":{\"localized\":true}},\"required\":true,\"unique\":true},\"smallDescription\":{\"type\":\"text\",\"pluginOptions\":{\"i18n\":{\"localized\":true}}},\"image\":{\"type\":\"media\",\"pluginOptions\":{\"i18n\":{\"localized\":true}},\"multiple\":false,\"allowedTypes\":[\"images\",\"files\",\"videos\",\"audios\"]},\"seo\":{\"type\":\"component\",\"pluginOptions\":{\"i18n\":{\"localized\":true}},\"component\":\"common.seo\",\"repeatable\":false},\"homePageSortOrder\":{\"type\":\"integer\",\"pluginOptions\":{\"i18n\":{\"localized\":true}}}},\"kind\":\"collectionType\"},\"modelName\":\"business-stream\",\"actions\":{},\"lifecycles\":{}},\"api::contact-enquiry.contact-enquiry\":{\"kind\":\"collectionType\",\"collectionName\":\"contact_enquiries\",\"info\":{\"singularName\":\"contact-enquiry\",\"pluralName\":\"contact-enquiries\",\"displayName\":\"contactEnquiry\"},\"options\":{\"draftAndPublish\":true},\"pluginOptions\":{\"i18n\":{\"localized\":true}},\"attributes\":{\"fullName\":{\"type\":\"string\",\"pluginOptions\":{\"i18n\":{\"localized\":true}}},\"email\":{\"type\":\"string\",\"pluginOptions\":{\"i18n\":{\"localized\":true}}},\"phoneNumber\":{\"type\":\"string\",\"pluginOptions\":{\"i18n\":{\"localized\":true}}},\"message\":{\"type\":\"text\",\"pluginOptions\":{\"i18n\":{\"localized\":true}}},\"enquiryType\":{\"type\":\"string\",\"pluginOptions\":{\"i18n\":{\"localized\":true}}},\"createdAt\":{\"type\":\"datetime\"},\"updatedAt\":{\"type\":\"datetime\"},\"publishedAt\":{\"type\":\"datetime\",\"configurable\":false,\"writable\":true,\"visible\":false},\"createdBy\":{\"type\":\"relation\",\"relation\":\"oneToOne\",\"target\":\"admin::user\",\"configurable\":false,\"writable\":false,\"visible\":false,\"useJoinTable\":false,\"private\":true},\"updatedBy\":{\"type\":\"relation\",\"relation\":\"oneToOne\",\"target\":\"admin::user\",\"configurable\":false,\"writable\":false,\"visible\":false,\"useJoinTable\":false,\"private\":true},\"locale\":{\"writable\":true,\"private\":false,\"configurable\":false,\"visible\":false,\"type\":\"string\"},\"localizations\":{\"type\":\"relation\",\"relation\":\"oneToMany\",\"target\":\"api::contact-enquiry.contact-enquiry\",\"writable\":false,\"private\":false,\"configurable\":false,\"visible\":false,\"unstable_virtual\":true,\"joinColumn\":{\"name\":\"document_id\",\"referencedColumn\":\"document_id\",\"referencedTable\":\"contact_enquiries\"}}},\"apiName\":\"contact-enquiry\",\"globalId\":\"ContactEnquiry\",\"uid\":\"api::contact-enquiry.contact-enquiry\",\"modelType\":\"contentType\",\"__schema__\":{\"collectionName\":\"contact_enquiries\",\"info\":{\"singularName\":\"contact-enquiry\",\"pluralName\":\"contact-enquiries\",\"displayName\":\"contactEnquiry\"},\"options\":{\"draftAndPublish\":true},\"pluginOptions\":{\"i18n\":{\"localized\":true}},\"attributes\":{\"fullName\":{\"type\":\"string\",\"pluginOptions\":{\"i18n\":{\"localized\":true}}},\"email\":{\"type\":\"string\",\"pluginOptions\":{\"i18n\":{\"localized\":true}}},\"phoneNumber\":{\"type\":\"string\",\"pluginOptions\":{\"i18n\":{\"localized\":true}}},\"message\":{\"type\":\"text\",\"pluginOptions\":{\"i18n\":{\"localized\":true}}},\"enquiryType\":{\"type\":\"string\",\"pluginOptions\":{\"i18n\":{\"localized\":true}}}},\"kind\":\"collectionType\"},\"modelName\":\"contact-enquiry\",\"actions\":{},\"lifecycles\":{}},\"api::contact-us.contact-us\":{\"kind\":\"singleType\",\"collectionName\":\"contact_uses\",\"info\":{\"singularName\":\"contact-us\",\"pluralName\":\"contact-uses\",\"displayName\":\"contactUs\"},\"options\":{\"draftAndPublish\":true},\"pluginOptions\":{\"i18n\":{\"localized\":true}},\"attributes\":{\"banner\":{\"type\":\"component\",\"pluginOptions\":{\"i18n\":{\"localized\":true}},\"component\":\"common.banner\",\"repeatable\":true},\"boxComponent\":{\"type\":\"component\",\"pluginOptions\":{\"i18n\":{\"localized\":true}},\"component\":\"common.box-component\",\"repeatable\":false},\"formTitle\":{\"type\":\"string\",\"pluginOptions\":{\"i18n\":{\"localized\":true}}},\"seo\":{\"type\":\"component\",\"pluginOptions\":{\"i18n\":{\"localized\":true}},\"component\":\"common.seo\",\"repeatable\":false},\"locations\":{\"type\":\"relation\",\"relation\":\"oneToMany\",\"target\":\"api::branch-location.branch-location\"},\"createdAt\":{\"type\":\"datetime\"},\"updatedAt\":{\"type\":\"datetime\"},\"publishedAt\":{\"type\":\"datetime\",\"configurable\":false,\"writable\":true,\"visible\":false},\"createdBy\":{\"type\":\"relation\",\"relation\":\"oneToOne\",\"target\":\"admin::user\",\"configurable\":false,\"writable\":false,\"visible\":false,\"useJoinTable\":false,\"private\":true},\"updatedBy\":{\"type\":\"relation\",\"relation\":\"oneToOne\",\"target\":\"admin::user\",\"configurable\":false,\"writable\":false,\"visible\":false,\"useJoinTable\":false,\"private\":true},\"locale\":{\"writable\":true,\"private\":false,\"configurable\":false,\"visible\":false,\"type\":\"string\"},\"localizations\":{\"type\":\"relation\",\"relation\":\"oneToMany\",\"target\":\"api::contact-us.contact-us\",\"writable\":false,\"private\":false,\"configurable\":false,\"visible\":false,\"unstable_virtual\":true,\"joinColumn\":{\"name\":\"document_id\",\"referencedColumn\":\"document_id\",\"referencedTable\":\"contact_uses\"}}},\"apiName\":\"contact-us\",\"globalId\":\"ContactUs\",\"uid\":\"api::contact-us.contact-us\",\"modelType\":\"contentType\",\"__schema__\":{\"collectionName\":\"contact_uses\",\"info\":{\"singularName\":\"contact-us\",\"pluralName\":\"contact-uses\",\"displayName\":\"contactUs\"},\"options\":{\"draftAndPublish\":true},\"pluginOptions\":{\"i18n\":{\"localized\":true}},\"attributes\":{\"banner\":{\"type\":\"component\",\"pluginOptions\":{\"i18n\":{\"localized\":true}},\"component\":\"common.banner\",\"repeatable\":true},\"boxComponent\":{\"type\":\"component\",\"pluginOptions\":{\"i18n\":{\"localized\":true}},\"component\":\"common.box-component\",\"repeatable\":false},\"formTitle\":{\"type\":\"string\",\"pluginOptions\":{\"i18n\":{\"localized\":true}}},\"seo\":{\"type\":\"component\",\"pluginOptions\":{\"i18n\":{\"localized\":true}},\"component\":\"common.seo\",\"repeatable\":false},\"locations\":{\"type\":\"relation\",\"relation\":\"oneToMany\",\"target\":\"api::branch-location.branch-location\"}},\"kind\":\"singleType\"},\"modelName\":\"contact-us\",\"actions\":{},\"lifecycles\":{}},\"api::footer.footer\":{\"kind\":\"singleType\",\"collectionName\":\"footers\",\"info\":{\"singularName\":\"footer\",\"pluralName\":\"footers\",\"displayName\":\"footer\"},\"options\":{\"draftAndPublish\":true},\"pluginOptions\":{\"i18n\":{\"localized\":true}},\"attributes\":{\"logo\":{\"type\":\"media\",\"pluginOptions\":{\"i18n\":{\"localized\":true}},\"multiple\":false,\"allowedTypes\":[\"images\",\"files\",\"videos\",\"audios\"]},\"description\":{\"type\":\"text\",\"pluginOptions\":{\"i18n\":{\"localized\":true}}},\"socialLinks\":{\"type\":\"component\",\"pluginOptions\":{\"i18n\":{\"localized\":true}},\"component\":\"common.social-links\",\"repeatable\":true},\"bottomMenu\":{\"type\":\"component\",\"pluginOptions\":{\"i18n\":{\"localized\":true}},\"component\":\"common.menu-item\",\"repeatable\":true},\"menu\":{\"type\":\"component\",\"pluginOptions\":{\"i18n\":{\"localized\":true}},\"component\":\"common.menu-item-w-sub\",\"repeatable\":true},\"copyrightText\":{\"type\":\"text\",\"pluginOptions\":{\"i18n\":{\"localized\":true}}},\"createdAt\":{\"type\":\"datetime\"},\"updatedAt\":{\"type\":\"datetime\"},\"publishedAt\":{\"type\":\"datetime\",\"configurable\":false,\"writable\":true,\"visible\":false},\"createdBy\":{\"type\":\"relation\",\"relation\":\"oneToOne\",\"target\":\"admin::user\",\"configurable\":false,\"writable\":false,\"visible\":false,\"useJoinTable\":false,\"private\":true},\"updatedBy\":{\"type\":\"relation\",\"relation\":\"oneToOne\",\"target\":\"admin::user\",\"configurable\":false,\"writable\":false,\"visible\":false,\"useJoinTable\":false,\"private\":true},\"locale\":{\"writable\":true,\"private\":false,\"configurable\":false,\"visible\":false,\"type\":\"string\"},\"localizations\":{\"type\":\"relation\",\"relation\":\"oneToMany\",\"target\":\"api::footer.footer\",\"writable\":false,\"private\":false,\"configurable\":false,\"visible\":false,\"unstable_virtual\":true,\"joinColumn\":{\"name\":\"document_id\",\"referencedColumn\":\"document_id\",\"referencedTable\":\"footers\"}}},\"apiName\":\"footer\",\"globalId\":\"Footer\",\"uid\":\"api::footer.footer\",\"modelType\":\"contentType\",\"__schema__\":{\"collectionName\":\"footers\",\"info\":{\"singularName\":\"footer\",\"pluralName\":\"footers\",\"displayName\":\"footer\"},\"options\":{\"draftAndPublish\":true},\"pluginOptions\":{\"i18n\":{\"localized\":true}},\"attributes\":{\"logo\":{\"type\":\"media\",\"pluginOptions\":{\"i18n\":{\"localized\":true}},\"multiple\":false,\"allowedTypes\":[\"images\",\"files\",\"videos\",\"audios\"]},\"description\":{\"type\":\"text\",\"pluginOptions\":{\"i18n\":{\"localized\":true}}},\"socialLinks\":{\"type\":\"component\",\"pluginOptions\":{\"i18n\":{\"localized\":true}},\"component\":\"common.social-links\",\"repeatable\":true},\"bottomMenu\":{\"type\":\"component\",\"pluginOptions\":{\"i18n\":{\"localized\":true}},\"component\":\"common.menu-item\",\"repeatable\":true},\"menu\":{\"type\":\"component\",\"pluginOptions\":{\"i18n\":{\"localized\":true}},\"component\":\"common.menu-item-w-sub\",\"repeatable\":true},\"copyrightText\":{\"type\":\"text\",\"pluginOptions\":{\"i18n\":{\"localized\":true}}}},\"kind\":\"singleType\"},\"modelName\":\"footer\",\"actions\":{},\"lifecycles\":{}},\"api::header.header\":{\"kind\":\"singleType\",\"collectionName\":\"headers\",\"info\":{\"singularName\":\"header\",\"pluralName\":\"headers\",\"displayName\":\"header\"},\"options\":{\"draftAndPublish\":true},\"pluginOptions\":{\"i18n\":{\"localized\":true}},\"attributes\":{\"logo\":{\"type\":\"media\",\"pluginOptions\":{\"i18n\":{\"localized\":true}},\"multiple\":false,\"allowedTypes\":[\"images\",\"files\",\"videos\",\"audios\"]},\"colorLogo\":{\"type\":\"media\",\"pluginOptions\":{\"i18n\":{\"localized\":true}},\"multiple\":false,\"allowedTypes\":[\"images\",\"files\",\"videos\",\"audios\"]},\"menu\":{\"type\":\"dynamiczone\",\"pluginOptions\":{\"i18n\":{\"localized\":true}},\"components\":[\"common.menu-item\",\"common.menu-item-w-sub\",\"common.menu-item-w-services\"]},\"showMultilingual\":{\"type\":\"boolean\",\"pluginOptions\":{\"i18n\":{\"localized\":true}},\"default\":true},\"createdAt\":{\"type\":\"datetime\"},\"updatedAt\":{\"type\":\"datetime\"},\"publishedAt\":{\"type\":\"datetime\",\"configurable\":false,\"writable\":true,\"visible\":false},\"createdBy\":{\"type\":\"relation\",\"relation\":\"oneToOne\",\"target\":\"admin::user\",\"configurable\":false,\"writable\":false,\"visible\":false,\"useJoinTable\":false,\"private\":true},\"updatedBy\":{\"type\":\"relation\",\"relation\":\"oneToOne\",\"target\":\"admin::user\",\"configurable\":false,\"writable\":false,\"visible\":false,\"useJoinTable\":false,\"private\":true},\"locale\":{\"writable\":true,\"private\":false,\"configurable\":false,\"visible\":false,\"type\":\"string\"},\"localizations\":{\"type\":\"relation\",\"relation\":\"oneToMany\",\"target\":\"api::header.header\",\"writable\":false,\"private\":false,\"configurable\":false,\"visible\":false,\"unstable_virtual\":true,\"joinColumn\":{\"name\":\"document_id\",\"referencedColumn\":\"document_id\",\"referencedTable\":\"headers\"}}},\"apiName\":\"header\",\"globalId\":\"Header\",\"uid\":\"api::header.header\",\"modelType\":\"contentType\",\"__schema__\":{\"collectionName\":\"headers\",\"info\":{\"singularName\":\"header\",\"pluralName\":\"headers\",\"displayName\":\"header\"},\"options\":{\"draftAndPublish\":true},\"pluginOptions\":{\"i18n\":{\"localized\":true}},\"attributes\":{\"logo\":{\"type\":\"media\",\"pluginOptions\":{\"i18n\":{\"localized\":true}},\"multiple\":false,\"allowedTypes\":[\"images\",\"files\",\"videos\",\"audios\"]},\"colorLogo\":{\"type\":\"media\",\"pluginOptions\":{\"i18n\":{\"localized\":true}},\"multiple\":false,\"allowedTypes\":[\"images\",\"files\",\"videos\",\"audios\"]},\"menu\":{\"type\":\"dynamiczone\",\"pluginOptions\":{\"i18n\":{\"localized\":true}},\"components\":[\"common.menu-item\",\"common.menu-item-w-sub\",\"common.menu-item-w-services\"]},\"showMultilingual\":{\"type\":\"boolean\",\"pluginOptions\":{\"i18n\":{\"localized\":true}},\"default\":true}},\"kind\":\"singleType\"},\"modelName\":\"header\",\"actions\":{},\"lifecycles\":{}},\"api::home.home\":{\"kind\":\"singleType\",\"collectionName\":\"homes\",\"info\":{\"singularName\":\"home\",\"pluralName\":\"homes\",\"displayName\":\"home\"},\"options\":{\"draftAndPublish\":true},\"pluginOptions\":{\"i18n\":{\"localized\":true}},\"attributes\":{\"banner\":{\"type\":\"component\",\"pluginOptions\":{\"i18n\":{\"localized\":true}},\"component\":\"common.banner\",\"repeatable\":true},\"aboutCme\":{\"type\":\"component\",\"pluginOptions\":{\"i18n\":{\"localized\":true}},\"component\":\"home.about-cme\",\"repeatable\":false},\"businessStreams\":{\"type\":\"component\",\"pluginOptions\":{\"i18n\":{\"localized\":true}},\"component\":\"home.business-stream\",\"repeatable\":false},\"trustedBrands\":{\"type\":\"component\",\"pluginOptions\":{\"i18n\":{\"localized\":true}},\"component\":\"home.content-section\",\"repeatable\":false},\"trustedPartners\":{\"type\":\"component\",\"pluginOptions\":{\"i18n\":{\"localized\":true}},\"component\":\"home.trusted-section\",\"repeatable\":false},\"socialFeeds\":{\"type\":\"component\",\"pluginOptions\":{\"i18n\":{\"localized\":true}},\"component\":\"home.content-section\",\"repeatable\":false},\"ourLocations\":{\"type\":\"component\",\"pluginOptions\":{\"i18n\":{\"localized\":true}},\"component\":\"home.content-section\",\"repeatable\":false},\"aboutGroup\":{\"type\":\"component\",\"pluginOptions\":{\"i18n\":{\"localized\":true}},\"component\":\"common.content-with-link\",\"repeatable\":false},\"isNewsEnabled\":{\"type\":\"boolean\",\"pluginOptions\":{\"i18n\":{\"localized\":true}},\"default\":true},\"seo\":{\"type\":\"component\",\"pluginOptions\":{\"i18n\":{\"localized\":true}},\"component\":\"common.seo\",\"repeatable\":false},\"createdAt\":{\"type\":\"datetime\"},\"updatedAt\":{\"type\":\"datetime\"},\"publishedAt\":{\"type\":\"datetime\",\"configurable\":false,\"writable\":true,\"visible\":false},\"createdBy\":{\"type\":\"relation\",\"relation\":\"oneToOne\",\"target\":\"admin::user\",\"configurable\":false,\"writable\":false,\"visible\":false,\"useJoinTable\":false,\"private\":true},\"updatedBy\":{\"type\":\"relation\",\"relation\":\"oneToOne\",\"target\":\"admin::user\",\"configurable\":false,\"writable\":false,\"visible\":false,\"useJoinTable\":false,\"private\":true},\"locale\":{\"writable\":true,\"private\":false,\"configurable\":false,\"visible\":false,\"type\":\"string\"},\"localizations\":{\"type\":\"relation\",\"relation\":\"oneToMany\",\"target\":\"api::home.home\",\"writable\":false,\"private\":false,\"configurable\":false,\"visible\":false,\"unstable_virtual\":true,\"joinColumn\":{\"name\":\"document_id\",\"referencedColumn\":\"document_id\",\"referencedTable\":\"homes\"}}},\"apiName\":\"home\",\"globalId\":\"Home\",\"uid\":\"api::home.home\",\"modelType\":\"contentType\",\"__schema__\":{\"collectionName\":\"homes\",\"info\":{\"singularName\":\"home\",\"pluralName\":\"homes\",\"displayName\":\"home\"},\"options\":{\"draftAndPublish\":true},\"pluginOptions\":{\"i18n\":{\"localized\":true}},\"attributes\":{\"banner\":{\"type\":\"component\",\"pluginOptions\":{\"i18n\":{\"localized\":true}},\"component\":\"common.banner\",\"repeatable\":true},\"aboutCme\":{\"type\":\"component\",\"pluginOptions\":{\"i18n\":{\"localized\":true}},\"component\":\"home.about-cme\",\"repeatable\":false},\"businessStreams\":{\"type\":\"component\",\"pluginOptions\":{\"i18n\":{\"localized\":true}},\"component\":\"home.business-stream\",\"repeatable\":false},\"trustedBrands\":{\"type\":\"component\",\"pluginOptions\":{\"i18n\":{\"localized\":true}},\"component\":\"home.content-section\",\"repeatable\":false},\"trustedPartners\":{\"type\":\"component\",\"pluginOptions\":{\"i18n\":{\"localized\":true}},\"component\":\"home.trusted-section\",\"repeatable\":false},\"socialFeeds\":{\"type\":\"component\",\"pluginOptions\":{\"i18n\":{\"localized\":true}},\"component\":\"home.content-section\",\"repeatable\":false},\"ourLocations\":{\"type\":\"component\",\"pluginOptions\":{\"i18n\":{\"localized\":true}},\"component\":\"home.content-section\",\"repeatable\":false},\"aboutGroup\":{\"type\":\"component\",\"pluginOptions\":{\"i18n\":{\"localized\":true}},\"component\":\"common.content-with-link\",\"repeatable\":false},\"isNewsEnabled\":{\"type\":\"boolean\",\"pluginOptions\":{\"i18n\":{\"localized\":true}},\"default\":true},\"seo\":{\"type\":\"component\",\"pluginOptions\":{\"i18n\":{\"localized\":true}},\"component\":\"common.seo\",\"repeatable\":false}},\"kind\":\"singleType\"},\"modelName\":\"home\",\"actions\":{},\"lifecycles\":{}},\"api::location.location\":{\"kind\":\"singleType\",\"collectionName\":\"locations\",\"info\":{\"singularName\":\"location\",\"pluralName\":\"locations\",\"displayName\":\"location\"},\"options\":{\"draftAndPublish\":true},\"pluginOptions\":{\"i18n\":{\"localized\":true}},\"attributes\":{\"subTitle\":{\"type\":\"string\",\"pluginOptions\":{\"i18n\":{\"localized\":true}}},\"title\":{\"type\":\"string\",\"pluginOptions\":{\"i18n\":{\"localized\":true}}},\"description\":{\"type\":\"richtext\",\"pluginOptions\":{\"i18n\":{\"localized\":true}},\"customField\":\"plugin::ckeditor5.CKEditor\",\"options\":{\"preset\":\"default\"}},\"seo\":{\"type\":\"component\",\"pluginOptions\":{\"i18n\":{\"localized\":true}},\"component\":\"common.seo\",\"repeatable\":false},\"locationTypes\":{\"type\":\"relation\",\"relation\":\"oneToMany\",\"target\":\"api::branch-location.branch-location\"},\"createdAt\":{\"type\":\"datetime\"},\"updatedAt\":{\"type\":\"datetime\"},\"publishedAt\":{\"type\":\"datetime\",\"configurable\":false,\"writable\":true,\"visible\":false},\"createdBy\":{\"type\":\"relation\",\"relation\":\"oneToOne\",\"target\":\"admin::user\",\"configurable\":false,\"writable\":false,\"visible\":false,\"useJoinTable\":false,\"private\":true},\"updatedBy\":{\"type\":\"relation\",\"relation\":\"oneToOne\",\"target\":\"admin::user\",\"configurable\":false,\"writable\":false,\"visible\":false,\"useJoinTable\":false,\"private\":true},\"locale\":{\"writable\":true,\"private\":false,\"configurable\":false,\"visible\":false,\"type\":\"string\"},\"localizations\":{\"type\":\"relation\",\"relation\":\"oneToMany\",\"target\":\"api::location.location\",\"writable\":false,\"private\":false,\"configurable\":false,\"visible\":false,\"unstable_virtual\":true,\"joinColumn\":{\"name\":\"document_id\",\"referencedColumn\":\"document_id\",\"referencedTable\":\"locations\"}}},\"apiName\":\"location\",\"globalId\":\"Location\",\"uid\":\"api::location.location\",\"modelType\":\"contentType\",\"__schema__\":{\"collectionName\":\"locations\",\"info\":{\"singularName\":\"location\",\"pluralName\":\"locations\",\"displayName\":\"location\"},\"options\":{\"draftAndPublish\":true},\"pluginOptions\":{\"i18n\":{\"localized\":true}},\"attributes\":{\"subTitle\":{\"type\":\"string\",\"pluginOptions\":{\"i18n\":{\"localized\":true}}},\"title\":{\"type\":\"string\",\"pluginOptions\":{\"i18n\":{\"localized\":true}}},\"description\":{\"type\":\"customField\",\"pluginOptions\":{\"i18n\":{\"localized\":true}},\"customField\":\"plugin::ckeditor5.CKEditor\",\"options\":{\"preset\":\"default\"}},\"seo\":{\"type\":\"component\",\"pluginOptions\":{\"i18n\":{\"localized\":true}},\"component\":\"common.seo\",\"repeatable\":false},\"locationTypes\":{\"type\":\"relation\",\"relation\":\"oneToMany\",\"target\":\"api::branch-location.branch-location\"}},\"kind\":\"singleType\"},\"modelName\":\"location\",\"actions\":{},\"lifecycles\":{}},\"api::news.news\":{\"kind\":\"collectionType\",\"collectionName\":\"newes\",\"info\":{\"singularName\":\"news\",\"pluralName\":\"newes\",\"displayName\":\"news\"},\"options\":{\"draftAndPublish\":true},\"pluginOptions\":{\"i18n\":{\"localized\":true}},\"attributes\":{\"title\":{\"type\":\"string\",\"pluginOptions\":{\"i18n\":{\"localized\":true}}},\"slug\":{\"type\":\"string\",\"pluginOptions\":{\"i18n\":{\"localized\":true}},\"required\":true,\"unique\":true},\"postedDate\":{\"type\":\"date\",\"pluginOptions\":{\"i18n\":{\"localized\":true}}},\"smallDescription\":{\"type\":\"text\",\"pluginOptions\":{\"i18n\":{\"localized\":true}}},\"description\":{\"type\":\"richtext\",\"pluginOptions\":{\"i18n\":{\"localized\":true}},\"customField\":\"plugin::ckeditor5.CKEditor\",\"options\":{\"preset\":\"default\"}},\"image\":{\"type\":\"media\",\"pluginOptions\":{\"i18n\":{\"localized\":true}},\"multiple\":false,\"allowedTypes\":[\"images\",\"files\",\"videos\",\"audios\"]},\"isFeatured\":{\"type\":\"boolean\",\"pluginOptions\":{\"i18n\":{\"localized\":true}}},\"readTime\":{\"type\":\"string\",\"pluginOptions\":{\"i18n\":{\"localized\":true}}},\"seo\":{\"type\":\"component\",\"pluginOptions\":{\"i18n\":{\"localized\":true}},\"component\":\"common.seo\",\"repeatable\":false},\"types\":{\"type\":\"relation\",\"relation\":\"oneToMany\",\"target\":\"api::type.type\"},\"createdAt\":{\"type\":\"datetime\"},\"updatedAt\":{\"type\":\"datetime\"},\"publishedAt\":{\"type\":\"datetime\",\"configurable\":false,\"writable\":true,\"visible\":false},\"createdBy\":{\"type\":\"relation\",\"relation\":\"oneToOne\",\"target\":\"admin::user\",\"configurable\":false,\"writable\":false,\"visible\":false,\"useJoinTable\":false,\"private\":true},\"updatedBy\":{\"type\":\"relation\",\"relation\":\"oneToOne\",\"target\":\"admin::user\",\"configurable\":false,\"writable\":false,\"visible\":false,\"useJoinTable\":false,\"private\":true},\"locale\":{\"writable\":true,\"private\":false,\"configurable\":false,\"visible\":false,\"type\":\"string\"},\"localizations\":{\"type\":\"relation\",\"relation\":\"oneToMany\",\"target\":\"api::news.news\",\"writable\":false,\"private\":false,\"configurable\":false,\"visible\":false,\"unstable_virtual\":true,\"joinColumn\":{\"name\":\"document_id\",\"referencedColumn\":\"document_id\",\"referencedTable\":\"newes\"}}},\"apiName\":\"news\",\"globalId\":\"News\",\"uid\":\"api::news.news\",\"modelType\":\"contentType\",\"__schema__\":{\"collectionName\":\"newes\",\"info\":{\"singularName\":\"news\",\"pluralName\":\"newes\",\"displayName\":\"news\"},\"options\":{\"draftAndPublish\":true},\"pluginOptions\":{\"i18n\":{\"localized\":true}},\"attributes\":{\"title\":{\"type\":\"string\",\"pluginOptions\":{\"i18n\":{\"localized\":true}}},\"slug\":{\"type\":\"string\",\"pluginOptions\":{\"i18n\":{\"localized\":true}},\"required\":true,\"unique\":true},\"postedDate\":{\"type\":\"date\",\"pluginOptions\":{\"i18n\":{\"localized\":true}}},\"smallDescription\":{\"type\":\"text\",\"pluginOptions\":{\"i18n\":{\"localized\":true}}},\"description\":{\"type\":\"customField\",\"pluginOptions\":{\"i18n\":{\"localized\":true}},\"customField\":\"plugin::ckeditor5.CKEditor\",\"options\":{\"preset\":\"default\"}},\"image\":{\"type\":\"media\",\"pluginOptions\":{\"i18n\":{\"localized\":true}},\"multiple\":false,\"allowedTypes\":[\"images\",\"files\",\"videos\",\"audios\"]},\"isFeatured\":{\"type\":\"boolean\",\"pluginOptions\":{\"i18n\":{\"localized\":true}}},\"readTime\":{\"type\":\"string\",\"pluginOptions\":{\"i18n\":{\"localized\":true}}},\"seo\":{\"type\":\"component\",\"pluginOptions\":{\"i18n\":{\"localized\":true}},\"component\":\"common.seo\",\"repeatable\":false},\"types\":{\"type\":\"relation\",\"relation\":\"oneToMany\",\"target\":\"api::type.type\"}},\"kind\":\"collectionType\"},\"modelName\":\"news\",\"actions\":{},\"lifecycles\":{}},\"api::news-landing.news-landing\":{\"kind\":\"singleType\",\"collectionName\":\"news_landings\",\"info\":{\"singularName\":\"news-landing\",\"pluralName\":\"news-landings\",\"displayName\":\"newsLanding\"},\"options\":{\"draftAndPublish\":true},\"pluginOptions\":{\"i18n\":{\"localized\":true}},\"attributes\":{\"title\":{\"type\":\"string\",\"pluginOptions\":{\"i18n\":{\"localized\":true}}},\"seo\":{\"type\":\"component\",\"pluginOptions\":{\"i18n\":{\"localized\":true}},\"component\":\"common.seo\",\"repeatable\":false},\"createdAt\":{\"type\":\"datetime\"},\"updatedAt\":{\"type\":\"datetime\"},\"publishedAt\":{\"type\":\"datetime\",\"configurable\":false,\"writable\":true,\"visible\":false},\"createdBy\":{\"type\":\"relation\",\"relation\":\"oneToOne\",\"target\":\"admin::user\",\"configurable\":false,\"writable\":false,\"visible\":false,\"useJoinTable\":false,\"private\":true},\"updatedBy\":{\"type\":\"relation\",\"relation\":\"oneToOne\",\"target\":\"admin::user\",\"configurable\":false,\"writable\":false,\"visible\":false,\"useJoinTable\":false,\"private\":true},\"locale\":{\"writable\":true,\"private\":false,\"configurable\":false,\"visible\":false,\"type\":\"string\"},\"localizations\":{\"type\":\"relation\",\"relation\":\"oneToMany\",\"target\":\"api::news-landing.news-landing\",\"writable\":false,\"private\":false,\"configurable\":false,\"visible\":false,\"unstable_virtual\":true,\"joinColumn\":{\"name\":\"document_id\",\"referencedColumn\":\"document_id\",\"referencedTable\":\"news_landings\"}}},\"apiName\":\"news-landing\",\"globalId\":\"NewsLanding\",\"uid\":\"api::news-landing.news-landing\",\"modelType\":\"contentType\",\"__schema__\":{\"collectionName\":\"news_landings\",\"info\":{\"singularName\":\"news-landing\",\"pluralName\":\"news-landings\",\"displayName\":\"newsLanding\"},\"options\":{\"draftAndPublish\":true},\"pluginOptions\":{\"i18n\":{\"localized\":true}},\"attributes\":{\"title\":{\"type\":\"string\",\"pluginOptions\":{\"i18n\":{\"localized\":true}}},\"seo\":{\"type\":\"component\",\"pluginOptions\":{\"i18n\":{\"localized\":true}},\"component\":\"common.seo\",\"repeatable\":false}},\"kind\":\"singleType\"},\"modelName\":\"news-landing\",\"actions\":{},\"lifecycles\":{}},\"api::power-category.power-category\":{\"kind\":\"collectionType\",\"collectionName\":\"power_categories\",\"info\":{\"singularName\":\"power-category\",\"pluralName\":\"power-categories\",\"displayName\":\"powerCategory\"},\"options\":{\"draftAndPublish\":true},\"pluginOptions\":{\"i18n\":{\"localized\":true}},\"attributes\":{\"title\":{\"type\":\"string\",\"pluginOptions\":{\"i18n\":{\"localized\":true}}},\"image\":{\"type\":\"media\",\"pluginOptions\":{\"i18n\":{\"localized\":true}},\"multiple\":false,\"allowedTypes\":[\"images\"]},\"slug\":{\"type\":\"uid\",\"pluginOptions\":{\"i18n\":{\"localized\":true}},\"regex\":\"^[A-Za-z0-9\\\\-._~\\\\/\\\\?\\\\=&]+$\"},\"displayOrder\":{\"type\":\"integer\",\"pluginOptions\":{\"i18n\":{\"localized\":true}},\"unique\":true},\"createdAt\":{\"type\":\"datetime\"},\"updatedAt\":{\"type\":\"datetime\"},\"publishedAt\":{\"type\":\"datetime\",\"configurable\":false,\"writable\":true,\"visible\":false},\"createdBy\":{\"type\":\"relation\",\"relation\":\"oneToOne\",\"target\":\"admin::user\",\"configurable\":false,\"writable\":false,\"visible\":false,\"useJoinTable\":false,\"private\":true},\"updatedBy\":{\"type\":\"relation\",\"relation\":\"oneToOne\",\"target\":\"admin::user\",\"configurable\":false,\"writable\":false,\"visible\":false,\"useJoinTable\":false,\"private\":true},\"locale\":{\"writable\":true,\"private\":false,\"configurable\":false,\"visible\":false,\"type\":\"string\"},\"localizations\":{\"type\":\"relation\",\"relation\":\"oneToMany\",\"target\":\"api::power-category.power-category\",\"writable\":false,\"private\":false,\"configurable\":false,\"visible\":false,\"unstable_virtual\":true,\"joinColumn\":{\"name\":\"document_id\",\"referencedColumn\":\"document_id\",\"referencedTable\":\"power_categories\"}}},\"apiName\":\"power-category\",\"globalId\":\"PowerCategory\",\"uid\":\"api::power-category.power-category\",\"modelType\":\"contentType\",\"__schema__\":{\"collectionName\":\"power_categories\",\"info\":{\"singularName\":\"power-category\",\"pluralName\":\"power-categories\",\"displayName\":\"powerCategory\"},\"options\":{\"draftAndPublish\":true},\"pluginOptions\":{\"i18n\":{\"localized\":true}},\"attributes\":{\"title\":{\"type\":\"string\",\"pluginOptions\":{\"i18n\":{\"localized\":true}}},\"image\":{\"type\":\"media\",\"pluginOptions\":{\"i18n\":{\"localized\":true}},\"multiple\":false,\"allowedTypes\":[\"images\"]},\"slug\":{\"type\":\"uid\",\"pluginOptions\":{\"i18n\":{\"localized\":true}},\"regex\":\"^[A-Za-z0-9\\\\-._~\\\\/\\\\?\\\\=&]+$\"},\"displayOrder\":{\"type\":\"integer\",\"pluginOptions\":{\"i18n\":{\"localized\":true}},\"unique\":true}},\"kind\":\"collectionType\"},\"modelName\":\"power-category\",\"actions\":{},\"lifecycles\":{}},\"api::power-tool-landing.power-tool-landing\":{\"kind\":\"singleType\",\"collectionName\":\"power_tool_landings\",\"info\":{\"singularName\":\"power-tool-landing\",\"pluralName\":\"power-tool-landings\",\"displayName\":\"powerToolLanding\"},\"options\":{\"draftAndPublish\":true},\"pluginOptions\":{\"i18n\":{\"localized\":true}},\"attributes\":{\"title\":{\"type\":\"string\",\"pluginOptions\":{\"i18n\":{\"localized\":true}}},\"banner\":{\"type\":\"component\",\"pluginOptions\":{\"i18n\":{\"localized\":true}},\"component\":\"common.banner\",\"repeatable\":true},\"mainTitle\":{\"type\":\"richtext\",\"pluginOptions\":{\"i18n\":{\"localized\":true}},\"customField\":\"plugin::ckeditor5.CKEditor\",\"options\":{\"preset\":\"default\"}},\"mainDescription\":{\"type\":\"richtext\",\"pluginOptions\":{\"i18n\":{\"localized\":true}},\"customField\":\"plugin::ckeditor5.CKEditor\",\"options\":{\"preset\":\"default\"}},\"seo\":{\"type\":\"component\",\"pluginOptions\":{\"i18n\":{\"localized\":true}},\"component\":\"common.seo\",\"repeatable\":false},\"locationTypes\":{\"type\":\"relation\",\"relation\":\"oneToMany\",\"target\":\"api::branch-location.branch-location\"},\"socialFeeds\":{\"type\":\"component\",\"pluginOptions\":{\"i18n\":{\"localized\":true}},\"component\":\"home.content-section\",\"repeatable\":false},\"createdAt\":{\"type\":\"datetime\"},\"updatedAt\":{\"type\":\"datetime\"},\"publishedAt\":{\"type\":\"datetime\",\"configurable\":false,\"writable\":true,\"visible\":false},\"createdBy\":{\"type\":\"relation\",\"relation\":\"oneToOne\",\"target\":\"admin::user\",\"configurable\":false,\"writable\":false,\"visible\":false,\"useJoinTable\":false,\"private\":true},\"updatedBy\":{\"type\":\"relation\",\"relation\":\"oneToOne\",\"target\":\"admin::user\",\"configurable\":false,\"writable\":false,\"visible\":false,\"useJoinTable\":false,\"private\":true},\"locale\":{\"writable\":true,\"private\":false,\"configurable\":false,\"visible\":false,\"type\":\"string\"},\"localizations\":{\"type\":\"relation\",\"relation\":\"oneToMany\",\"target\":\"api::power-tool-landing.power-tool-landing\",\"writable\":false,\"private\":false,\"configurable\":false,\"visible\":false,\"unstable_virtual\":true,\"joinColumn\":{\"name\":\"document_id\",\"referencedColumn\":\"document_id\",\"referencedTable\":\"power_tool_landings\"}}},\"apiName\":\"power-tool-landing\",\"globalId\":\"PowerToolLanding\",\"uid\":\"api::power-tool-landing.power-tool-landing\",\"modelType\":\"contentType\",\"__schema__\":{\"collectionName\":\"power_tool_landings\",\"info\":{\"singularName\":\"power-tool-landing\",\"pluralName\":\"power-tool-landings\",\"displayName\":\"powerToolLanding\"},\"options\":{\"draftAndPublish\":true},\"pluginOptions\":{\"i18n\":{\"localized\":true}},\"attributes\":{\"title\":{\"type\":\"string\",\"pluginOptions\":{\"i18n\":{\"localized\":true}}},\"banner\":{\"type\":\"component\",\"pluginOptions\":{\"i18n\":{\"localized\":true}},\"component\":\"common.banner\",\"repeatable\":true},\"mainTitle\":{\"type\":\"customField\",\"pluginOptions\":{\"i18n\":{\"localized\":true}},\"customField\":\"plugin::ckeditor5.CKEditor\",\"options\":{\"preset\":\"default\"}},\"mainDescription\":{\"type\":\"customField\",\"pluginOptions\":{\"i18n\":{\"localized\":true}},\"customField\":\"plugin::ckeditor5.CKEditor\",\"options\":{\"preset\":\"default\"}},\"seo\":{\"type\":\"component\",\"pluginOptions\":{\"i18n\":{\"localized\":true}},\"component\":\"common.seo\",\"repeatable\":false},\"locationTypes\":{\"type\":\"relation\",\"relation\":\"oneToMany\",\"target\":\"api::branch-location.branch-location\"},\"socialFeeds\":{\"type\":\"component\",\"pluginOptions\":{\"i18n\":{\"localized\":true}},\"component\":\"home.content-section\",\"repeatable\":false}},\"kind\":\"singleType\"},\"modelName\":\"power-tool-landing\",\"actions\":{},\"lifecycles\":{}},\"api::power-top-category.power-top-category\":{\"kind\":\"collectionType\",\"collectionName\":\"power_top_categories\",\"info\":{\"singularName\":\"power-top-category\",\"pluralName\":\"power-top-categories\",\"displayName\":\"powerTopCategory\"},\"options\":{\"draftAndPublish\":true},\"pluginOptions\":{\"i18n\":{\"localized\":true}},\"attributes\":{\"title\":{\"type\":\"string\",\"pluginOptions\":{\"i18n\":{\"localized\":true}}},\"image\":{\"type\":\"media\",\"pluginOptions\":{\"i18n\":{\"localized\":true}},\"multiple\":false,\"allowedTypes\":[\"images\"]},\"slug\":{\"type\":\"uid\",\"pluginOptions\":{\"i18n\":{\"localized\":true}},\"regex\":\"^[A-Za-z0-9\\\\-._~\\\\/\\\\?\\\\=&]+$\"},\"displayOrder\":{\"type\":\"integer\",\"pluginOptions\":{\"i18n\":{\"localized\":true}},\"unique\":true},\"createdAt\":{\"type\":\"datetime\"},\"updatedAt\":{\"type\":\"datetime\"},\"publishedAt\":{\"type\":\"datetime\",\"configurable\":false,\"writable\":true,\"visible\":false},\"createdBy\":{\"type\":\"relation\",\"relation\":\"oneToOne\",\"target\":\"admin::user\",\"configurable\":false,\"writable\":false,\"visible\":false,\"useJoinTable\":false,\"private\":true},\"updatedBy\":{\"type\":\"relation\",\"relation\":\"oneToOne\",\"target\":\"admin::user\",\"configurable\":false,\"writable\":false,\"visible\":false,\"useJoinTable\":false,\"private\":true},\"locale\":{\"writable\":true,\"private\":false,\"configurable\":false,\"visible\":false,\"type\":\"string\"},\"localizations\":{\"type\":\"relation\",\"relation\":\"oneToMany\",\"target\":\"api::power-top-category.power-top-category\",\"writable\":false,\"private\":false,\"configurable\":false,\"visible\":false,\"unstable_virtual\":true,\"joinColumn\":{\"name\":\"document_id\",\"referencedColumn\":\"document_id\",\"referencedTable\":\"power_top_categories\"}}},\"apiName\":\"power-top-category\",\"globalId\":\"PowerTopCategory\",\"uid\":\"api::power-top-category.power-top-category\",\"modelType\":\"contentType\",\"__schema__\":{\"collectionName\":\"power_top_categories\",\"info\":{\"singularName\":\"power-top-category\",\"pluralName\":\"power-top-categories\",\"displayName\":\"powerTopCategory\"},\"options\":{\"draftAndPublish\":true},\"pluginOptions\":{\"i18n\":{\"localized\":true}},\"attributes\":{\"title\":{\"type\":\"string\",\"pluginOptions\":{\"i18n\":{\"localized\":true}}},\"image\":{\"type\":\"media\",\"pluginOptions\":{\"i18n\":{\"localized\":true}},\"multiple\":false,\"allowedTypes\":[\"images\"]},\"slug\":{\"type\":\"uid\",\"pluginOptions\":{\"i18n\":{\"localized\":true}},\"regex\":\"^[A-Za-z0-9\\\\-._~\\\\/\\\\?\\\\=&]+$\"},\"displayOrder\":{\"type\":\"integer\",\"pluginOptions\":{\"i18n\":{\"localized\":true}},\"unique\":true}},\"kind\":\"collectionType\"},\"modelName\":\"power-top-category\",\"actions\":{},\"lifecycles\":{}},\"api::privacy-policy.privacy-policy\":{\"kind\":\"singleType\",\"collectionName\":\"privacy_policies\",\"info\":{\"singularName\":\"privacy-policy\",\"pluralName\":\"privacy-policies\",\"displayName\":\"privacyPolicy\"},\"options\":{\"draftAndPublish\":true},\"pluginOptions\":{\"i18n\":{\"localized\":true}},\"attributes\":{\"title\":{\"type\":\"string\",\"pluginOptions\":{\"i18n\":{\"localized\":true}}},\"description\":{\"type\":\"richtext\",\"pluginOptions\":{\"i18n\":{\"localized\":true}},\"customField\":\"plugin::ckeditor5.CKEditor\",\"options\":{\"preset\":\"default\"}},\"seo\":{\"type\":\"component\",\"pluginOptions\":{\"i18n\":{\"localized\":true}},\"component\":\"common.seo\",\"repeatable\":false},\"createdAt\":{\"type\":\"datetime\"},\"updatedAt\":{\"type\":\"datetime\"},\"publishedAt\":{\"type\":\"datetime\",\"configurable\":false,\"writable\":true,\"visible\":false},\"createdBy\":{\"type\":\"relation\",\"relation\":\"oneToOne\",\"target\":\"admin::user\",\"configurable\":false,\"writable\":false,\"visible\":false,\"useJoinTable\":false,\"private\":true},\"updatedBy\":{\"type\":\"relation\",\"relation\":\"oneToOne\",\"target\":\"admin::user\",\"configurable\":false,\"writable\":false,\"visible\":false,\"useJoinTable\":false,\"private\":true},\"locale\":{\"writable\":true,\"private\":false,\"configurable\":false,\"visible\":false,\"type\":\"string\"},\"localizations\":{\"type\":\"relation\",\"relation\":\"oneToMany\",\"target\":\"api::privacy-policy.privacy-policy\",\"writable\":false,\"private\":false,\"configurable\":false,\"visible\":false,\"unstable_virtual\":true,\"joinColumn\":{\"name\":\"document_id\",\"referencedColumn\":\"document_id\",\"referencedTable\":\"privacy_policies\"}}},\"apiName\":\"privacy-policy\",\"globalId\":\"PrivacyPolicy\",\"uid\":\"api::privacy-policy.privacy-policy\",\"modelType\":\"contentType\",\"__schema__\":{\"collectionName\":\"privacy_policies\",\"info\":{\"singularName\":\"privacy-policy\",\"pluralName\":\"privacy-policies\",\"displayName\":\"privacyPolicy\"},\"options\":{\"draftAndPublish\":true},\"pluginOptions\":{\"i18n\":{\"localized\":true}},\"attributes\":{\"title\":{\"type\":\"string\",\"pluginOptions\":{\"i18n\":{\"localized\":true}}},\"description\":{\"type\":\"customField\",\"pluginOptions\":{\"i18n\":{\"localized\":true}},\"customField\":\"plugin::ckeditor5.CKEditor\",\"options\":{\"preset\":\"default\"}},\"seo\":{\"type\":\"component\",\"pluginOptions\":{\"i18n\":{\"localized\":true}},\"component\":\"common.seo\",\"repeatable\":false}},\"kind\":\"singleType\"},\"modelName\":\"privacy-policy\",\"actions\":{},\"lifecycles\":{}},\"api::product-category.product-category\":{\"kind\":\"collectionType\",\"collectionName\":\"product_categories\",\"info\":{\"singularName\":\"product-category\",\"pluralName\":\"product-categories\",\"displayName\":\"productCategory\"},\"options\":{\"draftAndPublish\":true},\"pluginOptions\":{\"i18n\":{\"localized\":true}},\"attributes\":{\"title\":{\"type\":\"string\",\"pluginOptions\":{\"i18n\":{\"localized\":true}}},\"image\":{\"type\":\"media\",\"pluginOptions\":{\"i18n\":{\"localized\":true}},\"multiple\":false,\"allowedTypes\":[\"images\"]},\"slug\":{\"type\":\"uid\",\"pluginOptions\":{\"i18n\":{\"localized\":true}},\"regex\":\"^[A-Za-z0-9\\\\-._~\\\\/\\\\?\\\\=&]+$\"},\"displayOrder\":{\"type\":\"integer\",\"pluginOptions\":{\"i18n\":{\"localized\":true}},\"unique\":true},\"createdAt\":{\"type\":\"datetime\"},\"updatedAt\":{\"type\":\"datetime\"},\"publishedAt\":{\"type\":\"datetime\",\"configurable\":false,\"writable\":true,\"visible\":false},\"createdBy\":{\"type\":\"relation\",\"relation\":\"oneToOne\",\"target\":\"admin::user\",\"configurable\":false,\"writable\":false,\"visible\":false,\"useJoinTable\":false,\"private\":true},\"updatedBy\":{\"type\":\"relation\",\"relation\":\"oneToOne\",\"target\":\"admin::user\",\"configurable\":false,\"writable\":false,\"visible\":false,\"useJoinTable\":false,\"private\":true},\"locale\":{\"writable\":true,\"private\":false,\"configurable\":false,\"visible\":false,\"type\":\"string\"},\"localizations\":{\"type\":\"relation\",\"relation\":\"oneToMany\",\"target\":\"api::product-category.product-category\",\"writable\":false,\"private\":false,\"configurable\":false,\"visible\":false,\"unstable_virtual\":true,\"joinColumn\":{\"name\":\"document_id\",\"referencedColumn\":\"document_id\",\"referencedTable\":\"product_categories\"}}},\"apiName\":\"product-category\",\"globalId\":\"ProductCategory\",\"uid\":\"api::product-category.product-category\",\"modelType\":\"contentType\",\"__schema__\":{\"collectionName\":\"product_categories\",\"info\":{\"singularName\":\"product-category\",\"pluralName\":\"product-categories\",\"displayName\":\"productCategory\"},\"options\":{\"draftAndPublish\":true},\"pluginOptions\":{\"i18n\":{\"localized\":true}},\"attributes\":{\"title\":{\"type\":\"string\",\"pluginOptions\":{\"i18n\":{\"localized\":true}}},\"image\":{\"type\":\"media\",\"pluginOptions\":{\"i18n\":{\"localized\":true}},\"multiple\":false,\"allowedTypes\":[\"images\"]},\"slug\":{\"type\":\"uid\",\"pluginOptions\":{\"i18n\":{\"localized\":true}},\"regex\":\"^[A-Za-z0-9\\\\-._~\\\\/\\\\?\\\\=&]+$\"},\"displayOrder\":{\"type\":\"integer\",\"pluginOptions\":{\"i18n\":{\"localized\":true}},\"unique\":true}},\"kind\":\"collectionType\"},\"modelName\":\"product-category\",\"actions\":{},\"lifecycles\":{}},\"api::service.service\":{\"kind\":\"collectionType\",\"collectionName\":\"services\",\"info\":{\"singularName\":\"service\",\"pluralName\":\"services\",\"displayName\":\"services\"},\"options\":{\"draftAndPublish\":true},\"pluginOptions\":{\"i18n\":{\"localized\":true}},\"attributes\":{\"title\":{\"type\":\"string\",\"pluginOptions\":{\"i18n\":{\"localized\":true}}},\"slug\":{\"type\":\"uid\",\"pluginOptions\":{\"i18n\":{\"localized\":true}},\"targetField\":\"title\"},\"serviceType\":{\"type\":\"relation\",\"relation\":\"oneToOne\",\"target\":\"api::service-category.service-category\"},\"banner\":{\"type\":\"component\",\"pluginOptions\":{\"i18n\":{\"localized\":true}},\"component\":\"common.banner\",\"repeatable\":true},\"listDesc\":{\"type\":\"text\",\"pluginOptions\":{\"i18n\":{\"localized\":true}}},\"listImage\":{\"type\":\"media\",\"pluginOptions\":{\"i18n\":{\"localized\":true}},\"multiple\":false,\"allowedTypes\":[\"images\",\"files\",\"videos\",\"audios\"]},\"locationTypes\":{\"type\":\"relation\",\"relation\":\"oneToMany\",\"target\":\"api::branch-location.branch-location\"},\"breadCrumb\":{\"type\":\"component\",\"pluginOptions\":{\"i18n\":{\"localized\":true}},\"component\":\"common.link-item\",\"repeatable\":true},\"serviceContent\":{\"type\":\"dynamiczone\",\"pluginOptions\":{\"i18n\":{\"localized\":true}},\"components\":[\"common.title-with-desc\",\"common.content-block\",\"common.faq\",\"common.content-block-variant\"]},\"seo\":{\"type\":\"component\",\"pluginOptions\":{\"i18n\":{\"localized\":true}},\"component\":\"common.seo\",\"repeatable\":false},\"showBookServiceForm\":{\"type\":\"boolean\",\"pluginOptions\":{\"i18n\":{\"localized\":true}},\"default\":false},\"showMobileServiceForm\":{\"type\":\"boolean\",\"pluginOptions\":{\"i18n\":{\"localized\":true}},\"default\":false},\"bookService\":{\"type\":\"component\",\"pluginOptions\":{\"i18n\":{\"localized\":true}},\"component\":\"common.title-desc\",\"repeatable\":false},\"mobileService\":{\"type\":\"component\",\"pluginOptions\":{\"i18n\":{\"localized\":true}},\"component\":\"common.title-desc\",\"repeatable\":false},\"headerServiceSortOrder\":{\"type\":\"integer\",\"pluginOptions\":{\"i18n\":{\"localized\":true}}},\"createdAt\":{\"type\":\"datetime\"},\"updatedAt\":{\"type\":\"datetime\"},\"publishedAt\":{\"type\":\"datetime\",\"configurable\":false,\"writable\":true,\"visible\":false},\"createdBy\":{\"type\":\"relation\",\"relation\":\"oneToOne\",\"target\":\"admin::user\",\"configurable\":false,\"writable\":false,\"visible\":false,\"useJoinTable\":false,\"private\":true},\"updatedBy\":{\"type\":\"relation\",\"relation\":\"oneToOne\",\"target\":\"admin::user\",\"configurable\":false,\"writable\":false,\"visible\":false,\"useJoinTable\":false,\"private\":true},\"locale\":{\"writable\":true,\"private\":false,\"configurable\":false,\"visible\":false,\"type\":\"string\"},\"localizations\":{\"type\":\"relation\",\"relation\":\"oneToMany\",\"target\":\"api::service.service\",\"writable\":false,\"private\":false,\"configurable\":false,\"visible\":false,\"unstable_virtual\":true,\"joinColumn\":{\"name\":\"document_id\",\"referencedColumn\":\"document_id\",\"referencedTable\":\"services\"}}},\"apiName\":\"service\",\"globalId\":\"Service\",\"uid\":\"api::service.service\",\"modelType\":\"contentType\",\"__schema__\":{\"collectionName\":\"services\",\"info\":{\"singularName\":\"service\",\"pluralName\":\"services\",\"displayName\":\"services\"},\"options\":{\"draftAndPublish\":true},\"pluginOptions\":{\"i18n\":{\"localized\":true}},\"attributes\":{\"title\":{\"type\":\"string\",\"pluginOptions\":{\"i18n\":{\"localized\":true}}},\"slug\":{\"type\":\"uid\",\"pluginOptions\":{\"i18n\":{\"localized\":true}},\"targetField\":\"title\"},\"serviceType\":{\"type\":\"relation\",\"relation\":\"oneToOne\",\"target\":\"api::service-category.service-category\"},\"banner\":{\"type\":\"component\",\"pluginOptions\":{\"i18n\":{\"localized\":true}},\"component\":\"common.banner\",\"repeatable\":true},\"listDesc\":{\"type\":\"text\",\"pluginOptions\":{\"i18n\":{\"localized\":true}}},\"listImage\":{\"type\":\"media\",\"pluginOptions\":{\"i18n\":{\"localized\":true}},\"multiple\":false,\"allowedTypes\":[\"images\",\"files\",\"videos\",\"audios\"]},\"locationTypes\":{\"type\":\"relation\",\"relation\":\"oneToMany\",\"target\":\"api::branch-location.branch-location\"},\"breadCrumb\":{\"type\":\"component\",\"pluginOptions\":{\"i18n\":{\"localized\":true}},\"component\":\"common.link-item\",\"repeatable\":true},\"serviceContent\":{\"type\":\"dynamiczone\",\"pluginOptions\":{\"i18n\":{\"localized\":true}},\"components\":[\"common.title-with-desc\",\"common.content-block\",\"common.faq\",\"common.content-block-variant\"]},\"seo\":{\"type\":\"component\",\"pluginOptions\":{\"i18n\":{\"localized\":true}},\"component\":\"common.seo\",\"repeatable\":false},\"showBookServiceForm\":{\"type\":\"boolean\",\"pluginOptions\":{\"i18n\":{\"localized\":true}},\"default\":false},\"showMobileServiceForm\":{\"type\":\"boolean\",\"pluginOptions\":{\"i18n\":{\"localized\":true}},\"default\":false},\"bookService\":{\"type\":\"component\",\"pluginOptions\":{\"i18n\":{\"localized\":true}},\"component\":\"common.title-desc\",\"repeatable\":false},\"mobileService\":{\"type\":\"component\",\"pluginOptions\":{\"i18n\":{\"localized\":true}},\"component\":\"common.title-desc\",\"repeatable\":false},\"headerServiceSortOrder\":{\"type\":\"integer\",\"pluginOptions\":{\"i18n\":{\"localized\":true}}}},\"kind\":\"collectionType\"},\"modelName\":\"service\",\"actions\":{},\"lifecycles\":{}},\"api::service-category.service-category\":{\"kind\":\"collectionType\",\"collectionName\":\"service_categories\",\"info\":{\"singularName\":\"service-category\",\"pluralName\":\"service-categories\",\"displayName\":\"serviceType\"},\"options\":{\"draftAndPublish\":true},\"pluginOptions\":{\"i18n\":{\"localized\":true}},\"attributes\":{\"title\":{\"type\":\"string\",\"pluginOptions\":{\"i18n\":{\"localized\":true}}},\"slug\":{\"type\":\"uid\",\"pluginOptions\":{\"i18n\":{\"localized\":true}},\"targetField\":\"title\"},\"description\":{\"type\":\"text\",\"pluginOptions\":{\"i18n\":{\"localized\":true}}},\"image\":{\"type\":\"media\",\"pluginOptions\":{\"i18n\":{\"localized\":true}},\"multiple\":false,\"allowedTypes\":[\"images\",\"files\",\"videos\",\"audios\"]},\"menuImage\":{\"type\":\"media\",\"pluginOptions\":{\"i18n\":{\"localized\":true}},\"multiple\":false,\"allowedTypes\":[\"images\",\"files\",\"videos\",\"audios\"]},\"banner\":{\"type\":\"component\",\"pluginOptions\":{\"i18n\":{\"localized\":true}},\"component\":\"common.banner\",\"repeatable\":true},\"servicesList\":{\"type\":\"component\",\"pluginOptions\":{\"i18n\":{\"localized\":true}},\"component\":\"common.title-with-desc\",\"repeatable\":false},\"seo\":{\"type\":\"component\",\"pluginOptions\":{\"i18n\":{\"localized\":true}},\"component\":\"common.seo\",\"repeatable\":false},\"headerServicesSortOrder\":{\"type\":\"integer\",\"pluginOptions\":{\"i18n\":{\"localized\":true}}},\"createdAt\":{\"type\":\"datetime\"},\"updatedAt\":{\"type\":\"datetime\"},\"publishedAt\":{\"type\":\"datetime\",\"configurable\":false,\"writable\":true,\"visible\":false},\"createdBy\":{\"type\":\"relation\",\"relation\":\"oneToOne\",\"target\":\"admin::user\",\"configurable\":false,\"writable\":false,\"visible\":false,\"useJoinTable\":false,\"private\":true},\"updatedBy\":{\"type\":\"relation\",\"relation\":\"oneToOne\",\"target\":\"admin::user\",\"configurable\":false,\"writable\":false,\"visible\":false,\"useJoinTable\":false,\"private\":true},\"locale\":{\"writable\":true,\"private\":false,\"configurable\":false,\"visible\":false,\"type\":\"string\"},\"localizations\":{\"type\":\"relation\",\"relation\":\"oneToMany\",\"target\":\"api::service-category.service-category\",\"writable\":false,\"private\":false,\"configurable\":false,\"visible\":false,\"unstable_virtual\":true,\"joinColumn\":{\"name\":\"document_id\",\"referencedColumn\":\"document_id\",\"referencedTable\":\"service_categories\"}}},\"apiName\":\"service-category\",\"globalId\":\"ServiceCategory\",\"uid\":\"api::service-category.service-category\",\"modelType\":\"contentType\",\"__schema__\":{\"collectionName\":\"service_categories\",\"info\":{\"singularName\":\"service-category\",\"pluralName\":\"service-categories\",\"displayName\":\"serviceType\"},\"options\":{\"draftAndPublish\":true},\"pluginOptions\":{\"i18n\":{\"localized\":true}},\"attributes\":{\"title\":{\"type\":\"string\",\"pluginOptions\":{\"i18n\":{\"localized\":true}}},\"slug\":{\"type\":\"uid\",\"pluginOptions\":{\"i18n\":{\"localized\":true}},\"targetField\":\"title\"},\"description\":{\"type\":\"text\",\"pluginOptions\":{\"i18n\":{\"localized\":true}}},\"image\":{\"type\":\"media\",\"pluginOptions\":{\"i18n\":{\"localized\":true}},\"multiple\":false,\"allowedTypes\":[\"images\",\"files\",\"videos\",\"audios\"]},\"menuImage\":{\"type\":\"media\",\"pluginOptions\":{\"i18n\":{\"localized\":true}},\"multiple\":false,\"allowedTypes\":[\"images\",\"files\",\"videos\",\"audios\"]},\"banner\":{\"type\":\"component\",\"pluginOptions\":{\"i18n\":{\"localized\":true}},\"component\":\"common.banner\",\"repeatable\":true},\"servicesList\":{\"type\":\"component\",\"pluginOptions\":{\"i18n\":{\"localized\":true}},\"component\":\"common.title-with-desc\",\"repeatable\":false},\"seo\":{\"type\":\"component\",\"pluginOptions\":{\"i18n\":{\"localized\":true}},\"component\":\"common.seo\",\"repeatable\":false},\"headerServicesSortOrder\":{\"type\":\"integer\",\"pluginOptions\":{\"i18n\":{\"localized\":true}}}},\"kind\":\"collectionType\"},\"modelName\":\"service-category\",\"actions\":{},\"lifecycles\":{}},\"api::service-category-type.service-category-type\":{\"kind\":\"collectionType\",\"collectionName\":\"service_category_types\",\"info\":{\"singularName\":\"service-category-type\",\"pluralName\":\"service-category-types\",\"displayName\":\"serviceCategoryType\"},\"options\":{\"draftAndPublish\":true},\"pluginOptions\":{\"i18n\":{\"localized\":true}},\"attributes\":{\"title\":{\"type\":\"string\",\"pluginOptions\":{\"i18n\":{\"localized\":true}}},\"image\":{\"type\":\"media\",\"pluginOptions\":{\"i18n\":{\"localized\":true}},\"multiple\":false,\"allowedTypes\":[\"images\"]},\"slug\":{\"type\":\"uid\",\"pluginOptions\":{\"i18n\":{\"localized\":true}},\"regex\":\"^[A-Za-z0-9\\\\-._~\\\\/\\\\?\\\\=&]+$\"},\"displayOrder\":{\"type\":\"integer\",\"pluginOptions\":{\"i18n\":{\"localized\":true}},\"unique\":true},\"createdAt\":{\"type\":\"datetime\"},\"updatedAt\":{\"type\":\"datetime\"},\"publishedAt\":{\"type\":\"datetime\",\"configurable\":false,\"writable\":true,\"visible\":false},\"createdBy\":{\"type\":\"relation\",\"relation\":\"oneToOne\",\"target\":\"admin::user\",\"configurable\":false,\"writable\":false,\"visible\":false,\"useJoinTable\":false,\"private\":true},\"updatedBy\":{\"type\":\"relation\",\"relation\":\"oneToOne\",\"target\":\"admin::user\",\"configurable\":false,\"writable\":false,\"visible\":false,\"useJoinTable\":false,\"private\":true},\"locale\":{\"writable\":true,\"private\":false,\"configurable\":false,\"visible\":false,\"type\":\"string\"},\"localizations\":{\"type\":\"relation\",\"relation\":\"oneToMany\",\"target\":\"api::service-category-type.service-category-type\",\"writable\":false,\"private\":false,\"configurable\":false,\"visible\":false,\"unstable_virtual\":true,\"joinColumn\":{\"name\":\"document_id\",\"referencedColumn\":\"document_id\",\"referencedTable\":\"service_category_types\"}}},\"apiName\":\"service-category-type\",\"globalId\":\"ServiceCategoryType\",\"uid\":\"api::service-category-type.service-category-type\",\"modelType\":\"contentType\",\"__schema__\":{\"collectionName\":\"service_category_types\",\"info\":{\"singularName\":\"service-category-type\",\"pluralName\":\"service-category-types\",\"displayName\":\"serviceCategoryType\"},\"options\":{\"draftAndPublish\":true},\"pluginOptions\":{\"i18n\":{\"localized\":true}},\"attributes\":{\"title\":{\"type\":\"string\",\"pluginOptions\":{\"i18n\":{\"localized\":true}}},\"image\":{\"type\":\"media\",\"pluginOptions\":{\"i18n\":{\"localized\":true}},\"multiple\":false,\"allowedTypes\":[\"images\"]},\"slug\":{\"type\":\"uid\",\"pluginOptions\":{\"i18n\":{\"localized\":true}},\"regex\":\"^[A-Za-z0-9\\\\-._~\\\\/\\\\?\\\\=&]+$\"},\"displayOrder\":{\"type\":\"integer\",\"pluginOptions\":{\"i18n\":{\"localized\":true}},\"unique\":true}},\"kind\":\"collectionType\"},\"modelName\":\"service-category-type\",\"actions\":{},\"lifecycles\":{}},\"api::service-landing.service-landing\":{\"kind\":\"singleType\",\"collectionName\":\"service_landings\",\"info\":{\"singularName\":\"service-landing\",\"pluralName\":\"service-landings\",\"displayName\":\"serviceLanding\"},\"options\":{\"draftAndPublish\":true},\"pluginOptions\":{\"i18n\":{\"localized\":true}},\"attributes\":{\"banner\":{\"type\":\"component\",\"pluginOptions\":{\"i18n\":{\"localized\":true}},\"component\":\"common.banner\",\"repeatable\":true},\"serviceHeading\":{\"type\":\"text\",\"pluginOptions\":{\"i18n\":{\"localized\":true}}},\"description\":{\"type\":\"richtext\",\"pluginOptions\":{\"i18n\":{\"localized\":true}},\"customField\":\"plugin::ckeditor5.CKEditor\",\"options\":{\"preset\":\"default\"}},\"seo\":{\"type\":\"component\",\"pluginOptions\":{\"i18n\":{\"localized\":true}},\"component\":\"common.seo\",\"repeatable\":false},\"serviceLocations\":{\"type\":\"component\",\"pluginOptions\":{\"i18n\":{\"localized\":true}},\"component\":\"service-landing.service-locations\",\"repeatable\":true},\"locationTypes\":{\"type\":\"relation\",\"relation\":\"oneToMany\",\"target\":\"api::branch-location.branch-location\"},\"createdAt\":{\"type\":\"datetime\"},\"updatedAt\":{\"type\":\"datetime\"},\"publishedAt\":{\"type\":\"datetime\",\"configurable\":false,\"writable\":true,\"visible\":false},\"createdBy\":{\"type\":\"relation\",\"relation\":\"oneToOne\",\"target\":\"admin::user\",\"configurable\":false,\"writable\":false,\"visible\":false,\"useJoinTable\":false,\"private\":true},\"updatedBy\":{\"type\":\"relation\",\"relation\":\"oneToOne\",\"target\":\"admin::user\",\"configurable\":false,\"writable\":false,\"visible\":false,\"useJoinTable\":false,\"private\":true},\"locale\":{\"writable\":true,\"private\":false,\"configurable\":false,\"visible\":false,\"type\":\"string\"},\"localizations\":{\"type\":\"relation\",\"relation\":\"oneToMany\",\"target\":\"api::service-landing.service-landing\",\"writable\":false,\"private\":false,\"configurable\":false,\"visible\":false,\"unstable_virtual\":true,\"joinColumn\":{\"name\":\"document_id\",\"referencedColumn\":\"document_id\",\"referencedTable\":\"service_landings\"}}},\"apiName\":\"service-landing\",\"globalId\":\"ServiceLanding\",\"uid\":\"api::service-landing.service-landing\",\"modelType\":\"contentType\",\"__schema__\":{\"collectionName\":\"service_landings\",\"info\":{\"singularName\":\"service-landing\",\"pluralName\":\"service-landings\",\"displayName\":\"serviceLanding\"},\"options\":{\"draftAndPublish\":true},\"pluginOptions\":{\"i18n\":{\"localized\":true}},\"attributes\":{\"banner\":{\"type\":\"component\",\"pluginOptions\":{\"i18n\":{\"localized\":true}},\"component\":\"common.banner\",\"repeatable\":true},\"serviceHeading\":{\"type\":\"text\",\"pluginOptions\":{\"i18n\":{\"localized\":true}}},\"description\":{\"type\":\"customField\",\"pluginOptions\":{\"i18n\":{\"localized\":true}},\"customField\":\"plugin::ckeditor5.CKEditor\",\"options\":{\"preset\":\"default\"}},\"seo\":{\"type\":\"component\",\"pluginOptions\":{\"i18n\":{\"localized\":true}},\"component\":\"common.seo\",\"repeatable\":false},\"serviceLocations\":{\"type\":\"component\",\"pluginOptions\":{\"i18n\":{\"localized\":true}},\"component\":\"service-landing.service-locations\",\"repeatable\":true},\"locationTypes\":{\"type\":\"relation\",\"relation\":\"oneToMany\",\"target\":\"api::branch-location.branch-location\"}},\"kind\":\"singleType\"},\"modelName\":\"service-landing\",\"actions\":{},\"lifecycles\":{}},\"api::social.social\":{\"kind\":\"collectionType\",\"collectionName\":\"socials\",\"info\":{\"singularName\":\"social\",\"pluralName\":\"socials\",\"displayName\":\"social\"},\"options\":{\"draftAndPublish\":true},\"pluginOptions\":{\"i18n\":{\"localized\":true}},\"attributes\":{\"title\":{\"type\":\"string\",\"pluginOptions\":{\"i18n\":{\"localized\":true}}},\"image\":{\"type\":\"media\",\"pluginOptions\":{\"i18n\":{\"localized\":true}},\"multiple\":false,\"allowedTypes\":[\"images\"]},\"icon\":{\"type\":\"media\",\"pluginOptions\":{\"i18n\":{\"localized\":true}},\"multiple\":false,\"allowedTypes\":[\"images\"]},\"link\":{\"type\":\"text\",\"pluginOptions\":{\"i18n\":{\"localized\":true}}},\"typeExternal\":{\"type\":\"boolean\",\"pluginOptions\":{\"i18n\":{\"localized\":true}},\"default\":true},\"createdAt\":{\"type\":\"datetime\"},\"updatedAt\":{\"type\":\"datetime\"},\"publishedAt\":{\"type\":\"datetime\",\"configurable\":false,\"writable\":true,\"visible\":false},\"createdBy\":{\"type\":\"relation\",\"relation\":\"oneToOne\",\"target\":\"admin::user\",\"configurable\":false,\"writable\":false,\"visible\":false,\"useJoinTable\":false,\"private\":true},\"updatedBy\":{\"type\":\"relation\",\"relation\":\"oneToOne\",\"target\":\"admin::user\",\"configurable\":false,\"writable\":false,\"visible\":false,\"useJoinTable\":false,\"private\":true},\"locale\":{\"writable\":true,\"private\":false,\"configurable\":false,\"visible\":false,\"type\":\"string\"},\"localizations\":{\"type\":\"relation\",\"relation\":\"oneToMany\",\"target\":\"api::social.social\",\"writable\":false,\"private\":false,\"configurable\":false,\"visible\":false,\"unstable_virtual\":true,\"joinColumn\":{\"name\":\"document_id\",\"referencedColumn\":\"document_id\",\"referencedTable\":\"socials\"}}},\"apiName\":\"social\",\"globalId\":\"Social\",\"uid\":\"api::social.social\",\"modelType\":\"contentType\",\"__schema__\":{\"collectionName\":\"socials\",\"info\":{\"singularName\":\"social\",\"pluralName\":\"socials\",\"displayName\":\"social\"},\"options\":{\"draftAndPublish\":true},\"pluginOptions\":{\"i18n\":{\"localized\":true}},\"attributes\":{\"title\":{\"type\":\"string\",\"pluginOptions\":{\"i18n\":{\"localized\":true}}},\"image\":{\"type\":\"media\",\"pluginOptions\":{\"i18n\":{\"localized\":true}},\"multiple\":false,\"allowedTypes\":[\"images\"]},\"icon\":{\"type\":\"media\",\"pluginOptions\":{\"i18n\":{\"localized\":true}},\"multiple\":false,\"allowedTypes\":[\"images\"]},\"link\":{\"type\":\"text\",\"pluginOptions\":{\"i18n\":{\"localized\":true}}},\"typeExternal\":{\"type\":\"boolean\",\"pluginOptions\":{\"i18n\":{\"localized\":true}},\"default\":true}},\"kind\":\"collectionType\"},\"modelName\":\"social\",\"actions\":{},\"lifecycles\":{}},\"api::terms-condition.terms-condition\":{\"kind\":\"singleType\",\"collectionName\":\"terms_conditions\",\"info\":{\"singularName\":\"terms-condition\",\"pluralName\":\"terms-conditions\",\"displayName\":\"termsCondition\"},\"options\":{\"draftAndPublish\":true},\"pluginOptions\":{\"i18n\":{\"localized\":true}},\"attributes\":{\"title\":{\"type\":\"string\",\"pluginOptions\":{\"i18n\":{\"localized\":true}}},\"description\":{\"type\":\"richtext\",\"pluginOptions\":{\"i18n\":{\"localized\":true}},\"customField\":\"plugin::ckeditor5.CKEditor\",\"options\":{\"preset\":\"default\"}},\"seo\":{\"type\":\"component\",\"pluginOptions\":{\"i18n\":{\"localized\":true}},\"component\":\"common.seo\",\"repeatable\":false},\"createdAt\":{\"type\":\"datetime\"},\"updatedAt\":{\"type\":\"datetime\"},\"publishedAt\":{\"type\":\"datetime\",\"configurable\":false,\"writable\":true,\"visible\":false},\"createdBy\":{\"type\":\"relation\",\"relation\":\"oneToOne\",\"target\":\"admin::user\",\"configurable\":false,\"writable\":false,\"visible\":false,\"useJoinTable\":false,\"private\":true},\"updatedBy\":{\"type\":\"relation\",\"relation\":\"oneToOne\",\"target\":\"admin::user\",\"configurable\":false,\"writable\":false,\"visible\":false,\"useJoinTable\":false,\"private\":true},\"locale\":{\"writable\":true,\"private\":false,\"configurable\":false,\"visible\":false,\"type\":\"string\"},\"localizations\":{\"type\":\"relation\",\"relation\":\"oneToMany\",\"target\":\"api::terms-condition.terms-condition\",\"writable\":false,\"private\":false,\"configurable\":false,\"visible\":false,\"unstable_virtual\":true,\"joinColumn\":{\"name\":\"document_id\",\"referencedColumn\":\"document_id\",\"referencedTable\":\"terms_conditions\"}}},\"apiName\":\"terms-condition\",\"globalId\":\"TermsCondition\",\"uid\":\"api::terms-condition.terms-condition\",\"modelType\":\"contentType\",\"__schema__\":{\"collectionName\":\"terms_conditions\",\"info\":{\"singularName\":\"terms-condition\",\"pluralName\":\"terms-conditions\",\"displayName\":\"termsCondition\"},\"options\":{\"draftAndPublish\":true},\"pluginOptions\":{\"i18n\":{\"localized\":true}},\"attributes\":{\"title\":{\"type\":\"string\",\"pluginOptions\":{\"i18n\":{\"localized\":true}}},\"description\":{\"type\":\"customField\",\"pluginOptions\":{\"i18n\":{\"localized\":true}},\"customField\":\"plugin::ckeditor5.CKEditor\",\"options\":{\"preset\":\"default\"}},\"seo\":{\"type\":\"component\",\"pluginOptions\":{\"i18n\":{\"localized\":true}},\"component\":\"common.seo\",\"repeatable\":false}},\"kind\":\"singleType\"},\"modelName\":\"terms-condition\",\"actions\":{},\"lifecycles\":{}},\"api::type.type\":{\"kind\":\"collectionType\",\"collectionName\":\"types\",\"info\":{\"singularName\":\"type\",\"pluralName\":\"types\",\"displayName\":\"type\"},\"options\":{\"draftAndPublish\":true},\"pluginOptions\":{\"i18n\":{\"localized\":true}},\"attributes\":{\"title\":{\"type\":\"string\",\"pluginOptions\":{\"i18n\":{\"localized\":true}}},\"key\":{\"type\":\"string\",\"pluginOptions\":{\"i18n\":{\"localized\":true}}},\"createdAt\":{\"type\":\"datetime\"},\"updatedAt\":{\"type\":\"datetime\"},\"publishedAt\":{\"type\":\"datetime\",\"configurable\":false,\"writable\":true,\"visible\":false},\"createdBy\":{\"type\":\"relation\",\"relation\":\"oneToOne\",\"target\":\"admin::user\",\"configurable\":false,\"writable\":false,\"visible\":false,\"useJoinTable\":false,\"private\":true},\"updatedBy\":{\"type\":\"relation\",\"relation\":\"oneToOne\",\"target\":\"admin::user\",\"configurable\":false,\"writable\":false,\"visible\":false,\"useJoinTable\":false,\"private\":true},\"locale\":{\"writable\":true,\"private\":false,\"configurable\":false,\"visible\":false,\"type\":\"string\"},\"localizations\":{\"type\":\"relation\",\"relation\":\"oneToMany\",\"target\":\"api::type.type\",\"writable\":false,\"private\":false,\"configurable\":false,\"visible\":false,\"unstable_virtual\":true,\"joinColumn\":{\"name\":\"document_id\",\"referencedColumn\":\"document_id\",\"referencedTable\":\"types\"}}},\"apiName\":\"type\",\"globalId\":\"Type\",\"uid\":\"api::type.type\",\"modelType\":\"contentType\",\"__schema__\":{\"collectionName\":\"types\",\"info\":{\"singularName\":\"type\",\"pluralName\":\"types\",\"displayName\":\"type\"},\"options\":{\"draftAndPublish\":true},\"pluginOptions\":{\"i18n\":{\"localized\":true}},\"attributes\":{\"title\":{\"type\":\"string\",\"pluginOptions\":{\"i18n\":{\"localized\":true}}},\"key\":{\"type\":\"string\",\"pluginOptions\":{\"i18n\":{\"localized\":true}}}},\"kind\":\"collectionType\"},\"modelName\":\"type\",\"actions\":{},\"lifecycles\":{}},\"api::tyre-category.tyre-category\":{\"kind\":\"collectionType\",\"collectionName\":\"tyre_categories\",\"info\":{\"singularName\":\"tyre-category\",\"pluralName\":\"tyre-categories\",\"displayName\":\"tyreCategory\"},\"options\":{\"draftAndPublish\":true},\"pluginOptions\":{\"i18n\":{\"localized\":true}},\"attributes\":{\"title\":{\"type\":\"string\",\"pluginOptions\":{\"i18n\":{\"localized\":true}}},\"image\":{\"type\":\"media\",\"pluginOptions\":{\"i18n\":{\"localized\":true}},\"multiple\":false,\"allowedTypes\":[\"images\"]},\"slug\":{\"type\":\"uid\",\"pluginOptions\":{\"i18n\":{\"localized\":true}},\"regex\":\"^[A-Za-z0-9\\\\-._~\\\\/\\\\?\\\\=&]+$\"},\"displayOrder\":{\"type\":\"integer\",\"pluginOptions\":{\"i18n\":{\"localized\":true}},\"unique\":true},\"createdAt\":{\"type\":\"datetime\"},\"updatedAt\":{\"type\":\"datetime\"},\"publishedAt\":{\"type\":\"datetime\",\"configurable\":false,\"writable\":true,\"visible\":false},\"createdBy\":{\"type\":\"relation\",\"relation\":\"oneToOne\",\"target\":\"admin::user\",\"configurable\":false,\"writable\":false,\"visible\":false,\"useJoinTable\":false,\"private\":true},\"updatedBy\":{\"type\":\"relation\",\"relation\":\"oneToOne\",\"target\":\"admin::user\",\"configurable\":false,\"writable\":false,\"visible\":false,\"useJoinTable\":false,\"private\":true},\"locale\":{\"writable\":true,\"private\":false,\"configurable\":false,\"visible\":false,\"type\":\"string\"},\"localizations\":{\"type\":\"relation\",\"relation\":\"oneToMany\",\"target\":\"api::tyre-category.tyre-category\",\"writable\":false,\"private\":false,\"configurable\":false,\"visible\":false,\"unstable_virtual\":true,\"joinColumn\":{\"name\":\"document_id\",\"referencedColumn\":\"document_id\",\"referencedTable\":\"tyre_categories\"}}},\"apiName\":\"tyre-category\",\"globalId\":\"TyreCategory\",\"uid\":\"api::tyre-category.tyre-category\",\"modelType\":\"contentType\",\"__schema__\":{\"collectionName\":\"tyre_categories\",\"info\":{\"singularName\":\"tyre-category\",\"pluralName\":\"tyre-categories\",\"displayName\":\"tyreCategory\"},\"options\":{\"draftAndPublish\":true},\"pluginOptions\":{\"i18n\":{\"localized\":true}},\"attributes\":{\"title\":{\"type\":\"string\",\"pluginOptions\":{\"i18n\":{\"localized\":true}}},\"image\":{\"type\":\"media\",\"pluginOptions\":{\"i18n\":{\"localized\":true}},\"multiple\":false,\"allowedTypes\":[\"images\"]},\"slug\":{\"type\":\"uid\",\"pluginOptions\":{\"i18n\":{\"localized\":true}},\"regex\":\"^[A-Za-z0-9\\\\-._~\\\\/\\\\?\\\\=&]+$\"},\"displayOrder\":{\"type\":\"integer\",\"pluginOptions\":{\"i18n\":{\"localized\":true}},\"unique\":true}},\"kind\":\"collectionType\"},\"modelName\":\"tyre-category\",\"actions\":{},\"lifecycles\":{}},\"api::tyre-landing.tyre-landing\":{\"kind\":\"singleType\",\"collectionName\":\"tyre_landings\",\"info\":{\"singularName\":\"tyre-landing\",\"pluralName\":\"tyre-landings\",\"displayName\":\"tyreLanding\"},\"options\":{\"draftAndPublish\":true},\"pluginOptions\":{\"i18n\":{\"localized\":true}},\"attributes\":{\"title\":{\"type\":\"string\",\"pluginOptions\":{\"i18n\":{\"localized\":true}}},\"banner\":{\"type\":\"component\",\"pluginOptions\":{\"i18n\":{\"localized\":true}},\"component\":\"common.banner\",\"repeatable\":true},\"bookService\":{\"type\":\"component\",\"pluginOptions\":{\"i18n\":{\"localized\":true}},\"component\":\"common.title-desc\",\"repeatable\":false},\"mobileService\":{\"type\":\"component\",\"pluginOptions\":{\"i18n\":{\"localized\":true}},\"component\":\"common.title-desc\",\"repeatable\":false},\"seo\":{\"type\":\"component\",\"pluginOptions\":{\"i18n\":{\"localized\":true}},\"component\":\"common.seo\",\"repeatable\":false},\"locationTypes\":{\"type\":\"relation\",\"relation\":\"oneToMany\",\"target\":\"api::branch-location.branch-location\"},\"socialFeeds\":{\"type\":\"component\",\"pluginOptions\":{\"i18n\":{\"localized\":true}},\"component\":\"home.content-section\",\"repeatable\":false},\"createdAt\":{\"type\":\"datetime\"},\"updatedAt\":{\"type\":\"datetime\"},\"publishedAt\":{\"type\":\"datetime\",\"configurable\":false,\"writable\":true,\"visible\":false},\"createdBy\":{\"type\":\"relation\",\"relation\":\"oneToOne\",\"target\":\"admin::user\",\"configurable\":false,\"writable\":false,\"visible\":false,\"useJoinTable\":false,\"private\":true},\"updatedBy\":{\"type\":\"relation\",\"relation\":\"oneToOne\",\"target\":\"admin::user\",\"configurable\":false,\"writable\":false,\"visible\":false,\"useJoinTable\":false,\"private\":true},\"locale\":{\"writable\":true,\"private\":false,\"configurable\":false,\"visible\":false,\"type\":\"string\"},\"localizations\":{\"type\":\"relation\",\"relation\":\"oneToMany\",\"target\":\"api::tyre-landing.tyre-landing\",\"writable\":false,\"private\":false,\"configurable\":false,\"visible\":false,\"unstable_virtual\":true,\"joinColumn\":{\"name\":\"document_id\",\"referencedColumn\":\"document_id\",\"referencedTable\":\"tyre_landings\"}}},\"apiName\":\"tyre-landing\",\"globalId\":\"TyreLanding\",\"uid\":\"api::tyre-landing.tyre-landing\",\"modelType\":\"contentType\",\"__schema__\":{\"collectionName\":\"tyre_landings\",\"info\":{\"singularName\":\"tyre-landing\",\"pluralName\":\"tyre-landings\",\"displayName\":\"tyreLanding\"},\"options\":{\"draftAndPublish\":true},\"pluginOptions\":{\"i18n\":{\"localized\":true}},\"attributes\":{\"title\":{\"type\":\"string\",\"pluginOptions\":{\"i18n\":{\"localized\":true}}},\"banner\":{\"type\":\"component\",\"pluginOptions\":{\"i18n\":{\"localized\":true}},\"component\":\"common.banner\",\"repeatable\":true},\"bookService\":{\"type\":\"component\",\"pluginOptions\":{\"i18n\":{\"localized\":true}},\"component\":\"common.title-desc\",\"repeatable\":false},\"mobileService\":{\"type\":\"component\",\"pluginOptions\":{\"i18n\":{\"localized\":true}},\"component\":\"common.title-desc\",\"repeatable\":false},\"seo\":{\"type\":\"component\",\"pluginOptions\":{\"i18n\":{\"localized\":true}},\"component\":\"common.seo\",\"repeatable\":false},\"locationTypes\":{\"type\":\"relation\",\"relation\":\"oneToMany\",\"target\":\"api::branch-location.branch-location\"},\"socialFeeds\":{\"type\":\"component\",\"pluginOptions\":{\"i18n\":{\"localized\":true}},\"component\":\"home.content-section\",\"repeatable\":false}},\"kind\":\"singleType\"},\"modelName\":\"tyre-landing\",\"actions\":{},\"lifecycles\":{}},\"api::tyre-service.tyre-service\":{\"kind\":\"collectionType\",\"collectionName\":\"tyre_services\",\"info\":{\"singularName\":\"tyre-service\",\"pluralName\":\"tyre-services\",\"displayName\":\"tyreService\"},\"options\":{\"draftAndPublish\":true},\"pluginOptions\":{\"i18n\":{\"localized\":true}},\"attributes\":{\"title\":{\"type\":\"string\",\"pluginOptions\":{\"i18n\":{\"localized\":true}}},\"image\":{\"type\":\"media\",\"pluginOptions\":{\"i18n\":{\"localized\":true}},\"multiple\":false,\"allowedTypes\":[\"images\"]},\"slug\":{\"type\":\"uid\",\"pluginOptions\":{\"i18n\":{\"localized\":true}},\"regex\":\"^[A-Za-z0-9\\\\-._~\\\\/\\\\?\\\\=&]+$\"},\"displayOrder\":{\"type\":\"integer\",\"pluginOptions\":{\"i18n\":{\"localized\":true}},\"unique\":true},\"createdAt\":{\"type\":\"datetime\"},\"updatedAt\":{\"type\":\"datetime\"},\"publishedAt\":{\"type\":\"datetime\",\"configurable\":false,\"writable\":true,\"visible\":false},\"createdBy\":{\"type\":\"relation\",\"relation\":\"oneToOne\",\"target\":\"admin::user\",\"configurable\":false,\"writable\":false,\"visible\":false,\"useJoinTable\":false,\"private\":true},\"updatedBy\":{\"type\":\"relation\",\"relation\":\"oneToOne\",\"target\":\"admin::user\",\"configurable\":false,\"writable\":false,\"visible\":false,\"useJoinTable\":false,\"private\":true},\"locale\":{\"writable\":true,\"private\":false,\"configurable\":false,\"visible\":false,\"type\":\"string\"},\"localizations\":{\"type\":\"relation\",\"relation\":\"oneToMany\",\"target\":\"api::tyre-service.tyre-service\",\"writable\":false,\"private\":false,\"configurable\":false,\"visible\":false,\"unstable_virtual\":true,\"joinColumn\":{\"name\":\"document_id\",\"referencedColumn\":\"document_id\",\"referencedTable\":\"tyre_services\"}}},\"apiName\":\"tyre-service\",\"globalId\":\"TyreService\",\"uid\":\"api::tyre-service.tyre-service\",\"modelType\":\"contentType\",\"__schema__\":{\"collectionName\":\"tyre_services\",\"info\":{\"singularName\":\"tyre-service\",\"pluralName\":\"tyre-services\",\"displayName\":\"tyreService\"},\"options\":{\"draftAndPublish\":true},\"pluginOptions\":{\"i18n\":{\"localized\":true}},\"attributes\":{\"title\":{\"type\":\"string\",\"pluginOptions\":{\"i18n\":{\"localized\":true}}},\"image\":{\"type\":\"media\",\"pluginOptions\":{\"i18n\":{\"localized\":true}},\"multiple\":false,\"allowedTypes\":[\"images\"]},\"slug\":{\"type\":\"uid\",\"pluginOptions\":{\"i18n\":{\"localized\":true}},\"regex\":\"^[A-Za-z0-9\\\\-._~\\\\/\\\\?\\\\=&]+$\"},\"displayOrder\":{\"type\":\"integer\",\"pluginOptions\":{\"i18n\":{\"localized\":true}},\"unique\":true}},\"kind\":\"collectionType\"},\"modelName\":\"tyre-service\",\"actions\":{},\"lifecycles\":{}},\"admin::permission\":{\"collectionName\":\"admin_permissions\",\"info\":{\"name\":\"Permission\",\"description\":\"\",\"singularName\":\"permission\",\"pluralName\":\"permissions\",\"displayName\":\"Permission\"},\"options\":{\"draftAndPublish\":false},\"pluginOptions\":{\"content-manager\":{\"visible\":false},\"content-type-builder\":{\"visible\":false}},\"attributes\":{\"action\":{\"type\":\"string\",\"minLength\":1,\"configurable\":false,\"required\":true},\"actionParameters\":{\"type\":\"json\",\"configurable\":false,\"required\":false,\"default\":{}},\"subject\":{\"type\":\"string\",\"minLength\":1,\"configurable\":false,\"required\":false},\"properties\":{\"type\":\"json\",\"configurable\":false,\"required\":false,\"default\":{}},\"conditions\":{\"type\":\"json\",\"configurable\":false,\"required\":false,\"default\":[]},\"role\":{\"configurable\":false,\"type\":\"relation\",\"relation\":\"manyToOne\",\"inversedBy\":\"permissions\",\"target\":\"admin::role\"},\"createdAt\":{\"type\":\"datetime\"},\"updatedAt\":{\"type\":\"datetime\"},\"publishedAt\":{\"type\":\"datetime\",\"configurable\":false,\"writable\":true,\"visible\":false},\"createdBy\":{\"type\":\"relation\",\"relation\":\"oneToOne\",\"target\":\"admin::user\",\"configurable\":false,\"writable\":false,\"visible\":false,\"useJoinTable\":false,\"private\":true},\"updatedBy\":{\"type\":\"relation\",\"relation\":\"oneToOne\",\"target\":\"admin::user\",\"configurable\":false,\"writable\":false,\"visible\":false,\"useJoinTable\":false,\"private\":true},\"locale\":{\"writable\":true,\"private\":true,\"configurable\":false,\"visible\":false,\"type\":\"string\"},\"localizations\":{\"type\":\"relation\",\"relation\":\"oneToMany\",\"target\":\"admin::permission\",\"writable\":false,\"private\":true,\"configurable\":false,\"visible\":false,\"unstable_virtual\":true,\"joinColumn\":{\"name\":\"document_id\",\"referencedColumn\":\"document_id\",\"referencedTable\":\"admin_permissions\"}}},\"plugin\":\"admin\",\"globalId\":\"AdminPermission\",\"uid\":\"admin::permission\",\"modelType\":\"contentType\",\"kind\":\"collectionType\",\"__schema__\":{\"collectionName\":\"admin_permissions\",\"info\":{\"name\":\"Permission\",\"description\":\"\",\"singularName\":\"permission\",\"pluralName\":\"permissions\",\"displayName\":\"Permission\"},\"options\":{},\"pluginOptions\":{\"content-manager\":{\"visible\":false},\"content-type-builder\":{\"visible\":false}},\"attributes\":{\"action\":{\"type\":\"string\",\"minLength\":1,\"configurable\":false,\"required\":true},\"actionParameters\":{\"type\":\"json\",\"configurable\":false,\"required\":false,\"default\":{}},\"subject\":{\"type\":\"string\",\"minLength\":1,\"configurable\":false,\"required\":false},\"properties\":{\"type\":\"json\",\"configurable\":false,\"required\":false,\"default\":{}},\"conditions\":{\"type\":\"json\",\"configurable\":false,\"required\":false,\"default\":[]},\"role\":{\"configurable\":false,\"type\":\"relation\",\"relation\":\"manyToOne\",\"inversedBy\":\"permissions\",\"target\":\"admin::role\"}},\"kind\":\"collectionType\"},\"modelName\":\"permission\"},\"admin::user\":{\"collectionName\":\"admin_users\",\"info\":{\"name\":\"User\",\"description\":\"\",\"singularName\":\"user\",\"pluralName\":\"users\",\"displayName\":\"User\"},\"pluginOptions\":{\"content-manager\":{\"visible\":false},\"content-type-builder\":{\"visible\":false}},\"attributes\":{\"firstname\":{\"type\":\"string\",\"unique\":false,\"minLength\":1,\"configurable\":false,\"required\":false},\"lastname\":{\"type\":\"string\",\"unique\":false,\"minLength\":1,\"configurable\":false,\"required\":false},\"username\":{\"type\":\"string\",\"unique\":false,\"configurable\":false,\"required\":false},\"email\":{\"type\":\"email\",\"minLength\":6,\"configurable\":false,\"required\":true,\"unique\":true,\"private\":true},\"password\":{\"type\":\"password\",\"minLength\":6,\"configurable\":false,\"required\":false,\"private\":true,\"searchable\":false},\"resetPasswordToken\":{\"type\":\"string\",\"configurable\":false,\"private\":true,\"searchable\":false},\"registrationToken\":{\"type\":\"string\",\"configurable\":false,\"private\":true,\"searchable\":false},\"isActive\":{\"type\":\"boolean\",\"default\":false,\"configurable\":false,\"private\":true},\"roles\":{\"configurable\":false,\"private\":true,\"type\":\"relation\",\"relation\":\"manyToMany\",\"inversedBy\":\"users\",\"target\":\"admin::role\",\"collectionName\":\"strapi_users_roles\"},\"blocked\":{\"type\":\"boolean\",\"default\":false,\"configurable\":false,\"private\":true},\"preferedLanguage\":{\"type\":\"string\",\"configurable\":false,\"required\":false,\"searchable\":false},\"createdAt\":{\"type\":\"datetime\"},\"updatedAt\":{\"type\":\"datetime\"},\"publishedAt\":{\"type\":\"datetime\",\"configurable\":false,\"writable\":true,\"visible\":false},\"createdBy\":{\"type\":\"relation\",\"relation\":\"oneToOne\",\"target\":\"admin::user\",\"configurable\":false,\"writable\":false,\"visible\":false,\"useJoinTable\":false,\"private\":true},\"updatedBy\":{\"type\":\"relation\",\"relation\":\"oneToOne\",\"target\":\"admin::user\",\"configurable\":false,\"writable\":false,\"visible\":false,\"useJoinTable\":false,\"private\":true},\"locale\":{\"writable\":true,\"private\":true,\"configurable\":false,\"visible\":false,\"type\":\"string\"},\"localizations\":{\"type\":\"relation\",\"relation\":\"oneToMany\",\"target\":\"admin::user\",\"writable\":false,\"private\":true,\"configurable\":false,\"visible\":false,\"unstable_virtual\":true,\"joinColumn\":{\"name\":\"document_id\",\"referencedColumn\":\"document_id\",\"referencedTable\":\"admin_users\"}}},\"config\":{\"attributes\":{\"resetPasswordToken\":{\"hidden\":true},\"registrationToken\":{\"hidden\":true}}},\"plugin\":\"admin\",\"globalId\":\"AdminUser\",\"uid\":\"admin::user\",\"modelType\":\"contentType\",\"kind\":\"collectionType\",\"__schema__\":{\"collectionName\":\"admin_users\",\"info\":{\"name\":\"User\",\"description\":\"\",\"singularName\":\"user\",\"pluralName\":\"users\",\"displayName\":\"User\"},\"pluginOptions\":{\"content-manager\":{\"visible\":false},\"content-type-builder\":{\"visible\":false}},\"attributes\":{\"firstname\":{\"type\":\"string\",\"unique\":false,\"minLength\":1,\"configurable\":false,\"required\":false},\"lastname\":{\"type\":\"string\",\"unique\":false,\"minLength\":1,\"configurable\":false,\"required\":false},\"username\":{\"type\":\"string\",\"unique\":false,\"configurable\":false,\"required\":false},\"email\":{\"type\":\"email\",\"minLength\":6,\"configurable\":false,\"required\":true,\"unique\":true,\"private\":true},\"password\":{\"type\":\"password\",\"minLength\":6,\"configurable\":false,\"required\":false,\"private\":true,\"searchable\":false},\"resetPasswordToken\":{\"type\":\"string\",\"configurable\":false,\"private\":true,\"searchable\":false},\"registrationToken\":{\"type\":\"string\",\"configurable\":false,\"private\":true,\"searchable\":false},\"isActive\":{\"type\":\"boolean\",\"default\":false,\"configurable\":false,\"private\":true},\"roles\":{\"configurable\":false,\"private\":true,\"type\":\"relation\",\"relation\":\"manyToMany\",\"inversedBy\":\"users\",\"target\":\"admin::role\",\"collectionName\":\"strapi_users_roles\"},\"blocked\":{\"type\":\"boolean\",\"default\":false,\"configurable\":false,\"private\":true},\"preferedLanguage\":{\"type\":\"string\",\"configurable\":false,\"required\":false,\"searchable\":false}},\"kind\":\"collectionType\"},\"modelName\":\"user\",\"options\":{\"draftAndPublish\":false}},\"admin::role\":{\"collectionName\":\"admin_roles\",\"info\":{\"name\":\"Role\",\"description\":\"\",\"singularName\":\"role\",\"pluralName\":\"roles\",\"displayName\":\"Role\"},\"options\":{\"draftAndPublish\":false},\"pluginOptions\":{\"content-manager\":{\"visible\":false},\"content-type-builder\":{\"visible\":false}},\"attributes\":{\"name\":{\"type\":\"string\",\"minLength\":1,\"unique\":true,\"configurable\":false,\"required\":true},\"code\":{\"type\":\"string\",\"minLength\":1,\"unique\":true,\"configurable\":false,\"required\":true},\"description\":{\"type\":\"string\",\"configurable\":false},\"users\":{\"configurable\":false,\"type\":\"relation\",\"relation\":\"manyToMany\",\"mappedBy\":\"roles\",\"target\":\"admin::user\"},\"permissions\":{\"configurable\":false,\"type\":\"relation\",\"relation\":\"oneToMany\",\"mappedBy\":\"role\",\"target\":\"admin::permission\"},\"createdAt\":{\"type\":\"datetime\"},\"updatedAt\":{\"type\":\"datetime\"},\"publishedAt\":{\"type\":\"datetime\",\"configurable\":false,\"writable\":true,\"visible\":false},\"createdBy\":{\"type\":\"relation\",\"relation\":\"oneToOne\",\"target\":\"admin::user\",\"configurable\":false,\"writable\":false,\"visible\":false,\"useJoinTable\":false,\"private\":true},\"updatedBy\":{\"type\":\"relation\",\"relation\":\"oneToOne\",\"target\":\"admin::user\",\"configurable\":false,\"writable\":false,\"visible\":false,\"useJoinTable\":false,\"private\":true},\"locale\":{\"writable\":true,\"private\":true,\"configurable\":false,\"visible\":false,\"type\":\"string\"},\"localizations\":{\"type\":\"relation\",\"relation\":\"oneToMany\",\"target\":\"admin::role\",\"writable\":false,\"private\":true,\"configurable\":false,\"visible\":false,\"unstable_virtual\":true,\"joinColumn\":{\"name\":\"document_id\",\"referencedColumn\":\"document_id\",\"referencedTable\":\"admin_roles\"}}},\"plugin\":\"admin\",\"globalId\":\"AdminRole\",\"uid\":\"admin::role\",\"modelType\":\"contentType\",\"kind\":\"collectionType\",\"__schema__\":{\"collectionName\":\"admin_roles\",\"info\":{\"name\":\"Role\",\"description\":\"\",\"singularName\":\"role\",\"pluralName\":\"roles\",\"displayName\":\"Role\"},\"options\":{},\"pluginOptions\":{\"content-manager\":{\"visible\":false},\"content-type-builder\":{\"visible\":false}},\"attributes\":{\"name\":{\"type\":\"string\",\"minLength\":1,\"unique\":true,\"configurable\":false,\"required\":true},\"code\":{\"type\":\"string\",\"minLength\":1,\"unique\":true,\"configurable\":false,\"required\":true},\"description\":{\"type\":\"string\",\"configurable\":false},\"users\":{\"configurable\":false,\"type\":\"relation\",\"relation\":\"manyToMany\",\"mappedBy\":\"roles\",\"target\":\"admin::user\"},\"permissions\":{\"configurable\":false,\"type\":\"relation\",\"relation\":\"oneToMany\",\"mappedBy\":\"role\",\"target\":\"admin::permission\"}},\"kind\":\"collectionType\"},\"modelName\":\"role\"},\"admin::api-token\":{\"collectionName\":\"strapi_api_tokens\",\"info\":{\"name\":\"Api Token\",\"singularName\":\"api-token\",\"pluralName\":\"api-tokens\",\"displayName\":\"Api Token\",\"description\":\"\"},\"options\":{\"draftAndPublish\":false},\"pluginOptions\":{\"content-manager\":{\"visible\":false},\"content-type-builder\":{\"visible\":false}},\"attributes\":{\"name\":{\"type\":\"string\",\"minLength\":1,\"configurable\":false,\"required\":true,\"unique\":true},\"description\":{\"type\":\"string\",\"minLength\":1,\"configurable\":false,\"required\":false,\"default\":\"\"},\"type\":{\"type\":\"enumeration\",\"enum\":[\"read-only\",\"full-access\",\"custom\"],\"configurable\":false,\"required\":true,\"default\":\"read-only\"},\"accessKey\":{\"type\":\"string\",\"minLength\":1,\"configurable\":false,\"required\":true,\"searchable\":false},\"encryptedKey\":{\"type\":\"text\",\"minLength\":1,\"configurable\":false,\"required\":false,\"searchable\":false},\"lastUsedAt\":{\"type\":\"datetime\",\"configurable\":false,\"required\":false},\"permissions\":{\"type\":\"relation\",\"target\":\"admin::api-token-permission\",\"relation\":\"oneToMany\",\"mappedBy\":\"token\",\"configurable\":false,\"required\":false},\"expiresAt\":{\"type\":\"datetime\",\"configurable\":false,\"required\":false},\"lifespan\":{\"type\":\"biginteger\",\"configurable\":false,\"required\":false},\"createdAt\":{\"type\":\"datetime\"},\"updatedAt\":{\"type\":\"datetime\"},\"publishedAt\":{\"type\":\"datetime\",\"configurable\":false,\"writable\":true,\"visible\":false},\"createdBy\":{\"type\":\"relation\",\"relation\":\"oneToOne\",\"target\":\"admin::user\",\"configurable\":false,\"writable\":false,\"visible\":false,\"useJoinTable\":false,\"private\":true},\"updatedBy\":{\"type\":\"relation\",\"relation\":\"oneToOne\",\"target\":\"admin::user\",\"configurable\":false,\"writable\":false,\"visible\":false,\"useJoinTable\":false,\"private\":true},\"locale\":{\"writable\":true,\"private\":true,\"configurable\":false,\"visible\":false,\"type\":\"string\"},\"localizations\":{\"type\":\"relation\",\"relation\":\"oneToMany\",\"target\":\"admin::api-token\",\"writable\":false,\"private\":true,\"configurable\":false,\"visible\":false,\"unstable_virtual\":true,\"joinColumn\":{\"name\":\"document_id\",\"referencedColumn\":\"document_id\",\"referencedTable\":\"strapi_api_tokens\"}}},\"plugin\":\"admin\",\"globalId\":\"AdminApiToken\",\"uid\":\"admin::api-token\",\"modelType\":\"contentType\",\"kind\":\"collectionType\",\"__schema__\":{\"collectionName\":\"strapi_api_tokens\",\"info\":{\"name\":\"Api Token\",\"singularName\":\"api-token\",\"pluralName\":\"api-tokens\",\"displayName\":\"Api Token\",\"description\":\"\"},\"options\":{},\"pluginOptions\":{\"content-manager\":{\"visible\":false},\"content-type-builder\":{\"visible\":false}},\"attributes\":{\"name\":{\"type\":\"string\",\"minLength\":1,\"configurable\":false,\"required\":true,\"unique\":true},\"description\":{\"type\":\"string\",\"minLength\":1,\"configurable\":false,\"required\":false,\"default\":\"\"},\"type\":{\"type\":\"enumeration\",\"enum\":[\"read-only\",\"full-access\",\"custom\"],\"configurable\":false,\"required\":true,\"default\":\"read-only\"},\"accessKey\":{\"type\":\"string\",\"minLength\":1,\"configurable\":false,\"required\":true,\"searchable\":false},\"encryptedKey\":{\"type\":\"text\",\"minLength\":1,\"configurable\":false,\"required\":false,\"searchable\":false},\"lastUsedAt\":{\"type\":\"datetime\",\"configurable\":false,\"required\":false},\"permissions\":{\"type\":\"relation\",\"target\":\"admin::api-token-permission\",\"relation\":\"oneToMany\",\"mappedBy\":\"token\",\"configurable\":false,\"required\":false},\"expiresAt\":{\"type\":\"datetime\",\"configurable\":false,\"required\":false},\"lifespan\":{\"type\":\"biginteger\",\"configurable\":false,\"required\":false}},\"kind\":\"collectionType\"},\"modelName\":\"api-token\"},\"admin::api-token-permission\":{\"collectionName\":\"strapi_api_token_permissions\",\"info\":{\"name\":\"API Token Permission\",\"description\":\"\",\"singularName\":\"api-token-permission\",\"pluralName\":\"api-token-permissions\",\"displayName\":\"API Token Permission\"},\"options\":{\"draftAndPublish\":false},\"pluginOptions\":{\"content-manager\":{\"visible\":false},\"content-type-builder\":{\"visible\":false}},\"attributes\":{\"action\":{\"type\":\"string\",\"minLength\":1,\"configurable\":false,\"required\":true},\"token\":{\"configurable\":false,\"type\":\"relation\",\"relation\":\"manyToOne\",\"inversedBy\":\"permissions\",\"target\":\"admin::api-token\"},\"createdAt\":{\"type\":\"datetime\"},\"updatedAt\":{\"type\":\"datetime\"},\"publishedAt\":{\"type\":\"datetime\",\"configurable\":false,\"writable\":true,\"visible\":false},\"createdBy\":{\"type\":\"relation\",\"relation\":\"oneToOne\",\"target\":\"admin::user\",\"configurable\":false,\"writable\":false,\"visible\":false,\"useJoinTable\":false,\"private\":true},\"updatedBy\":{\"type\":\"relation\",\"relation\":\"oneToOne\",\"target\":\"admin::user\",\"configurable\":false,\"writable\":false,\"visible\":false,\"useJoinTable\":false,\"private\":true},\"locale\":{\"writable\":true,\"private\":true,\"configurable\":false,\"visible\":false,\"type\":\"string\"},\"localizations\":{\"type\":\"relation\",\"relation\":\"oneToMany\",\"target\":\"admin::api-token-permission\",\"writable\":false,\"private\":true,\"configurable\":false,\"visible\":false,\"unstable_virtual\":true,\"joinColumn\":{\"name\":\"document_id\",\"referencedColumn\":\"document_id\",\"referencedTable\":\"strapi_api_token_permissions\"}}},\"plugin\":\"admin\",\"globalId\":\"AdminApiTokenPermission\",\"uid\":\"admin::api-token-permission\",\"modelType\":\"contentType\",\"kind\":\"collectionType\",\"__schema__\":{\"collectionName\":\"strapi_api_token_permissions\",\"info\":{\"name\":\"API Token Permission\",\"description\":\"\",\"singularName\":\"api-token-permission\",\"pluralName\":\"api-token-permissions\",\"displayName\":\"API Token Permission\"},\"options\":{},\"pluginOptions\":{\"content-manager\":{\"visible\":false},\"content-type-builder\":{\"visible\":false}},\"attributes\":{\"action\":{\"type\":\"string\",\"minLength\":1,\"configurable\":false,\"required\":true},\"token\":{\"configurable\":false,\"type\":\"relation\",\"relation\":\"manyToOne\",\"inversedBy\":\"permissions\",\"target\":\"admin::api-token\"}},\"kind\":\"collectionType\"},\"modelName\":\"api-token-permission\"},\"admin::transfer-token\":{\"collectionName\":\"strapi_transfer_tokens\",\"info\":{\"name\":\"Transfer Token\",\"singularName\":\"transfer-token\",\"pluralName\":\"transfer-tokens\",\"displayName\":\"Transfer Token\",\"description\":\"\"},\"options\":{\"draftAndPublish\":false},\"pluginOptions\":{\"content-manager\":{\"visible\":false},\"content-type-builder\":{\"visible\":false}},\"attributes\":{\"name\":{\"type\":\"string\",\"minLength\":1,\"configurable\":false,\"required\":true,\"unique\":true},\"description\":{\"type\":\"string\",\"minLength\":1,\"configurable\":false,\"required\":false,\"default\":\"\"},\"accessKey\":{\"type\":\"string\",\"minLength\":1,\"configurable\":false,\"required\":true},\"lastUsedAt\":{\"type\":\"datetime\",\"configurable\":false,\"required\":false},\"permissions\":{\"type\":\"relation\",\"target\":\"admin::transfer-token-permission\",\"relation\":\"oneToMany\",\"mappedBy\":\"token\",\"configurable\":false,\"required\":false},\"expiresAt\":{\"type\":\"datetime\",\"configurable\":false,\"required\":false},\"lifespan\":{\"type\":\"biginteger\",\"configurable\":false,\"required\":false},\"createdAt\":{\"type\":\"datetime\"},\"updatedAt\":{\"type\":\"datetime\"},\"publishedAt\":{\"type\":\"datetime\",\"configurable\":false,\"writable\":true,\"visible\":false},\"createdBy\":{\"type\":\"relation\",\"relation\":\"oneToOne\",\"target\":\"admin::user\",\"configurable\":false,\"writable\":false,\"visible\":false,\"useJoinTable\":false,\"private\":true},\"updatedBy\":{\"type\":\"relation\",\"relation\":\"oneToOne\",\"target\":\"admin::user\",\"configurable\":false,\"writable\":false,\"visible\":false,\"useJoinTable\":false,\"private\":true},\"locale\":{\"writable\":true,\"private\":true,\"configurable\":false,\"visible\":false,\"type\":\"string\"},\"localizations\":{\"type\":\"relation\",\"relation\":\"oneToMany\",\"target\":\"admin::transfer-token\",\"writable\":false,\"private\":true,\"configurable\":false,\"visible\":false,\"unstable_virtual\":true,\"joinColumn\":{\"name\":\"document_id\",\"referencedColumn\":\"document_id\",\"referencedTable\":\"strapi_transfer_tokens\"}}},\"plugin\":\"admin\",\"globalId\":\"AdminTransferToken\",\"uid\":\"admin::transfer-token\",\"modelType\":\"contentType\",\"kind\":\"collectionType\",\"__schema__\":{\"collectionName\":\"strapi_transfer_tokens\",\"info\":{\"name\":\"Transfer Token\",\"singularName\":\"transfer-token\",\"pluralName\":\"transfer-tokens\",\"displayName\":\"Transfer Token\",\"description\":\"\"},\"options\":{},\"pluginOptions\":{\"content-manager\":{\"visible\":false},\"content-type-builder\":{\"visible\":false}},\"attributes\":{\"name\":{\"type\":\"string\",\"minLength\":1,\"configurable\":false,\"required\":true,\"unique\":true},\"description\":{\"type\":\"string\",\"minLength\":1,\"configurable\":false,\"required\":false,\"default\":\"\"},\"accessKey\":{\"type\":\"string\",\"minLength\":1,\"configurable\":false,\"required\":true},\"lastUsedAt\":{\"type\":\"datetime\",\"configurable\":false,\"required\":false},\"permissions\":{\"type\":\"relation\",\"target\":\"admin::transfer-token-permission\",\"relation\":\"oneToMany\",\"mappedBy\":\"token\",\"configurable\":false,\"required\":false},\"expiresAt\":{\"type\":\"datetime\",\"configurable\":false,\"required\":false},\"lifespan\":{\"type\":\"biginteger\",\"configurable\":false,\"required\":false}},\"kind\":\"collectionType\"},\"modelName\":\"transfer-token\"},\"admin::transfer-token-permission\":{\"collectionName\":\"strapi_transfer_token_permissions\",\"info\":{\"name\":\"Transfer Token Permission\",\"description\":\"\",\"singularName\":\"transfer-token-permission\",\"pluralName\":\"transfer-token-permissions\",\"displayName\":\"Transfer Token Permission\"},\"options\":{\"draftAndPublish\":false},\"pluginOptions\":{\"content-manager\":{\"visible\":false},\"content-type-builder\":{\"visible\":false}},\"attributes\":{\"action\":{\"type\":\"string\",\"minLength\":1,\"configurable\":false,\"required\":true},\"token\":{\"configurable\":false,\"type\":\"relation\",\"relation\":\"manyToOne\",\"inversedBy\":\"permissions\",\"target\":\"admin::transfer-token\"},\"createdAt\":{\"type\":\"datetime\"},\"updatedAt\":{\"type\":\"datetime\"},\"publishedAt\":{\"type\":\"datetime\",\"configurable\":false,\"writable\":true,\"visible\":false},\"createdBy\":{\"type\":\"relation\",\"relation\":\"oneToOne\",\"target\":\"admin::user\",\"configurable\":false,\"writable\":false,\"visible\":false,\"useJoinTable\":false,\"private\":true},\"updatedBy\":{\"type\":\"relation\",\"relation\":\"oneToOne\",\"target\":\"admin::user\",\"configurable\":false,\"writable\":false,\"visible\":false,\"useJoinTable\":false,\"private\":true},\"locale\":{\"writable\":true,\"private\":true,\"configurable\":false,\"visible\":false,\"type\":\"string\"},\"localizations\":{\"type\":\"relation\",\"relation\":\"oneToMany\",\"target\":\"admin::transfer-token-permission\",\"writable\":false,\"private\":true,\"configurable\":false,\"visible\":false,\"unstable_virtual\":true,\"joinColumn\":{\"name\":\"document_id\",\"referencedColumn\":\"document_id\",\"referencedTable\":\"strapi_transfer_token_permissions\"}}},\"plugin\":\"admin\",\"globalId\":\"AdminTransferTokenPermission\",\"uid\":\"admin::transfer-token-permission\",\"modelType\":\"contentType\",\"kind\":\"collectionType\",\"__schema__\":{\"collectionName\":\"strapi_transfer_token_permissions\",\"info\":{\"name\":\"Transfer Token Permission\",\"description\":\"\",\"singularName\":\"transfer-token-permission\",\"pluralName\":\"transfer-token-permissions\",\"displayName\":\"Transfer Token Permission\"},\"options\":{},\"pluginOptions\":{\"content-manager\":{\"visible\":false},\"content-type-builder\":{\"visible\":false}},\"attributes\":{\"action\":{\"type\":\"string\",\"minLength\":1,\"configurable\":false,\"required\":true},\"token\":{\"configurable\":false,\"type\":\"relation\",\"relation\":\"manyToOne\",\"inversedBy\":\"permissions\",\"target\":\"admin::transfer-token\"}},\"kind\":\"collectionType\"},\"modelName\":\"transfer-token-permission\"}}','object',NULL,NULL),(7,'plugin_content_manager_configuration_components::common.social-links','{\"settings\":{\"bulkable\":true,\"filterable\":true,\"searchable\":true,\"pageSize\":10,\"mainField\":\"documentId\",\"defaultSortBy\":\"documentId\",\"defaultSortOrder\":\"ASC\"},\"metadatas\":{\"id\":{\"edit\":{},\"list\":{\"label\":\"id\",\"searchable\":false,\"sortable\":false}},\"title\":{\"edit\":{\"label\":\"title\",\"description\":\"\",\"placeholder\":\"\",\"visible\":true,\"editable\":true},\"list\":{\"label\":\"title\",\"searchable\":true,\"sortable\":true}},\"link\":{\"edit\":{\"label\":\"link\",\"description\":\"\",\"placeholder\":\"\",\"visible\":true,\"editable\":true},\"list\":{\"label\":\"link\",\"searchable\":true,\"sortable\":true}},\"icon\":{\"edit\":{\"label\":\"icon\",\"description\":\"\",\"placeholder\":\"\",\"visible\":true,\"editable\":true},\"list\":{\"label\":\"icon\",\"searchable\":false,\"sortable\":false}},\"isActive\":{\"edit\":{\"label\":\"isActive\",\"description\":\"\",\"placeholder\":\"\",\"visible\":true,\"editable\":true},\"list\":{\"label\":\"isActive\",\"searchable\":true,\"sortable\":true}},\"documentId\":{\"edit\":{},\"list\":{\"label\":\"documentId\",\"searchable\":true,\"sortable\":true}}},\"layouts\":{\"list\":[\"id\",\"icon\",\"title\",\"link\"],\"edit\":[[{\"name\":\"icon\",\"size\":6},{\"name\":\"title\",\"size\":6}],[{\"name\":\"link\",\"size\":6},{\"name\":\"isActive\",\"size\":4}]]},\"uid\":\"common.social-links\",\"isComponent\":true}','object',NULL,NULL),(8,'plugin_content_manager_configuration_components::common.seo','{\"settings\":{\"bulkable\":true,\"filterable\":true,\"searchable\":true,\"pageSize\":10,\"mainField\":\"documentId\",\"defaultSortBy\":\"documentId\",\"defaultSortOrder\":\"ASC\"},\"metadatas\":{\"id\":{\"edit\":{},\"list\":{\"label\":\"id\",\"searchable\":false,\"sortable\":false}},\"metaTitle\":{\"edit\":{\"label\":\"metaTitle\",\"description\":\"\",\"placeholder\":\"\",\"visible\":true,\"editable\":true},\"list\":{\"label\":\"metaTitle\",\"searchable\":true,\"sortable\":true}},\"metaDescription\":{\"edit\":{\"label\":\"metaDescription\",\"description\":\"\",\"placeholder\":\"\",\"visible\":true,\"editable\":true},\"list\":{\"label\":\"metaDescription\",\"searchable\":true,\"sortable\":true}},\"preventIndexing\":{\"edit\":{\"label\":\"preventIndexing\",\"description\":\"\",\"placeholder\":\"\",\"visible\":true,\"editable\":true},\"list\":{\"label\":\"preventIndexing\",\"searchable\":true,\"sortable\":true}},\"keywords\":{\"edit\":{\"label\":\"keywords\",\"description\":\"\",\"placeholder\":\"\",\"visible\":true,\"editable\":true},\"list\":{\"label\":\"keywords\",\"searchable\":true,\"sortable\":true}},\"canonicalUrl\":{\"edit\":{\"label\":\"canonicalUrl\",\"description\":\"\",\"placeholder\":\"\",\"visible\":true,\"editable\":true},\"list\":{\"label\":\"canonicalUrl\",\"searchable\":true,\"sortable\":true}},\"metaHead\":{\"edit\":{\"label\":\"metaHead\",\"description\":\"\",\"placeholder\":\"\",\"visible\":true,\"editable\":true},\"list\":{\"label\":\"metaHead\",\"searchable\":true,\"sortable\":true}},\"ogMeta\":{\"edit\":{\"label\":\"ogMeta\",\"description\":\"\",\"placeholder\":\"\",\"visible\":true,\"editable\":true},\"list\":{\"label\":\"ogMeta\",\"searchable\":false,\"sortable\":false}},\"socialMediaMeta\":{\"edit\":{\"label\":\"socialMediaMeta\",\"description\":\"\",\"placeholder\":\"\",\"visible\":true,\"editable\":true},\"list\":{\"label\":\"socialMediaMeta\",\"searchable\":false,\"sortable\":false}},\"wordDescription\":{\"edit\":{\"label\":\"wordDescription\",\"description\":\"\",\"placeholder\":\"\",\"visible\":true,\"editable\":true},\"list\":{\"label\":\"wordDescription\",\"searchable\":false,\"sortable\":false}},\"metaImage\":{\"edit\":{\"label\":\"metaImage\",\"description\":\"\",\"placeholder\":\"\",\"visible\":true,\"editable\":true},\"list\":{\"label\":\"metaImage\",\"searchable\":false,\"sortable\":false}},\"documentId\":{\"edit\":{},\"list\":{\"label\":\"documentId\",\"searchable\":true,\"sortable\":true}}},\"layouts\":{\"list\":[\"id\",\"metaTitle\",\"metaDescription\",\"preventIndexing\"],\"edit\":[[{\"name\":\"metaTitle\",\"size\":6},{\"name\":\"metaDescription\",\"size\":6}],[{\"name\":\"preventIndexing\",\"size\":4},{\"name\":\"keywords\",\"size\":6}],[{\"name\":\"canonicalUrl\",\"size\":6},{\"name\":\"metaHead\",\"size\":6}],[{\"name\":\"ogMeta\",\"size\":12}],[{\"name\":\"wordDescription\",\"size\":12}],[{\"name\":\"metaImage\",\"size\":6}],[{\"name\":\"socialMediaMeta\",\"size\":12}]]},\"uid\":\"common.seo\",\"isComponent\":true}','object',NULL,NULL),(10,'plugin_content_manager_configuration_components::common.meta','{\"settings\":{\"bulkable\":true,\"filterable\":true,\"searchable\":true,\"pageSize\":10,\"mainField\":\"name\",\"defaultSortBy\":\"name\",\"defaultSortOrder\":\"ASC\"},\"metadatas\":{\"id\":{\"edit\":{},\"list\":{\"label\":\"id\",\"searchable\":false,\"sortable\":false}},\"name\":{\"edit\":{\"label\":\"name\",\"description\":\"\",\"placeholder\":\"\",\"visible\":true,\"editable\":true},\"list\":{\"label\":\"name\",\"searchable\":true,\"sortable\":true}},\"content\":{\"edit\":{\"label\":\"content\",\"description\":\"\",\"placeholder\":\"\",\"visible\":true,\"editable\":true},\"list\":{\"label\":\"content\",\"searchable\":true,\"sortable\":true}},\"documentId\":{\"edit\":{},\"list\":{\"label\":\"documentId\",\"searchable\":true,\"sortable\":true}}},\"layouts\":{\"list\":[\"id\",\"name\",\"content\"],\"edit\":[[{\"name\":\"name\",\"size\":6},{\"name\":\"content\",\"size\":6}]]},\"uid\":\"common.meta\",\"isComponent\":true}','object',NULL,NULL),(11,'plugin_content_manager_configuration_components::common.menu-item','{\"settings\":{\"bulkable\":true,\"filterable\":true,\"searchable\":true,\"pageSize\":10,\"mainField\":\"documentId\",\"defaultSortBy\":\"documentId\",\"defaultSortOrder\":\"ASC\"},\"metadatas\":{\"id\":{\"edit\":{},\"list\":{\"label\":\"id\",\"searchable\":false,\"sortable\":false}},\"title\":{\"edit\":{\"label\":\"title\",\"description\":\"\",\"placeholder\":\"\",\"visible\":true,\"editable\":true},\"list\":{\"label\":\"title\",\"searchable\":true,\"sortable\":true}},\"url\":{\"edit\":{\"label\":\"url\",\"description\":\"\",\"placeholder\":\"\",\"visible\":true,\"editable\":true},\"list\":{\"label\":\"url\",\"searchable\":true,\"sortable\":true}},\"newTab\":{\"edit\":{\"label\":\"newTab\",\"description\":\"\",\"placeholder\":\"\",\"visible\":true,\"editable\":true},\"list\":{\"label\":\"newTab\",\"searchable\":true,\"sortable\":true}},\"isActive\":{\"edit\":{\"label\":\"isActive\",\"description\":\"\",\"placeholder\":\"\",\"visible\":true,\"editable\":true},\"list\":{\"label\":\"isActive\",\"searchable\":true,\"sortable\":true}},\"key\":{\"edit\":{\"label\":\"key\",\"description\":\"\",\"placeholder\":\"\",\"visible\":true,\"editable\":true},\"list\":{\"label\":\"key\",\"searchable\":true,\"sortable\":true}},\"documentId\":{\"edit\":{},\"list\":{\"label\":\"documentId\",\"searchable\":true,\"sortable\":true}}},\"layouts\":{\"list\":[\"id\",\"title\",\"url\",\"newTab\"],\"edit\":[[{\"name\":\"title\",\"size\":6},{\"name\":\"url\",\"size\":6}],[{\"name\":\"newTab\",\"size\":4},{\"name\":\"isActive\",\"size\":4}],[{\"name\":\"key\",\"size\":6}]]},\"uid\":\"common.menu-item\",\"isComponent\":true}','object',NULL,NULL),(12,'plugin_content_manager_configuration_components::common.menu-item-w-sub','{\"settings\":{\"bulkable\":true,\"filterable\":true,\"searchable\":true,\"pageSize\":10,\"mainField\":\"documentId\",\"defaultSortBy\":\"documentId\",\"defaultSortOrder\":\"ASC\"},\"metadatas\":{\"id\":{\"edit\":{},\"list\":{\"label\":\"id\",\"searchable\":false,\"sortable\":false}},\"title\":{\"edit\":{\"label\":\"title\",\"description\":\"\",\"placeholder\":\"\",\"visible\":true,\"editable\":true},\"list\":{\"label\":\"title\",\"searchable\":true,\"sortable\":true}},\"url\":{\"edit\":{\"label\":\"url\",\"description\":\"\",\"placeholder\":\"\",\"visible\":true,\"editable\":true},\"list\":{\"label\":\"url\",\"searchable\":true,\"sortable\":true}},\"newTab\":{\"edit\":{\"label\":\"newTab\",\"description\":\"\",\"placeholder\":\"\",\"visible\":true,\"editable\":true},\"list\":{\"label\":\"newTab\",\"searchable\":true,\"sortable\":true}},\"isActive\":{\"edit\":{\"label\":\"isActive\",\"description\":\"\",\"placeholder\":\"\",\"visible\":true,\"editable\":true},\"list\":{\"label\":\"isActive\",\"searchable\":true,\"sortable\":true}},\"submenu\":{\"edit\":{\"label\":\"submenu\",\"description\":\"\",\"placeholder\":\"\",\"visible\":true,\"editable\":true},\"list\":{\"label\":\"submenu\",\"searchable\":false,\"sortable\":false}},\"documentId\":{\"edit\":{},\"list\":{\"label\":\"documentId\",\"searchable\":true,\"sortable\":true}}},\"layouts\":{\"list\":[\"id\",\"title\",\"url\",\"newTab\"],\"edit\":[[{\"name\":\"title\",\"size\":6},{\"name\":\"url\",\"size\":6}],[{\"name\":\"newTab\",\"size\":4},{\"name\":\"isActive\",\"size\":4}],[{\"name\":\"submenu\",\"size\":12}]]},\"uid\":\"common.menu-item-w-sub\",\"isComponent\":true}','object',NULL,NULL),(16,'plugin_content_manager_configuration_components::common.banner','{\"settings\":{\"bulkable\":true,\"filterable\":true,\"searchable\":true,\"pageSize\":10,\"mainField\":\"title\",\"defaultSortBy\":\"title\",\"defaultSortOrder\":\"ASC\"},\"metadatas\":{\"id\":{\"edit\":{},\"list\":{\"label\":\"id\",\"searchable\":false,\"sortable\":false}},\"title\":{\"edit\":{\"label\":\"title\",\"description\":\"\",\"placeholder\":\"\",\"visible\":true,\"editable\":true},\"list\":{\"label\":\"title\",\"searchable\":true,\"sortable\":true}},\"subtitle\":{\"edit\":{\"label\":\"subtitle\",\"description\":\"\",\"placeholder\":\"\",\"visible\":true,\"editable\":true},\"list\":{\"label\":\"subtitle\",\"searchable\":true,\"sortable\":true}},\"media\":{\"edit\":{\"label\":\"media\",\"description\":\"\",\"placeholder\":\"\",\"visible\":true,\"editable\":true},\"list\":{\"label\":\"media\",\"searchable\":false,\"sortable\":false}},\"responsiveMedia\":{\"edit\":{\"label\":\"responsiveMedia\",\"description\":\"\",\"placeholder\":\"\",\"visible\":true,\"editable\":true},\"list\":{\"label\":\"responsiveMedia\",\"searchable\":false,\"sortable\":false}},\"type\":{\"edit\":{\"label\":\"type\",\"description\":\"\",\"placeholder\":\"\",\"visible\":true,\"editable\":true},\"list\":{\"label\":\"type\",\"searchable\":true,\"sortable\":true}},\"callToAction\":{\"edit\":{\"label\":\"callToAction\",\"description\":\"\",\"placeholder\":\"\",\"visible\":true,\"editable\":true},\"list\":{\"label\":\"callToAction\",\"searchable\":false,\"sortable\":false}},\"documentId\":{\"edit\":{},\"list\":{\"label\":\"documentId\",\"searchable\":true,\"sortable\":true}}},\"layouts\":{\"list\":[\"id\",\"title\",\"media\",\"subtitle\"],\"edit\":[[{\"name\":\"title\",\"size\":6}],[{\"name\":\"media\",\"size\":12}],[{\"name\":\"subtitle\",\"size\":6},{\"name\":\"responsiveMedia\",\"size\":6}],[{\"name\":\"type\",\"size\":6}],[{\"name\":\"callToAction\",\"size\":12}]]},\"uid\":\"common.banner\",\"isComponent\":true}','object',NULL,NULL),(17,'plugin_content_manager_configuration_content_types::plugin::upload.file','{\"settings\":{\"bulkable\":true,\"filterable\":true,\"searchable\":true,\"pageSize\":10,\"mainField\":\"name\",\"defaultSortBy\":\"name\",\"defaultSortOrder\":\"ASC\"},\"metadatas\":{\"id\":{\"edit\":{},\"list\":{\"label\":\"id\",\"searchable\":true,\"sortable\":true}},\"name\":{\"edit\":{\"label\":\"name\",\"description\":\"\",\"placeholder\":\"\",\"visible\":true,\"editable\":true},\"list\":{\"label\":\"name\",\"searchable\":true,\"sortable\":true}},\"alternativeText\":{\"edit\":{\"label\":\"alternativeText\",\"description\":\"\",\"placeholder\":\"\",\"visible\":true,\"editable\":true},\"list\":{\"label\":\"alternativeText\",\"searchable\":true,\"sortable\":true}},\"caption\":{\"edit\":{\"label\":\"caption\",\"description\":\"\",\"placeholder\":\"\",\"visible\":true,\"editable\":true},\"list\":{\"label\":\"caption\",\"searchable\":true,\"sortable\":true}},\"width\":{\"edit\":{\"label\":\"width\",\"description\":\"\",\"placeholder\":\"\",\"visible\":true,\"editable\":true},\"list\":{\"label\":\"width\",\"searchable\":true,\"sortable\":true}},\"height\":{\"edit\":{\"label\":\"height\",\"description\":\"\",\"placeholder\":\"\",\"visible\":true,\"editable\":true},\"list\":{\"label\":\"height\",\"searchable\":true,\"sortable\":true}},\"formats\":{\"edit\":{\"label\":\"formats\",\"description\":\"\",\"placeholder\":\"\",\"visible\":true,\"editable\":true},\"list\":{\"label\":\"formats\",\"searchable\":false,\"sortable\":false}},\"hash\":{\"edit\":{\"label\":\"hash\",\"description\":\"\",\"placeholder\":\"\",\"visible\":true,\"editable\":true},\"list\":{\"label\":\"hash\",\"searchable\":true,\"sortable\":true}},\"ext\":{\"edit\":{\"label\":\"ext\",\"description\":\"\",\"placeholder\":\"\",\"visible\":true,\"editable\":true},\"list\":{\"label\":\"ext\",\"searchable\":true,\"sortable\":true}},\"mime\":{\"edit\":{\"label\":\"mime\",\"description\":\"\",\"placeholder\":\"\",\"visible\":true,\"editable\":true},\"list\":{\"label\":\"mime\",\"searchable\":true,\"sortable\":true}},\"size\":{\"edit\":{\"label\":\"size\",\"description\":\"\",\"placeholder\":\"\",\"visible\":true,\"editable\":true},\"list\":{\"label\":\"size\",\"searchable\":true,\"sortable\":true}},\"url\":{\"edit\":{\"label\":\"url\",\"description\":\"\",\"placeholder\":\"\",\"visible\":true,\"editable\":true},\"list\":{\"label\":\"url\",\"searchable\":true,\"sortable\":true}},\"previewUrl\":{\"edit\":{\"label\":\"previewUrl\",\"description\":\"\",\"placeholder\":\"\",\"visible\":true,\"editable\":true},\"list\":{\"label\":\"previewUrl\",\"searchable\":true,\"sortable\":true}},\"provider\":{\"edit\":{\"label\":\"provider\",\"description\":\"\",\"placeholder\":\"\",\"visible\":true,\"editable\":true},\"list\":{\"label\":\"provider\",\"searchable\":true,\"sortable\":true}},\"provider_metadata\":{\"edit\":{\"label\":\"provider_metadata\",\"description\":\"\",\"placeholder\":\"\",\"visible\":true,\"editable\":true},\"list\":{\"label\":\"provider_metadata\",\"searchable\":false,\"sortable\":false}},\"folder\":{\"edit\":{\"label\":\"folder\",\"description\":\"\",\"placeholder\":\"\",\"visible\":true,\"editable\":true,\"mainField\":\"name\"},\"list\":{\"label\":\"folder\",\"searchable\":true,\"sortable\":true}},\"folderPath\":{\"edit\":{\"label\":\"folderPath\",\"description\":\"\",\"placeholder\":\"\",\"visible\":true,\"editable\":true},\"list\":{\"label\":\"folderPath\",\"searchable\":true,\"sortable\":true}},\"createdAt\":{\"edit\":{\"label\":\"createdAt\",\"description\":\"\",\"placeholder\":\"\",\"visible\":false,\"editable\":true},\"list\":{\"label\":\"createdAt\",\"searchable\":true,\"sortable\":true}},\"updatedAt\":{\"edit\":{\"label\":\"updatedAt\",\"description\":\"\",\"placeholder\":\"\",\"visible\":false,\"editable\":true},\"list\":{\"label\":\"updatedAt\",\"searchable\":true,\"sortable\":true}},\"createdBy\":{\"edit\":{\"label\":\"createdBy\",\"description\":\"\",\"placeholder\":\"\",\"visible\":false,\"editable\":true,\"mainField\":\"firstname\"},\"list\":{\"label\":\"createdBy\",\"searchable\":true,\"sortable\":true}},\"updatedBy\":{\"edit\":{\"label\":\"updatedBy\",\"description\":\"\",\"placeholder\":\"\",\"visible\":false,\"editable\":true,\"mainField\":\"firstname\"},\"list\":{\"label\":\"updatedBy\",\"searchable\":true,\"sortable\":true}},\"documentId\":{\"edit\":{},\"list\":{\"label\":\"documentId\",\"searchable\":true,\"sortable\":true}}},\"layouts\":{\"list\":[\"id\",\"name\",\"alternativeText\",\"caption\"],\"edit\":[[{\"name\":\"name\",\"size\":6},{\"name\":\"alternativeText\",\"size\":6}],[{\"name\":\"caption\",\"size\":6},{\"name\":\"width\",\"size\":4}],[{\"name\":\"height\",\"size\":4}],[{\"name\":\"formats\",\"size\":12}],[{\"name\":\"hash\",\"size\":6},{\"name\":\"ext\",\"size\":6}],[{\"name\":\"mime\",\"size\":6},{\"name\":\"size\",\"size\":4}],[{\"name\":\"url\",\"size\":6},{\"name\":\"previewUrl\",\"size\":6}],[{\"name\":\"provider\",\"size\":6}],[{\"name\":\"provider_metadata\",\"size\":12}],[{\"name\":\"folder\",\"size\":6},{\"name\":\"folderPath\",\"size\":6}]]},\"uid\":\"plugin::upload.file\"}','object',NULL,NULL),(18,'plugin_content_manager_configuration_content_types::plugin::upload.folder','{\"settings\":{\"bulkable\":true,\"filterable\":true,\"searchable\":true,\"pageSize\":10,\"mainField\":\"name\",\"defaultSortBy\":\"name\",\"defaultSortOrder\":\"ASC\"},\"metadatas\":{\"id\":{\"edit\":{},\"list\":{\"label\":\"id\",\"searchable\":true,\"sortable\":true}},\"name\":{\"edit\":{\"label\":\"name\",\"description\":\"\",\"placeholder\":\"\",\"visible\":true,\"editable\":true},\"list\":{\"label\":\"name\",\"searchable\":true,\"sortable\":true}},\"pathId\":{\"edit\":{\"label\":\"pathId\",\"description\":\"\",\"placeholder\":\"\",\"visible\":true,\"editable\":true},\"list\":{\"label\":\"pathId\",\"searchable\":true,\"sortable\":true}},\"parent\":{\"edit\":{\"label\":\"parent\",\"description\":\"\",\"placeholder\":\"\",\"visible\":true,\"editable\":true,\"mainField\":\"name\"},\"list\":{\"label\":\"parent\",\"searchable\":true,\"sortable\":true}},\"children\":{\"edit\":{\"label\":\"children\",\"description\":\"\",\"placeholder\":\"\",\"visible\":true,\"editable\":true,\"mainField\":\"name\"},\"list\":{\"label\":\"children\",\"searchable\":false,\"sortable\":false}},\"files\":{\"edit\":{\"label\":\"files\",\"description\":\"\",\"placeholder\":\"\",\"visible\":true,\"editable\":true,\"mainField\":\"name\"},\"list\":{\"label\":\"files\",\"searchable\":false,\"sortable\":false}},\"path\":{\"edit\":{\"label\":\"path\",\"description\":\"\",\"placeholder\":\"\",\"visible\":true,\"editable\":true},\"list\":{\"label\":\"path\",\"searchable\":true,\"sortable\":true}},\"createdAt\":{\"edit\":{\"label\":\"createdAt\",\"description\":\"\",\"placeholder\":\"\",\"visible\":false,\"editable\":true},\"list\":{\"label\":\"createdAt\",\"searchable\":true,\"sortable\":true}},\"updatedAt\":{\"edit\":{\"label\":\"updatedAt\",\"description\":\"\",\"placeholder\":\"\",\"visible\":false,\"editable\":true},\"list\":{\"label\":\"updatedAt\",\"searchable\":true,\"sortable\":true}},\"createdBy\":{\"edit\":{\"label\":\"createdBy\",\"description\":\"\",\"placeholder\":\"\",\"visible\":false,\"editable\":true,\"mainField\":\"firstname\"},\"list\":{\"label\":\"createdBy\",\"searchable\":true,\"sortable\":true}},\"updatedBy\":{\"edit\":{\"label\":\"updatedBy\",\"description\":\"\",\"placeholder\":\"\",\"visible\":false,\"editable\":true,\"mainField\":\"firstname\"},\"list\":{\"label\":\"updatedBy\",\"searchable\":true,\"sortable\":true}},\"documentId\":{\"edit\":{},\"list\":{\"label\":\"documentId\",\"searchable\":true,\"sortable\":true}}},\"layouts\":{\"list\":[\"id\",\"name\",\"pathId\",\"parent\"],\"edit\":[[{\"name\":\"name\",\"size\":6},{\"name\":\"pathId\",\"size\":4}],[{\"name\":\"parent\",\"size\":6},{\"name\":\"children\",\"size\":6}],[{\"name\":\"files\",\"size\":6},{\"name\":\"path\",\"size\":6}]]},\"uid\":\"plugin::upload.folder\"}','object',NULL,NULL),(19,'plugin_content_manager_configuration_content_types::plugin::i18n.locale','{\"settings\":{\"bulkable\":true,\"filterable\":true,\"searchable\":true,\"pageSize\":10,\"mainField\":\"name\",\"defaultSortBy\":\"name\",\"defaultSortOrder\":\"ASC\"},\"metadatas\":{\"id\":{\"edit\":{},\"list\":{\"label\":\"id\",\"searchable\":true,\"sortable\":true}},\"name\":{\"edit\":{\"label\":\"name\",\"description\":\"\",\"placeholder\":\"\",\"visible\":true,\"editable\":true},\"list\":{\"label\":\"name\",\"searchable\":true,\"sortable\":true}},\"code\":{\"edit\":{\"label\":\"code\",\"description\":\"\",\"placeholder\":\"\",\"visible\":true,\"editable\":true},\"list\":{\"label\":\"code\",\"searchable\":true,\"sortable\":true}},\"createdAt\":{\"edit\":{\"label\":\"createdAt\",\"description\":\"\",\"placeholder\":\"\",\"visible\":false,\"editable\":true},\"list\":{\"label\":\"createdAt\",\"searchable\":true,\"sortable\":true}},\"updatedAt\":{\"edit\":{\"label\":\"updatedAt\",\"description\":\"\",\"placeholder\":\"\",\"visible\":false,\"editable\":true},\"list\":{\"label\":\"updatedAt\",\"searchable\":true,\"sortable\":true}},\"createdBy\":{\"edit\":{\"label\":\"createdBy\",\"description\":\"\",\"placeholder\":\"\",\"visible\":false,\"editable\":true,\"mainField\":\"firstname\"},\"list\":{\"label\":\"createdBy\",\"searchable\":true,\"sortable\":true}},\"updatedBy\":{\"edit\":{\"label\":\"updatedBy\",\"description\":\"\",\"placeholder\":\"\",\"visible\":false,\"editable\":true,\"mainField\":\"firstname\"},\"list\":{\"label\":\"updatedBy\",\"searchable\":true,\"sortable\":true}},\"documentId\":{\"edit\":{},\"list\":{\"label\":\"documentId\",\"searchable\":true,\"sortable\":true}}},\"layouts\":{\"list\":[\"id\",\"name\",\"code\",\"createdAt\"],\"edit\":[[{\"name\":\"name\",\"size\":6},{\"name\":\"code\",\"size\":6}]]},\"uid\":\"plugin::i18n.locale\"}','object',NULL,NULL),(20,'plugin_content_manager_configuration_content_types::plugin::content-releases.release','{\"settings\":{\"bulkable\":true,\"filterable\":true,\"searchable\":true,\"pageSize\":10,\"mainField\":\"name\",\"defaultSortBy\":\"name\",\"defaultSortOrder\":\"ASC\"},\"metadatas\":{\"id\":{\"edit\":{},\"list\":{\"label\":\"id\",\"searchable\":true,\"sortable\":true}},\"name\":{\"edit\":{\"label\":\"name\",\"description\":\"\",\"placeholder\":\"\",\"visible\":true,\"editable\":true},\"list\":{\"label\":\"name\",\"searchable\":true,\"sortable\":true}},\"releasedAt\":{\"edit\":{\"label\":\"releasedAt\",\"description\":\"\",\"placeholder\":\"\",\"visible\":true,\"editable\":true},\"list\":{\"label\":\"releasedAt\",\"searchable\":true,\"sortable\":true}},\"scheduledAt\":{\"edit\":{\"label\":\"scheduledAt\",\"description\":\"\",\"placeholder\":\"\",\"visible\":true,\"editable\":true},\"list\":{\"label\":\"scheduledAt\",\"searchable\":true,\"sortable\":true}},\"timezone\":{\"edit\":{\"label\":\"timezone\",\"description\":\"\",\"placeholder\":\"\",\"visible\":true,\"editable\":true},\"list\":{\"label\":\"timezone\",\"searchable\":true,\"sortable\":true}},\"status\":{\"edit\":{\"label\":\"status\",\"description\":\"\",\"placeholder\":\"\",\"visible\":true,\"editable\":true},\"list\":{\"label\":\"status\",\"searchable\":true,\"sortable\":true}},\"actions\":{\"edit\":{\"label\":\"actions\",\"description\":\"\",\"placeholder\":\"\",\"visible\":true,\"editable\":true,\"mainField\":\"contentType\"},\"list\":{\"label\":\"actions\",\"searchable\":false,\"sortable\":false}},\"createdAt\":{\"edit\":{\"label\":\"createdAt\",\"description\":\"\",\"placeholder\":\"\",\"visible\":false,\"editable\":true},\"list\":{\"label\":\"createdAt\",\"searchable\":true,\"sortable\":true}},\"updatedAt\":{\"edit\":{\"label\":\"updatedAt\",\"description\":\"\",\"placeholder\":\"\",\"visible\":false,\"editable\":true},\"list\":{\"label\":\"updatedAt\",\"searchable\":true,\"sortable\":true}},\"createdBy\":{\"edit\":{\"label\":\"createdBy\",\"description\":\"\",\"placeholder\":\"\",\"visible\":false,\"editable\":true,\"mainField\":\"firstname\"},\"list\":{\"label\":\"createdBy\",\"searchable\":true,\"sortable\":true}},\"updatedBy\":{\"edit\":{\"label\":\"updatedBy\",\"description\":\"\",\"placeholder\":\"\",\"visible\":false,\"editable\":true,\"mainField\":\"firstname\"},\"list\":{\"label\":\"updatedBy\",\"searchable\":true,\"sortable\":true}},\"documentId\":{\"edit\":{},\"list\":{\"label\":\"documentId\",\"searchable\":true,\"sortable\":true}}},\"layouts\":{\"list\":[\"id\",\"name\",\"releasedAt\",\"scheduledAt\"],\"edit\":[[{\"name\":\"name\",\"size\":6},{\"name\":\"releasedAt\",\"size\":6}],[{\"name\":\"scheduledAt\",\"size\":6},{\"name\":\"timezone\",\"size\":6}],[{\"name\":\"status\",\"size\":6},{\"name\":\"actions\",\"size\":6}]]},\"uid\":\"plugin::content-releases.release\"}','object',NULL,NULL),(21,'plugin_content_manager_configuration_content_types::plugin::content-releases.release-action','{\"settings\":{\"bulkable\":true,\"filterable\":true,\"searchable\":true,\"pageSize\":10,\"mainField\":\"contentType\",\"defaultSortBy\":\"contentType\",\"defaultSortOrder\":\"ASC\"},\"metadatas\":{\"id\":{\"edit\":{},\"list\":{\"label\":\"id\",\"searchable\":true,\"sortable\":true}},\"type\":{\"edit\":{\"label\":\"type\",\"description\":\"\",\"placeholder\":\"\",\"visible\":true,\"editable\":true},\"list\":{\"label\":\"type\",\"searchable\":true,\"sortable\":true}},\"contentType\":{\"edit\":{\"label\":\"contentType\",\"description\":\"\",\"placeholder\":\"\",\"visible\":true,\"editable\":true},\"list\":{\"label\":\"contentType\",\"searchable\":true,\"sortable\":true}},\"entryDocumentId\":{\"edit\":{\"label\":\"entryDocumentId\",\"description\":\"\",\"placeholder\":\"\",\"visible\":true,\"editable\":true},\"list\":{\"label\":\"entryDocumentId\",\"searchable\":true,\"sortable\":true}},\"release\":{\"edit\":{\"label\":\"release\",\"description\":\"\",\"placeholder\":\"\",\"visible\":true,\"editable\":true,\"mainField\":\"name\"},\"list\":{\"label\":\"release\",\"searchable\":true,\"sortable\":true}},\"isEntryValid\":{\"edit\":{\"label\":\"isEntryValid\",\"description\":\"\",\"placeholder\":\"\",\"visible\":true,\"editable\":true},\"list\":{\"label\":\"isEntryValid\",\"searchable\":true,\"sortable\":true}},\"createdAt\":{\"edit\":{\"label\":\"createdAt\",\"description\":\"\",\"placeholder\":\"\",\"visible\":false,\"editable\":true},\"list\":{\"label\":\"createdAt\",\"searchable\":true,\"sortable\":true}},\"updatedAt\":{\"edit\":{\"label\":\"updatedAt\",\"description\":\"\",\"placeholder\":\"\",\"visible\":false,\"editable\":true},\"list\":{\"label\":\"updatedAt\",\"searchable\":true,\"sortable\":true}},\"createdBy\":{\"edit\":{\"label\":\"createdBy\",\"description\":\"\",\"placeholder\":\"\",\"visible\":false,\"editable\":true,\"mainField\":\"firstname\"},\"list\":{\"label\":\"createdBy\",\"searchable\":true,\"sortable\":true}},\"updatedBy\":{\"edit\":{\"label\":\"updatedBy\",\"description\":\"\",\"placeholder\":\"\",\"visible\":false,\"editable\":true,\"mainField\":\"firstname\"},\"list\":{\"label\":\"updatedBy\",\"searchable\":true,\"sortable\":true}},\"documentId\":{\"edit\":{},\"list\":{\"label\":\"documentId\",\"searchable\":true,\"sortable\":true}}},\"layouts\":{\"list\":[\"id\",\"type\",\"contentType\",\"entryDocumentId\"],\"edit\":[[{\"name\":\"type\",\"size\":6},{\"name\":\"contentType\",\"size\":6}],[{\"name\":\"entryDocumentId\",\"size\":6},{\"name\":\"release\",\"size\":6}],[{\"name\":\"isEntryValid\",\"size\":4}]]},\"uid\":\"plugin::content-releases.release-action\"}','object',NULL,NULL),(22,'plugin_content_manager_configuration_content_types::plugin::review-workflows.workflow','{\"settings\":{\"bulkable\":true,\"filterable\":true,\"searchable\":true,\"pageSize\":10,\"mainField\":\"name\",\"defaultSortBy\":\"name\",\"defaultSortOrder\":\"ASC\"},\"metadatas\":{\"id\":{\"edit\":{},\"list\":{\"label\":\"id\",\"searchable\":true,\"sortable\":true}},\"name\":{\"edit\":{\"label\":\"name\",\"description\":\"\",\"placeholder\":\"\",\"visible\":true,\"editable\":true},\"list\":{\"label\":\"name\",\"searchable\":true,\"sortable\":true}},\"stages\":{\"edit\":{\"label\":\"stages\",\"description\":\"\",\"placeholder\":\"\",\"visible\":true,\"editable\":true,\"mainField\":\"name\"},\"list\":{\"label\":\"stages\",\"searchable\":false,\"sortable\":false}},\"stageRequiredToPublish\":{\"edit\":{\"label\":\"stageRequiredToPublish\",\"description\":\"\",\"placeholder\":\"\",\"visible\":true,\"editable\":true,\"mainField\":\"name\"},\"list\":{\"label\":\"stageRequiredToPublish\",\"searchable\":true,\"sortable\":true}},\"contentTypes\":{\"edit\":{\"label\":\"contentTypes\",\"description\":\"\",\"placeholder\":\"\",\"visible\":true,\"editable\":true},\"list\":{\"label\":\"contentTypes\",\"searchable\":false,\"sortable\":false}},\"createdAt\":{\"edit\":{\"label\":\"createdAt\",\"description\":\"\",\"placeholder\":\"\",\"visible\":false,\"editable\":true},\"list\":{\"label\":\"createdAt\",\"searchable\":true,\"sortable\":true}},\"updatedAt\":{\"edit\":{\"label\":\"updatedAt\",\"description\":\"\",\"placeholder\":\"\",\"visible\":false,\"editable\":true},\"list\":{\"label\":\"updatedAt\",\"searchable\":true,\"sortable\":true}},\"createdBy\":{\"edit\":{\"label\":\"createdBy\",\"description\":\"\",\"placeholder\":\"\",\"visible\":false,\"editable\":true,\"mainField\":\"firstname\"},\"list\":{\"label\":\"createdBy\",\"searchable\":true,\"sortable\":true}},\"updatedBy\":{\"edit\":{\"label\":\"updatedBy\",\"description\":\"\",\"placeholder\":\"\",\"visible\":false,\"editable\":true,\"mainField\":\"firstname\"},\"list\":{\"label\":\"updatedBy\",\"searchable\":true,\"sortable\":true}},\"documentId\":{\"edit\":{},\"list\":{\"label\":\"documentId\",\"searchable\":true,\"sortable\":true}}},\"layouts\":{\"list\":[\"id\",\"name\",\"stages\",\"stageRequiredToPublish\"],\"edit\":[[{\"name\":\"name\",\"size\":6},{\"name\":\"stages\",\"size\":6}],[{\"name\":\"stageRequiredToPublish\",\"size\":6}],[{\"name\":\"contentTypes\",\"size\":12}]]},\"uid\":\"plugin::review-workflows.workflow\"}','object',NULL,NULL),(23,'plugin_content_manager_configuration_content_types::plugin::review-workflows.workflow-stage','{\"settings\":{\"bulkable\":true,\"filterable\":true,\"searchable\":true,\"pageSize\":10,\"mainField\":\"name\",\"defaultSortBy\":\"name\",\"defaultSortOrder\":\"ASC\"},\"metadatas\":{\"id\":{\"edit\":{},\"list\":{\"label\":\"id\",\"searchable\":true,\"sortable\":true}},\"name\":{\"edit\":{\"label\":\"name\",\"description\":\"\",\"placeholder\":\"\",\"visible\":true,\"editable\":true},\"list\":{\"label\":\"name\",\"searchable\":true,\"sortable\":true}},\"color\":{\"edit\":{\"label\":\"color\",\"description\":\"\",\"placeholder\":\"\",\"visible\":true,\"editable\":true},\"list\":{\"label\":\"color\",\"searchable\":true,\"sortable\":true}},\"workflow\":{\"edit\":{\"label\":\"workflow\",\"description\":\"\",\"placeholder\":\"\",\"visible\":true,\"editable\":true,\"mainField\":\"name\"},\"list\":{\"label\":\"workflow\",\"searchable\":true,\"sortable\":true}},\"permissions\":{\"edit\":{\"label\":\"permissions\",\"description\":\"\",\"placeholder\":\"\",\"visible\":true,\"editable\":true,\"mainField\":\"action\"},\"list\":{\"label\":\"permissions\",\"searchable\":false,\"sortable\":false}},\"createdAt\":{\"edit\":{\"label\":\"createdAt\",\"description\":\"\",\"placeholder\":\"\",\"visible\":false,\"editable\":true},\"list\":{\"label\":\"createdAt\",\"searchable\":true,\"sortable\":true}},\"updatedAt\":{\"edit\":{\"label\":\"updatedAt\",\"description\":\"\",\"placeholder\":\"\",\"visible\":false,\"editable\":true},\"list\":{\"label\":\"updatedAt\",\"searchable\":true,\"sortable\":true}},\"createdBy\":{\"edit\":{\"label\":\"createdBy\",\"description\":\"\",\"placeholder\":\"\",\"visible\":false,\"editable\":true,\"mainField\":\"firstname\"},\"list\":{\"label\":\"createdBy\",\"searchable\":true,\"sortable\":true}},\"updatedBy\":{\"edit\":{\"label\":\"updatedBy\",\"description\":\"\",\"placeholder\":\"\",\"visible\":false,\"editable\":true,\"mainField\":\"firstname\"},\"list\":{\"label\":\"updatedBy\",\"searchable\":true,\"sortable\":true}},\"documentId\":{\"edit\":{},\"list\":{\"label\":\"documentId\",\"searchable\":true,\"sortable\":true}}},\"layouts\":{\"list\":[\"id\",\"name\",\"color\",\"workflow\"],\"edit\":[[{\"name\":\"name\",\"size\":6},{\"name\":\"color\",\"size\":6}],[{\"name\":\"workflow\",\"size\":6},{\"name\":\"permissions\",\"size\":6}]]},\"uid\":\"plugin::review-workflows.workflow-stage\"}','object',NULL,NULL),(24,'plugin_content_manager_configuration_content_types::plugin::users-permissions.permission','{\"settings\":{\"bulkable\":true,\"filterable\":true,\"searchable\":true,\"pageSize\":10,\"mainField\":\"action\",\"defaultSortBy\":\"action\",\"defaultSortOrder\":\"ASC\"},\"metadatas\":{\"id\":{\"edit\":{},\"list\":{\"label\":\"id\",\"searchable\":true,\"sortable\":true}},\"action\":{\"edit\":{\"label\":\"action\",\"description\":\"\",\"placeholder\":\"\",\"visible\":true,\"editable\":true},\"list\":{\"label\":\"action\",\"searchable\":true,\"sortable\":true}},\"role\":{\"edit\":{\"label\":\"role\",\"description\":\"\",\"placeholder\":\"\",\"visible\":true,\"editable\":true,\"mainField\":\"name\"},\"list\":{\"label\":\"role\",\"searchable\":true,\"sortable\":true}},\"createdAt\":{\"edit\":{\"label\":\"createdAt\",\"description\":\"\",\"placeholder\":\"\",\"visible\":false,\"editable\":true},\"list\":{\"label\":\"createdAt\",\"searchable\":true,\"sortable\":true}},\"updatedAt\":{\"edit\":{\"label\":\"updatedAt\",\"description\":\"\",\"placeholder\":\"\",\"visible\":false,\"editable\":true},\"list\":{\"label\":\"updatedAt\",\"searchable\":true,\"sortable\":true}},\"createdBy\":{\"edit\":{\"label\":\"createdBy\",\"description\":\"\",\"placeholder\":\"\",\"visible\":false,\"editable\":true,\"mainField\":\"firstname\"},\"list\":{\"label\":\"createdBy\",\"searchable\":true,\"sortable\":true}},\"updatedBy\":{\"edit\":{\"label\":\"updatedBy\",\"description\":\"\",\"placeholder\":\"\",\"visible\":false,\"editable\":true,\"mainField\":\"firstname\"},\"list\":{\"label\":\"updatedBy\",\"searchable\":true,\"sortable\":true}},\"documentId\":{\"edit\":{},\"list\":{\"label\":\"documentId\",\"searchable\":true,\"sortable\":true}}},\"layouts\":{\"list\":[\"id\",\"action\",\"role\",\"createdAt\"],\"edit\":[[{\"name\":\"action\",\"size\":6},{\"name\":\"role\",\"size\":6}]]},\"uid\":\"plugin::users-permissions.permission\"}','object',NULL,NULL),(25,'plugin_content_manager_configuration_content_types::plugin::users-permissions.role','{\"settings\":{\"bulkable\":true,\"filterable\":true,\"searchable\":true,\"pageSize\":10,\"mainField\":\"name\",\"defaultSortBy\":\"name\",\"defaultSortOrder\":\"ASC\"},\"metadatas\":{\"id\":{\"edit\":{},\"list\":{\"label\":\"id\",\"searchable\":true,\"sortable\":true}},\"name\":{\"edit\":{\"label\":\"name\",\"description\":\"\",\"placeholder\":\"\",\"visible\":true,\"editable\":true},\"list\":{\"label\":\"name\",\"searchable\":true,\"sortable\":true}},\"description\":{\"edit\":{\"label\":\"description\",\"description\":\"\",\"placeholder\":\"\",\"visible\":true,\"editable\":true},\"list\":{\"label\":\"description\",\"searchable\":true,\"sortable\":true}},\"type\":{\"edit\":{\"label\":\"type\",\"description\":\"\",\"placeholder\":\"\",\"visible\":true,\"editable\":true},\"list\":{\"label\":\"type\",\"searchable\":true,\"sortable\":true}},\"permissions\":{\"edit\":{\"label\":\"permissions\",\"description\":\"\",\"placeholder\":\"\",\"visible\":true,\"editable\":true,\"mainField\":\"action\"},\"list\":{\"label\":\"permissions\",\"searchable\":false,\"sortable\":false}},\"users\":{\"edit\":{\"label\":\"users\",\"description\":\"\",\"placeholder\":\"\",\"visible\":true,\"editable\":true,\"mainField\":\"username\"},\"list\":{\"label\":\"users\",\"searchable\":false,\"sortable\":false}},\"createdAt\":{\"edit\":{\"label\":\"createdAt\",\"description\":\"\",\"placeholder\":\"\",\"visible\":false,\"editable\":true},\"list\":{\"label\":\"createdAt\",\"searchable\":true,\"sortable\":true}},\"updatedAt\":{\"edit\":{\"label\":\"updatedAt\",\"description\":\"\",\"placeholder\":\"\",\"visible\":false,\"editable\":true},\"list\":{\"label\":\"updatedAt\",\"searchable\":true,\"sortable\":true}},\"createdBy\":{\"edit\":{\"label\":\"createdBy\",\"description\":\"\",\"placeholder\":\"\",\"visible\":false,\"editable\":true,\"mainField\":\"firstname\"},\"list\":{\"label\":\"createdBy\",\"searchable\":true,\"sortable\":true}},\"updatedBy\":{\"edit\":{\"label\":\"updatedBy\",\"description\":\"\",\"placeholder\":\"\",\"visible\":false,\"editable\":true,\"mainField\":\"firstname\"},\"list\":{\"label\":\"updatedBy\",\"searchable\":true,\"sortable\":true}},\"documentId\":{\"edit\":{},\"list\":{\"label\":\"documentId\",\"searchable\":true,\"sortable\":true}}},\"layouts\":{\"list\":[\"id\",\"name\",\"description\",\"type\"],\"edit\":[[{\"name\":\"name\",\"size\":6},{\"name\":\"description\",\"size\":6}],[{\"name\":\"type\",\"size\":6},{\"name\":\"permissions\",\"size\":6}],[{\"name\":\"users\",\"size\":6}]]},\"uid\":\"plugin::users-permissions.role\"}','object',NULL,NULL),(26,'plugin_content_manager_configuration_content_types::plugin::users-permissions.user','{\"settings\":{\"bulkable\":true,\"filterable\":true,\"searchable\":true,\"pageSize\":10,\"mainField\":\"username\",\"defaultSortBy\":\"username\",\"defaultSortOrder\":\"ASC\"},\"metadatas\":{\"id\":{\"edit\":{},\"list\":{\"label\":\"id\",\"searchable\":true,\"sortable\":true}},\"username\":{\"edit\":{\"label\":\"username\",\"description\":\"\",\"placeholder\":\"\",\"visible\":true,\"editable\":true},\"list\":{\"label\":\"username\",\"searchable\":true,\"sortable\":true}},\"email\":{\"edit\":{\"label\":\"email\",\"description\":\"\",\"placeholder\":\"\",\"visible\":true,\"editable\":true},\"list\":{\"label\":\"email\",\"searchable\":true,\"sortable\":true}},\"provider\":{\"edit\":{\"label\":\"provider\",\"description\":\"\",\"placeholder\":\"\",\"visible\":false,\"editable\":true},\"list\":{\"label\":\"provider\",\"searchable\":true,\"sortable\":true}},\"password\":{\"edit\":{\"label\":\"password\",\"description\":\"\",\"placeholder\":\"\",\"visible\":true,\"editable\":true},\"list\":{\"label\":\"password\",\"searchable\":true,\"sortable\":true}},\"resetPasswordToken\":{\"edit\":{\"label\":\"resetPasswordToken\",\"description\":\"\",\"placeholder\":\"\",\"visible\":false,\"editable\":true},\"list\":{\"label\":\"resetPasswordToken\",\"searchable\":true,\"sortable\":true}},\"confirmationToken\":{\"edit\":{\"label\":\"confirmationToken\",\"description\":\"\",\"placeholder\":\"\",\"visible\":false,\"editable\":true},\"list\":{\"label\":\"confirmationToken\",\"searchable\":true,\"sortable\":true}},\"confirmed\":{\"edit\":{\"label\":\"confirmed\",\"description\":\"\",\"placeholder\":\"\",\"visible\":true,\"editable\":true},\"list\":{\"label\":\"confirmed\",\"searchable\":true,\"sortable\":true}},\"blocked\":{\"edit\":{\"label\":\"blocked\",\"description\":\"\",\"placeholder\":\"\",\"visible\":true,\"editable\":true},\"list\":{\"label\":\"blocked\",\"searchable\":true,\"sortable\":true}},\"role\":{\"edit\":{\"label\":\"role\",\"description\":\"\",\"placeholder\":\"\",\"visible\":true,\"editable\":true,\"mainField\":\"name\"},\"list\":{\"label\":\"role\",\"searchable\":true,\"sortable\":true}},\"createdAt\":{\"edit\":{\"label\":\"createdAt\",\"description\":\"\",\"placeholder\":\"\",\"visible\":false,\"editable\":true},\"list\":{\"label\":\"createdAt\",\"searchable\":true,\"sortable\":true}},\"updatedAt\":{\"edit\":{\"label\":\"updatedAt\",\"description\":\"\",\"placeholder\":\"\",\"visible\":false,\"editable\":true},\"list\":{\"label\":\"updatedAt\",\"searchable\":true,\"sortable\":true}},\"createdBy\":{\"edit\":{\"label\":\"createdBy\",\"description\":\"\",\"placeholder\":\"\",\"visible\":false,\"editable\":true,\"mainField\":\"firstname\"},\"list\":{\"label\":\"createdBy\",\"searchable\":true,\"sortable\":true}},\"updatedBy\":{\"edit\":{\"label\":\"updatedBy\",\"description\":\"\",\"placeholder\":\"\",\"visible\":false,\"editable\":true,\"mainField\":\"firstname\"},\"list\":{\"label\":\"updatedBy\",\"searchable\":true,\"sortable\":true}},\"documentId\":{\"edit\":{},\"list\":{\"label\":\"documentId\",\"searchable\":true,\"sortable\":true}}},\"layouts\":{\"list\":[\"id\",\"username\",\"email\",\"confirmed\"],\"edit\":[[{\"name\":\"username\",\"size\":6},{\"name\":\"email\",\"size\":6}],[{\"name\":\"password\",\"size\":6},{\"name\":\"confirmed\",\"size\":4}],[{\"name\":\"blocked\",\"size\":4},{\"name\":\"role\",\"size\":6}]]},\"uid\":\"plugin::users-permissions.user\"}','object',NULL,NULL),(31,'plugin_content_manager_configuration_content_types::api::footer.footer','{\"settings\":{\"bulkable\":true,\"filterable\":true,\"searchable\":true,\"pageSize\":10,\"mainField\":\"documentId\",\"defaultSortBy\":\"documentId\",\"defaultSortOrder\":\"ASC\"},\"metadatas\":{\"id\":{\"edit\":{},\"list\":{\"label\":\"id\",\"searchable\":true,\"sortable\":true}},\"logo\":{\"edit\":{\"label\":\"logo\",\"description\":\"\",\"placeholder\":\"\",\"visible\":true,\"editable\":true},\"list\":{\"label\":\"logo\",\"searchable\":false,\"sortable\":false}},\"description\":{\"edit\":{\"label\":\"description\",\"description\":\"\",\"placeholder\":\"\",\"visible\":true,\"editable\":true},\"list\":{\"label\":\"description\",\"searchable\":true,\"sortable\":true}},\"socialLinks\":{\"edit\":{\"label\":\"socialLinks\",\"description\":\"\",\"placeholder\":\"\",\"visible\":true,\"editable\":true},\"list\":{\"label\":\"socialLinks\",\"searchable\":false,\"sortable\":false}},\"bottomMenu\":{\"edit\":{\"label\":\"bottomMenu\",\"description\":\"\",\"placeholder\":\"\",\"visible\":true,\"editable\":true},\"list\":{\"label\":\"bottomMenu\",\"searchable\":false,\"sortable\":false}},\"menu\":{\"edit\":{\"label\":\"menu\",\"description\":\"\",\"placeholder\":\"\",\"visible\":true,\"editable\":true},\"list\":{\"label\":\"menu\",\"searchable\":false,\"sortable\":false}},\"copyrightText\":{\"edit\":{\"label\":\"copyrightText\",\"description\":\"\",\"placeholder\":\"\",\"visible\":true,\"editable\":true},\"list\":{\"label\":\"copyrightText\",\"searchable\":true,\"sortable\":true}},\"createdAt\":{\"edit\":{\"label\":\"createdAt\",\"description\":\"\",\"placeholder\":\"\",\"visible\":false,\"editable\":true},\"list\":{\"label\":\"createdAt\",\"searchable\":true,\"sortable\":true}},\"updatedAt\":{\"edit\":{\"label\":\"updatedAt\",\"description\":\"\",\"placeholder\":\"\",\"visible\":false,\"editable\":true},\"list\":{\"label\":\"updatedAt\",\"searchable\":true,\"sortable\":true}},\"createdBy\":{\"edit\":{\"label\":\"createdBy\",\"description\":\"\",\"placeholder\":\"\",\"visible\":false,\"editable\":true,\"mainField\":\"firstname\"},\"list\":{\"label\":\"createdBy\",\"searchable\":true,\"sortable\":true}},\"updatedBy\":{\"edit\":{\"label\":\"updatedBy\",\"description\":\"\",\"placeholder\":\"\",\"visible\":false,\"editable\":true,\"mainField\":\"firstname\"},\"list\":{\"label\":\"updatedBy\",\"searchable\":true,\"sortable\":true}},\"documentId\":{\"edit\":{},\"list\":{\"label\":\"documentId\",\"searchable\":true,\"sortable\":true}}},\"layouts\":{\"list\":[\"id\",\"logo\",\"description\",\"socialLinks\"],\"edit\":[[{\"name\":\"copyrightText\",\"size\":6},{\"name\":\"logo\",\"size\":6}],[{\"name\":\"description\",\"size\":6}],[{\"name\":\"socialLinks\",\"size\":12}],[{\"name\":\"bottomMenu\",\"size\":12}],[{\"name\":\"menu\",\"size\":12}]]},\"uid\":\"api::footer.footer\"}','object',NULL,NULL),(32,'plugin_content_manager_configuration_content_types::api::header.header','{\"settings\":{\"bulkable\":true,\"filterable\":true,\"searchable\":true,\"pageSize\":10,\"mainField\":\"documentId\",\"defaultSortBy\":\"documentId\",\"defaultSortOrder\":\"ASC\"},\"metadatas\":{\"id\":{\"edit\":{},\"list\":{\"label\":\"id\",\"searchable\":true,\"sortable\":true}},\"logo\":{\"edit\":{\"label\":\"logo\",\"description\":\"\",\"placeholder\":\"\",\"visible\":true,\"editable\":true},\"list\":{\"label\":\"logo\",\"searchable\":false,\"sortable\":false}},\"colorLogo\":{\"edit\":{\"label\":\"colorLogo\",\"description\":\"\",\"placeholder\":\"\",\"visible\":true,\"editable\":true},\"list\":{\"label\":\"colorLogo\",\"searchable\":false,\"sortable\":false}},\"menu\":{\"edit\":{\"label\":\"menu\",\"description\":\"\",\"placeholder\":\"\",\"visible\":true,\"editable\":true},\"list\":{\"label\":\"menu\",\"searchable\":false,\"sortable\":false}},\"showMultilingual\":{\"edit\":{\"label\":\"showMultilingual\",\"description\":\"\",\"placeholder\":\"\",\"visible\":true,\"editable\":true},\"list\":{\"label\":\"showMultilingual\",\"searchable\":true,\"sortable\":true}},\"createdAt\":{\"edit\":{\"label\":\"createdAt\",\"description\":\"\",\"placeholder\":\"\",\"visible\":false,\"editable\":true},\"list\":{\"label\":\"createdAt\",\"searchable\":true,\"sortable\":true}},\"updatedAt\":{\"edit\":{\"label\":\"updatedAt\",\"description\":\"\",\"placeholder\":\"\",\"visible\":false,\"editable\":true},\"list\":{\"label\":\"updatedAt\",\"searchable\":true,\"sortable\":true}},\"createdBy\":{\"edit\":{\"label\":\"createdBy\",\"description\":\"\",\"placeholder\":\"\",\"visible\":false,\"editable\":true,\"mainField\":\"firstname\"},\"list\":{\"label\":\"createdBy\",\"searchable\":true,\"sortable\":true}},\"updatedBy\":{\"edit\":{\"label\":\"updatedBy\",\"description\":\"\",\"placeholder\":\"\",\"visible\":false,\"editable\":true,\"mainField\":\"firstname\"},\"list\":{\"label\":\"updatedBy\",\"searchable\":true,\"sortable\":true}},\"documentId\":{\"edit\":{},\"list\":{\"label\":\"documentId\",\"searchable\":true,\"sortable\":true}}},\"layouts\":{\"list\":[\"id\",\"logo\",\"showMultilingual\",\"colorLogo\"],\"edit\":[[{\"name\":\"menu\",\"size\":12}],[{\"name\":\"showMultilingual\",\"size\":4}],[{\"name\":\"logo\",\"size\":12}],[{\"name\":\"colorLogo\",\"size\":6}]]},\"uid\":\"api::header.header\"}','object',NULL,NULL),(33,'plugin_content_manager_configuration_content_types::api::home.home','{\"settings\":{\"bulkable\":true,\"filterable\":true,\"searchable\":true,\"pageSize\":10,\"mainField\":\"documentId\",\"defaultSortBy\":\"documentId\",\"defaultSortOrder\":\"ASC\"},\"metadatas\":{\"id\":{\"edit\":{},\"list\":{\"label\":\"id\",\"searchable\":true,\"sortable\":true}},\"banner\":{\"edit\":{\"label\":\"banner\",\"description\":\"\",\"placeholder\":\"\",\"visible\":true,\"editable\":true},\"list\":{\"label\":\"banner\",\"searchable\":false,\"sortable\":false}},\"aboutCme\":{\"edit\":{\"label\":\"aboutCme\",\"description\":\"\",\"placeholder\":\"\",\"visible\":true,\"editable\":true},\"list\":{\"label\":\"aboutCme\",\"searchable\":false,\"sortable\":false}},\"businessStreams\":{\"edit\":{\"label\":\"businessStreams\",\"description\":\"\",\"placeholder\":\"\",\"visible\":true,\"editable\":true},\"list\":{\"label\":\"businessStreams\",\"searchable\":false,\"sortable\":false}},\"trustedBrands\":{\"edit\":{\"label\":\"trustedBrands\",\"description\":\"\",\"placeholder\":\"\",\"visible\":true,\"editable\":true},\"list\":{\"label\":\"trustedBrands\",\"searchable\":false,\"sortable\":false}},\"trustedPartners\":{\"edit\":{\"label\":\"trustedPartners\",\"description\":\"\",\"placeholder\":\"\",\"visible\":true,\"editable\":true},\"list\":{\"label\":\"trustedPartners\",\"searchable\":false,\"sortable\":false}},\"socialFeeds\":{\"edit\":{\"label\":\"socialFeeds\",\"description\":\"\",\"placeholder\":\"\",\"visible\":true,\"editable\":true},\"list\":{\"label\":\"socialFeeds\",\"searchable\":false,\"sortable\":false}},\"ourLocations\":{\"edit\":{\"label\":\"ourLocations\",\"description\":\"\",\"placeholder\":\"\",\"visible\":true,\"editable\":true},\"list\":{\"label\":\"ourLocations\",\"searchable\":false,\"sortable\":false}},\"aboutGroup\":{\"edit\":{\"label\":\"aboutGroup\",\"description\":\"\",\"placeholder\":\"\",\"visible\":true,\"editable\":true},\"list\":{\"label\":\"aboutGroup\",\"searchable\":false,\"sortable\":false}},\"isNewsEnabled\":{\"edit\":{\"label\":\"isNewsEnabled\",\"description\":\"\",\"placeholder\":\"\",\"visible\":true,\"editable\":true},\"list\":{\"label\":\"isNewsEnabled\",\"searchable\":true,\"sortable\":true}},\"seo\":{\"edit\":{\"label\":\"seo\",\"description\":\"\",\"placeholder\":\"\",\"visible\":true,\"editable\":true},\"list\":{\"label\":\"seo\",\"searchable\":false,\"sortable\":false}},\"createdAt\":{\"edit\":{\"label\":\"createdAt\",\"description\":\"\",\"placeholder\":\"\",\"visible\":false,\"editable\":true},\"list\":{\"label\":\"createdAt\",\"searchable\":true,\"sortable\":true}},\"updatedAt\":{\"edit\":{\"label\":\"updatedAt\",\"description\":\"\",\"placeholder\":\"\",\"visible\":false,\"editable\":true},\"list\":{\"label\":\"updatedAt\",\"searchable\":true,\"sortable\":true}},\"createdBy\":{\"edit\":{\"label\":\"createdBy\",\"description\":\"\",\"placeholder\":\"\",\"visible\":false,\"editable\":true,\"mainField\":\"firstname\"},\"list\":{\"label\":\"createdBy\",\"searchable\":true,\"sortable\":true}},\"updatedBy\":{\"edit\":{\"label\":\"updatedBy\",\"description\":\"\",\"placeholder\":\"\",\"visible\":false,\"editable\":true,\"mainField\":\"firstname\"},\"list\":{\"label\":\"updatedBy\",\"searchable\":true,\"sortable\":true}},\"documentId\":{\"edit\":{},\"list\":{\"label\":\"documentId\",\"searchable\":true,\"sortable\":true}}},\"layouts\":{\"list\":[\"id\",\"banner\",\"aboutCme\",\"businessStreams\"],\"edit\":[[{\"name\":\"banner\",\"size\":12}],[{\"name\":\"seo\",\"size\":12}],[{\"name\":\"aboutCme\",\"size\":12}],[{\"name\":\"businessStreams\",\"size\":12}],[{\"name\":\"trustedBrands\",\"size\":12}],[{\"name\":\"trustedPartners\",\"size\":12}],[{\"name\":\"socialFeeds\",\"size\":12}],[{\"name\":\"ourLocations\",\"size\":12}],[{\"name\":\"aboutGroup\",\"size\":12}],[{\"name\":\"isNewsEnabled\",\"size\":4}]]},\"uid\":\"api::home.home\"}','object',NULL,NULL),(38,'plugin_content_manager_configuration_content_types::admin::permission','{\"settings\":{\"bulkable\":true,\"filterable\":true,\"searchable\":true,\"pageSize\":10,\"mainField\":\"action\",\"defaultSortBy\":\"action\",\"defaultSortOrder\":\"ASC\"},\"metadatas\":{\"id\":{\"edit\":{},\"list\":{\"label\":\"id\",\"searchable\":true,\"sortable\":true}},\"action\":{\"edit\":{\"label\":\"action\",\"description\":\"\",\"placeholder\":\"\",\"visible\":true,\"editable\":true},\"list\":{\"label\":\"action\",\"searchable\":true,\"sortable\":true}},\"actionParameters\":{\"edit\":{\"label\":\"actionParameters\",\"description\":\"\",\"placeholder\":\"\",\"visible\":true,\"editable\":true},\"list\":{\"label\":\"actionParameters\",\"searchable\":false,\"sortable\":false}},\"subject\":{\"edit\":{\"label\":\"subject\",\"description\":\"\",\"placeholder\":\"\",\"visible\":true,\"editable\":true},\"list\":{\"label\":\"subject\",\"searchable\":true,\"sortable\":true}},\"properties\":{\"edit\":{\"label\":\"properties\",\"description\":\"\",\"placeholder\":\"\",\"visible\":true,\"editable\":true},\"list\":{\"label\":\"properties\",\"searchable\":false,\"sortable\":false}},\"conditions\":{\"edit\":{\"label\":\"conditions\",\"description\":\"\",\"placeholder\":\"\",\"visible\":true,\"editable\":true},\"list\":{\"label\":\"conditions\",\"searchable\":false,\"sortable\":false}},\"role\":{\"edit\":{\"label\":\"role\",\"description\":\"\",\"placeholder\":\"\",\"visible\":true,\"editable\":true,\"mainField\":\"name\"},\"list\":{\"label\":\"role\",\"searchable\":true,\"sortable\":true}},\"createdAt\":{\"edit\":{\"label\":\"createdAt\",\"description\":\"\",\"placeholder\":\"\",\"visible\":false,\"editable\":true},\"list\":{\"label\":\"createdAt\",\"searchable\":true,\"sortable\":true}},\"updatedAt\":{\"edit\":{\"label\":\"updatedAt\",\"description\":\"\",\"placeholder\":\"\",\"visible\":false,\"editable\":true},\"list\":{\"label\":\"updatedAt\",\"searchable\":true,\"sortable\":true}},\"createdBy\":{\"edit\":{\"label\":\"createdBy\",\"description\":\"\",\"placeholder\":\"\",\"visible\":false,\"editable\":true,\"mainField\":\"firstname\"},\"list\":{\"label\":\"createdBy\",\"searchable\":true,\"sortable\":true}},\"updatedBy\":{\"edit\":{\"label\":\"updatedBy\",\"description\":\"\",\"placeholder\":\"\",\"visible\":false,\"editable\":true,\"mainField\":\"firstname\"},\"list\":{\"label\":\"updatedBy\",\"searchable\":true,\"sortable\":true}},\"documentId\":{\"edit\":{},\"list\":{\"label\":\"documentId\",\"searchable\":true,\"sortable\":true}}},\"layouts\":{\"list\":[\"id\",\"action\",\"subject\",\"role\"],\"edit\":[[{\"name\":\"action\",\"size\":6}],[{\"name\":\"actionParameters\",\"size\":12}],[{\"name\":\"subject\",\"size\":6}],[{\"name\":\"properties\",\"size\":12}],[{\"name\":\"conditions\",\"size\":12}],[{\"name\":\"role\",\"size\":6}]]},\"uid\":\"admin::permission\"}','object',NULL,NULL),(39,'plugin_content_manager_configuration_content_types::admin::user','{\"settings\":{\"bulkable\":true,\"filterable\":true,\"searchable\":true,\"pageSize\":10,\"mainField\":\"firstname\",\"defaultSortBy\":\"firstname\",\"defaultSortOrder\":\"ASC\"},\"metadatas\":{\"id\":{\"edit\":{},\"list\":{\"label\":\"id\",\"searchable\":true,\"sortable\":true}},\"firstname\":{\"edit\":{\"label\":\"firstname\",\"description\":\"\",\"placeholder\":\"\",\"visible\":true,\"editable\":true},\"list\":{\"label\":\"firstname\",\"searchable\":true,\"sortable\":true}},\"lastname\":{\"edit\":{\"label\":\"lastname\",\"description\":\"\",\"placeholder\":\"\",\"visible\":true,\"editable\":true},\"list\":{\"label\":\"lastname\",\"searchable\":true,\"sortable\":true}},\"username\":{\"edit\":{\"label\":\"username\",\"description\":\"\",\"placeholder\":\"\",\"visible\":true,\"editable\":true},\"list\":{\"label\":\"username\",\"searchable\":true,\"sortable\":true}},\"email\":{\"edit\":{\"label\":\"email\",\"description\":\"\",\"placeholder\":\"\",\"visible\":true,\"editable\":true},\"list\":{\"label\":\"email\",\"searchable\":true,\"sortable\":true}},\"password\":{\"edit\":{\"label\":\"password\",\"description\":\"\",\"placeholder\":\"\",\"visible\":true,\"editable\":true},\"list\":{\"label\":\"password\",\"searchable\":true,\"sortable\":true}},\"resetPasswordToken\":{\"edit\":{\"label\":\"resetPasswordToken\",\"description\":\"\",\"placeholder\":\"\",\"visible\":false,\"editable\":true},\"list\":{\"label\":\"resetPasswordToken\",\"searchable\":true,\"sortable\":true}},\"registrationToken\":{\"edit\":{\"label\":\"registrationToken\",\"description\":\"\",\"placeholder\":\"\",\"visible\":false,\"editable\":true},\"list\":{\"label\":\"registrationToken\",\"searchable\":true,\"sortable\":true}},\"isActive\":{\"edit\":{\"label\":\"isActive\",\"description\":\"\",\"placeholder\":\"\",\"visible\":true,\"editable\":true},\"list\":{\"label\":\"isActive\",\"searchable\":true,\"sortable\":true}},\"roles\":{\"edit\":{\"label\":\"roles\",\"description\":\"\",\"placeholder\":\"\",\"visible\":true,\"editable\":true,\"mainField\":\"name\"},\"list\":{\"label\":\"roles\",\"searchable\":false,\"sortable\":false}},\"blocked\":{\"edit\":{\"label\":\"blocked\",\"description\":\"\",\"placeholder\":\"\",\"visible\":true,\"editable\":true},\"list\":{\"label\":\"blocked\",\"searchable\":true,\"sortable\":true}},\"preferedLanguage\":{\"edit\":{\"label\":\"preferedLanguage\",\"description\":\"\",\"placeholder\":\"\",\"visible\":true,\"editable\":true},\"list\":{\"label\":\"preferedLanguage\",\"searchable\":true,\"sortable\":true}},\"createdAt\":{\"edit\":{\"label\":\"createdAt\",\"description\":\"\",\"placeholder\":\"\",\"visible\":false,\"editable\":true},\"list\":{\"label\":\"createdAt\",\"searchable\":true,\"sortable\":true}},\"updatedAt\":{\"edit\":{\"label\":\"updatedAt\",\"description\":\"\",\"placeholder\":\"\",\"visible\":false,\"editable\":true},\"list\":{\"label\":\"updatedAt\",\"searchable\":true,\"sortable\":true}},\"createdBy\":{\"edit\":{\"label\":\"createdBy\",\"description\":\"\",\"placeholder\":\"\",\"visible\":false,\"editable\":true,\"mainField\":\"firstname\"},\"list\":{\"label\":\"createdBy\",\"searchable\":true,\"sortable\":true}},\"updatedBy\":{\"edit\":{\"label\":\"updatedBy\",\"description\":\"\",\"placeholder\":\"\",\"visible\":false,\"editable\":true,\"mainField\":\"firstname\"},\"list\":{\"label\":\"updatedBy\",\"searchable\":true,\"sortable\":true}},\"documentId\":{\"edit\":{},\"list\":{\"label\":\"documentId\",\"searchable\":true,\"sortable\":true}}},\"layouts\":{\"list\":[\"id\",\"firstname\",\"lastname\",\"username\"],\"edit\":[[{\"name\":\"firstname\",\"size\":6},{\"name\":\"lastname\",\"size\":6}],[{\"name\":\"username\",\"size\":6},{\"name\":\"email\",\"size\":6}],[{\"name\":\"password\",\"size\":6},{\"name\":\"isActive\",\"size\":4}],[{\"name\":\"roles\",\"size\":6},{\"name\":\"blocked\",\"size\":4}],[{\"name\":\"preferedLanguage\",\"size\":6}]]},\"uid\":\"admin::user\"}','object',NULL,NULL),(40,'plugin_content_manager_configuration_content_types::admin::role','{\"settings\":{\"bulkable\":true,\"filterable\":true,\"searchable\":true,\"pageSize\":10,\"mainField\":\"name\",\"defaultSortBy\":\"name\",\"defaultSortOrder\":\"ASC\"},\"metadatas\":{\"id\":{\"edit\":{},\"list\":{\"label\":\"id\",\"searchable\":true,\"sortable\":true}},\"name\":{\"edit\":{\"label\":\"name\",\"description\":\"\",\"placeholder\":\"\",\"visible\":true,\"editable\":true},\"list\":{\"label\":\"name\",\"searchable\":true,\"sortable\":true}},\"code\":{\"edit\":{\"label\":\"code\",\"description\":\"\",\"placeholder\":\"\",\"visible\":true,\"editable\":true},\"list\":{\"label\":\"code\",\"searchable\":true,\"sortable\":true}},\"description\":{\"edit\":{\"label\":\"description\",\"description\":\"\",\"placeholder\":\"\",\"visible\":true,\"editable\":true},\"list\":{\"label\":\"description\",\"searchable\":true,\"sortable\":true}},\"users\":{\"edit\":{\"label\":\"users\",\"description\":\"\",\"placeholder\":\"\",\"visible\":true,\"editable\":true,\"mainField\":\"firstname\"},\"list\":{\"label\":\"users\",\"searchable\":false,\"sortable\":false}},\"permissions\":{\"edit\":{\"label\":\"permissions\",\"description\":\"\",\"placeholder\":\"\",\"visible\":true,\"editable\":true,\"mainField\":\"action\"},\"list\":{\"label\":\"permissions\",\"searchable\":false,\"sortable\":false}},\"createdAt\":{\"edit\":{\"label\":\"createdAt\",\"description\":\"\",\"placeholder\":\"\",\"visible\":false,\"editable\":true},\"list\":{\"label\":\"createdAt\",\"searchable\":true,\"sortable\":true}},\"updatedAt\":{\"edit\":{\"label\":\"updatedAt\",\"description\":\"\",\"placeholder\":\"\",\"visible\":false,\"editable\":true},\"list\":{\"label\":\"updatedAt\",\"searchable\":true,\"sortable\":true}},\"createdBy\":{\"edit\":{\"label\":\"createdBy\",\"description\":\"\",\"placeholder\":\"\",\"visible\":false,\"editable\":true,\"mainField\":\"firstname\"},\"list\":{\"label\":\"createdBy\",\"searchable\":true,\"sortable\":true}},\"updatedBy\":{\"edit\":{\"label\":\"updatedBy\",\"description\":\"\",\"placeholder\":\"\",\"visible\":false,\"editable\":true,\"mainField\":\"firstname\"},\"list\":{\"label\":\"updatedBy\",\"searchable\":true,\"sortable\":true}},\"documentId\":{\"edit\":{},\"list\":{\"label\":\"documentId\",\"searchable\":true,\"sortable\":true}}},\"layouts\":{\"list\":[\"id\",\"name\",\"code\",\"description\"],\"edit\":[[{\"name\":\"name\",\"size\":6},{\"name\":\"code\",\"size\":6}],[{\"name\":\"description\",\"size\":6},{\"name\":\"users\",\"size\":6}],[{\"name\":\"permissions\",\"size\":6}]]},\"uid\":\"admin::role\"}','object',NULL,NULL),(41,'plugin_content_manager_configuration_content_types::admin::api-token','{\"settings\":{\"bulkable\":true,\"filterable\":true,\"searchable\":true,\"pageSize\":10,\"mainField\":\"name\",\"defaultSortBy\":\"name\",\"defaultSortOrder\":\"ASC\"},\"metadatas\":{\"id\":{\"edit\":{},\"list\":{\"label\":\"id\",\"searchable\":true,\"sortable\":true}},\"name\":{\"edit\":{\"label\":\"name\",\"description\":\"\",\"placeholder\":\"\",\"visible\":true,\"editable\":true},\"list\":{\"label\":\"name\",\"searchable\":true,\"sortable\":true}},\"description\":{\"edit\":{\"label\":\"description\",\"description\":\"\",\"placeholder\":\"\",\"visible\":true,\"editable\":true},\"list\":{\"label\":\"description\",\"searchable\":true,\"sortable\":true}},\"type\":{\"edit\":{\"label\":\"type\",\"description\":\"\",\"placeholder\":\"\",\"visible\":true,\"editable\":true},\"list\":{\"label\":\"type\",\"searchable\":true,\"sortable\":true}},\"accessKey\":{\"edit\":{\"label\":\"accessKey\",\"description\":\"\",\"placeholder\":\"\",\"visible\":true,\"editable\":true},\"list\":{\"label\":\"accessKey\",\"searchable\":true,\"sortable\":true}},\"encryptedKey\":{\"edit\":{\"label\":\"encryptedKey\",\"description\":\"\",\"placeholder\":\"\",\"visible\":true,\"editable\":true},\"list\":{\"label\":\"encryptedKey\",\"searchable\":true,\"sortable\":true}},\"lastUsedAt\":{\"edit\":{\"label\":\"lastUsedAt\",\"description\":\"\",\"placeholder\":\"\",\"visible\":true,\"editable\":true},\"list\":{\"label\":\"lastUsedAt\",\"searchable\":true,\"sortable\":true}},\"permissions\":{\"edit\":{\"label\":\"permissions\",\"description\":\"\",\"placeholder\":\"\",\"visible\":true,\"editable\":true,\"mainField\":\"action\"},\"list\":{\"label\":\"permissions\",\"searchable\":false,\"sortable\":false}},\"expiresAt\":{\"edit\":{\"label\":\"expiresAt\",\"description\":\"\",\"placeholder\":\"\",\"visible\":true,\"editable\":true},\"list\":{\"label\":\"expiresAt\",\"searchable\":true,\"sortable\":true}},\"lifespan\":{\"edit\":{\"label\":\"lifespan\",\"description\":\"\",\"placeholder\":\"\",\"visible\":true,\"editable\":true},\"list\":{\"label\":\"lifespan\",\"searchable\":true,\"sortable\":true}},\"createdAt\":{\"edit\":{\"label\":\"createdAt\",\"description\":\"\",\"placeholder\":\"\",\"visible\":false,\"editable\":true},\"list\":{\"label\":\"createdAt\",\"searchable\":true,\"sortable\":true}},\"updatedAt\":{\"edit\":{\"label\":\"updatedAt\",\"description\":\"\",\"placeholder\":\"\",\"visible\":false,\"editable\":true},\"list\":{\"label\":\"updatedAt\",\"searchable\":true,\"sortable\":true}},\"createdBy\":{\"edit\":{\"label\":\"createdBy\",\"description\":\"\",\"placeholder\":\"\",\"visible\":false,\"editable\":true,\"mainField\":\"firstname\"},\"list\":{\"label\":\"createdBy\",\"searchable\":true,\"sortable\":true}},\"updatedBy\":{\"edit\":{\"label\":\"updatedBy\",\"description\":\"\",\"placeholder\":\"\",\"visible\":false,\"editable\":true,\"mainField\":\"firstname\"},\"list\":{\"label\":\"updatedBy\",\"searchable\":true,\"sortable\":true}},\"documentId\":{\"edit\":{},\"list\":{\"label\":\"documentId\",\"searchable\":true,\"sortable\":true}}},\"layouts\":{\"list\":[\"id\",\"name\",\"description\",\"type\"],\"edit\":[[{\"name\":\"name\",\"size\":6},{\"name\":\"description\",\"size\":6}],[{\"name\":\"type\",\"size\":6},{\"name\":\"accessKey\",\"size\":6}],[{\"name\":\"encryptedKey\",\"size\":6},{\"name\":\"lastUsedAt\",\"size\":6}],[{\"name\":\"permissions\",\"size\":6},{\"name\":\"expiresAt\",\"size\":6}],[{\"name\":\"lifespan\",\"size\":4}]]},\"uid\":\"admin::api-token\"}','object',NULL,NULL),(42,'plugin_content_manager_configuration_content_types::admin::api-token-permission','{\"settings\":{\"bulkable\":true,\"filterable\":true,\"searchable\":true,\"pageSize\":10,\"mainField\":\"action\",\"defaultSortBy\":\"action\",\"defaultSortOrder\":\"ASC\"},\"metadatas\":{\"id\":{\"edit\":{},\"list\":{\"label\":\"id\",\"searchable\":true,\"sortable\":true}},\"action\":{\"edit\":{\"label\":\"action\",\"description\":\"\",\"placeholder\":\"\",\"visible\":true,\"editable\":true},\"list\":{\"label\":\"action\",\"searchable\":true,\"sortable\":true}},\"token\":{\"edit\":{\"label\":\"token\",\"description\":\"\",\"placeholder\":\"\",\"visible\":true,\"editable\":true,\"mainField\":\"name\"},\"list\":{\"label\":\"token\",\"searchable\":true,\"sortable\":true}},\"createdAt\":{\"edit\":{\"label\":\"createdAt\",\"description\":\"\",\"placeholder\":\"\",\"visible\":false,\"editable\":true},\"list\":{\"label\":\"createdAt\",\"searchable\":true,\"sortable\":true}},\"updatedAt\":{\"edit\":{\"label\":\"updatedAt\",\"description\":\"\",\"placeholder\":\"\",\"visible\":false,\"editable\":true},\"list\":{\"label\":\"updatedAt\",\"searchable\":true,\"sortable\":true}},\"createdBy\":{\"edit\":{\"label\":\"createdBy\",\"description\":\"\",\"placeholder\":\"\",\"visible\":false,\"editable\":true,\"mainField\":\"firstname\"},\"list\":{\"label\":\"createdBy\",\"searchable\":true,\"sortable\":true}},\"updatedBy\":{\"edit\":{\"label\":\"updatedBy\",\"description\":\"\",\"placeholder\":\"\",\"visible\":false,\"editable\":true,\"mainField\":\"firstname\"},\"list\":{\"label\":\"updatedBy\",\"searchable\":true,\"sortable\":true}},\"documentId\":{\"edit\":{},\"list\":{\"label\":\"documentId\",\"searchable\":true,\"sortable\":true}}},\"layouts\":{\"list\":[\"id\",\"action\",\"token\",\"createdAt\"],\"edit\":[[{\"name\":\"action\",\"size\":6},{\"name\":\"token\",\"size\":6}]]},\"uid\":\"admin::api-token-permission\"}','object',NULL,NULL),(43,'plugin_content_manager_configuration_content_types::admin::transfer-token','{\"settings\":{\"bulkable\":true,\"filterable\":true,\"searchable\":true,\"pageSize\":10,\"mainField\":\"name\",\"defaultSortBy\":\"name\",\"defaultSortOrder\":\"ASC\"},\"metadatas\":{\"id\":{\"edit\":{},\"list\":{\"label\":\"id\",\"searchable\":true,\"sortable\":true}},\"name\":{\"edit\":{\"label\":\"name\",\"description\":\"\",\"placeholder\":\"\",\"visible\":true,\"editable\":true},\"list\":{\"label\":\"name\",\"searchable\":true,\"sortable\":true}},\"description\":{\"edit\":{\"label\":\"description\",\"description\":\"\",\"placeholder\":\"\",\"visible\":true,\"editable\":true},\"list\":{\"label\":\"description\",\"searchable\":true,\"sortable\":true}},\"accessKey\":{\"edit\":{\"label\":\"accessKey\",\"description\":\"\",\"placeholder\":\"\",\"visible\":true,\"editable\":true},\"list\":{\"label\":\"accessKey\",\"searchable\":true,\"sortable\":true}},\"lastUsedAt\":{\"edit\":{\"label\":\"lastUsedAt\",\"description\":\"\",\"placeholder\":\"\",\"visible\":true,\"editable\":true},\"list\":{\"label\":\"lastUsedAt\",\"searchable\":true,\"sortable\":true}},\"permissions\":{\"edit\":{\"label\":\"permissions\",\"description\":\"\",\"placeholder\":\"\",\"visible\":true,\"editable\":true,\"mainField\":\"action\"},\"list\":{\"label\":\"permissions\",\"searchable\":false,\"sortable\":false}},\"expiresAt\":{\"edit\":{\"label\":\"expiresAt\",\"description\":\"\",\"placeholder\":\"\",\"visible\":true,\"editable\":true},\"list\":{\"label\":\"expiresAt\",\"searchable\":true,\"sortable\":true}},\"lifespan\":{\"edit\":{\"label\":\"lifespan\",\"description\":\"\",\"placeholder\":\"\",\"visible\":true,\"editable\":true},\"list\":{\"label\":\"lifespan\",\"searchable\":true,\"sortable\":true}},\"createdAt\":{\"edit\":{\"label\":\"createdAt\",\"description\":\"\",\"placeholder\":\"\",\"visible\":false,\"editable\":true},\"list\":{\"label\":\"createdAt\",\"searchable\":true,\"sortable\":true}},\"updatedAt\":{\"edit\":{\"label\":\"updatedAt\",\"description\":\"\",\"placeholder\":\"\",\"visible\":false,\"editable\":true},\"list\":{\"label\":\"updatedAt\",\"searchable\":true,\"sortable\":true}},\"createdBy\":{\"edit\":{\"label\":\"createdBy\",\"description\":\"\",\"placeholder\":\"\",\"visible\":false,\"editable\":true,\"mainField\":\"firstname\"},\"list\":{\"label\":\"createdBy\",\"searchable\":true,\"sortable\":true}},\"updatedBy\":{\"edit\":{\"label\":\"updatedBy\",\"description\":\"\",\"placeholder\":\"\",\"visible\":false,\"editable\":true,\"mainField\":\"firstname\"},\"list\":{\"label\":\"updatedBy\",\"searchable\":true,\"sortable\":true}},\"documentId\":{\"edit\":{},\"list\":{\"label\":\"documentId\",\"searchable\":true,\"sortable\":true}}},\"layouts\":{\"list\":[\"id\",\"name\",\"description\",\"accessKey\"],\"edit\":[[{\"name\":\"name\",\"size\":6},{\"name\":\"description\",\"size\":6}],[{\"name\":\"accessKey\",\"size\":6},{\"name\":\"lastUsedAt\",\"size\":6}],[{\"name\":\"permissions\",\"size\":6},{\"name\":\"expiresAt\",\"size\":6}],[{\"name\":\"lifespan\",\"size\":4}]]},\"uid\":\"admin::transfer-token\"}','object',NULL,NULL),(44,'plugin_content_manager_configuration_content_types::admin::transfer-token-permission','{\"settings\":{\"bulkable\":true,\"filterable\":true,\"searchable\":true,\"pageSize\":10,\"mainField\":\"action\",\"defaultSortBy\":\"action\",\"defaultSortOrder\":\"ASC\"},\"metadatas\":{\"id\":{\"edit\":{},\"list\":{\"label\":\"id\",\"searchable\":true,\"sortable\":true}},\"action\":{\"edit\":{\"label\":\"action\",\"description\":\"\",\"placeholder\":\"\",\"visible\":true,\"editable\":true},\"list\":{\"label\":\"action\",\"searchable\":true,\"sortable\":true}},\"token\":{\"edit\":{\"label\":\"token\",\"description\":\"\",\"placeholder\":\"\",\"visible\":true,\"editable\":true,\"mainField\":\"name\"},\"list\":{\"label\":\"token\",\"searchable\":true,\"sortable\":true}},\"createdAt\":{\"edit\":{\"label\":\"createdAt\",\"description\":\"\",\"placeholder\":\"\",\"visible\":false,\"editable\":true},\"list\":{\"label\":\"createdAt\",\"searchable\":true,\"sortable\":true}},\"updatedAt\":{\"edit\":{\"label\":\"updatedAt\",\"description\":\"\",\"placeholder\":\"\",\"visible\":false,\"editable\":true},\"list\":{\"label\":\"updatedAt\",\"searchable\":true,\"sortable\":true}},\"createdBy\":{\"edit\":{\"label\":\"createdBy\",\"description\":\"\",\"placeholder\":\"\",\"visible\":false,\"editable\":true,\"mainField\":\"firstname\"},\"list\":{\"label\":\"createdBy\",\"searchable\":true,\"sortable\":true}},\"updatedBy\":{\"edit\":{\"label\":\"updatedBy\",\"description\":\"\",\"placeholder\":\"\",\"visible\":false,\"editable\":true,\"mainField\":\"firstname\"},\"list\":{\"label\":\"updatedBy\",\"searchable\":true,\"sortable\":true}},\"documentId\":{\"edit\":{},\"list\":{\"label\":\"documentId\",\"searchable\":true,\"sortable\":true}}},\"layouts\":{\"list\":[\"id\",\"action\",\"token\",\"createdAt\"],\"edit\":[[{\"name\":\"action\",\"size\":6},{\"name\":\"token\",\"size\":6}]]},\"uid\":\"admin::transfer-token-permission\"}','object',NULL,NULL),(45,'plugin_upload_settings','{\"sizeOptimization\":true,\"responsiveDimensions\":true,\"autoOrientation\":false,\"aiMetadata\":true}','object',NULL,NULL),(46,'plugin_upload_view_configuration','{\"pageSize\":10,\"sort\":\"createdAt:DESC\"}','object',NULL,NULL),(47,'plugin_upload_metrics','{\"weeklySchedule\":\"42 33 2 * * 1\",\"lastWeeklyUpdate\":1775442822100}','object',NULL,NULL),(48,'plugin_i18n_default_locale','\"en\"','string',NULL,NULL),(49,'plugin_users-permissions_grant','{\"email\":{\"icon\":\"envelope\",\"enabled\":true},\"discord\":{\"icon\":\"discord\",\"enabled\":false,\"key\":\"\",\"secret\":\"\",\"callbackUrl\":\"api/auth/discord/callback\",\"scope\":[\"identify\",\"email\"]},\"facebook\":{\"icon\":\"facebook-square\",\"enabled\":false,\"key\":\"\",\"secret\":\"\",\"callbackUrl\":\"api/auth/facebook/callback\",\"scope\":[\"email\"]},\"google\":{\"icon\":\"google\",\"enabled\":false,\"key\":\"\",\"secret\":\"\",\"callbackUrl\":\"api/auth/google/callback\",\"scope\":[\"email\"]},\"github\":{\"icon\":\"github\",\"enabled\":false,\"key\":\"\",\"secret\":\"\",\"callbackUrl\":\"api/auth/github/callback\",\"scope\":[\"user\",\"user:email\"]},\"microsoft\":{\"icon\":\"windows\",\"enabled\":false,\"key\":\"\",\"secret\":\"\",\"callbackUrl\":\"api/auth/microsoft/callback\",\"scope\":[\"user.read\"]},\"twitter\":{\"icon\":\"twitter\",\"enabled\":false,\"key\":\"\",\"secret\":\"\",\"callbackUrl\":\"api/auth/twitter/callback\"},\"instagram\":{\"icon\":\"instagram\",\"enabled\":false,\"key\":\"\",\"secret\":\"\",\"callbackUrl\":\"api/auth/instagram/callback\",\"scope\":[\"user_profile\"]},\"vk\":{\"icon\":\"vk\",\"enabled\":false,\"key\":\"\",\"secret\":\"\",\"callbackUrl\":\"api/auth/vk/callback\",\"scope\":[\"email\"]},\"twitch\":{\"icon\":\"twitch\",\"enabled\":false,\"key\":\"\",\"secret\":\"\",\"callbackUrl\":\"api/auth/twitch/callback\",\"scope\":[\"user:read:email\"]},\"linkedin\":{\"icon\":\"linkedin\",\"enabled\":false,\"key\":\"\",\"secret\":\"\",\"callbackUrl\":\"api/auth/linkedin/callback\",\"scope\":[\"r_liteprofile\",\"r_emailaddress\"]},\"cognito\":{\"icon\":\"aws\",\"enabled\":false,\"key\":\"\",\"secret\":\"\",\"subdomain\":\"my.subdomain.com\",\"callback\":\"api/auth/cognito/callback\",\"scope\":[\"email\",\"openid\",\"profile\"]},\"reddit\":{\"icon\":\"reddit\",\"enabled\":false,\"key\":\"\",\"secret\":\"\",\"callback\":\"api/auth/reddit/callback\",\"scope\":[\"identity\"]},\"auth0\":{\"icon\":\"\",\"enabled\":false,\"key\":\"\",\"secret\":\"\",\"subdomain\":\"my-tenant.eu\",\"callback\":\"api/auth/auth0/callback\",\"scope\":[\"openid\",\"email\",\"profile\"]},\"cas\":{\"icon\":\"book\",\"enabled\":false,\"key\":\"\",\"secret\":\"\",\"callback\":\"api/auth/cas/callback\",\"scope\":[\"openid email\"],\"subdomain\":\"my.subdomain.com/cas\"},\"patreon\":{\"icon\":\"\",\"enabled\":false,\"key\":\"\",\"secret\":\"\",\"callback\":\"api/auth/patreon/callback\",\"scope\":[\"identity\",\"identity[email]\"]},\"keycloak\":{\"icon\":\"\",\"enabled\":false,\"key\":\"\",\"secret\":\"\",\"subdomain\":\"myKeycloakProvider.com/realms/myrealm\",\"callback\":\"api/auth/keycloak/callback\",\"scope\":[\"openid\",\"email\",\"profile\"]}}','object',NULL,NULL),(50,'plugin_users-permissions_email','{\"reset_password\":{\"display\":\"Email.template.reset_password\",\"icon\":\"sync\",\"options\":{\"from\":{\"name\":\"Administration Panel\",\"email\":\"no-reply@strapi.io\"},\"response_email\":\"\",\"object\":\"Reset password\",\"message\":\"<p>We heard that you lost your password. Sorry about that!</p>\\n\\n<p>But don’t worry! You can use the following link to reset your password:</p>\\n<p><%= URL %>?code=<%= TOKEN %></p>\\n\\n<p>Thanks.</p>\"}},\"email_confirmation\":{\"display\":\"Email.template.email_confirmation\",\"icon\":\"check-square\",\"options\":{\"from\":{\"name\":\"Administration Panel\",\"email\":\"no-reply@strapi.io\"},\"response_email\":\"\",\"object\":\"Account confirmation\",\"message\":\"<p>Thank you for registering!</p>\\n\\n<p>You have to confirm your email address. Please click on the link below.</p>\\n\\n<p><%= URL %>?confirmation=<%= CODE %></p>\\n\\n<p>Thanks.</p>\"}}}','object',NULL,NULL),(51,'plugin_users-permissions_advanced','{\"unique_email\":true,\"allow_register\":true,\"email_confirmation\":false,\"email_reset_password\":null,\"email_confirmation_redirection\":null,\"default_role\":\"authenticated\"}','object',NULL,NULL),(52,'core_admin_auth','{\"providers\":{\"autoRegister\":false,\"defaultRole\":null,\"ssoLockedRoles\":null}}','object',NULL,NULL),(58,'plugin_content_manager_configuration_content_types::api::location.location','{\"settings\":{\"bulkable\":true,\"filterable\":true,\"searchable\":true,\"pageSize\":10,\"mainField\":\"subTitle\",\"defaultSortBy\":\"subTitle\",\"defaultSortOrder\":\"ASC\"},\"metadatas\":{\"id\":{\"edit\":{},\"list\":{\"label\":\"id\",\"searchable\":true,\"sortable\":true}},\"subTitle\":{\"edit\":{\"label\":\"subTitle\",\"description\":\"\",\"placeholder\":\"\",\"visible\":true,\"editable\":true},\"list\":{\"label\":\"subTitle\",\"searchable\":true,\"sortable\":true}},\"title\":{\"edit\":{\"label\":\"title\",\"description\":\"\",\"placeholder\":\"\",\"visible\":true,\"editable\":true},\"list\":{\"label\":\"title\",\"searchable\":true,\"sortable\":true}},\"description\":{\"edit\":{\"label\":\"description\",\"description\":\"\",\"placeholder\":\"\",\"visible\":true,\"editable\":true},\"list\":{\"label\":\"description\",\"searchable\":false,\"sortable\":false}},\"seo\":{\"edit\":{\"label\":\"seo\",\"description\":\"\",\"placeholder\":\"\",\"visible\":true,\"editable\":true},\"list\":{\"label\":\"seo\",\"searchable\":false,\"sortable\":false}},\"locationTypes\":{\"edit\":{\"label\":\"locationTypes\",\"description\":\"\",\"placeholder\":\"\",\"visible\":true,\"editable\":true,\"mainField\":\"title\"},\"list\":{\"label\":\"locationTypes\",\"searchable\":false,\"sortable\":false}},\"createdAt\":{\"edit\":{\"label\":\"createdAt\",\"description\":\"\",\"placeholder\":\"\",\"visible\":false,\"editable\":true},\"list\":{\"label\":\"createdAt\",\"searchable\":true,\"sortable\":true}},\"updatedAt\":{\"edit\":{\"label\":\"updatedAt\",\"description\":\"\",\"placeholder\":\"\",\"visible\":false,\"editable\":true},\"list\":{\"label\":\"updatedAt\",\"searchable\":true,\"sortable\":true}},\"createdBy\":{\"edit\":{\"label\":\"createdBy\",\"description\":\"\",\"placeholder\":\"\",\"visible\":false,\"editable\":true,\"mainField\":\"firstname\"},\"list\":{\"label\":\"createdBy\",\"searchable\":true,\"sortable\":true}},\"updatedBy\":{\"edit\":{\"label\":\"updatedBy\",\"description\":\"\",\"placeholder\":\"\",\"visible\":false,\"editable\":true,\"mainField\":\"firstname\"},\"list\":{\"label\":\"updatedBy\",\"searchable\":true,\"sortable\":true}},\"documentId\":{\"edit\":{},\"list\":{\"label\":\"documentId\",\"searchable\":true,\"sortable\":true}}},\"layouts\":{\"list\":[\"id\",\"subTitle\",\"title\",\"seo\"],\"edit\":[[{\"name\":\"subTitle\",\"size\":6},{\"name\":\"title\",\"size\":6}],[{\"name\":\"description\",\"size\":12}],[{\"name\":\"seo\",\"size\":12}],[{\"name\":\"locationTypes\",\"size\":6}]]},\"uid\":\"api::location.location\"}','object',NULL,NULL),(63,'strapi_unidirectional-join-table-repair-ran','true','boolean',NULL,NULL),(84,'plugin_content_manager_configuration_components::home.trusted-section','{\"settings\":{\"bulkable\":true,\"filterable\":true,\"searchable\":true,\"pageSize\":10,\"mainField\":\"title\",\"defaultSortBy\":\"title\",\"defaultSortOrder\":\"ASC\"},\"metadatas\":{\"id\":{\"edit\":{},\"list\":{\"label\":\"id\",\"searchable\":false,\"sortable\":false}},\"title\":{\"edit\":{\"label\":\"title\",\"description\":\"\",\"placeholder\":\"\",\"visible\":true,\"editable\":true},\"list\":{\"label\":\"title\",\"searchable\":true,\"sortable\":true}},\"subTitle\":{\"edit\":{\"label\":\"subTitle\",\"description\":\"\",\"placeholder\":\"\",\"visible\":true,\"editable\":true},\"list\":{\"label\":\"subTitle\",\"searchable\":true,\"sortable\":true}},\"items\":{\"edit\":{\"label\":\"items\",\"description\":\"\",\"placeholder\":\"\",\"visible\":true,\"editable\":true},\"list\":{\"label\":\"items\",\"searchable\":false,\"sortable\":false}},\"documentId\":{\"edit\":{},\"list\":{\"label\":\"documentId\",\"searchable\":true,\"sortable\":true}}},\"layouts\":{\"list\":[\"id\",\"title\",\"subTitle\",\"items\"],\"edit\":[[{\"name\":\"title\",\"size\":6},{\"name\":\"subTitle\",\"size\":6}],[{\"name\":\"items\",\"size\":12}]]},\"uid\":\"home.trusted-section\",\"isComponent\":true}','object',NULL,NULL),(85,'plugin_content_manager_configuration_components::home.logos','{\"settings\":{\"bulkable\":true,\"filterable\":true,\"searchable\":true,\"pageSize\":10,\"mainField\":\"title\",\"defaultSortBy\":\"title\",\"defaultSortOrder\":\"ASC\"},\"metadatas\":{\"id\":{\"edit\":{},\"list\":{\"label\":\"id\",\"searchable\":false,\"sortable\":false}},\"title\":{\"edit\":{\"label\":\"title\",\"description\":\"\",\"placeholder\":\"\",\"visible\":true,\"editable\":true},\"list\":{\"label\":\"title\",\"searchable\":true,\"sortable\":true}},\"logo\":{\"edit\":{\"label\":\"logo\",\"description\":\"\",\"placeholder\":\"\",\"visible\":true,\"editable\":true},\"list\":{\"label\":\"logo\",\"searchable\":false,\"sortable\":false}},\"documentId\":{\"edit\":{},\"list\":{\"label\":\"documentId\",\"searchable\":true,\"sortable\":true}}},\"layouts\":{\"list\":[\"id\",\"title\",\"logo\"],\"edit\":[[{\"name\":\"title\",\"size\":6},{\"name\":\"logo\",\"size\":6}]]},\"uid\":\"home.logos\",\"isComponent\":true}','object',NULL,NULL),(86,'plugin_content_manager_configuration_components::home.content-section','{\"settings\":{\"bulkable\":true,\"filterable\":true,\"searchable\":true,\"pageSize\":10,\"mainField\":\"title\",\"defaultSortBy\":\"title\",\"defaultSortOrder\":\"ASC\"},\"metadatas\":{\"id\":{\"edit\":{},\"list\":{\"label\":\"id\",\"searchable\":false,\"sortable\":false}},\"title\":{\"edit\":{\"label\":\"title\",\"description\":\"\",\"placeholder\":\"\",\"visible\":true,\"editable\":true},\"list\":{\"label\":\"title\",\"searchable\":true,\"sortable\":true}},\"subTitle\":{\"edit\":{\"label\":\"subTitle\",\"description\":\"\",\"placeholder\":\"\",\"visible\":true,\"editable\":true},\"list\":{\"label\":\"subTitle\",\"searchable\":true,\"sortable\":true}},\"documentId\":{\"edit\":{},\"list\":{\"label\":\"documentId\",\"searchable\":true,\"sortable\":true}}},\"layouts\":{\"list\":[\"id\",\"title\",\"subTitle\"],\"edit\":[[{\"name\":\"title\",\"size\":6},{\"name\":\"subTitle\",\"size\":6}]]},\"uid\":\"home.content-section\",\"isComponent\":true}','object',NULL,NULL),(87,'plugin_content_manager_configuration_components::common.title-desc-with-img','{\"settings\":{\"bulkable\":true,\"filterable\":true,\"searchable\":true,\"pageSize\":10,\"mainField\":\"title\",\"defaultSortBy\":\"title\",\"defaultSortOrder\":\"ASC\"},\"metadatas\":{\"id\":{\"edit\":{},\"list\":{\"label\":\"id\",\"searchable\":false,\"sortable\":false}},\"title\":{\"edit\":{\"label\":\"title\",\"description\":\"\",\"placeholder\":\"\",\"visible\":true,\"editable\":true},\"list\":{\"label\":\"title\",\"searchable\":true,\"sortable\":true}},\"description\":{\"edit\":{\"label\":\"description\",\"description\":\"\",\"placeholder\":\"\",\"visible\":true,\"editable\":true},\"list\":{\"label\":\"description\",\"searchable\":false,\"sortable\":false}},\"image\":{\"edit\":{\"label\":\"image\",\"description\":\"\",\"placeholder\":\"\",\"visible\":true,\"editable\":true},\"list\":{\"label\":\"image\",\"searchable\":false,\"sortable\":false}},\"responsiveImage\":{\"edit\":{\"label\":\"responsiveImage\",\"description\":\"\",\"placeholder\":\"\",\"visible\":true,\"editable\":true},\"list\":{\"label\":\"responsiveImage\",\"searchable\":false,\"sortable\":false}},\"documentId\":{\"edit\":{},\"list\":{\"label\":\"documentId\",\"searchable\":true,\"sortable\":true}}},\"layouts\":{\"list\":[\"id\",\"title\",\"image\",\"responsiveImage\"],\"edit\":[[{\"name\":\"title\",\"size\":6}],[{\"name\":\"description\",\"size\":12}],[{\"name\":\"image\",\"size\":6},{\"name\":\"responsiveImage\",\"size\":6}]]},\"uid\":\"common.title-desc-with-img\",\"isComponent\":true}','object',NULL,NULL),(88,'plugin_content_manager_configuration_components::common.title-desc-btn-img','{\"settings\":{\"bulkable\":true,\"filterable\":true,\"searchable\":true,\"pageSize\":10,\"mainField\":\"title\",\"defaultSortBy\":\"title\",\"defaultSortOrder\":\"ASC\"},\"metadatas\":{\"id\":{\"edit\":{},\"list\":{\"label\":\"id\",\"searchable\":false,\"sortable\":false}},\"title\":{\"edit\":{\"label\":\"title\",\"description\":\"\",\"placeholder\":\"\",\"visible\":true,\"editable\":true},\"list\":{\"label\":\"title\",\"searchable\":true,\"sortable\":true}},\"description\":{\"edit\":{\"label\":\"description\",\"description\":\"\",\"placeholder\":\"\",\"visible\":true,\"editable\":true},\"list\":{\"label\":\"description\",\"searchable\":false,\"sortable\":false}},\"image\":{\"edit\":{\"label\":\"image\",\"description\":\"\",\"placeholder\":\"\",\"visible\":true,\"editable\":true},\"list\":{\"label\":\"image\",\"searchable\":false,\"sortable\":false}},\"responsiveImg\":{\"edit\":{\"label\":\"responsiveImg\",\"description\":\"\",\"placeholder\":\"\",\"visible\":true,\"editable\":true},\"list\":{\"label\":\"responsiveImg\",\"searchable\":false,\"sortable\":false}},\"imagePosition\":{\"edit\":{\"label\":\"imagePosition\",\"description\":\"\",\"placeholder\":\"\",\"visible\":true,\"editable\":true},\"list\":{\"label\":\"imagePosition\",\"searchable\":true,\"sortable\":true}},\"tags\":{\"edit\":{\"label\":\"tags\",\"description\":\"\",\"placeholder\":\"\",\"visible\":true,\"editable\":true},\"list\":{\"label\":\"tags\",\"searchable\":false,\"sortable\":false}},\"button\":{\"edit\":{\"label\":\"button\",\"description\":\"\",\"placeholder\":\"\",\"visible\":true,\"editable\":true},\"list\":{\"label\":\"button\",\"searchable\":false,\"sortable\":false}},\"documentId\":{\"edit\":{},\"list\":{\"label\":\"documentId\",\"searchable\":true,\"sortable\":true}}},\"layouts\":{\"list\":[\"id\",\"title\",\"image\",\"responsiveImg\"],\"edit\":[[{\"name\":\"title\",\"size\":6}],[{\"name\":\"description\",\"size\":12}],[{\"name\":\"image\",\"size\":6},{\"name\":\"responsiveImg\",\"size\":6}],[{\"name\":\"imagePosition\",\"size\":6}],[{\"name\":\"tags\",\"size\":12}],[{\"name\":\"button\",\"size\":12}]]},\"uid\":\"common.title-desc-btn-img\",\"isComponent\":true}','object',NULL,NULL),(89,'plugin_content_manager_configuration_components::home.business-stream','{\"settings\":{\"bulkable\":true,\"filterable\":true,\"searchable\":true,\"pageSize\":10,\"mainField\":\"title\",\"defaultSortBy\":\"title\",\"defaultSortOrder\":\"ASC\"},\"metadatas\":{\"id\":{\"edit\":{},\"list\":{\"label\":\"id\",\"searchable\":false,\"sortable\":false}},\"title\":{\"edit\":{\"label\":\"title\",\"description\":\"\",\"placeholder\":\"\",\"visible\":true,\"editable\":true},\"list\":{\"label\":\"title\",\"searchable\":true,\"sortable\":true}},\"subTitle\":{\"edit\":{\"label\":\"subTitle\",\"description\":\"\",\"placeholder\":\"\",\"visible\":true,\"editable\":true},\"list\":{\"label\":\"subTitle\",\"searchable\":true,\"sortable\":true}},\"serviceData\":{\"edit\":{\"label\":\"serviceData\",\"description\":\"\",\"placeholder\":\"\",\"visible\":true,\"editable\":true},\"list\":{\"label\":\"serviceData\",\"searchable\":false,\"sortable\":false}},\"documentId\":{\"edit\":{},\"list\":{\"label\":\"documentId\",\"searchable\":true,\"sortable\":true}}},\"layouts\":{\"list\":[\"id\",\"title\",\"subTitle\",\"serviceData\"],\"edit\":[[{\"name\":\"title\",\"size\":6},{\"name\":\"subTitle\",\"size\":6}],[{\"name\":\"serviceData\",\"size\":12}]]},\"uid\":\"home.business-stream\",\"isComponent\":true}','object',NULL,NULL),(90,'plugin_content_manager_configuration_components::home.about-cme','{\"settings\":{\"bulkable\":true,\"filterable\":true,\"searchable\":true,\"pageSize\":10,\"mainField\":\"subTitle\",\"defaultSortBy\":\"subTitle\",\"defaultSortOrder\":\"ASC\"},\"metadatas\":{\"id\":{\"edit\":{},\"list\":{\"label\":\"id\",\"searchable\":false,\"sortable\":false}},\"title\":{\"edit\":{\"label\":\"title\",\"description\":\"\",\"placeholder\":\"\",\"visible\":true,\"editable\":true},\"list\":{\"label\":\"title\",\"searchable\":false,\"sortable\":false}},\"subTitle\":{\"edit\":{\"label\":\"subTitle\",\"description\":\"\",\"placeholder\":\"\",\"visible\":true,\"editable\":true},\"list\":{\"label\":\"subTitle\",\"searchable\":true,\"sortable\":true}},\"description\":{\"edit\":{\"label\":\"description\",\"description\":\"\",\"placeholder\":\"\",\"visible\":true,\"editable\":true},\"list\":{\"label\":\"description\",\"searchable\":false,\"sortable\":false}},\"callToAction\":{\"edit\":{\"label\":\"callToAction\",\"description\":\"\",\"placeholder\":\"\",\"visible\":true,\"editable\":true},\"list\":{\"label\":\"callToAction\",\"searchable\":false,\"sortable\":false}},\"image\":{\"edit\":{\"label\":\"image\",\"description\":\"\",\"placeholder\":\"\",\"visible\":true,\"editable\":true},\"list\":{\"label\":\"image\",\"searchable\":false,\"sortable\":false}},\"documentId\":{\"edit\":{},\"list\":{\"label\":\"documentId\",\"searchable\":true,\"sortable\":true}}},\"layouts\":{\"list\":[\"id\",\"subTitle\",\"callToAction\",\"image\"],\"edit\":[[{\"name\":\"title\",\"size\":12}],[{\"name\":\"subTitle\",\"size\":6}],[{\"name\":\"description\",\"size\":12}],[{\"name\":\"callToAction\",\"size\":12}],[{\"name\":\"image\",\"size\":6}]]},\"uid\":\"home.about-cme\",\"isComponent\":true}','object',NULL,NULL),(91,'plugin_content_manager_configuration_components::common.tag','{\"settings\":{\"bulkable\":true,\"filterable\":true,\"searchable\":true,\"pageSize\":10,\"mainField\":\"title\",\"defaultSortBy\":\"title\",\"defaultSortOrder\":\"ASC\"},\"metadatas\":{\"id\":{\"edit\":{},\"list\":{\"label\":\"id\",\"searchable\":false,\"sortable\":false}},\"title\":{\"edit\":{\"label\":\"title\",\"description\":\"\",\"placeholder\":\"\",\"visible\":true,\"editable\":true},\"list\":{\"label\":\"title\",\"searchable\":true,\"sortable\":true}},\"key\":{\"edit\":{\"label\":\"key\",\"description\":\"\",\"placeholder\":\"\",\"visible\":true,\"editable\":true},\"list\":{\"label\":\"key\",\"searchable\":true,\"sortable\":true}},\"documentId\":{\"edit\":{},\"list\":{\"label\":\"documentId\",\"searchable\":true,\"sortable\":true}}},\"layouts\":{\"list\":[\"id\",\"title\",\"key\"],\"edit\":[[{\"name\":\"title\",\"size\":6},{\"name\":\"key\",\"size\":6}]]},\"uid\":\"common.tag\",\"isComponent\":true}','object',NULL,NULL),(92,'plugin_content_manager_configuration_components::common.phone','{\"settings\":{\"bulkable\":true,\"filterable\":true,\"searchable\":true,\"pageSize\":10,\"mainField\":\"phone\",\"defaultSortBy\":\"phone\",\"defaultSortOrder\":\"ASC\"},\"metadatas\":{\"id\":{\"edit\":{},\"list\":{\"label\":\"id\",\"searchable\":false,\"sortable\":false}},\"phone\":{\"edit\":{\"label\":\"phone\",\"description\":\"\",\"placeholder\":\"\",\"visible\":true,\"editable\":true},\"list\":{\"label\":\"phone\",\"searchable\":true,\"sortable\":true}},\"documentId\":{\"edit\":{},\"list\":{\"label\":\"documentId\",\"searchable\":true,\"sortable\":true}}},\"layouts\":{\"list\":[\"id\",\"phone\"],\"edit\":[[{\"name\":\"phone\",\"size\":6}]]},\"uid\":\"common.phone\",\"isComponent\":true}','object',NULL,NULL),(93,'plugin_content_manager_configuration_components::common.box-component','{\"settings\":{\"bulkable\":true,\"filterable\":true,\"searchable\":true,\"pageSize\":10,\"mainField\":\"title\",\"defaultSortBy\":\"title\",\"defaultSortOrder\":\"ASC\"},\"metadatas\":{\"id\":{\"edit\":{},\"list\":{\"label\":\"id\",\"searchable\":false,\"sortable\":false}},\"logo\":{\"edit\":{\"label\":\"logo\",\"description\":\"\",\"placeholder\":\"\",\"visible\":true,\"editable\":true},\"list\":{\"label\":\"logo\",\"searchable\":false,\"sortable\":false}},\"responsiveLogo\":{\"edit\":{\"label\":\"responsiveLogo\",\"description\":\"\",\"placeholder\":\"\",\"visible\":true,\"editable\":true},\"list\":{\"label\":\"responsiveLogo\",\"searchable\":false,\"sortable\":false}},\"title\":{\"edit\":{\"label\":\"title\",\"description\":\"\",\"placeholder\":\"\",\"visible\":true,\"editable\":true},\"list\":{\"label\":\"title\",\"searchable\":true,\"sortable\":true}},\"listItem\":{\"edit\":{\"label\":\"listItem\",\"description\":\"\",\"placeholder\":\"\",\"visible\":true,\"editable\":true},\"list\":{\"label\":\"listItem\",\"searchable\":false,\"sortable\":false}},\"description\":{\"edit\":{\"label\":\"description\",\"description\":\"\",\"placeholder\":\"\",\"visible\":true,\"editable\":true},\"list\":{\"label\":\"description\",\"searchable\":true,\"sortable\":true}},\"phone\":{\"edit\":{\"label\":\"phone\",\"description\":\"\",\"placeholder\":\"\",\"visible\":true,\"editable\":true},\"list\":{\"label\":\"phone\",\"searchable\":true,\"sortable\":true}},\"latitude\":{\"edit\":{\"label\":\"latitude\",\"description\":\"\",\"placeholder\":\"\",\"visible\":true,\"editable\":true},\"list\":{\"label\":\"latitude\",\"searchable\":true,\"sortable\":true}},\"longitude\":{\"edit\":{\"label\":\"longitude\",\"description\":\"\",\"placeholder\":\"\",\"visible\":true,\"editable\":true},\"list\":{\"label\":\"longitude\",\"searchable\":true,\"sortable\":true}},\"subTitle\":{\"edit\":{\"label\":\"subTitle\",\"description\":\"\",\"placeholder\":\"\",\"visible\":true,\"editable\":true},\"list\":{\"label\":\"subTitle\",\"searchable\":true,\"sortable\":true}},\"documentId\":{\"edit\":{},\"list\":{\"label\":\"documentId\",\"searchable\":true,\"sortable\":true}}},\"layouts\":{\"list\":[\"id\",\"logo\",\"responsiveLogo\",\"title\"],\"edit\":[[{\"name\":\"logo\",\"size\":6},{\"name\":\"responsiveLogo\",\"size\":6}],[{\"name\":\"title\",\"size\":6}],[{\"name\":\"listItem\",\"size\":12}],[{\"name\":\"description\",\"size\":6},{\"name\":\"phone\",\"size\":6}],[{\"name\":\"latitude\",\"size\":6},{\"name\":\"longitude\",\"size\":6}],[{\"name\":\"subTitle\",\"size\":6}]]},\"uid\":\"common.box-component\",\"isComponent\":true}','object',NULL,NULL),(94,'plugin_content_manager_configuration_components::common.menu-item-w-services','{\"settings\":{\"bulkable\":true,\"filterable\":true,\"searchable\":true,\"pageSize\":10,\"mainField\":\"title\",\"defaultSortBy\":\"title\",\"defaultSortOrder\":\"ASC\"},\"metadatas\":{\"id\":{\"edit\":{},\"list\":{\"label\":\"id\",\"searchable\":false,\"sortable\":false}},\"title\":{\"edit\":{\"label\":\"title\",\"description\":\"\",\"placeholder\":\"\",\"visible\":true,\"editable\":true},\"list\":{\"label\":\"title\",\"searchable\":true,\"sortable\":true}},\"url\":{\"edit\":{\"label\":\"url\",\"description\":\"\",\"placeholder\":\"\",\"visible\":true,\"editable\":true},\"list\":{\"label\":\"url\",\"searchable\":true,\"sortable\":true}},\"content\":{\"edit\":{\"label\":\"content\",\"description\":\"\",\"placeholder\":\"\",\"visible\":true,\"editable\":true},\"list\":{\"label\":\"content\",\"searchable\":false,\"sortable\":false}},\"linkText\":{\"edit\":{\"label\":\"linkText\",\"description\":\"\",\"placeholder\":\"\",\"visible\":true,\"editable\":true},\"list\":{\"label\":\"linkText\",\"searchable\":true,\"sortable\":true}},\"documentId\":{\"edit\":{},\"list\":{\"label\":\"documentId\",\"searchable\":true,\"sortable\":true}}},\"layouts\":{\"list\":[\"id\",\"title\",\"url\",\"linkText\"],\"edit\":[[{\"name\":\"title\",\"size\":6},{\"name\":\"url\",\"size\":6}],[{\"name\":\"content\",\"size\":12}],[{\"name\":\"linkText\",\"size\":6}]]},\"uid\":\"common.menu-item-w-services\",\"isComponent\":true}','object',NULL,NULL),(95,'plugin_content_manager_configuration_components::common.list','{\"settings\":{\"bulkable\":true,\"filterable\":true,\"searchable\":true,\"pageSize\":10,\"mainField\":\"item\",\"defaultSortBy\":\"item\",\"defaultSortOrder\":\"ASC\"},\"metadatas\":{\"id\":{\"edit\":{},\"list\":{\"label\":\"id\",\"searchable\":false,\"sortable\":false}},\"item\":{\"edit\":{\"label\":\"item\",\"description\":\"\",\"placeholder\":\"\",\"visible\":true,\"editable\":true},\"list\":{\"label\":\"item\",\"searchable\":true,\"sortable\":true}},\"documentId\":{\"edit\":{},\"list\":{\"label\":\"documentId\",\"searchable\":true,\"sortable\":true}}},\"layouts\":{\"list\":[\"id\",\"item\"],\"edit\":[[{\"name\":\"item\",\"size\":6}]]},\"uid\":\"common.list\",\"isComponent\":true}','object',NULL,NULL),(96,'plugin_content_manager_configuration_components::common.link-item','{\"settings\":{\"bulkable\":true,\"filterable\":true,\"searchable\":true,\"pageSize\":10,\"mainField\":\"label\",\"defaultSortBy\":\"label\",\"defaultSortOrder\":\"ASC\"},\"metadatas\":{\"id\":{\"edit\":{},\"list\":{\"label\":\"id\",\"searchable\":false,\"sortable\":false}},\"label\":{\"edit\":{\"label\":\"label\",\"description\":\"\",\"placeholder\":\"\",\"visible\":true,\"editable\":true},\"list\":{\"label\":\"label\",\"searchable\":true,\"sortable\":true}},\"url\":{\"edit\":{\"label\":\"url\",\"description\":\"\",\"placeholder\":\"\",\"visible\":true,\"editable\":true},\"list\":{\"label\":\"url\",\"searchable\":true,\"sortable\":true}},\"newTab\":{\"edit\":{\"label\":\"newTab\",\"description\":\"\",\"placeholder\":\"\",\"visible\":true,\"editable\":true},\"list\":{\"label\":\"newTab\",\"searchable\":true,\"sortable\":true}},\"documentId\":{\"edit\":{},\"list\":{\"label\":\"documentId\",\"searchable\":true,\"sortable\":true}}},\"layouts\":{\"list\":[\"id\",\"label\",\"url\",\"newTab\"],\"edit\":[[{\"name\":\"label\",\"size\":6},{\"name\":\"url\",\"size\":6}],[{\"name\":\"newTab\",\"size\":4}]]},\"uid\":\"common.link-item\",\"isComponent\":true}','object',NULL,NULL),(97,'plugin_content_manager_configuration_components::common.content-with-link','{\"settings\":{\"bulkable\":true,\"filterable\":true,\"searchable\":true,\"pageSize\":10,\"mainField\":\"title\",\"defaultSortBy\":\"title\",\"defaultSortOrder\":\"ASC\"},\"metadatas\":{\"id\":{\"edit\":{},\"list\":{\"label\":\"id\",\"searchable\":false,\"sortable\":false}},\"title\":{\"edit\":{\"label\":\"title\",\"description\":\"\",\"placeholder\":\"\",\"visible\":true,\"editable\":true},\"list\":{\"label\":\"title\",\"searchable\":true,\"sortable\":true}},\"subTitle\":{\"edit\":{\"label\":\"subTitle\",\"description\":\"\",\"placeholder\":\"\",\"visible\":true,\"editable\":true},\"list\":{\"label\":\"subTitle\",\"searchable\":true,\"sortable\":true}},\"description\":{\"edit\":{\"label\":\"description\",\"description\":\"\",\"placeholder\":\"\",\"visible\":true,\"editable\":true},\"list\":{\"label\":\"description\",\"searchable\":false,\"sortable\":false}},\"image\":{\"edit\":{\"label\":\"image\",\"description\":\"\",\"placeholder\":\"\",\"visible\":true,\"editable\":true},\"list\":{\"label\":\"image\",\"searchable\":false,\"sortable\":false}},\"callToAction\":{\"edit\":{\"label\":\"callToAction\",\"description\":\"\",\"placeholder\":\"\",\"visible\":true,\"editable\":true},\"list\":{\"label\":\"callToAction\",\"searchable\":false,\"sortable\":false}},\"documentId\":{\"edit\":{},\"list\":{\"label\":\"documentId\",\"searchable\":true,\"sortable\":true}}},\"layouts\":{\"list\":[\"id\",\"title\",\"subTitle\",\"image\"],\"edit\":[[{\"name\":\"title\",\"size\":6},{\"name\":\"subTitle\",\"size\":6}],[{\"name\":\"description\",\"size\":12}],[{\"name\":\"image\",\"size\":6}],[{\"name\":\"callToAction\",\"size\":12}]]},\"uid\":\"common.content-with-link\",\"isComponent\":true}','object',NULL,NULL),(98,'plugin_content_manager_configuration_content_types::api::about-us.about-us','{\"settings\":{\"bulkable\":true,\"filterable\":true,\"searchable\":true,\"pageSize\":10,\"mainField\":\"subTitle\",\"defaultSortBy\":\"subTitle\",\"defaultSortOrder\":\"ASC\"},\"metadatas\":{\"id\":{\"edit\":{},\"list\":{\"label\":\"id\",\"searchable\":true,\"sortable\":true}},\"subTitle\":{\"edit\":{\"label\":\"subTitle\",\"description\":\"\",\"placeholder\":\"\",\"visible\":true,\"editable\":true},\"list\":{\"label\":\"subTitle\",\"searchable\":true,\"sortable\":true}},\"title\":{\"edit\":{\"label\":\"title\",\"description\":\"\",\"placeholder\":\"\",\"visible\":true,\"editable\":true},\"list\":{\"label\":\"title\",\"searchable\":true,\"sortable\":true}},\"description\":{\"edit\":{\"label\":\"description\",\"description\":\"\",\"placeholder\":\"\",\"visible\":true,\"editable\":true},\"list\":{\"label\":\"description\",\"searchable\":false,\"sortable\":false}},\"aboutSection\":{\"edit\":{\"label\":\"aboutSection\",\"description\":\"\",\"placeholder\":\"\",\"visible\":true,\"editable\":true},\"list\":{\"label\":\"aboutSection\",\"searchable\":false,\"sortable\":false}},\"cardSection\":{\"edit\":{\"label\":\"cardSection\",\"description\":\"\",\"placeholder\":\"\",\"visible\":true,\"editable\":true},\"list\":{\"label\":\"cardSection\",\"searchable\":false,\"sortable\":false}},\"sectionTitle\":{\"edit\":{\"label\":\"sectionTitle\",\"description\":\"\",\"placeholder\":\"\",\"visible\":true,\"editable\":true},\"list\":{\"label\":\"sectionTitle\",\"searchable\":true,\"sortable\":true}},\"sectionDescription\":{\"edit\":{\"label\":\"sectionDescription\",\"description\":\"\",\"placeholder\":\"\",\"visible\":true,\"editable\":true},\"list\":{\"label\":\"sectionDescription\",\"searchable\":false,\"sortable\":false}},\"sections\":{\"edit\":{\"label\":\"sections\",\"description\":\"\",\"placeholder\":\"\",\"visible\":true,\"editable\":true},\"list\":{\"label\":\"sections\",\"searchable\":false,\"sortable\":false}},\"seo\":{\"edit\":{\"label\":\"seo\",\"description\":\"\",\"placeholder\":\"\",\"visible\":true,\"editable\":true},\"list\":{\"label\":\"seo\",\"searchable\":false,\"sortable\":false}},\"createdAt\":{\"edit\":{\"label\":\"createdAt\",\"description\":\"\",\"placeholder\":\"\",\"visible\":false,\"editable\":true},\"list\":{\"label\":\"createdAt\",\"searchable\":true,\"sortable\":true}},\"updatedAt\":{\"edit\":{\"label\":\"updatedAt\",\"description\":\"\",\"placeholder\":\"\",\"visible\":false,\"editable\":true},\"list\":{\"label\":\"updatedAt\",\"searchable\":true,\"sortable\":true}},\"createdBy\":{\"edit\":{\"label\":\"createdBy\",\"description\":\"\",\"placeholder\":\"\",\"visible\":false,\"editable\":true,\"mainField\":\"firstname\"},\"list\":{\"label\":\"createdBy\",\"searchable\":true,\"sortable\":true}},\"updatedBy\":{\"edit\":{\"label\":\"updatedBy\",\"description\":\"\",\"placeholder\":\"\",\"visible\":false,\"editable\":true,\"mainField\":\"firstname\"},\"list\":{\"label\":\"updatedBy\",\"searchable\":true,\"sortable\":true}},\"documentId\":{\"edit\":{},\"list\":{\"label\":\"documentId\",\"searchable\":true,\"sortable\":true}}},\"layouts\":{\"list\":[\"id\",\"subTitle\",\"title\",\"aboutSection\"],\"edit\":[[{\"name\":\"subTitle\",\"size\":6},{\"name\":\"title\",\"size\":6}],[{\"name\":\"description\",\"size\":12}],[{\"name\":\"aboutSection\",\"size\":12}],[{\"name\":\"cardSection\",\"size\":12}],[{\"name\":\"sectionTitle\",\"size\":6}],[{\"name\":\"sectionDescription\",\"size\":12}],[{\"name\":\"sections\",\"size\":12}],[{\"name\":\"seo\",\"size\":12}]]},\"uid\":\"api::about-us.about-us\"}','object',NULL,NULL),(99,'plugin_content_manager_configuration_content_types::api::branch.branch','{\"settings\":{\"bulkable\":true,\"filterable\":true,\"searchable\":true,\"pageSize\":10,\"mainField\":\"title\",\"defaultSortBy\":\"title\",\"defaultSortOrder\":\"ASC\"},\"metadatas\":{\"id\":{\"edit\":{},\"list\":{\"label\":\"id\",\"searchable\":true,\"sortable\":true}},\"title\":{\"edit\":{\"label\":\"title\",\"description\":\"\",\"placeholder\":\"\",\"visible\":true,\"editable\":true},\"list\":{\"label\":\"title\",\"searchable\":true,\"sortable\":true}},\"slug\":{\"edit\":{\"label\":\"slug\",\"description\":\"\",\"placeholder\":\"\",\"visible\":true,\"editable\":true},\"list\":{\"label\":\"slug\",\"searchable\":true,\"sortable\":true}},\"address\":{\"edit\":{\"label\":\"address\",\"description\":\"\",\"placeholder\":\"\",\"visible\":true,\"editable\":true},\"list\":{\"label\":\"address\",\"searchable\":true,\"sortable\":true}},\"branchLocation\":{\"edit\":{\"label\":\"branchLocation\",\"description\":\"\",\"placeholder\":\"\",\"visible\":true,\"editable\":true,\"mainField\":\"title\"},\"list\":{\"label\":\"branchLocation\",\"searchable\":false,\"sortable\":false}},\"phoneNumbers\":{\"edit\":{\"label\":\"phoneNumbers\",\"description\":\"\",\"placeholder\":\"\",\"visible\":true,\"editable\":true},\"list\":{\"label\":\"phoneNumbers\",\"searchable\":false,\"sortable\":false}},\"image\":{\"edit\":{\"label\":\"image\",\"description\":\"\",\"placeholder\":\"\",\"visible\":true,\"editable\":true},\"list\":{\"label\":\"image\",\"searchable\":false,\"sortable\":false}},\"seo\":{\"edit\":{\"label\":\"seo\",\"description\":\"\",\"placeholder\":\"\",\"visible\":true,\"editable\":true},\"list\":{\"label\":\"seo\",\"searchable\":false,\"sortable\":false}},\"previewImage\":{\"edit\":{\"label\":\"previewImage\",\"description\":\"\",\"placeholder\":\"\",\"visible\":true,\"editable\":true},\"list\":{\"label\":\"previewImage\",\"searchable\":false,\"sortable\":false}},\"embededMapUrl\":{\"edit\":{\"label\":\"embededMapUrl\",\"description\":\"\",\"placeholder\":\"\",\"visible\":true,\"editable\":true},\"list\":{\"label\":\"embededMapUrl\",\"searchable\":true,\"sortable\":true}},\"mapUrl\":{\"edit\":{\"label\":\"mapUrl\",\"description\":\"\",\"placeholder\":\"\",\"visible\":true,\"editable\":true},\"list\":{\"label\":\"mapUrl\",\"searchable\":true,\"sortable\":true}},\"isFeatured\":{\"edit\":{\"label\":\"isFeatured\",\"description\":\"\",\"placeholder\":\"\",\"visible\":true,\"editable\":true},\"list\":{\"label\":\"isFeatured\",\"searchable\":true,\"sortable\":true}},\"type\":{\"edit\":{\"label\":\"type\",\"description\":\"\",\"placeholder\":\"\",\"visible\":true,\"editable\":true},\"list\":{\"label\":\"type\",\"searchable\":true,\"sortable\":true}},\"locationSortOrder\":{\"edit\":{\"label\":\"locationSortOrder\",\"description\":\"\",\"placeholder\":\"\",\"visible\":true,\"editable\":true},\"list\":{\"label\":\"locationSortOrder\",\"searchable\":true,\"sortable\":true}},\"products\":{\"edit\":{\"label\":\"products\",\"description\":\"\",\"placeholder\":\"\",\"visible\":true,\"editable\":true,\"mainField\":\"title\"},\"list\":{\"label\":\"products\",\"searchable\":false,\"sortable\":false}},\"createdAt\":{\"edit\":{\"label\":\"createdAt\",\"description\":\"\",\"placeholder\":\"\",\"visible\":false,\"editable\":true},\"list\":{\"label\":\"createdAt\",\"searchable\":true,\"sortable\":true}},\"updatedAt\":{\"edit\":{\"label\":\"updatedAt\",\"description\":\"\",\"placeholder\":\"\",\"visible\":false,\"editable\":true},\"list\":{\"label\":\"updatedAt\",\"searchable\":true,\"sortable\":true}},\"createdBy\":{\"edit\":{\"label\":\"createdBy\",\"description\":\"\",\"placeholder\":\"\",\"visible\":false,\"editable\":true,\"mainField\":\"firstname\"},\"list\":{\"label\":\"createdBy\",\"searchable\":true,\"sortable\":true}},\"updatedBy\":{\"edit\":{\"label\":\"updatedBy\",\"description\":\"\",\"placeholder\":\"\",\"visible\":false,\"editable\":true,\"mainField\":\"firstname\"},\"list\":{\"label\":\"updatedBy\",\"searchable\":true,\"sortable\":true}},\"documentId\":{\"edit\":{},\"list\":{\"label\":\"documentId\",\"searchable\":true,\"sortable\":true}}},\"layouts\":{\"edit\":[[{\"name\":\"title\",\"size\":6},{\"name\":\"slug\",\"size\":6}],[{\"name\":\"address\",\"size\":6},{\"name\":\"branchLocation\",\"size\":6}],[{\"name\":\"phoneNumbers\",\"size\":12}],[{\"name\":\"image\",\"size\":6}],[{\"name\":\"seo\",\"size\":12}],[{\"name\":\"previewImage\",\"size\":6},{\"name\":\"embededMapUrl\",\"size\":6}],[{\"name\":\"mapUrl\",\"size\":6},{\"name\":\"isFeatured\",\"size\":4}],[{\"name\":\"type\",\"size\":6},{\"name\":\"locationSortOrder\",\"size\":4}],[{\"name\":\"products\",\"size\":6}]],\"list\":[\"id\",\"title\",\"slug\",\"products\",\"locationSortOrder\",\"address\"]},\"uid\":\"api::branch.branch\"}','object',NULL,NULL),(100,'plugin_content_manager_configuration_content_types::api::branch-location.branch-location','{\"settings\":{\"bulkable\":true,\"filterable\":true,\"searchable\":true,\"pageSize\":10,\"mainField\":\"title\",\"defaultSortBy\":\"title\",\"defaultSortOrder\":\"ASC\"},\"metadatas\":{\"id\":{\"edit\":{},\"list\":{\"label\":\"id\",\"searchable\":true,\"sortable\":true}},\"title\":{\"edit\":{\"label\":\"title\",\"description\":\"\",\"placeholder\":\"\",\"visible\":true,\"editable\":true},\"list\":{\"label\":\"title\",\"searchable\":true,\"sortable\":true}},\"key\":{\"edit\":{\"label\":\"key\",\"description\":\"\",\"placeholder\":\"\",\"visible\":true,\"editable\":true},\"list\":{\"label\":\"key\",\"searchable\":true,\"sortable\":true}},\"tabSortOrder\":{\"edit\":{\"label\":\"tabSortOrder\",\"description\":\"\",\"placeholder\":\"\",\"visible\":true,\"editable\":true},\"list\":{\"label\":\"tabSortOrder\",\"searchable\":true,\"sortable\":true}},\"createdAt\":{\"edit\":{\"label\":\"createdAt\",\"description\":\"\",\"placeholder\":\"\",\"visible\":false,\"editable\":true},\"list\":{\"label\":\"createdAt\",\"searchable\":true,\"sortable\":true}},\"updatedAt\":{\"edit\":{\"label\":\"updatedAt\",\"description\":\"\",\"placeholder\":\"\",\"visible\":false,\"editable\":true},\"list\":{\"label\":\"updatedAt\",\"searchable\":true,\"sortable\":true}},\"createdBy\":{\"edit\":{\"label\":\"createdBy\",\"description\":\"\",\"placeholder\":\"\",\"visible\":false,\"editable\":true,\"mainField\":\"firstname\"},\"list\":{\"label\":\"createdBy\",\"searchable\":true,\"sortable\":true}},\"updatedBy\":{\"edit\":{\"label\":\"updatedBy\",\"description\":\"\",\"placeholder\":\"\",\"visible\":false,\"editable\":true,\"mainField\":\"firstname\"},\"list\":{\"label\":\"updatedBy\",\"searchable\":true,\"sortable\":true}},\"documentId\":{\"edit\":{},\"list\":{\"label\":\"documentId\",\"searchable\":true,\"sortable\":true}}},\"layouts\":{\"list\":[\"id\",\"title\",\"key\",\"createdAt\"],\"edit\":[[{\"name\":\"title\",\"size\":6},{\"name\":\"key\",\"size\":6}],[{\"name\":\"tabSortOrder\",\"size\":4}]]},\"uid\":\"api::branch-location.branch-location\"}','object',NULL,NULL),(101,'plugin_content_manager_configuration_content_types::api::contact-enquiry.contact-enquiry','{\"settings\":{\"bulkable\":true,\"filterable\":true,\"searchable\":true,\"pageSize\":10,\"mainField\":\"fullName\",\"defaultSortBy\":\"fullName\",\"defaultSortOrder\":\"ASC\"},\"metadatas\":{\"id\":{\"edit\":{},\"list\":{\"label\":\"id\",\"searchable\":true,\"sortable\":true}},\"fullName\":{\"edit\":{\"label\":\"fullName\",\"description\":\"\",\"placeholder\":\"\",\"visible\":true,\"editable\":true},\"list\":{\"label\":\"fullName\",\"searchable\":true,\"sortable\":true}},\"email\":{\"edit\":{\"label\":\"email\",\"description\":\"\",\"placeholder\":\"\",\"visible\":true,\"editable\":true},\"list\":{\"label\":\"email\",\"searchable\":true,\"sortable\":true}},\"phoneNumber\":{\"edit\":{\"label\":\"phoneNumber\",\"description\":\"\",\"placeholder\":\"\",\"visible\":true,\"editable\":true},\"list\":{\"label\":\"phoneNumber\",\"searchable\":true,\"sortable\":true}},\"message\":{\"edit\":{\"label\":\"message\",\"description\":\"\",\"placeholder\":\"\",\"visible\":true,\"editable\":true},\"list\":{\"label\":\"message\",\"searchable\":true,\"sortable\":true}},\"enquiryType\":{\"edit\":{\"label\":\"enquiryType\",\"description\":\"\",\"placeholder\":\"\",\"visible\":true,\"editable\":true},\"list\":{\"label\":\"enquiryType\",\"searchable\":true,\"sortable\":true}},\"createdAt\":{\"edit\":{\"label\":\"createdAt\",\"description\":\"\",\"placeholder\":\"\",\"visible\":false,\"editable\":true},\"list\":{\"label\":\"createdAt\",\"searchable\":true,\"sortable\":true}},\"updatedAt\":{\"edit\":{\"label\":\"updatedAt\",\"description\":\"\",\"placeholder\":\"\",\"visible\":false,\"editable\":true},\"list\":{\"label\":\"updatedAt\",\"searchable\":true,\"sortable\":true}},\"createdBy\":{\"edit\":{\"label\":\"createdBy\",\"description\":\"\",\"placeholder\":\"\",\"visible\":false,\"editable\":true,\"mainField\":\"firstname\"},\"list\":{\"label\":\"createdBy\",\"searchable\":true,\"sortable\":true}},\"updatedBy\":{\"edit\":{\"label\":\"updatedBy\",\"description\":\"\",\"placeholder\":\"\",\"visible\":false,\"editable\":true,\"mainField\":\"firstname\"},\"list\":{\"label\":\"updatedBy\",\"searchable\":true,\"sortable\":true}},\"documentId\":{\"edit\":{},\"list\":{\"label\":\"documentId\",\"searchable\":true,\"sortable\":true}}},\"layouts\":{\"list\":[\"id\",\"fullName\",\"email\",\"phoneNumber\"],\"edit\":[[{\"name\":\"fullName\",\"size\":6},{\"name\":\"email\",\"size\":6}],[{\"name\":\"phoneNumber\",\"size\":6},{\"name\":\"message\",\"size\":6}],[{\"name\":\"enquiryType\",\"size\":6}]]},\"uid\":\"api::contact-enquiry.contact-enquiry\"}','object',NULL,NULL),(102,'plugin_content_manager_configuration_content_types::api::business-stream.business-stream','{\"settings\":{\"bulkable\":true,\"filterable\":true,\"searchable\":true,\"pageSize\":10,\"mainField\":\"title\",\"defaultSortBy\":\"title\",\"defaultSortOrder\":\"ASC\"},\"metadatas\":{\"id\":{\"edit\":{},\"list\":{\"label\":\"id\",\"searchable\":true,\"sortable\":true}},\"title\":{\"edit\":{\"label\":\"title\",\"description\":\"\",\"placeholder\":\"\",\"visible\":true,\"editable\":true},\"list\":{\"label\":\"title\",\"searchable\":true,\"sortable\":true}},\"slug\":{\"edit\":{\"label\":\"slug\",\"description\":\"\",\"placeholder\":\"\",\"visible\":true,\"editable\":true},\"list\":{\"label\":\"slug\",\"searchable\":true,\"sortable\":true}},\"smallDescription\":{\"edit\":{\"label\":\"smallDescription\",\"description\":\"\",\"placeholder\":\"\",\"visible\":true,\"editable\":true},\"list\":{\"label\":\"smallDescription\",\"searchable\":true,\"sortable\":true}},\"image\":{\"edit\":{\"label\":\"image\",\"description\":\"\",\"placeholder\":\"\",\"visible\":true,\"editable\":true},\"list\":{\"label\":\"image\",\"searchable\":false,\"sortable\":false}},\"seo\":{\"edit\":{\"label\":\"seo\",\"description\":\"\",\"placeholder\":\"\",\"visible\":true,\"editable\":true},\"list\":{\"label\":\"seo\",\"searchable\":false,\"sortable\":false}},\"homePageSortOrder\":{\"edit\":{\"label\":\"homePageSortOrder\",\"description\":\"\",\"placeholder\":\"\",\"visible\":true,\"editable\":true},\"list\":{\"label\":\"homePageSortOrder\",\"searchable\":true,\"sortable\":true}},\"createdAt\":{\"edit\":{\"label\":\"createdAt\",\"description\":\"\",\"placeholder\":\"\",\"visible\":false,\"editable\":true},\"list\":{\"label\":\"createdAt\",\"searchable\":true,\"sortable\":true}},\"updatedAt\":{\"edit\":{\"label\":\"updatedAt\",\"description\":\"\",\"placeholder\":\"\",\"visible\":false,\"editable\":true},\"list\":{\"label\":\"updatedAt\",\"searchable\":true,\"sortable\":true}},\"createdBy\":{\"edit\":{\"label\":\"createdBy\",\"description\":\"\",\"placeholder\":\"\",\"visible\":false,\"editable\":true,\"mainField\":\"firstname\"},\"list\":{\"label\":\"createdBy\",\"searchable\":true,\"sortable\":true}},\"updatedBy\":{\"edit\":{\"label\":\"updatedBy\",\"description\":\"\",\"placeholder\":\"\",\"visible\":false,\"editable\":true,\"mainField\":\"firstname\"},\"list\":{\"label\":\"updatedBy\",\"searchable\":true,\"sortable\":true}},\"documentId\":{\"edit\":{},\"list\":{\"label\":\"documentId\",\"searchable\":true,\"sortable\":true}}},\"layouts\":{\"list\":[\"id\",\"title\",\"slug\",\"smallDescription\"],\"edit\":[[{\"name\":\"title\",\"size\":6},{\"name\":\"slug\",\"size\":6}],[{\"name\":\"smallDescription\",\"size\":6},{\"name\":\"image\",\"size\":6}],[{\"name\":\"seo\",\"size\":12}],[{\"name\":\"homePageSortOrder\",\"size\":4}]]},\"uid\":\"api::business-stream.business-stream\"}','object',NULL,NULL),(103,'plugin_content_manager_configuration_content_types::api::contact-us.contact-us','{\"settings\":{\"bulkable\":true,\"filterable\":true,\"searchable\":true,\"pageSize\":10,\"mainField\":\"formTitle\",\"defaultSortBy\":\"formTitle\",\"defaultSortOrder\":\"ASC\"},\"metadatas\":{\"id\":{\"edit\":{},\"list\":{\"label\":\"id\",\"searchable\":true,\"sortable\":true}},\"banner\":{\"edit\":{\"label\":\"banner\",\"description\":\"\",\"placeholder\":\"\",\"visible\":true,\"editable\":true},\"list\":{\"label\":\"banner\",\"searchable\":false,\"sortable\":false}},\"boxComponent\":{\"edit\":{\"label\":\"boxComponent\",\"description\":\"\",\"placeholder\":\"\",\"visible\":true,\"editable\":true},\"list\":{\"label\":\"boxComponent\",\"searchable\":false,\"sortable\":false}},\"formTitle\":{\"edit\":{\"label\":\"formTitle\",\"description\":\"\",\"placeholder\":\"\",\"visible\":true,\"editable\":true},\"list\":{\"label\":\"formTitle\",\"searchable\":true,\"sortable\":true}},\"seo\":{\"edit\":{\"label\":\"seo\",\"description\":\"\",\"placeholder\":\"\",\"visible\":true,\"editable\":true},\"list\":{\"label\":\"seo\",\"searchable\":false,\"sortable\":false}},\"locations\":{\"edit\":{\"label\":\"locations\",\"description\":\"\",\"placeholder\":\"\",\"visible\":true,\"editable\":true,\"mainField\":\"title\"},\"list\":{\"label\":\"locations\",\"searchable\":false,\"sortable\":false}},\"createdAt\":{\"edit\":{\"label\":\"createdAt\",\"description\":\"\",\"placeholder\":\"\",\"visible\":false,\"editable\":true},\"list\":{\"label\":\"createdAt\",\"searchable\":true,\"sortable\":true}},\"updatedAt\":{\"edit\":{\"label\":\"updatedAt\",\"description\":\"\",\"placeholder\":\"\",\"visible\":false,\"editable\":true},\"list\":{\"label\":\"updatedAt\",\"searchable\":true,\"sortable\":true}},\"createdBy\":{\"edit\":{\"label\":\"createdBy\",\"description\":\"\",\"placeholder\":\"\",\"visible\":false,\"editable\":true,\"mainField\":\"firstname\"},\"list\":{\"label\":\"createdBy\",\"searchable\":true,\"sortable\":true}},\"updatedBy\":{\"edit\":{\"label\":\"updatedBy\",\"description\":\"\",\"placeholder\":\"\",\"visible\":false,\"editable\":true,\"mainField\":\"firstname\"},\"list\":{\"label\":\"updatedBy\",\"searchable\":true,\"sortable\":true}},\"documentId\":{\"edit\":{},\"list\":{\"label\":\"documentId\",\"searchable\":true,\"sortable\":true}}},\"layouts\":{\"list\":[\"id\",\"banner\",\"boxComponent\",\"formTitle\"],\"edit\":[[{\"name\":\"banner\",\"size\":12}],[{\"name\":\"boxComponent\",\"size\":12}],[{\"name\":\"formTitle\",\"size\":6}],[{\"name\":\"seo\",\"size\":12}],[{\"name\":\"locations\",\"size\":6}]]},\"uid\":\"api::contact-us.contact-us\"}','object',NULL,NULL),(104,'plugin_content_manager_configuration_content_types::api::news.news','{\"settings\":{\"bulkable\":true,\"filterable\":true,\"searchable\":true,\"pageSize\":10,\"mainField\":\"title\",\"defaultSortBy\":\"title\",\"defaultSortOrder\":\"ASC\"},\"metadatas\":{\"id\":{\"edit\":{},\"list\":{\"label\":\"id\",\"searchable\":true,\"sortable\":true}},\"title\":{\"edit\":{\"label\":\"title\",\"description\":\"\",\"placeholder\":\"\",\"visible\":true,\"editable\":true},\"list\":{\"label\":\"title\",\"searchable\":true,\"sortable\":true}},\"slug\":{\"edit\":{\"label\":\"slug\",\"description\":\"\",\"placeholder\":\"\",\"visible\":true,\"editable\":true},\"list\":{\"label\":\"slug\",\"searchable\":true,\"sortable\":true}},\"postedDate\":{\"edit\":{\"label\":\"postedDate\",\"description\":\"\",\"placeholder\":\"\",\"visible\":true,\"editable\":true},\"list\":{\"label\":\"postedDate\",\"searchable\":true,\"sortable\":true}},\"smallDescription\":{\"edit\":{\"label\":\"smallDescription\",\"description\":\"\",\"placeholder\":\"\",\"visible\":true,\"editable\":true},\"list\":{\"label\":\"smallDescription\",\"searchable\":true,\"sortable\":true}},\"description\":{\"edit\":{\"label\":\"description\",\"description\":\"\",\"placeholder\":\"\",\"visible\":true,\"editable\":true},\"list\":{\"label\":\"description\",\"searchable\":false,\"sortable\":false}},\"image\":{\"edit\":{\"label\":\"image\",\"description\":\"\",\"placeholder\":\"\",\"visible\":true,\"editable\":true},\"list\":{\"label\":\"image\",\"searchable\":false,\"sortable\":false}},\"isFeatured\":{\"edit\":{\"label\":\"isFeatured\",\"description\":\"\",\"placeholder\":\"\",\"visible\":true,\"editable\":true},\"list\":{\"label\":\"isFeatured\",\"searchable\":true,\"sortable\":true}},\"readTime\":{\"edit\":{\"label\":\"readTime\",\"description\":\"\",\"placeholder\":\"\",\"visible\":true,\"editable\":true},\"list\":{\"label\":\"readTime\",\"searchable\":true,\"sortable\":true}},\"seo\":{\"edit\":{\"label\":\"seo\",\"description\":\"\",\"placeholder\":\"\",\"visible\":true,\"editable\":true},\"list\":{\"label\":\"seo\",\"searchable\":false,\"sortable\":false}},\"types\":{\"edit\":{\"label\":\"types\",\"description\":\"\",\"placeholder\":\"\",\"visible\":true,\"editable\":true,\"mainField\":\"title\"},\"list\":{\"label\":\"types\",\"searchable\":false,\"sortable\":false}},\"createdAt\":{\"edit\":{\"label\":\"createdAt\",\"description\":\"\",\"placeholder\":\"\",\"visible\":false,\"editable\":true},\"list\":{\"label\":\"createdAt\",\"searchable\":true,\"sortable\":true}},\"updatedAt\":{\"edit\":{\"label\":\"updatedAt\",\"description\":\"\",\"placeholder\":\"\",\"visible\":false,\"editable\":true},\"list\":{\"label\":\"updatedAt\",\"searchable\":true,\"sortable\":true}},\"createdBy\":{\"edit\":{\"label\":\"createdBy\",\"description\":\"\",\"placeholder\":\"\",\"visible\":false,\"editable\":true,\"mainField\":\"firstname\"},\"list\":{\"label\":\"createdBy\",\"searchable\":true,\"sortable\":true}},\"updatedBy\":{\"edit\":{\"label\":\"updatedBy\",\"description\":\"\",\"placeholder\":\"\",\"visible\":false,\"editable\":true,\"mainField\":\"firstname\"},\"list\":{\"label\":\"updatedBy\",\"searchable\":true,\"sortable\":true}},\"documentId\":{\"edit\":{},\"list\":{\"label\":\"documentId\",\"searchable\":true,\"sortable\":true}}},\"layouts\":{\"list\":[\"id\",\"title\",\"slug\",\"postedDate\"],\"edit\":[[{\"name\":\"title\",\"size\":6},{\"name\":\"slug\",\"size\":6}],[{\"name\":\"postedDate\",\"size\":4},{\"name\":\"smallDescription\",\"size\":6}],[{\"name\":\"description\",\"size\":12}],[{\"name\":\"image\",\"size\":6},{\"name\":\"isFeatured\",\"size\":4}],[{\"name\":\"readTime\",\"size\":6}],[{\"name\":\"seo\",\"size\":12}],[{\"name\":\"types\",\"size\":6}]]},\"uid\":\"api::news.news\"}','object',NULL,NULL),(105,'plugin_content_manager_configuration_content_types::api::news-landing.news-landing','{\"settings\":{\"bulkable\":true,\"filterable\":true,\"searchable\":true,\"pageSize\":10,\"mainField\":\"title\",\"defaultSortBy\":\"title\",\"defaultSortOrder\":\"ASC\"},\"metadatas\":{\"id\":{\"edit\":{},\"list\":{\"label\":\"id\",\"searchable\":true,\"sortable\":true}},\"title\":{\"edit\":{\"label\":\"title\",\"description\":\"\",\"placeholder\":\"\",\"visible\":true,\"editable\":true},\"list\":{\"label\":\"title\",\"searchable\":true,\"sortable\":true}},\"seo\":{\"edit\":{\"label\":\"seo\",\"description\":\"\",\"placeholder\":\"\",\"visible\":true,\"editable\":true},\"list\":{\"label\":\"seo\",\"searchable\":false,\"sortable\":false}},\"createdAt\":{\"edit\":{\"label\":\"createdAt\",\"description\":\"\",\"placeholder\":\"\",\"visible\":false,\"editable\":true},\"list\":{\"label\":\"createdAt\",\"searchable\":true,\"sortable\":true}},\"updatedAt\":{\"edit\":{\"label\":\"updatedAt\",\"description\":\"\",\"placeholder\":\"\",\"visible\":false,\"editable\":true},\"list\":{\"label\":\"updatedAt\",\"searchable\":true,\"sortable\":true}},\"createdBy\":{\"edit\":{\"label\":\"createdBy\",\"description\":\"\",\"placeholder\":\"\",\"visible\":false,\"editable\":true,\"mainField\":\"firstname\"},\"list\":{\"label\":\"createdBy\",\"searchable\":true,\"sortable\":true}},\"updatedBy\":{\"edit\":{\"label\":\"updatedBy\",\"description\":\"\",\"placeholder\":\"\",\"visible\":false,\"editable\":true,\"mainField\":\"firstname\"},\"list\":{\"label\":\"updatedBy\",\"searchable\":true,\"sortable\":true}},\"documentId\":{\"edit\":{},\"list\":{\"label\":\"documentId\",\"searchable\":true,\"sortable\":true}}},\"layouts\":{\"list\":[\"id\",\"title\",\"seo\",\"createdAt\"],\"edit\":[[{\"name\":\"title\",\"size\":6}],[{\"name\":\"seo\",\"size\":12}]]},\"uid\":\"api::news-landing.news-landing\"}','object',NULL,NULL),(106,'plugin_content_manager_configuration_content_types::api::service.service','{\"settings\":{\"bulkable\":true,\"filterable\":true,\"searchable\":true,\"pageSize\":10,\"mainField\":\"title\",\"defaultSortBy\":\"title\",\"defaultSortOrder\":\"ASC\"},\"metadatas\":{\"id\":{\"edit\":{},\"list\":{\"label\":\"id\",\"searchable\":true,\"sortable\":true}},\"title\":{\"edit\":{\"label\":\"title\",\"description\":\"\",\"placeholder\":\"\",\"visible\":true,\"editable\":true},\"list\":{\"label\":\"title\",\"searchable\":true,\"sortable\":true}},\"slug\":{\"edit\":{\"label\":\"slug\",\"description\":\"\",\"placeholder\":\"\",\"visible\":true,\"editable\":true},\"list\":{\"label\":\"slug\",\"searchable\":true,\"sortable\":true}},\"serviceType\":{\"edit\":{\"label\":\"serviceType\",\"description\":\"\",\"placeholder\":\"\",\"visible\":true,\"editable\":true,\"mainField\":\"title\"},\"list\":{\"label\":\"serviceType\",\"searchable\":true,\"sortable\":true}},\"banner\":{\"edit\":{\"label\":\"banner\",\"description\":\"\",\"placeholder\":\"\",\"visible\":true,\"editable\":true},\"list\":{\"label\":\"banner\",\"searchable\":false,\"sortable\":false}},\"listDesc\":{\"edit\":{\"label\":\"listDesc\",\"description\":\"\",\"placeholder\":\"\",\"visible\":true,\"editable\":true},\"list\":{\"label\":\"listDesc\",\"searchable\":true,\"sortable\":true}},\"listImage\":{\"edit\":{\"label\":\"listImage\",\"description\":\"\",\"placeholder\":\"\",\"visible\":true,\"editable\":true},\"list\":{\"label\":\"listImage\",\"searchable\":false,\"sortable\":false}},\"locationTypes\":{\"edit\":{\"label\":\"locationTypes\",\"description\":\"\",\"placeholder\":\"\",\"visible\":true,\"editable\":true,\"mainField\":\"title\"},\"list\":{\"label\":\"locationTypes\",\"searchable\":false,\"sortable\":false}},\"breadCrumb\":{\"edit\":{\"label\":\"breadCrumb\",\"description\":\"\",\"placeholder\":\"\",\"visible\":true,\"editable\":true},\"list\":{\"label\":\"breadCrumb\",\"searchable\":false,\"sortable\":false}},\"serviceContent\":{\"edit\":{\"label\":\"serviceContent\",\"description\":\"\",\"placeholder\":\"\",\"visible\":true,\"editable\":true},\"list\":{\"label\":\"serviceContent\",\"searchable\":false,\"sortable\":false}},\"seo\":{\"edit\":{\"label\":\"seo\",\"description\":\"\",\"placeholder\":\"\",\"visible\":true,\"editable\":true},\"list\":{\"label\":\"seo\",\"searchable\":false,\"sortable\":false}},\"showBookServiceForm\":{\"edit\":{\"label\":\"showBookServiceForm\",\"description\":\"\",\"placeholder\":\"\",\"visible\":true,\"editable\":true},\"list\":{\"label\":\"showBookServiceForm\",\"searchable\":true,\"sortable\":true}},\"showMobileServiceForm\":{\"edit\":{\"label\":\"showMobileServiceForm\",\"description\":\"\",\"placeholder\":\"\",\"visible\":true,\"editable\":true},\"list\":{\"label\":\"showMobileServiceForm\",\"searchable\":true,\"sortable\":true}},\"bookService\":{\"edit\":{\"label\":\"bookService\",\"description\":\"\",\"placeholder\":\"\",\"visible\":true,\"editable\":true},\"list\":{\"label\":\"bookService\",\"searchable\":false,\"sortable\":false}},\"mobileService\":{\"edit\":{\"label\":\"mobileService\",\"description\":\"\",\"placeholder\":\"\",\"visible\":true,\"editable\":true},\"list\":{\"label\":\"mobileService\",\"searchable\":false,\"sortable\":false}},\"headerServiceSortOrder\":{\"edit\":{\"label\":\"headerServiceSortOrder\",\"description\":\"\",\"placeholder\":\"\",\"visible\":true,\"editable\":true},\"list\":{\"label\":\"headerServiceSortOrder\",\"searchable\":true,\"sortable\":true}},\"createdAt\":{\"edit\":{\"label\":\"createdAt\",\"description\":\"\",\"placeholder\":\"\",\"visible\":false,\"editable\":true},\"list\":{\"label\":\"createdAt\",\"searchable\":true,\"sortable\":true}},\"updatedAt\":{\"edit\":{\"label\":\"updatedAt\",\"description\":\"\",\"placeholder\":\"\",\"visible\":false,\"editable\":true},\"list\":{\"label\":\"updatedAt\",\"searchable\":true,\"sortable\":true}},\"createdBy\":{\"edit\":{\"label\":\"createdBy\",\"description\":\"\",\"placeholder\":\"\",\"visible\":false,\"editable\":true,\"mainField\":\"firstname\"},\"list\":{\"label\":\"createdBy\",\"searchable\":true,\"sortable\":true}},\"updatedBy\":{\"edit\":{\"label\":\"updatedBy\",\"description\":\"\",\"placeholder\":\"\",\"visible\":false,\"editable\":true,\"mainField\":\"firstname\"},\"list\":{\"label\":\"updatedBy\",\"searchable\":true,\"sortable\":true}},\"documentId\":{\"edit\":{},\"list\":{\"label\":\"documentId\",\"searchable\":true,\"sortable\":true}}},\"layouts\":{\"edit\":[[{\"name\":\"title\",\"size\":6},{\"name\":\"slug\",\"size\":6}],[{\"name\":\"serviceType\",\"size\":6}],[{\"name\":\"banner\",\"size\":12}],[{\"name\":\"breadCrumb\",\"size\":12}],[{\"name\":\"listDesc\",\"size\":6},{\"name\":\"listImage\",\"size\":6}],[{\"name\":\"locationTypes\",\"size\":6}],[{\"name\":\"serviceContent\",\"size\":12}],[{\"name\":\"showBookServiceForm\",\"size\":4},{\"name\":\"showMobileServiceForm\",\"size\":4}],[{\"name\":\"bookService\",\"size\":12}],[{\"name\":\"mobileService\",\"size\":12}],[{\"name\":\"seo\",\"size\":12}],[{\"name\":\"headerServiceSortOrder\",\"size\":4}]],\"list\":[\"id\",\"title\",\"slug\",\"serviceType\",\"headerServiceSortOrder\",\"listImage\"]},\"uid\":\"api::service.service\"}','object',NULL,NULL),(107,'plugin_content_manager_configuration_content_types::api::brand.brand','{\"settings\":{\"bulkable\":true,\"filterable\":true,\"searchable\":true,\"pageSize\":10,\"mainField\":\"title\",\"defaultSortBy\":\"title\",\"defaultSortOrder\":\"ASC\"},\"metadatas\":{\"id\":{\"edit\":{},\"list\":{\"label\":\"id\",\"searchable\":true,\"sortable\":true}},\"title\":{\"edit\":{\"label\":\"title\",\"description\":\"\",\"placeholder\":\"\",\"visible\":true,\"editable\":true},\"list\":{\"label\":\"title\",\"searchable\":true,\"sortable\":true}},\"image\":{\"edit\":{\"label\":\"image\",\"description\":\"\",\"placeholder\":\"\",\"visible\":true,\"editable\":true},\"list\":{\"label\":\"image\",\"searchable\":false,\"sortable\":false}},\"types\":{\"edit\":{\"label\":\"types\",\"description\":\"\",\"placeholder\":\"\",\"visible\":true,\"editable\":true,\"mainField\":\"title\"},\"list\":{\"label\":\"types\",\"searchable\":false,\"sortable\":false}},\"commonUrl\":{\"edit\":{\"label\":\"commonUrl\",\"description\":\"\",\"placeholder\":\"\",\"visible\":true,\"editable\":true},\"list\":{\"label\":\"commonUrl\",\"searchable\":true,\"sortable\":true}},\"enableCommonUrl\":{\"edit\":{\"label\":\"enableCommonUrl\",\"description\":\"\",\"placeholder\":\"\",\"visible\":true,\"editable\":true},\"list\":{\"label\":\"enableCommonUrl\",\"searchable\":true,\"sortable\":true}},\"automotiveUrl\":{\"edit\":{\"label\":\"automotiveUrl\",\"description\":\"\",\"placeholder\":\"\",\"visible\":true,\"editable\":true},\"list\":{\"label\":\"automotiveUrl\",\"searchable\":true,\"sortable\":true}},\"enableAutomotiveUrl\":{\"edit\":{\"label\":\"enableAutomotiveUrl\",\"description\":\"\",\"placeholder\":\"\",\"visible\":true,\"editable\":true},\"list\":{\"label\":\"enableAutomotiveUrl\",\"searchable\":true,\"sortable\":true}},\"powerToolUrl\":{\"edit\":{\"label\":\"powerToolUrl\",\"description\":\"\",\"placeholder\":\"\",\"visible\":true,\"editable\":true},\"list\":{\"label\":\"powerToolUrl\",\"searchable\":true,\"sortable\":true}},\"enablePowerToolUrl\":{\"edit\":{\"label\":\"enablePowerToolUrl\",\"description\":\"\",\"placeholder\":\"\",\"visible\":true,\"editable\":true},\"list\":{\"label\":\"enablePowerToolUrl\",\"searchable\":true,\"sortable\":true}},\"tyreUrl\":{\"edit\":{\"label\":\"tyreUrl\",\"description\":\"\",\"placeholder\":\"\",\"visible\":true,\"editable\":true},\"list\":{\"label\":\"tyreUrl\",\"searchable\":true,\"sortable\":true}},\"enableTyreUrl\":{\"edit\":{\"label\":\"enableTyreUrl\",\"description\":\"\",\"placeholder\":\"\",\"visible\":true,\"editable\":true},\"list\":{\"label\":\"enableTyreUrl\",\"searchable\":true,\"sortable\":true}},\"isFeatured\":{\"edit\":{\"label\":\"isFeatured\",\"description\":\"\",\"placeholder\":\"\",\"visible\":true,\"editable\":true},\"list\":{\"label\":\"isFeatured\",\"searchable\":true,\"sortable\":true}},\"createdAt\":{\"edit\":{\"label\":\"createdAt\",\"description\":\"\",\"placeholder\":\"\",\"visible\":false,\"editable\":true},\"list\":{\"label\":\"createdAt\",\"searchable\":true,\"sortable\":true}},\"updatedAt\":{\"edit\":{\"label\":\"updatedAt\",\"description\":\"\",\"placeholder\":\"\",\"visible\":false,\"editable\":true},\"list\":{\"label\":\"updatedAt\",\"searchable\":true,\"sortable\":true}},\"createdBy\":{\"edit\":{\"label\":\"createdBy\",\"description\":\"\",\"placeholder\":\"\",\"visible\":false,\"editable\":true,\"mainField\":\"firstname\"},\"list\":{\"label\":\"createdBy\",\"searchable\":true,\"sortable\":true}},\"updatedBy\":{\"edit\":{\"label\":\"updatedBy\",\"description\":\"\",\"placeholder\":\"\",\"visible\":false,\"editable\":true,\"mainField\":\"firstname\"},\"list\":{\"label\":\"updatedBy\",\"searchable\":true,\"sortable\":true}},\"documentId\":{\"edit\":{},\"list\":{\"label\":\"documentId\",\"searchable\":true,\"sortable\":true}}},\"layouts\":{\"list\":[\"id\",\"title\",\"image\",\"types\"],\"edit\":[[{\"name\":\"title\",\"size\":6},{\"name\":\"image\",\"size\":6}],[{\"name\":\"types\",\"size\":6},{\"name\":\"commonUrl\",\"size\":6}],[{\"name\":\"enableCommonUrl\",\"size\":4},{\"name\":\"automotiveUrl\",\"size\":6}],[{\"name\":\"enableAutomotiveUrl\",\"size\":4},{\"name\":\"powerToolUrl\",\"size\":6}],[{\"name\":\"enablePowerToolUrl\",\"size\":4},{\"name\":\"tyreUrl\",\"size\":6}],[{\"name\":\"enableTyreUrl\",\"size\":4},{\"name\":\"isFeatured\",\"size\":4}]]},\"uid\":\"api::brand.brand\"}','object',NULL,NULL),(108,'plugin_content_manager_configuration_content_types::api::service-category.service-category','{\"settings\":{\"bulkable\":true,\"filterable\":true,\"searchable\":true,\"pageSize\":10,\"mainField\":\"title\",\"defaultSortBy\":\"title\",\"defaultSortOrder\":\"ASC\"},\"metadatas\":{\"id\":{\"edit\":{},\"list\":{\"label\":\"id\",\"searchable\":true,\"sortable\":true}},\"title\":{\"edit\":{\"label\":\"title\",\"description\":\"\",\"placeholder\":\"\",\"visible\":true,\"editable\":true},\"list\":{\"label\":\"title\",\"searchable\":true,\"sortable\":true}},\"slug\":{\"edit\":{\"label\":\"slug\",\"description\":\"\",\"placeholder\":\"\",\"visible\":true,\"editable\":true},\"list\":{\"label\":\"slug\",\"searchable\":true,\"sortable\":true}},\"description\":{\"edit\":{\"label\":\"description\",\"description\":\"\",\"placeholder\":\"\",\"visible\":true,\"editable\":true},\"list\":{\"label\":\"description\",\"searchable\":true,\"sortable\":true}},\"image\":{\"edit\":{\"label\":\"image\",\"description\":\"\",\"placeholder\":\"\",\"visible\":true,\"editable\":true},\"list\":{\"label\":\"image\",\"searchable\":false,\"sortable\":false}},\"menuImage\":{\"edit\":{\"label\":\"menuImage\",\"description\":\"\",\"placeholder\":\"\",\"visible\":true,\"editable\":true},\"list\":{\"label\":\"menuImage\",\"searchable\":false,\"sortable\":false}},\"banner\":{\"edit\":{\"label\":\"banner\",\"description\":\"\",\"placeholder\":\"\",\"visible\":true,\"editable\":true},\"list\":{\"label\":\"banner\",\"searchable\":false,\"sortable\":false}},\"servicesList\":{\"edit\":{\"label\":\"servicesList\",\"description\":\"\",\"placeholder\":\"\",\"visible\":true,\"editable\":true},\"list\":{\"label\":\"servicesList\",\"searchable\":false,\"sortable\":false}},\"seo\":{\"edit\":{\"label\":\"seo\",\"description\":\"\",\"placeholder\":\"\",\"visible\":true,\"editable\":true},\"list\":{\"label\":\"seo\",\"searchable\":false,\"sortable\":false}},\"headerServicesSortOrder\":{\"edit\":{\"label\":\"headerServicesSortOrder\",\"description\":\"\",\"placeholder\":\"\",\"visible\":true,\"editable\":true},\"list\":{\"label\":\"headerServicesSortOrder\",\"searchable\":true,\"sortable\":true}},\"createdAt\":{\"edit\":{\"label\":\"createdAt\",\"description\":\"\",\"placeholder\":\"\",\"visible\":false,\"editable\":true},\"list\":{\"label\":\"createdAt\",\"searchable\":true,\"sortable\":true}},\"updatedAt\":{\"edit\":{\"label\":\"updatedAt\",\"description\":\"\",\"placeholder\":\"\",\"visible\":false,\"editable\":true},\"list\":{\"label\":\"updatedAt\",\"searchable\":true,\"sortable\":true}},\"createdBy\":{\"edit\":{\"label\":\"createdBy\",\"description\":\"\",\"placeholder\":\"\",\"visible\":false,\"editable\":true,\"mainField\":\"firstname\"},\"list\":{\"label\":\"createdBy\",\"searchable\":true,\"sortable\":true}},\"updatedBy\":{\"edit\":{\"label\":\"updatedBy\",\"description\":\"\",\"placeholder\":\"\",\"visible\":false,\"editable\":true,\"mainField\":\"firstname\"},\"list\":{\"label\":\"updatedBy\",\"searchable\":true,\"sortable\":true}},\"documentId\":{\"edit\":{},\"list\":{\"label\":\"documentId\",\"searchable\":true,\"sortable\":true}}},\"layouts\":{\"list\":[\"id\",\"title\",\"slug\",\"description\"],\"edit\":[[{\"name\":\"title\",\"size\":6},{\"name\":\"slug\",\"size\":6}],[{\"name\":\"description\",\"size\":6},{\"name\":\"image\",\"size\":6}],[{\"name\":\"menuImage\",\"size\":6}],[{\"name\":\"banner\",\"size\":12}],[{\"name\":\"servicesList\",\"size\":12}],[{\"name\":\"seo\",\"size\":12}],[{\"name\":\"headerServicesSortOrder\",\"size\":4}]]},\"uid\":\"api::service-category.service-category\"}','object',NULL,NULL),(109,'plugin_content_manager_configuration_content_types::api::type.type','{\"settings\":{\"bulkable\":true,\"filterable\":true,\"searchable\":true,\"pageSize\":10,\"mainField\":\"title\",\"defaultSortBy\":\"title\",\"defaultSortOrder\":\"ASC\"},\"metadatas\":{\"id\":{\"edit\":{},\"list\":{\"label\":\"id\",\"searchable\":true,\"sortable\":true}},\"title\":{\"edit\":{\"label\":\"title\",\"description\":\"\",\"placeholder\":\"\",\"visible\":true,\"editable\":true},\"list\":{\"label\":\"title\",\"searchable\":true,\"sortable\":true}},\"key\":{\"edit\":{\"label\":\"key\",\"description\":\"\",\"placeholder\":\"\",\"visible\":true,\"editable\":true},\"list\":{\"label\":\"key\",\"searchable\":true,\"sortable\":true}},\"createdAt\":{\"edit\":{\"label\":\"createdAt\",\"description\":\"\",\"placeholder\":\"\",\"visible\":false,\"editable\":true},\"list\":{\"label\":\"createdAt\",\"searchable\":true,\"sortable\":true}},\"updatedAt\":{\"edit\":{\"label\":\"updatedAt\",\"description\":\"\",\"placeholder\":\"\",\"visible\":false,\"editable\":true},\"list\":{\"label\":\"updatedAt\",\"searchable\":true,\"sortable\":true}},\"createdBy\":{\"edit\":{\"label\":\"createdBy\",\"description\":\"\",\"placeholder\":\"\",\"visible\":false,\"editable\":true,\"mainField\":\"firstname\"},\"list\":{\"label\":\"createdBy\",\"searchable\":true,\"sortable\":true}},\"updatedBy\":{\"edit\":{\"label\":\"updatedBy\",\"description\":\"\",\"placeholder\":\"\",\"visible\":false,\"editable\":true,\"mainField\":\"firstname\"},\"list\":{\"label\":\"updatedBy\",\"searchable\":true,\"sortable\":true}},\"documentId\":{\"edit\":{},\"list\":{\"label\":\"documentId\",\"searchable\":true,\"sortable\":true}}},\"layouts\":{\"list\":[\"id\",\"title\",\"key\",\"createdAt\"],\"edit\":[[{\"name\":\"title\",\"size\":6},{\"name\":\"key\",\"size\":6}]]},\"uid\":\"api::type.type\"}','object',NULL,NULL),(110,'plugin_content_manager_configuration_components::service-landing.service-form-blk','{\"settings\":{\"bulkable\":true,\"filterable\":true,\"searchable\":true,\"pageSize\":10,\"mainField\":\"subHeading\",\"defaultSortBy\":\"subHeading\",\"defaultSortOrder\":\"ASC\"},\"metadatas\":{\"id\":{\"edit\":{},\"list\":{\"label\":\"id\",\"searchable\":false,\"sortable\":false}},\"title\":{\"edit\":{\"label\":\"title\",\"description\":\"\",\"placeholder\":\"\",\"visible\":true,\"editable\":true},\"list\":{\"label\":\"title\",\"searchable\":true,\"sortable\":true}},\"subHeading\":{\"edit\":{\"label\":\"subHeading\",\"description\":\"\",\"placeholder\":\"\",\"visible\":true,\"editable\":true},\"list\":{\"label\":\"subHeading\",\"searchable\":true,\"sortable\":true}},\"description\":{\"edit\":{\"label\":\"description\",\"description\":\"\",\"placeholder\":\"\",\"visible\":true,\"editable\":true},\"list\":{\"label\":\"description\",\"searchable\":true,\"sortable\":true}},\"button\":{\"edit\":{\"label\":\"button\",\"description\":\"\",\"placeholder\":\"\",\"visible\":true,\"editable\":true},\"list\":{\"label\":\"button\",\"searchable\":false,\"sortable\":false}},\"documentId\":{\"edit\":{},\"list\":{\"label\":\"documentId\",\"searchable\":true,\"sortable\":true}}},\"layouts\":{\"list\":[\"id\",\"title\",\"subHeading\",\"description\"],\"edit\":[[{\"name\":\"title\",\"size\":6},{\"name\":\"subHeading\",\"size\":6}],[{\"name\":\"description\",\"size\":6}],[{\"name\":\"button\",\"size\":12}]]},\"uid\":\"service-landing.service-form-blk\",\"isComponent\":true}','object',NULL,NULL),(111,'plugin_content_manager_configuration_components::service-landing.our-service','{\"settings\":{\"bulkable\":true,\"filterable\":true,\"searchable\":true,\"pageSize\":10,\"mainField\":\"title\",\"defaultSortBy\":\"title\",\"defaultSortOrder\":\"ASC\"},\"metadatas\":{\"id\":{\"edit\":{},\"list\":{\"label\":\"id\",\"searchable\":false,\"sortable\":false}},\"title\":{\"edit\":{\"label\":\"title\",\"description\":\"\",\"placeholder\":\"\",\"visible\":true,\"editable\":true},\"list\":{\"label\":\"title\",\"searchable\":true,\"sortable\":true}},\"description\":{\"edit\":{\"label\":\"description\",\"description\":\"\",\"placeholder\":\"\",\"visible\":true,\"editable\":true},\"list\":{\"label\":\"description\",\"searchable\":true,\"sortable\":true}},\"documentId\":{\"edit\":{},\"list\":{\"label\":\"documentId\",\"searchable\":true,\"sortable\":true}}},\"layouts\":{\"list\":[\"id\",\"title\",\"description\"],\"edit\":[[{\"name\":\"title\",\"size\":6},{\"name\":\"description\",\"size\":6}]]},\"uid\":\"service-landing.our-service\",\"isComponent\":true}','object',NULL,NULL),(112,'plugin_content_manager_configuration_components::common.button','{\"settings\":{\"bulkable\":true,\"filterable\":true,\"searchable\":true,\"pageSize\":10,\"mainField\":\"title\",\"defaultSortBy\":\"title\",\"defaultSortOrder\":\"ASC\"},\"metadatas\":{\"id\":{\"edit\":{},\"list\":{\"label\":\"id\",\"searchable\":false,\"sortable\":false}},\"title\":{\"edit\":{\"label\":\"title\",\"description\":\"\",\"placeholder\":\"\",\"visible\":true,\"editable\":true},\"list\":{\"label\":\"title\",\"searchable\":true,\"sortable\":true}},\"url\":{\"edit\":{\"label\":\"url\",\"description\":\"\",\"placeholder\":\"\",\"visible\":true,\"editable\":true},\"list\":{\"label\":\"url\",\"searchable\":true,\"sortable\":true}},\"typeExternal\":{\"edit\":{\"label\":\"typeExternal\",\"description\":\"\",\"placeholder\":\"\",\"visible\":true,\"editable\":true},\"list\":{\"label\":\"typeExternal\",\"searchable\":true,\"sortable\":true}},\"documentId\":{\"edit\":{},\"list\":{\"label\":\"documentId\",\"searchable\":true,\"sortable\":true}}},\"layouts\":{\"list\":[\"id\",\"title\",\"url\",\"typeExternal\"],\"edit\":[[{\"name\":\"title\",\"size\":6},{\"name\":\"url\",\"size\":6}],[{\"name\":\"typeExternal\",\"size\":4}]]},\"uid\":\"common.button\",\"isComponent\":true}','object',NULL,NULL),(114,'plugin_content_manager_configuration_content_types::api::service-landing.service-landing','{\"settings\":{\"bulkable\":true,\"filterable\":true,\"searchable\":true,\"pageSize\":10,\"mainField\":\"documentId\",\"defaultSortBy\":\"documentId\",\"defaultSortOrder\":\"ASC\"},\"metadatas\":{\"id\":{\"edit\":{},\"list\":{\"label\":\"id\",\"searchable\":true,\"sortable\":true}},\"banner\":{\"edit\":{\"label\":\"banner\",\"description\":\"\",\"placeholder\":\"\",\"visible\":true,\"editable\":true},\"list\":{\"label\":\"banner\",\"searchable\":false,\"sortable\":false}},\"serviceHeading\":{\"edit\":{\"label\":\"serviceHeading\",\"description\":\"\",\"placeholder\":\"\",\"visible\":true,\"editable\":true},\"list\":{\"label\":\"serviceHeading\",\"searchable\":true,\"sortable\":true}},\"description\":{\"edit\":{\"label\":\"description\",\"description\":\"\",\"placeholder\":\"\",\"visible\":true,\"editable\":true},\"list\":{\"label\":\"description\",\"searchable\":false,\"sortable\":false}},\"seo\":{\"edit\":{\"label\":\"seo\",\"description\":\"\",\"placeholder\":\"\",\"visible\":true,\"editable\":true},\"list\":{\"label\":\"seo\",\"searchable\":false,\"sortable\":false}},\"serviceLocations\":{\"edit\":{\"label\":\"serviceLocations\",\"description\":\"\",\"placeholder\":\"\",\"visible\":true,\"editable\":true},\"list\":{\"label\":\"serviceLocations\",\"searchable\":false,\"sortable\":false}},\"locationTypes\":{\"edit\":{\"label\":\"locationTypes\",\"description\":\"\",\"placeholder\":\"\",\"visible\":true,\"editable\":true,\"mainField\":\"title\"},\"list\":{\"label\":\"locationTypes\",\"searchable\":false,\"sortable\":false}},\"createdAt\":{\"edit\":{\"label\":\"createdAt\",\"description\":\"\",\"placeholder\":\"\",\"visible\":false,\"editable\":true},\"list\":{\"label\":\"createdAt\",\"searchable\":true,\"sortable\":true}},\"updatedAt\":{\"edit\":{\"label\":\"updatedAt\",\"description\":\"\",\"placeholder\":\"\",\"visible\":false,\"editable\":true},\"list\":{\"label\":\"updatedAt\",\"searchable\":true,\"sortable\":true}},\"createdBy\":{\"edit\":{\"label\":\"createdBy\",\"description\":\"\",\"placeholder\":\"\",\"visible\":false,\"editable\":true,\"mainField\":\"firstname\"},\"list\":{\"label\":\"createdBy\",\"searchable\":true,\"sortable\":true}},\"updatedBy\":{\"edit\":{\"label\":\"updatedBy\",\"description\":\"\",\"placeholder\":\"\",\"visible\":false,\"editable\":true,\"mainField\":\"firstname\"},\"list\":{\"label\":\"updatedBy\",\"searchable\":true,\"sortable\":true}},\"documentId\":{\"edit\":{},\"list\":{\"label\":\"documentId\",\"searchable\":true,\"sortable\":true}}},\"layouts\":{\"list\":[\"id\",\"banner\",\"serviceHeading\",\"createdAt\"],\"edit\":[[{\"name\":\"banner\",\"size\":12}],[{\"name\":\"serviceHeading\",\"size\":6}],[{\"name\":\"description\",\"size\":12}],[{\"name\":\"seo\",\"size\":12}],[{\"name\":\"serviceLocations\",\"size\":12}],[{\"name\":\"locationTypes\",\"size\":6}]]},\"uid\":\"api::service-landing.service-landing\"}','object',NULL,NULL),(115,'plugin_content_manager_configuration_components::common.title-with-desc','{\"settings\":{\"bulkable\":true,\"filterable\":true,\"searchable\":true,\"pageSize\":10,\"mainField\":\"subTitle\",\"defaultSortBy\":\"subTitle\",\"defaultSortOrder\":\"ASC\"},\"metadatas\":{\"id\":{\"edit\":{},\"list\":{\"label\":\"id\",\"searchable\":false,\"sortable\":false}},\"title\":{\"edit\":{\"label\":\"title\",\"description\":\"\",\"placeholder\":\"\",\"visible\":true,\"editable\":true},\"list\":{\"label\":\"title\",\"searchable\":true,\"sortable\":true}},\"subTitle\":{\"edit\":{\"label\":\"subTitle\",\"description\":\"\",\"placeholder\":\"\",\"visible\":true,\"editable\":true},\"list\":{\"label\":\"subTitle\",\"searchable\":true,\"sortable\":true}},\"description\":{\"edit\":{\"label\":\"description\",\"description\":\"\",\"placeholder\":\"\",\"visible\":true,\"editable\":true},\"list\":{\"label\":\"description\",\"searchable\":false,\"sortable\":false}},\"horizontalAlignment\":{\"edit\":{\"label\":\"horizontalAlignment\",\"description\":\"\",\"placeholder\":\"\",\"visible\":true,\"editable\":true},\"list\":{\"label\":\"horizontalAlignment\",\"searchable\":true,\"sortable\":true}},\"documentId\":{\"edit\":{},\"list\":{\"label\":\"documentId\",\"searchable\":true,\"sortable\":true}}},\"layouts\":{\"list\":[\"id\",\"title\",\"subTitle\",\"horizontalAlignment\"],\"edit\":[[{\"name\":\"title\",\"size\":6},{\"name\":\"subTitle\",\"size\":6}],[{\"name\":\"description\",\"size\":12}],[{\"name\":\"horizontalAlignment\",\"size\":6}]]},\"uid\":\"common.title-with-desc\",\"isComponent\":true}','object',NULL,NULL),(116,'plugin_content_manager_configuration_components::common.locations','{\"settings\":{\"bulkable\":true,\"filterable\":true,\"searchable\":true,\"pageSize\":10,\"mainField\":\"title\",\"defaultSortBy\":\"title\",\"defaultSortOrder\":\"ASC\"},\"metadatas\":{\"id\":{\"edit\":{},\"list\":{\"label\":\"id\",\"searchable\":false,\"sortable\":false}},\"title\":{\"edit\":{\"label\":\"title\",\"description\":\"\",\"placeholder\":\"\",\"visible\":true,\"editable\":true},\"list\":{\"label\":\"title\",\"searchable\":true,\"sortable\":true}},\"items\":{\"edit\":{\"label\":\"items\",\"description\":\"\",\"placeholder\":\"\",\"visible\":true,\"editable\":true},\"list\":{\"label\":\"items\",\"searchable\":false,\"sortable\":false}},\"documentId\":{\"edit\":{},\"list\":{\"label\":\"documentId\",\"searchable\":true,\"sortable\":true}}},\"layouts\":{\"list\":[\"id\",\"title\",\"items\"],\"edit\":[[{\"name\":\"title\",\"size\":6}],[{\"name\":\"items\",\"size\":12}]]},\"uid\":\"common.locations\",\"isComponent\":true}','object',NULL,NULL),(117,'plugin_content_manager_configuration_components::common.location-card','{\"settings\":{\"bulkable\":true,\"filterable\":true,\"searchable\":true,\"pageSize\":10,\"mainField\":\"title\",\"defaultSortBy\":\"title\",\"defaultSortOrder\":\"ASC\"},\"metadatas\":{\"id\":{\"edit\":{},\"list\":{\"label\":\"id\",\"searchable\":false,\"sortable\":false}},\"title\":{\"edit\":{\"label\":\"title\",\"description\":\"\",\"placeholder\":\"\",\"visible\":true,\"editable\":true},\"list\":{\"label\":\"title\",\"searchable\":true,\"sortable\":true}},\"branchLocation\":{\"edit\":{\"label\":\"branchLocation\",\"description\":\"\",\"placeholder\":\"\",\"visible\":true,\"editable\":true,\"mainField\":\"title\"},\"list\":{\"label\":\"branchLocation\",\"searchable\":true,\"sortable\":true}},\"address\":{\"edit\":{\"label\":\"address\",\"description\":\"\",\"placeholder\":\"\",\"visible\":true,\"editable\":true},\"list\":{\"label\":\"address\",\"searchable\":true,\"sortable\":true}},\"phoneNumbers\":{\"edit\":{\"label\":\"phoneNumbers\",\"description\":\"\",\"placeholder\":\"\",\"visible\":true,\"editable\":true},\"list\":{\"label\":\"phoneNumbers\",\"searchable\":false,\"sortable\":false}},\"image\":{\"edit\":{\"label\":\"image\",\"description\":\"\",\"placeholder\":\"\",\"visible\":true,\"editable\":true},\"list\":{\"label\":\"image\",\"searchable\":false,\"sortable\":false}},\"embededMapUrl\":{\"edit\":{\"label\":\"embededMapUrl\",\"description\":\"\",\"placeholder\":\"\",\"visible\":true,\"editable\":true},\"list\":{\"label\":\"embededMapUrl\",\"searchable\":true,\"sortable\":true}},\"mapUrl\":{\"edit\":{\"label\":\"mapUrl\",\"description\":\"\",\"placeholder\":\"\",\"visible\":true,\"editable\":true},\"list\":{\"label\":\"mapUrl\",\"searchable\":true,\"sortable\":true}},\"documentId\":{\"edit\":{},\"list\":{\"label\":\"documentId\",\"searchable\":true,\"sortable\":true}}},\"layouts\":{\"list\":[\"id\",\"title\",\"branchLocation\",\"address\"],\"edit\":[[{\"name\":\"title\",\"size\":6},{\"name\":\"branchLocation\",\"size\":6}],[{\"name\":\"address\",\"size\":6}],[{\"name\":\"phoneNumbers\",\"size\":12}],[{\"name\":\"image\",\"size\":6},{\"name\":\"embededMapUrl\",\"size\":6}],[{\"name\":\"mapUrl\",\"size\":6}]]},\"uid\":\"common.location-card\",\"isComponent\":true}','object',NULL,NULL),(118,'plugin_content_manager_configuration_components::common.faq','{\"settings\":{\"bulkable\":true,\"filterable\":true,\"searchable\":true,\"pageSize\":10,\"mainField\":\"title\",\"defaultSortBy\":\"title\",\"defaultSortOrder\":\"ASC\"},\"metadatas\":{\"id\":{\"edit\":{},\"list\":{\"label\":\"id\",\"searchable\":false,\"sortable\":false}},\"title\":{\"edit\":{\"label\":\"title\",\"description\":\"\",\"placeholder\":\"\",\"visible\":true,\"editable\":true},\"list\":{\"label\":\"title\",\"searchable\":true,\"sortable\":true}},\"subTitle\":{\"edit\":{\"label\":\"subTitle\",\"description\":\"\",\"placeholder\":\"\",\"visible\":true,\"editable\":true},\"list\":{\"label\":\"subTitle\",\"searchable\":true,\"sortable\":true}},\"items\":{\"edit\":{\"label\":\"items\",\"description\":\"\",\"placeholder\":\"\",\"visible\":true,\"editable\":true},\"list\":{\"label\":\"items\",\"searchable\":false,\"sortable\":false}},\"documentId\":{\"edit\":{},\"list\":{\"label\":\"documentId\",\"searchable\":true,\"sortable\":true}}},\"layouts\":{\"list\":[\"id\",\"title\",\"subTitle\",\"items\"],\"edit\":[[{\"name\":\"title\",\"size\":6},{\"name\":\"subTitle\",\"size\":6}],[{\"name\":\"items\",\"size\":12}]]},\"uid\":\"common.faq\",\"isComponent\":true}','object',NULL,NULL),(119,'plugin_content_manager_configuration_components::common.content-block','{\"settings\":{\"bulkable\":true,\"filterable\":true,\"searchable\":true,\"pageSize\":10,\"mainField\":\"title\",\"defaultSortBy\":\"title\",\"defaultSortOrder\":\"ASC\"},\"metadatas\":{\"id\":{\"edit\":{},\"list\":{\"label\":\"id\",\"searchable\":false,\"sortable\":false}},\"title\":{\"edit\":{\"label\":\"title\",\"description\":\"\",\"placeholder\":\"\",\"visible\":true,\"editable\":true},\"list\":{\"label\":\"title\",\"searchable\":true,\"sortable\":true}},\"subTitle\":{\"edit\":{\"label\":\"subTitle\",\"description\":\"\",\"placeholder\":\"\",\"visible\":true,\"editable\":true},\"list\":{\"label\":\"subTitle\",\"searchable\":true,\"sortable\":true}},\"items\":{\"edit\":{\"label\":\"items\",\"description\":\"\",\"placeholder\":\"\",\"visible\":true,\"editable\":true},\"list\":{\"label\":\"items\",\"searchable\":false,\"sortable\":false}},\"showGradientBg\":{\"edit\":{\"label\":\"showGradientBg\",\"description\":\"\",\"placeholder\":\"\",\"visible\":true,\"editable\":true},\"list\":{\"label\":\"showGradientBg\",\"searchable\":true,\"sortable\":true}},\"serviceCardVariant\":{\"edit\":{\"label\":\"serviceCardVariant\",\"description\":\"\",\"placeholder\":\"\",\"visible\":true,\"editable\":true},\"list\":{\"label\":\"serviceCardVariant\",\"searchable\":true,\"sortable\":true}},\"documentId\":{\"edit\":{},\"list\":{\"label\":\"documentId\",\"searchable\":true,\"sortable\":true}}},\"layouts\":{\"list\":[\"id\",\"title\",\"subTitle\",\"items\"],\"edit\":[[{\"name\":\"title\",\"size\":6},{\"name\":\"subTitle\",\"size\":6}],[{\"name\":\"items\",\"size\":12}],[{\"name\":\"showGradientBg\",\"size\":4},{\"name\":\"serviceCardVariant\",\"size\":4}]]},\"uid\":\"common.content-block\",\"isComponent\":true}','object',NULL,NULL),(120,'plugin_content_manager_configuration_components::service-landing.service-locations','{\"settings\":{\"bulkable\":true,\"filterable\":true,\"searchable\":true,\"pageSize\":10,\"mainField\":\"title\",\"defaultSortBy\":\"title\",\"defaultSortOrder\":\"ASC\"},\"metadatas\":{\"id\":{\"edit\":{},\"list\":{\"label\":\"id\",\"searchable\":false,\"sortable\":false}},\"title\":{\"edit\":{\"label\":\"title\",\"description\":\"\",\"placeholder\":\"\",\"visible\":true,\"editable\":true},\"list\":{\"label\":\"title\",\"searchable\":true,\"sortable\":true}},\"slug\":{\"edit\":{\"label\":\"slug\",\"description\":\"\",\"placeholder\":\"\",\"visible\":true,\"editable\":true},\"list\":{\"label\":\"slug\",\"searchable\":true,\"sortable\":true}},\"address\":{\"edit\":{\"label\":\"address\",\"description\":\"\",\"placeholder\":\"\",\"visible\":true,\"editable\":true},\"list\":{\"label\":\"address\",\"searchable\":true,\"sortable\":true}},\"branchLocation\":{\"edit\":{\"label\":\"branchLocation\",\"description\":\"\",\"placeholder\":\"\",\"visible\":true,\"editable\":true,\"mainField\":\"title\"},\"list\":{\"label\":\"branchLocation\",\"searchable\":true,\"sortable\":true}},\"phoneNumbers\":{\"edit\":{\"label\":\"phoneNumbers\",\"description\":\"\",\"placeholder\":\"\",\"visible\":true,\"editable\":true},\"list\":{\"label\":\"phoneNumbers\",\"searchable\":false,\"sortable\":false}},\"image\":{\"edit\":{\"label\":\"image\",\"description\":\"\",\"placeholder\":\"\",\"visible\":true,\"editable\":true},\"list\":{\"label\":\"image\",\"searchable\":false,\"sortable\":false}},\"previewImage\":{\"edit\":{\"label\":\"previewImage\",\"description\":\"\",\"placeholder\":\"\",\"visible\":true,\"editable\":true},\"list\":{\"label\":\"previewImage\",\"searchable\":false,\"sortable\":false}},\"embededMapUrl\":{\"edit\":{\"label\":\"embededMapUrl\",\"description\":\"\",\"placeholder\":\"\",\"visible\":true,\"editable\":true},\"list\":{\"label\":\"embededMapUrl\",\"searchable\":true,\"sortable\":true}},\"mapUrl\":{\"edit\":{\"label\":\"mapUrl\",\"description\":\"\",\"placeholder\":\"\",\"visible\":true,\"editable\":true},\"list\":{\"label\":\"mapUrl\",\"searchable\":true,\"sortable\":true}},\"documentId\":{\"edit\":{},\"list\":{\"label\":\"documentId\",\"searchable\":true,\"sortable\":true}}},\"layouts\":{\"list\":[\"id\",\"title\",\"slug\",\"address\"],\"edit\":[[{\"name\":\"title\",\"size\":6},{\"name\":\"slug\",\"size\":6}],[{\"name\":\"address\",\"size\":6},{\"name\":\"branchLocation\",\"size\":6}],[{\"name\":\"phoneNumbers\",\"size\":12}],[{\"name\":\"image\",\"size\":6},{\"name\":\"previewImage\",\"size\":6}],[{\"name\":\"embededMapUrl\",\"size\":6},{\"name\":\"mapUrl\",\"size\":6}]]},\"uid\":\"service-landing.service-locations\",\"isComponent\":true}','object',NULL,NULL),(125,'plugin_content_manager_configuration_content_types::api::product-category.product-category','{\"settings\":{\"bulkable\":true,\"filterable\":true,\"searchable\":true,\"pageSize\":10,\"mainField\":\"title\",\"defaultSortBy\":\"title\",\"defaultSortOrder\":\"ASC\"},\"metadatas\":{\"id\":{\"edit\":{},\"list\":{\"label\":\"id\",\"searchable\":true,\"sortable\":true}},\"title\":{\"edit\":{\"label\":\"title\",\"description\":\"\",\"placeholder\":\"\",\"visible\":true,\"editable\":true},\"list\":{\"label\":\"title\",\"searchable\":true,\"sortable\":true}},\"image\":{\"edit\":{\"label\":\"image\",\"description\":\"\",\"placeholder\":\"\",\"visible\":true,\"editable\":true},\"list\":{\"label\":\"image\",\"searchable\":false,\"sortable\":false}},\"slug\":{\"edit\":{\"label\":\"slug\",\"description\":\"\",\"placeholder\":\"\",\"visible\":true,\"editable\":true},\"list\":{\"label\":\"slug\",\"searchable\":true,\"sortable\":true}},\"displayOrder\":{\"edit\":{\"label\":\"displayOrder\",\"description\":\"\",\"placeholder\":\"\",\"visible\":true,\"editable\":true},\"list\":{\"label\":\"displayOrder\",\"searchable\":true,\"sortable\":true}},\"createdAt\":{\"edit\":{\"label\":\"createdAt\",\"description\":\"\",\"placeholder\":\"\",\"visible\":false,\"editable\":true},\"list\":{\"label\":\"createdAt\",\"searchable\":true,\"sortable\":true}},\"updatedAt\":{\"edit\":{\"label\":\"updatedAt\",\"description\":\"\",\"placeholder\":\"\",\"visible\":false,\"editable\":true},\"list\":{\"label\":\"updatedAt\",\"searchable\":true,\"sortable\":true}},\"createdBy\":{\"edit\":{\"label\":\"createdBy\",\"description\":\"\",\"placeholder\":\"\",\"visible\":false,\"editable\":true,\"mainField\":\"firstname\"},\"list\":{\"label\":\"createdBy\",\"searchable\":true,\"sortable\":true}},\"updatedBy\":{\"edit\":{\"label\":\"updatedBy\",\"description\":\"\",\"placeholder\":\"\",\"visible\":false,\"editable\":true,\"mainField\":\"firstname\"},\"list\":{\"label\":\"updatedBy\",\"searchable\":true,\"sortable\":true}},\"documentId\":{\"edit\":{},\"list\":{\"label\":\"documentId\",\"searchable\":true,\"sortable\":true}}},\"layouts\":{\"edit\":[[{\"name\":\"title\",\"size\":6},{\"name\":\"image\",\"size\":6}],[{\"name\":\"slug\",\"size\":6},{\"name\":\"displayOrder\",\"size\":4}]],\"list\":[\"id\",\"title\",\"image\",\"slug\",\"displayOrder\"]},\"uid\":\"api::product-category.product-category\"}','object',NULL,NULL),(126,'plugin_content_manager_configuration_content_types::api::automotive-landing.automotive-landing','{\"settings\":{\"bulkable\":true,\"filterable\":true,\"searchable\":true,\"pageSize\":10,\"mainField\":\"title\",\"defaultSortBy\":\"title\",\"defaultSortOrder\":\"ASC\"},\"metadatas\":{\"id\":{\"edit\":{},\"list\":{\"label\":\"id\",\"searchable\":true,\"sortable\":true}},\"title\":{\"edit\":{\"label\":\"title\",\"description\":\"\",\"placeholder\":\"\",\"visible\":true,\"editable\":true},\"list\":{\"label\":\"title\",\"searchable\":true,\"sortable\":true}},\"banner\":{\"edit\":{\"label\":\"banner\",\"description\":\"\",\"placeholder\":\"\",\"visible\":true,\"editable\":true},\"list\":{\"label\":\"banner\",\"searchable\":false,\"sortable\":false}},\"seo\":{\"edit\":{\"label\":\"seo\",\"description\":\"\",\"placeholder\":\"\",\"visible\":true,\"editable\":true},\"list\":{\"label\":\"seo\",\"searchable\":false,\"sortable\":false}},\"locationTypes\":{\"edit\":{\"label\":\"locationTypes\",\"description\":\"\",\"placeholder\":\"\",\"visible\":true,\"editable\":true,\"mainField\":\"title\"},\"list\":{\"label\":\"locationTypes\",\"searchable\":false,\"sortable\":false}},\"socialFeeds\":{\"edit\":{\"label\":\"socialFeeds\",\"description\":\"\",\"placeholder\":\"\",\"visible\":true,\"editable\":true},\"list\":{\"label\":\"socialFeeds\",\"searchable\":false,\"sortable\":false}},\"createdAt\":{\"edit\":{\"label\":\"createdAt\",\"description\":\"\",\"placeholder\":\"\",\"visible\":false,\"editable\":true},\"list\":{\"label\":\"createdAt\",\"searchable\":true,\"sortable\":true}},\"updatedAt\":{\"edit\":{\"label\":\"updatedAt\",\"description\":\"\",\"placeholder\":\"\",\"visible\":false,\"editable\":true},\"list\":{\"label\":\"updatedAt\",\"searchable\":true,\"sortable\":true}},\"createdBy\":{\"edit\":{\"label\":\"createdBy\",\"description\":\"\",\"placeholder\":\"\",\"visible\":false,\"editable\":true,\"mainField\":\"firstname\"},\"list\":{\"label\":\"createdBy\",\"searchable\":true,\"sortable\":true}},\"updatedBy\":{\"edit\":{\"label\":\"updatedBy\",\"description\":\"\",\"placeholder\":\"\",\"visible\":false,\"editable\":true,\"mainField\":\"firstname\"},\"list\":{\"label\":\"updatedBy\",\"searchable\":true,\"sortable\":true}},\"documentId\":{\"edit\":{},\"list\":{\"label\":\"documentId\",\"searchable\":true,\"sortable\":true}}},\"layouts\":{\"list\":[\"id\",\"title\",\"banner\",\"createdAt\"],\"edit\":[[{\"name\":\"title\",\"size\":6}],[{\"name\":\"banner\",\"size\":12}],[{\"name\":\"seo\",\"size\":12}],[{\"name\":\"locationTypes\",\"size\":6}],[{\"name\":\"socialFeeds\",\"size\":12}]]},\"uid\":\"api::automotive-landing.automotive-landing\"}','object',NULL,NULL),(127,'plugin_content_manager_configuration_content_types::api::social.social','{\"settings\":{\"bulkable\":true,\"filterable\":true,\"searchable\":true,\"pageSize\":10,\"mainField\":\"title\",\"defaultSortBy\":\"title\",\"defaultSortOrder\":\"ASC\"},\"metadatas\":{\"id\":{\"edit\":{},\"list\":{\"label\":\"id\",\"searchable\":true,\"sortable\":true}},\"title\":{\"edit\":{\"label\":\"title\",\"description\":\"\",\"placeholder\":\"\",\"visible\":true,\"editable\":true},\"list\":{\"label\":\"title\",\"searchable\":true,\"sortable\":true}},\"image\":{\"edit\":{\"label\":\"image\",\"description\":\"\",\"placeholder\":\"\",\"visible\":true,\"editable\":true},\"list\":{\"label\":\"image\",\"searchable\":false,\"sortable\":false}},\"icon\":{\"edit\":{\"label\":\"icon\",\"description\":\"\",\"placeholder\":\"\",\"visible\":true,\"editable\":true},\"list\":{\"label\":\"icon\",\"searchable\":false,\"sortable\":false}},\"link\":{\"edit\":{\"label\":\"link\",\"description\":\"\",\"placeholder\":\"\",\"visible\":true,\"editable\":true},\"list\":{\"label\":\"link\",\"searchable\":true,\"sortable\":true}},\"typeExternal\":{\"edit\":{\"label\":\"typeExternal\",\"description\":\"\",\"placeholder\":\"\",\"visible\":true,\"editable\":true},\"list\":{\"label\":\"typeExternal\",\"searchable\":true,\"sortable\":true}},\"createdAt\":{\"edit\":{\"label\":\"createdAt\",\"description\":\"\",\"placeholder\":\"\",\"visible\":false,\"editable\":true},\"list\":{\"label\":\"createdAt\",\"searchable\":true,\"sortable\":true}},\"updatedAt\":{\"edit\":{\"label\":\"updatedAt\",\"description\":\"\",\"placeholder\":\"\",\"visible\":false,\"editable\":true},\"list\":{\"label\":\"updatedAt\",\"searchable\":true,\"sortable\":true}},\"createdBy\":{\"edit\":{\"label\":\"createdBy\",\"description\":\"\",\"placeholder\":\"\",\"visible\":false,\"editable\":true,\"mainField\":\"firstname\"},\"list\":{\"label\":\"createdBy\",\"searchable\":true,\"sortable\":true}},\"updatedBy\":{\"edit\":{\"label\":\"updatedBy\",\"description\":\"\",\"placeholder\":\"\",\"visible\":false,\"editable\":true,\"mainField\":\"firstname\"},\"list\":{\"label\":\"updatedBy\",\"searchable\":true,\"sortable\":true}},\"documentId\":{\"edit\":{},\"list\":{\"label\":\"documentId\",\"searchable\":true,\"sortable\":true}}},\"layouts\":{\"list\":[\"id\",\"title\",\"image\",\"icon\"],\"edit\":[[{\"name\":\"title\",\"size\":6},{\"name\":\"image\",\"size\":6}],[{\"name\":\"icon\",\"size\":6},{\"name\":\"link\",\"size\":6}],[{\"name\":\"typeExternal\",\"size\":4}]]},\"uid\":\"api::social.social\"}','object',NULL,NULL),(128,'plugin_content_manager_configuration_content_types::api::service-category-type.service-category-type','{\"settings\":{\"bulkable\":true,\"filterable\":true,\"searchable\":true,\"pageSize\":10,\"mainField\":\"title\",\"defaultSortBy\":\"title\",\"defaultSortOrder\":\"ASC\"},\"metadatas\":{\"id\":{\"edit\":{},\"list\":{\"label\":\"id\",\"searchable\":true,\"sortable\":true}},\"title\":{\"edit\":{\"label\":\"title\",\"description\":\"\",\"placeholder\":\"\",\"visible\":true,\"editable\":true},\"list\":{\"label\":\"title\",\"searchable\":true,\"sortable\":true}},\"image\":{\"edit\":{\"label\":\"image\",\"description\":\"\",\"placeholder\":\"\",\"visible\":true,\"editable\":true},\"list\":{\"label\":\"image\",\"searchable\":false,\"sortable\":false}},\"slug\":{\"edit\":{\"label\":\"slug\",\"description\":\"\",\"placeholder\":\"\",\"visible\":true,\"editable\":true},\"list\":{\"label\":\"slug\",\"searchable\":true,\"sortable\":true}},\"displayOrder\":{\"edit\":{\"label\":\"displayOrder\",\"description\":\"\",\"placeholder\":\"\",\"visible\":true,\"editable\":true},\"list\":{\"label\":\"displayOrder\",\"searchable\":true,\"sortable\":true}},\"createdAt\":{\"edit\":{\"label\":\"createdAt\",\"description\":\"\",\"placeholder\":\"\",\"visible\":false,\"editable\":true},\"list\":{\"label\":\"createdAt\",\"searchable\":true,\"sortable\":true}},\"updatedAt\":{\"edit\":{\"label\":\"updatedAt\",\"description\":\"\",\"placeholder\":\"\",\"visible\":false,\"editable\":true},\"list\":{\"label\":\"updatedAt\",\"searchable\":true,\"sortable\":true}},\"createdBy\":{\"edit\":{\"label\":\"createdBy\",\"description\":\"\",\"placeholder\":\"\",\"visible\":false,\"editable\":true,\"mainField\":\"firstname\"},\"list\":{\"label\":\"createdBy\",\"searchable\":true,\"sortable\":true}},\"updatedBy\":{\"edit\":{\"label\":\"updatedBy\",\"description\":\"\",\"placeholder\":\"\",\"visible\":false,\"editable\":true,\"mainField\":\"firstname\"},\"list\":{\"label\":\"updatedBy\",\"searchable\":true,\"sortable\":true}},\"documentId\":{\"edit\":{},\"list\":{\"label\":\"documentId\",\"searchable\":true,\"sortable\":true}}},\"layouts\":{\"edit\":[[{\"name\":\"title\",\"size\":6},{\"name\":\"image\",\"size\":6}],[{\"name\":\"slug\",\"size\":6},{\"name\":\"displayOrder\",\"size\":4}]],\"list\":[\"id\",\"title\",\"image\",\"slug\",\"displayOrder\"]},\"uid\":\"api::service-category-type.service-category-type\"}','object',NULL,NULL),(129,'plugin_content_manager_configuration_components::common.title-desc','{\"settings\":{\"bulkable\":true,\"filterable\":true,\"searchable\":true,\"pageSize\":10,\"mainField\":\"title\",\"defaultSortBy\":\"title\",\"defaultSortOrder\":\"ASC\"},\"metadatas\":{\"id\":{\"edit\":{},\"list\":{\"label\":\"id\",\"searchable\":false,\"sortable\":false}},\"title\":{\"edit\":{\"label\":\"title\",\"description\":\"\",\"placeholder\":\"\",\"visible\":true,\"editable\":true},\"list\":{\"label\":\"title\",\"searchable\":true,\"sortable\":true}},\"description\":{\"edit\":{\"label\":\"description\",\"description\":\"\",\"placeholder\":\"\",\"visible\":true,\"editable\":true},\"list\":{\"label\":\"description\",\"searchable\":true,\"sortable\":true}},\"documentId\":{\"edit\":{},\"list\":{\"label\":\"documentId\",\"searchable\":true,\"sortable\":true}}},\"layouts\":{\"list\":[\"id\",\"title\",\"description\"],\"edit\":[[{\"name\":\"title\",\"size\":6},{\"name\":\"description\",\"size\":6}]]},\"uid\":\"common.title-desc\",\"isComponent\":true}','object',NULL,NULL),(130,'plugin_content_manager_configuration_content_types::api::tyre-category.tyre-category','{\"settings\":{\"bulkable\":true,\"filterable\":true,\"searchable\":true,\"pageSize\":10,\"mainField\":\"title\",\"defaultSortBy\":\"title\",\"defaultSortOrder\":\"ASC\"},\"metadatas\":{\"id\":{\"edit\":{},\"list\":{\"label\":\"id\",\"searchable\":true,\"sortable\":true}},\"title\":{\"edit\":{\"label\":\"title\",\"description\":\"\",\"placeholder\":\"\",\"visible\":true,\"editable\":true},\"list\":{\"label\":\"title\",\"searchable\":true,\"sortable\":true}},\"image\":{\"edit\":{\"label\":\"image\",\"description\":\"\",\"placeholder\":\"\",\"visible\":true,\"editable\":true},\"list\":{\"label\":\"image\",\"searchable\":false,\"sortable\":false}},\"slug\":{\"edit\":{\"label\":\"slug\",\"description\":\"\",\"placeholder\":\"\",\"visible\":true,\"editable\":true},\"list\":{\"label\":\"slug\",\"searchable\":true,\"sortable\":true}},\"displayOrder\":{\"edit\":{\"label\":\"displayOrder\",\"description\":\"\",\"placeholder\":\"\",\"visible\":true,\"editable\":true},\"list\":{\"label\":\"displayOrder\",\"searchable\":true,\"sortable\":true}},\"createdAt\":{\"edit\":{\"label\":\"createdAt\",\"description\":\"\",\"placeholder\":\"\",\"visible\":false,\"editable\":true},\"list\":{\"label\":\"createdAt\",\"searchable\":true,\"sortable\":true}},\"updatedAt\":{\"edit\":{\"label\":\"updatedAt\",\"description\":\"\",\"placeholder\":\"\",\"visible\":false,\"editable\":true},\"list\":{\"label\":\"updatedAt\",\"searchable\":true,\"sortable\":true}},\"createdBy\":{\"edit\":{\"label\":\"createdBy\",\"description\":\"\",\"placeholder\":\"\",\"visible\":false,\"editable\":true,\"mainField\":\"firstname\"},\"list\":{\"label\":\"createdBy\",\"searchable\":true,\"sortable\":true}},\"updatedBy\":{\"edit\":{\"label\":\"updatedBy\",\"description\":\"\",\"placeholder\":\"\",\"visible\":false,\"editable\":true,\"mainField\":\"firstname\"},\"list\":{\"label\":\"updatedBy\",\"searchable\":true,\"sortable\":true}},\"documentId\":{\"edit\":{},\"list\":{\"label\":\"documentId\",\"searchable\":true,\"sortable\":true}}},\"layouts\":{\"edit\":[[{\"name\":\"title\",\"size\":6},{\"name\":\"image\",\"size\":6}],[{\"name\":\"slug\",\"size\":6},{\"name\":\"displayOrder\",\"size\":4}]],\"list\":[\"id\",\"title\",\"image\",\"slug\",\"displayOrder\"]},\"uid\":\"api::tyre-category.tyre-category\"}','object',NULL,NULL),(131,'plugin_content_manager_configuration_content_types::api::tyre-landing.tyre-landing','{\"settings\":{\"bulkable\":true,\"filterable\":true,\"searchable\":true,\"pageSize\":10,\"mainField\":\"title\",\"defaultSortBy\":\"title\",\"defaultSortOrder\":\"ASC\"},\"metadatas\":{\"id\":{\"edit\":{},\"list\":{\"label\":\"id\",\"searchable\":true,\"sortable\":true}},\"title\":{\"edit\":{\"label\":\"title\",\"description\":\"\",\"placeholder\":\"\",\"visible\":true,\"editable\":true},\"list\":{\"label\":\"title\",\"searchable\":true,\"sortable\":true}},\"banner\":{\"edit\":{\"label\":\"banner\",\"description\":\"\",\"placeholder\":\"\",\"visible\":true,\"editable\":true},\"list\":{\"label\":\"banner\",\"searchable\":false,\"sortable\":false}},\"bookService\":{\"edit\":{\"label\":\"bookService\",\"description\":\"\",\"placeholder\":\"\",\"visible\":true,\"editable\":true},\"list\":{\"label\":\"bookService\",\"searchable\":false,\"sortable\":false}},\"mobileService\":{\"edit\":{\"label\":\"mobileService\",\"description\":\"\",\"placeholder\":\"\",\"visible\":true,\"editable\":true},\"list\":{\"label\":\"mobileService\",\"searchable\":false,\"sortable\":false}},\"seo\":{\"edit\":{\"label\":\"seo\",\"description\":\"\",\"placeholder\":\"\",\"visible\":true,\"editable\":true},\"list\":{\"label\":\"seo\",\"searchable\":false,\"sortable\":false}},\"locationTypes\":{\"edit\":{\"label\":\"locationTypes\",\"description\":\"\",\"placeholder\":\"\",\"visible\":true,\"editable\":true,\"mainField\":\"title\"},\"list\":{\"label\":\"locationTypes\",\"searchable\":false,\"sortable\":false}},\"socialFeeds\":{\"edit\":{\"label\":\"socialFeeds\",\"description\":\"\",\"placeholder\":\"\",\"visible\":true,\"editable\":true},\"list\":{\"label\":\"socialFeeds\",\"searchable\":false,\"sortable\":false}},\"createdAt\":{\"edit\":{\"label\":\"createdAt\",\"description\":\"\",\"placeholder\":\"\",\"visible\":false,\"editable\":true},\"list\":{\"label\":\"createdAt\",\"searchable\":true,\"sortable\":true}},\"updatedAt\":{\"edit\":{\"label\":\"updatedAt\",\"description\":\"\",\"placeholder\":\"\",\"visible\":false,\"editable\":true},\"list\":{\"label\":\"updatedAt\",\"searchable\":true,\"sortable\":true}},\"createdBy\":{\"edit\":{\"label\":\"createdBy\",\"description\":\"\",\"placeholder\":\"\",\"visible\":false,\"editable\":true,\"mainField\":\"firstname\"},\"list\":{\"label\":\"createdBy\",\"searchable\":true,\"sortable\":true}},\"updatedBy\":{\"edit\":{\"label\":\"updatedBy\",\"description\":\"\",\"placeholder\":\"\",\"visible\":false,\"editable\":true,\"mainField\":\"firstname\"},\"list\":{\"label\":\"updatedBy\",\"searchable\":true,\"sortable\":true}},\"documentId\":{\"edit\":{},\"list\":{\"label\":\"documentId\",\"searchable\":true,\"sortable\":true}}},\"layouts\":{\"list\":[\"id\",\"title\",\"banner\",\"bookService\"],\"edit\":[[{\"name\":\"title\",\"size\":6}],[{\"name\":\"banner\",\"size\":12}],[{\"name\":\"bookService\",\"size\":12}],[{\"name\":\"mobileService\",\"size\":12}],[{\"name\":\"seo\",\"size\":12}],[{\"name\":\"locationTypes\",\"size\":6}],[{\"name\":\"socialFeeds\",\"size\":12}]]},\"uid\":\"api::tyre-landing.tyre-landing\"}','object',NULL,NULL),(132,'plugin_content_manager_configuration_content_types::api::power-tool-landing.power-tool-landing','{\"settings\":{\"bulkable\":true,\"filterable\":true,\"searchable\":true,\"pageSize\":10,\"mainField\":\"title\",\"defaultSortBy\":\"title\",\"defaultSortOrder\":\"ASC\"},\"metadatas\":{\"id\":{\"edit\":{},\"list\":{\"label\":\"id\",\"searchable\":true,\"sortable\":true}},\"title\":{\"edit\":{\"label\":\"title\",\"description\":\"\",\"placeholder\":\"\",\"visible\":true,\"editable\":true},\"list\":{\"label\":\"title\",\"searchable\":true,\"sortable\":true}},\"banner\":{\"edit\":{\"label\":\"banner\",\"description\":\"\",\"placeholder\":\"\",\"visible\":true,\"editable\":true},\"list\":{\"label\":\"banner\",\"searchable\":false,\"sortable\":false}},\"mainTitle\":{\"edit\":{\"label\":\"mainTitle\",\"description\":\"\",\"placeholder\":\"\",\"visible\":true,\"editable\":true},\"list\":{\"label\":\"mainTitle\",\"searchable\":false,\"sortable\":false}},\"mainDescription\":{\"edit\":{\"label\":\"mainDescription\",\"description\":\"\",\"placeholder\":\"\",\"visible\":true,\"editable\":true},\"list\":{\"label\":\"mainDescription\",\"searchable\":false,\"sortable\":false}},\"seo\":{\"edit\":{\"label\":\"seo\",\"description\":\"\",\"placeholder\":\"\",\"visible\":true,\"editable\":true},\"list\":{\"label\":\"seo\",\"searchable\":false,\"sortable\":false}},\"locationTypes\":{\"edit\":{\"label\":\"locationTypes\",\"description\":\"\",\"placeholder\":\"\",\"visible\":true,\"editable\":true,\"mainField\":\"title\"},\"list\":{\"label\":\"locationTypes\",\"searchable\":false,\"sortable\":false}},\"socialFeeds\":{\"edit\":{\"label\":\"socialFeeds\",\"description\":\"\",\"placeholder\":\"\",\"visible\":true,\"editable\":true},\"list\":{\"label\":\"socialFeeds\",\"searchable\":false,\"sortable\":false}},\"createdAt\":{\"edit\":{\"label\":\"createdAt\",\"description\":\"\",\"placeholder\":\"\",\"visible\":false,\"editable\":true},\"list\":{\"label\":\"createdAt\",\"searchable\":true,\"sortable\":true}},\"updatedAt\":{\"edit\":{\"label\":\"updatedAt\",\"description\":\"\",\"placeholder\":\"\",\"visible\":false,\"editable\":true},\"list\":{\"label\":\"updatedAt\",\"searchable\":true,\"sortable\":true}},\"createdBy\":{\"edit\":{\"label\":\"createdBy\",\"description\":\"\",\"placeholder\":\"\",\"visible\":false,\"editable\":true,\"mainField\":\"firstname\"},\"list\":{\"label\":\"createdBy\",\"searchable\":true,\"sortable\":true}},\"updatedBy\":{\"edit\":{\"label\":\"updatedBy\",\"description\":\"\",\"placeholder\":\"\",\"visible\":false,\"editable\":true,\"mainField\":\"firstname\"},\"list\":{\"label\":\"updatedBy\",\"searchable\":true,\"sortable\":true}},\"documentId\":{\"edit\":{},\"list\":{\"label\":\"documentId\",\"searchable\":true,\"sortable\":true}}},\"layouts\":{\"list\":[\"id\",\"title\",\"banner\",\"locationTypes\"],\"edit\":[[{\"name\":\"title\",\"size\":6}],[{\"name\":\"banner\",\"size\":12}],[{\"name\":\"mainTitle\",\"size\":12}],[{\"name\":\"mainDescription\",\"size\":12}],[{\"name\":\"seo\",\"size\":12}],[{\"name\":\"locationTypes\",\"size\":6}],[{\"name\":\"socialFeeds\",\"size\":12}]]},\"uid\":\"api::power-tool-landing.power-tool-landing\"}','object',NULL,NULL),(133,'plugin_content_manager_configuration_content_types::api::tyre-service.tyre-service','{\"settings\":{\"bulkable\":true,\"filterable\":true,\"searchable\":true,\"pageSize\":10,\"mainField\":\"title\",\"defaultSortBy\":\"title\",\"defaultSortOrder\":\"ASC\"},\"metadatas\":{\"id\":{\"edit\":{},\"list\":{\"label\":\"id\",\"searchable\":true,\"sortable\":true}},\"title\":{\"edit\":{\"label\":\"title\",\"description\":\"\",\"placeholder\":\"\",\"visible\":true,\"editable\":true},\"list\":{\"label\":\"title\",\"searchable\":true,\"sortable\":true}},\"image\":{\"edit\":{\"label\":\"image\",\"description\":\"\",\"placeholder\":\"\",\"visible\":true,\"editable\":true},\"list\":{\"label\":\"image\",\"searchable\":false,\"sortable\":false}},\"slug\":{\"edit\":{\"label\":\"slug\",\"description\":\"\",\"placeholder\":\"\",\"visible\":true,\"editable\":true},\"list\":{\"label\":\"slug\",\"searchable\":true,\"sortable\":true}},\"displayOrder\":{\"edit\":{\"label\":\"displayOrder\",\"description\":\"\",\"placeholder\":\"\",\"visible\":true,\"editable\":true},\"list\":{\"label\":\"displayOrder\",\"searchable\":true,\"sortable\":true}},\"createdAt\":{\"edit\":{\"label\":\"createdAt\",\"description\":\"\",\"placeholder\":\"\",\"visible\":false,\"editable\":true},\"list\":{\"label\":\"createdAt\",\"searchable\":true,\"sortable\":true}},\"updatedAt\":{\"edit\":{\"label\":\"updatedAt\",\"description\":\"\",\"placeholder\":\"\",\"visible\":false,\"editable\":true},\"list\":{\"label\":\"updatedAt\",\"searchable\":true,\"sortable\":true}},\"createdBy\":{\"edit\":{\"label\":\"createdBy\",\"description\":\"\",\"placeholder\":\"\",\"visible\":false,\"editable\":true,\"mainField\":\"firstname\"},\"list\":{\"label\":\"createdBy\",\"searchable\":true,\"sortable\":true}},\"updatedBy\":{\"edit\":{\"label\":\"updatedBy\",\"description\":\"\",\"placeholder\":\"\",\"visible\":false,\"editable\":true,\"mainField\":\"firstname\"},\"list\":{\"label\":\"updatedBy\",\"searchable\":true,\"sortable\":true}},\"documentId\":{\"edit\":{},\"list\":{\"label\":\"documentId\",\"searchable\":true,\"sortable\":true}}},\"layouts\":{\"edit\":[[{\"name\":\"title\",\"size\":6},{\"name\":\"image\",\"size\":6}],[{\"name\":\"slug\",\"size\":6},{\"name\":\"displayOrder\",\"size\":4}]],\"list\":[\"id\",\"title\",\"image\",\"slug\",\"displayOrder\"]},\"uid\":\"api::tyre-service.tyre-service\"}','object',NULL,NULL),(134,'plugin_content_manager_configuration_content_types::api::power-category.power-category','{\"settings\":{\"bulkable\":true,\"filterable\":true,\"searchable\":true,\"pageSize\":10,\"mainField\":\"title\",\"defaultSortBy\":\"title\",\"defaultSortOrder\":\"ASC\"},\"metadatas\":{\"id\":{\"edit\":{},\"list\":{\"label\":\"id\",\"searchable\":true,\"sortable\":true}},\"title\":{\"edit\":{\"label\":\"title\",\"description\":\"\",\"placeholder\":\"\",\"visible\":true,\"editable\":true},\"list\":{\"label\":\"title\",\"searchable\":true,\"sortable\":true}},\"image\":{\"edit\":{\"label\":\"image\",\"description\":\"\",\"placeholder\":\"\",\"visible\":true,\"editable\":true},\"list\":{\"label\":\"image\",\"searchable\":false,\"sortable\":false}},\"slug\":{\"edit\":{\"label\":\"slug\",\"description\":\"\",\"placeholder\":\"\",\"visible\":true,\"editable\":true},\"list\":{\"label\":\"slug\",\"searchable\":true,\"sortable\":true}},\"displayOrder\":{\"edit\":{\"label\":\"displayOrder\",\"description\":\"\",\"placeholder\":\"\",\"visible\":true,\"editable\":true},\"list\":{\"label\":\"displayOrder\",\"searchable\":true,\"sortable\":true}},\"createdAt\":{\"edit\":{\"label\":\"createdAt\",\"description\":\"\",\"placeholder\":\"\",\"visible\":false,\"editable\":true},\"list\":{\"label\":\"createdAt\",\"searchable\":true,\"sortable\":true}},\"updatedAt\":{\"edit\":{\"label\":\"updatedAt\",\"description\":\"\",\"placeholder\":\"\",\"visible\":false,\"editable\":true},\"list\":{\"label\":\"updatedAt\",\"searchable\":true,\"sortable\":true}},\"createdBy\":{\"edit\":{\"label\":\"createdBy\",\"description\":\"\",\"placeholder\":\"\",\"visible\":false,\"editable\":true,\"mainField\":\"firstname\"},\"list\":{\"label\":\"createdBy\",\"searchable\":true,\"sortable\":true}},\"updatedBy\":{\"edit\":{\"label\":\"updatedBy\",\"description\":\"\",\"placeholder\":\"\",\"visible\":false,\"editable\":true,\"mainField\":\"firstname\"},\"list\":{\"label\":\"updatedBy\",\"searchable\":true,\"sortable\":true}},\"documentId\":{\"edit\":{},\"list\":{\"label\":\"documentId\",\"searchable\":true,\"sortable\":true}}},\"layouts\":{\"list\":[\"id\",\"title\",\"image\",\"slug\"],\"edit\":[[{\"name\":\"title\",\"size\":6},{\"name\":\"image\",\"size\":6}],[{\"name\":\"slug\",\"size\":6},{\"name\":\"displayOrder\",\"size\":4}]]},\"uid\":\"api::power-category.power-category\"}','object',NULL,NULL),(135,'plugin_content_manager_configuration_content_types::api::power-top-category.power-top-category','{\"settings\":{\"bulkable\":true,\"filterable\":true,\"searchable\":true,\"pageSize\":10,\"mainField\":\"title\",\"defaultSortBy\":\"title\",\"defaultSortOrder\":\"ASC\"},\"metadatas\":{\"id\":{\"edit\":{},\"list\":{\"label\":\"id\",\"searchable\":true,\"sortable\":true}},\"title\":{\"edit\":{\"label\":\"title\",\"description\":\"\",\"placeholder\":\"\",\"visible\":true,\"editable\":true},\"list\":{\"label\":\"title\",\"searchable\":true,\"sortable\":true}},\"image\":{\"edit\":{\"label\":\"image\",\"description\":\"\",\"placeholder\":\"\",\"visible\":true,\"editable\":true},\"list\":{\"label\":\"image\",\"searchable\":false,\"sortable\":false}},\"slug\":{\"edit\":{\"label\":\"slug\",\"description\":\"\",\"placeholder\":\"\",\"visible\":true,\"editable\":true},\"list\":{\"label\":\"slug\",\"searchable\":true,\"sortable\":true}},\"displayOrder\":{\"edit\":{\"label\":\"displayOrder\",\"description\":\"\",\"placeholder\":\"\",\"visible\":true,\"editable\":true},\"list\":{\"label\":\"displayOrder\",\"searchable\":true,\"sortable\":true}},\"createdAt\":{\"edit\":{\"label\":\"createdAt\",\"description\":\"\",\"placeholder\":\"\",\"visible\":false,\"editable\":true},\"list\":{\"label\":\"createdAt\",\"searchable\":true,\"sortable\":true}},\"updatedAt\":{\"edit\":{\"label\":\"updatedAt\",\"description\":\"\",\"placeholder\":\"\",\"visible\":false,\"editable\":true},\"list\":{\"label\":\"updatedAt\",\"searchable\":true,\"sortable\":true}},\"createdBy\":{\"edit\":{\"label\":\"createdBy\",\"description\":\"\",\"placeholder\":\"\",\"visible\":false,\"editable\":true,\"mainField\":\"firstname\"},\"list\":{\"label\":\"createdBy\",\"searchable\":true,\"sortable\":true}},\"updatedBy\":{\"edit\":{\"label\":\"updatedBy\",\"description\":\"\",\"placeholder\":\"\",\"visible\":false,\"editable\":true,\"mainField\":\"firstname\"},\"list\":{\"label\":\"updatedBy\",\"searchable\":true,\"sortable\":true}},\"documentId\":{\"edit\":{},\"list\":{\"label\":\"documentId\",\"searchable\":true,\"sortable\":true}}},\"layouts\":{\"list\":[\"id\",\"title\",\"image\",\"slug\"],\"edit\":[[{\"name\":\"title\",\"size\":6},{\"name\":\"image\",\"size\":6}],[{\"name\":\"slug\",\"size\":6},{\"name\":\"displayOrder\",\"size\":4}]]},\"uid\":\"api::power-top-category.power-top-category\"}','object',NULL,NULL),(136,'plugin_content_manager_configuration_components::common.title-desc-img-position','{\"settings\":{\"bulkable\":true,\"filterable\":true,\"searchable\":true,\"pageSize\":10,\"mainField\":\"title\",\"defaultSortBy\":\"title\",\"defaultSortOrder\":\"ASC\"},\"metadatas\":{\"id\":{\"edit\":{},\"list\":{\"label\":\"id\",\"searchable\":false,\"sortable\":false}},\"title\":{\"edit\":{\"label\":\"title\",\"description\":\"\",\"placeholder\":\"\",\"visible\":true,\"editable\":true},\"list\":{\"label\":\"title\",\"searchable\":true,\"sortable\":true}},\"description\":{\"edit\":{\"label\":\"description\",\"description\":\"\",\"placeholder\":\"\",\"visible\":true,\"editable\":true},\"list\":{\"label\":\"description\",\"searchable\":false,\"sortable\":false}},\"imagePosition\":{\"edit\":{\"label\":\"imagePosition\",\"description\":\"\",\"placeholder\":\"\",\"visible\":true,\"editable\":true},\"list\":{\"label\":\"imagePosition\",\"searchable\":true,\"sortable\":true}},\"showImageBorderRadius\":{\"edit\":{\"label\":\"showImageBorderRadius\",\"description\":\"\",\"placeholder\":\"\",\"visible\":true,\"editable\":true},\"list\":{\"label\":\"showImageBorderRadius\",\"searchable\":true,\"sortable\":true}},\"customImgClass\":{\"edit\":{\"label\":\"customImgClass\",\"description\":\"\",\"placeholder\":\"\",\"visible\":true,\"editable\":true},\"list\":{\"label\":\"customImgClass\",\"searchable\":true,\"sortable\":true}},\"customImgParentClass\":{\"edit\":{\"label\":\"customImgParentClass\",\"description\":\"\",\"placeholder\":\"\",\"visible\":true,\"editable\":true},\"list\":{\"label\":\"customImgParentClass\",\"searchable\":true,\"sortable\":true}},\"images\":{\"edit\":{\"label\":\"images\",\"description\":\"\",\"placeholder\":\"\",\"visible\":true,\"editable\":true},\"list\":{\"label\":\"images\",\"searchable\":false,\"sortable\":false}},\"responsiveImages\":{\"edit\":{\"label\":\"responsiveImages\",\"description\":\"\",\"placeholder\":\"\",\"visible\":true,\"editable\":true},\"list\":{\"label\":\"responsiveImages\",\"searchable\":false,\"sortable\":false}},\"documentId\":{\"edit\":{},\"list\":{\"label\":\"documentId\",\"searchable\":true,\"sortable\":true}}},\"layouts\":{\"list\":[\"id\",\"title\",\"images\",\"responsiveImages\"],\"edit\":[[{\"name\":\"title\",\"size\":6}],[{\"name\":\"description\",\"size\":12}],[{\"name\":\"imagePosition\",\"size\":6},{\"name\":\"showImageBorderRadius\",\"size\":4}],[{\"name\":\"customImgClass\",\"size\":6},{\"name\":\"customImgParentClass\",\"size\":6}],[{\"name\":\"images\",\"size\":6},{\"name\":\"responsiveImages\",\"size\":6}]]},\"uid\":\"common.title-desc-img-position\",\"isComponent\":true}','object',NULL,NULL),(137,'plugin_content_manager_configuration_components::common.content-block-variant','{\"settings\":{\"bulkable\":true,\"filterable\":true,\"searchable\":true,\"pageSize\":10,\"mainField\":\"title\",\"defaultSortBy\":\"title\",\"defaultSortOrder\":\"ASC\"},\"metadatas\":{\"id\":{\"edit\":{},\"list\":{\"label\":\"id\",\"searchable\":false,\"sortable\":false}},\"title\":{\"edit\":{\"label\":\"title\",\"description\":\"\",\"placeholder\":\"\",\"visible\":true,\"editable\":true},\"list\":{\"label\":\"title\",\"searchable\":true,\"sortable\":true}},\"subTitle\":{\"edit\":{\"label\":\"subTitle\",\"description\":\"\",\"placeholder\":\"\",\"visible\":true,\"editable\":true},\"list\":{\"label\":\"subTitle\",\"searchable\":true,\"sortable\":true}},\"description\":{\"edit\":{\"label\":\"description\",\"description\":\"\",\"placeholder\":\"\",\"visible\":true,\"editable\":true},\"list\":{\"label\":\"description\",\"searchable\":false,\"sortable\":false}},\"items\":{\"edit\":{\"label\":\"items\",\"description\":\"\",\"placeholder\":\"\",\"visible\":true,\"editable\":true},\"list\":{\"label\":\"items\",\"searchable\":false,\"sortable\":false}},\"showGradientBg\":{\"edit\":{\"label\":\"showGradientBg\",\"description\":\"\",\"placeholder\":\"\",\"visible\":true,\"editable\":true},\"list\":{\"label\":\"showGradientBg\",\"searchable\":true,\"sortable\":true}},\"documentId\":{\"edit\":{},\"list\":{\"label\":\"documentId\",\"searchable\":true,\"sortable\":true}}},\"layouts\":{\"list\":[\"id\",\"title\",\"subTitle\",\"items\"],\"edit\":[[{\"name\":\"title\",\"size\":6},{\"name\":\"subTitle\",\"size\":6}],[{\"name\":\"description\",\"size\":12}],[{\"name\":\"items\",\"size\":12}],[{\"name\":\"showGradientBg\",\"size\":4}]]},\"uid\":\"common.content-block-variant\",\"isComponent\":true}','object',NULL,NULL),