-- Table structure for table `components_common_title_desc_with_imgs`
--

CREATE TABLE `components_common_title_desc_with_imgs` (
  `id` int unsigned NOT NULL AUTO_INCREMENT,
  `title` varchar(255) DEFAULT NULL,
  `description` longtext,
  PRIMARY KEY (`id`)
) ENGINE=InnoDB AUTO_INCREMENT=854 DEFAULT CHARSET=utf8mb4 COLLATE=utf8mb4_0900_ai_ci;

--
-- Dumping data for table `components_common_title_desc_with_imgs`
--

INSERT INTO `components_common_title_desc_with_imgs` VALUES (11,NULL,'<p>At CME, we know how important good tyres are for smooth handling, better fuel efficiency, and overall road safety. Whether you\'re driving through the busy streets of Abu Dhabi or taking a long trip across Al Ain, keeping your tyres in good shape ensures a safe and comfortable ride.</p><p>Tyre services include important tasks like tyre rotation, fixing punctures, nitrogen filling, and proper fitting. Rotating your tyres regularly helps them wear evenly and last longer. Fixing punctures quickly prevents bigger problems, while nitrogen filling keeps your tyre pressure stable, which improves fuel efficiency. With our complete tyre care services, you can be confident that your car is ready to handle the tough weather and road conditions in the UAE.</p><p>At Tire.ae, we offer professional tyre services across Dubai, Abu Dhabi, and other locations. Our skilled team uses the latest tools to make sure your tyres are always in top condition. Whether you need a quick tyre check or a full replacement, we’re here to help you stay safe and worry-free on the road.</p>'),(13,NULL,'<p>Established in 2002 and certified by Michelin, Tyre Plus is a one-stop shop service that provides a broad range of leading tyre brands, lubricants, batteries, suspension and braking systems.</p><p>Central Motors &amp; Equipment is proud to be the sole licensee of Tyre Plus in Abu Dhabi and Al Ain, enabling us to capitalize upon our entrepreneurship while benefiting from strong manufacturer support.</p><p>Through Central Motors &amp; Equipment-managed service centres in Abu Dhabi and Al Ain, Tyre Plus also delivers wheel alignment, air conditioning refilling and nitrogen inflation – with every service using a unique combination of local knowledge and international expertise.</p><p>Available in 15 countries and has 1,500 branches worldwide, TyrePlus is renowned for offering services that excel in technical capability and competitive pricing with the benefit of a strong brand. All Central Motors &amp; Equipment Tyre Plus centres have professionally trained staff and a comfortable customer environment.</p>'),(16,'Safer Driving','<p>Proper tyre care and timely repairs improve grip, stability, and braking, reducing the risk of accidents.</p>'),(17,'No Flat Tyres','<p><meta charset=\"utf-8\">Tyre maintenance and timely repairs help prevent flat tyres by addressing punctures and weak spots early.</p>'),(18,'Better Driving','<p>Proper tyre care improves handling, traction, and control for a smoother, safer drive.</p>'),(19,'Longer Lifespan','<p>Maintenance and timely repairs help tyres last longer by preventing uneven wear, punctures, and damage.</p>'),(20,'Better Fuel Efficiency','<p>Well-maintained tyres help your engine work more efficiently, leading to better fuel economy.</p>'),(49,NULL,NULL),(56,NULL,'<p>As one of the UAE’s foremost providers of Automotive parts and equipments, Central Motors &amp; Equipment offers a diverse range of brands, products and services to its customers. Working in both wholesale and retail markets, the company comprises of four major divisions: Tyres; Automotive Parts, Power Tools and Tyreplus Services.<br>A member of ALFAHIM automotive division, Central Motors &amp; Equipment embodies the four corporate values of its parent company: humanity, honesty, substance and foresight.<br>Since its inception, Central Motors &amp; Equipment has become exclusive distributor of Michelin in Abu Dhabi and Al Ain, and a distributor of Bosch Automotive Aftermarket &amp; Power Tools solutions across the UAE. In addition, the company represents industry leading brands such as Tyreplus, Knorr-Bremse, Dremel, Osram, Valeo, Zexel, NRF, JP Group, Cyclo, HC Cargo, Grantex, CLAS, ASNU, Sicam, Manatec, HPA, Optima, Eveready, Autopart, Bosch Diesel Service, Bosch Car Service.</p>'),(58,'Our Vision','<p>To be the best in class in all that we do for, and in, our community.</p>'),(59,'Our Mission','<p>Deliver a superior suite of products and services with limitless passion that exceeds expectations every time.</p>'),(121,NULL,'<p>Bosch power tools services for Callibration are renowned for their quality, durability, and innovative cordless technology. As the authorized distributor of Bosch Power Tools across Dubai, Sharjah, and the UAE, Central Motors &amp; Equipment (CME) offers a complete range of professional tools and accessories for every trade — making us your trusted destination for genuine Bosch products.<br><br>Ensure precision, safety, and compliance with our professional <strong data-start=\"294\" data-end=\"330\">Power Tools Calibration Services</strong>. We specialize in accurate calibration of measuring and alignment tools used in construction, engineering, and industrial environments to guarantee reliable performance and consistent results.</p><p data-start=\"525\" data-end=\"672\">Our calibration services help reduce errors, improve operational efficiency, and ensure your tools meet international quality and safety standards.<br><br>We provide calibration for a wide range of power and measurement tools, including:</p><ul><li>Laser levels &amp; line lasers</li><li>Distance meters</li><li>Torque tools</li><li>Electrical testing instruments</li><li>Measurement and alignment tools</li></ul><p>Each tool is tested using certified reference standards to ensure accuracy and repeatability.</p>'),(125,NULL,'<p>Bosch power tools services for Callibration are renowned for their quality, durability, and innovative cordless technology. As the authorized distributor of Bosch Power Tools across Dubai, Sharjah, and the UAE, Central Motors &amp; Equipment (CME) offers a complete range of professional tools and accessories for every trade — making us your trusted destination for genuine Bosch products.<br><br>Ensure precision, safety, and compliance with our professional <strong data-start=\"294\" data-end=\"330\">Power Tools Calibration Services</strong>. We specialize in accurate calibration of measuring and alignment tools used in construction, engineering, and industrial environments to guarantee reliable performance and consistent results.</p><p data-start=\"525\" data-end=\"672\">Our calibration services help reduce errors, improve operational efficiency, and ensure your tools meet international quality and safety standards.<br><br>We provide calibration for a wide range of power and measurement tools, including:</p><ul><li>Laser levels &amp; line lasers</li><li>Distance meters</li><li>Torque tools</li><li>Electrical testing instruments</li><li>Measurement and alignment tools</li></ul><p>Each tool is tested using certified reference standards to ensure accuracy and repeatability.</p>'),(166,'Safer Stops, Safer Streets','<p>Properly maintained tyres with the right air pressure can significantly reduce stopping distances, helping prevent accidents and protect pedestrians.</p>'),(167,'No Sudden Surprises','<p>A blowout on a busy Dubai highway is a nightmare scenario. Well-maintained tyres drastically reduce this risk, keeping you in control and safe from the dangers of a sudden tyre explosion.</p>'),(258,'Better Driving','<p>Tyres in good condition provide better grip, making driving safer and more controlled.</p>'),(259,'Extend Your Tyre’s Lifespan','<p>Regular repairs and maintenance extend the life of your tyres, saving you money.</p>'),(260,'Improve Fuel Efficiency','<p>Properly inflated tyres reduce friction, decreasing fuel consumption and costs.</p>'),(261,'Fewer Repair Shop Visits','<p>Regular tyre checks help identify issues early, reducing costly repairs down the line</p>'),(418,NULL,'<p>At CME, we know how important good tyres are for smooth handling, better fuel efficiency, and overall road safety. Whether you\'re driving through the busy streets of Abu Dhabi or taking a long trip across Al Ain, keeping your tyres in good shape ensures a safe and comfortable ride.</p><p>Tyre services include important tasks like tyre rotation, fixing punctures, nitrogen filling, and proper fitting. Rotating your tyres regularly helps them wear evenly and last longer. Fixing punctures quickly prevents bigger problems, while nitrogen filling keeps your tyre pressure stable, which improves fuel efficiency. With our complete tyre care services, you can be confident that your car is ready to handle the tough weather and road conditions in the UAE.</p><p>At Tire.ae, we offer professional tyre services across Dubai, Abu Dhabi, and other locations. Our skilled team uses the latest tools to make sure your tyres are always in top condition. Whether you need a quick tyre check or a full replacement, we’re here to help you stay safe and worry-free on the road.</p>'),(419,NULL,'<p>Established in 2002 and certified by Michelin, Tyre Plus is a one-stop shop service that provides a broad range of leading tyre brands, lubricants, batteries, suspension and braking systems.</p><p>Central Motors &amp; Equipment is proud to be the sole licensee of Tyre Plus in Abu Dhabi and Al Ain, enabling us to capitalize upon our entrepreneurship while benefiting from strong manufacturer support.</p><p>Through Central Motors &amp; Equipment-managed service centres in Abu Dhabi and Al Ain, Tyre Plus also delivers wheel alignment, air conditioning refilling and nitrogen inflation – with every service using a unique combination of local knowledge and international expertise.</p><p>Available in 15 countries and has 1,500 branches worldwide, TyrePlus is renowned for offering services that excel in technical capability and competitive pricing with the benefit of a strong brand. All Central Motors &amp; Equipment Tyre Plus centres have professionally trained staff and a comfortable customer environment.</p>'),(420,'Safer Driving','<p>Proper tyre care and timely repairs improve grip, stability, and braking, reducing the risk of accidents.</p>'),(421,'No Flat Tyres','<p><meta charset=\"utf-8\">Tyre maintenance and timely repairs help prevent flat tyres by addressing punctures and weak spots early.</p>'),(422,'Better Driving','<p>Proper tyre care improves handling, traction, and control for a smoother, safer drive.</p>'),(423,'Longer Lifespan','<p>Maintenance and timely repairs help tyres last longer by preventing uneven wear, punctures, and damage.</p>'),(424,'Better Fuel Efficiency','<p>Well-maintained tyres help your engine work more efficiently, leading to better fuel economy.</p>'),(443,'Brake Inspection','<p>Our regional climate is no joke – scorching temps and sandy roads take a toll on your brake pads, wearing them out fast. That\'s why our skilled mechanics and technicians start with a thorough inspection to catch any potential brake issues before they escalate. Here\'s what we check:</p><ul><li>Brake pads and shoes for damage and wear</li><li>Rotors and drums for damage</li><li>Brake lines and hoses for leaks and cracks</li><li>Brake fluid levels and condition</li><li>Overall braking system performance.<br>&nbsp;</li></ul>'),(445,'Break Pad Replacement','<p>Faulty brake pads = compromised safety. That\'s why we check for these signs:</p><ul><li>Squealing or grinding noise when braking</li><li>Reduced braking power</li><li>Brake pad warning light on the dashboard</li><li>If they\'re due for a swap, our standard brake pad replacement includes:</li><li>Removing the old pads</li><li>Inspecting rotors and calipers for damage</li><li>Fitting new, top-quality brake pads</li><li>Testing the brakes for optimal performance.</li></ul>'),(446,'Rotor Resurfacing or Replacement','<p>Your car\'s brake pads rely on rotors to get you to a stop. Over time, these rotors can get damaged or worn out, needing either resurfacing or replacement.</p><p><strong>Rotor Resurfacing:&nbsp;</strong></p><p>We remove a thin layer to restore a smooth surface.</p><p><strong>Rotor Replacement:</strong></p><p>If damage is too severe, we\'ll swap them out:- Remove the old rotors</p><ul><li>Install new, top-notch rotors</li><li>Check alignment and function for safe braking.</li></ul>'),(471,'Brake Fluid Replacement','<p>Dirty or low brake fluid? That\'s a recipe for brake failure. Over time, brake fluid gets contaminated, losing its effectiveness. Stick to your car\'s maintenance schedule and replace it when needed. Our brake fluid exchange service covers:</p><ul><li>Draining the old fluid</li><li>Flushing the reservoir and lines</li><li>Refilling with fresh, clean fluid</li><li>Bleeding the brakes for optimal pressure and air bubble removal.</li></ul>'),(472,'Full Brake System Overhaul','<p>Got complex brake issues? Our comprehensive brake system repair is here to save the day. We go all out:</p><ul><li>Thorough check of brake pads, rotors, calipers, lines, and master cylinder</li><li>Repair or replace components as needed</li><li>System-wide inspection for seamless performance</li><li>Full system test for optimal safety and performance</li></ul><p>Your safety\'s our priority – we\'ll get you stopping smoothly and driving safely.</p>'),(509,'Engine Oil Replacement','<p>Our expert team swaps out your engine oil with top-notch oils, specifically chosen for your vehicle\'s make and model. From compact cars to larger vehicles, we pick the perfect oil to keep your engine purring smoothly.</p>'),(510,'Replacement of Oil Filter','<p>We replace your oil filter as part of our oil change service, ensuring your engine stays clean and runs at peak performance by keeping contaminants out.</p>'),(511,'Check and Top-Up Fluids','<p>With every oil change, we check and top up your vehicle\'s vital fluids, including brake fluid, power steering fluid, and transmission fluid, to keep your ride running smoothly.</p>'),(515,'Increase Grip & Stability','<p>Misaligned wheels can make your vehicle pull to one side or feel unstable, but proper alignment lets your car drive straight and handle smoothly, making it easier to steer.</p>'),(516,'Longer Life for Tyres','<p>Misalignment usually leads to uneven tire wear, thus you have to replace your tires much sooner. A regular check-up for wheel alignment will prevent premature tire wear, saving you bucks.</p>'),(517,'Improve Fuel Efficiency','<p>When properly aligned, a vehicle needs less energy to move forward, which improves fuel economy and, in effect, lowers fuel consumption.</p>'),(518,'Safety Is Top Priority','<p>Misaligned wheels can compromise brake grip, cornering, and overall handling, putting you at risk. Proper alignment keeps you and your passengers safer by ensuring your car responds predictably to your inputs.</p>'),(523,'Turbo Service','<p>Proper tyre care and timely repairs improve grip, stability, and braking, reducing the risk of accidents.</p>'),(524,'Engine Service','<p>Tyre maintenance and timely repairs help prevent flat tyres by addressing punctures and weak spots early.</p>'),(525,'Engine Service','<p>Proper tyre care improves handling, traction, and control for a smoother, safer drive.</p>'),(586,'What Is The Difference Between Nitrogen and Air in Tyres?','<p>Nitrogen-filled tyres maintain consistent pressure longer, reduce internal moisture/corrosion, and offer better stability, while normal air is cheaper and readily available. Nitrogen molecules are larger and leak slower (1-3 PSI loss/month for air vs. almost none for nitrogen). Nitrogen is ideal for high-speed/long-distance, while normal air is fine for daily driving</p>'),(587,'How To Find The Correct Tyre Pressure','<p>Air pressure can be easily checked with the help of a calibrated accurate air pressure gauge. An air gauge is fairly cheap and a handy device that helps you easily check your car tyre pressure yourself.&nbsp;<br>To check the air pressure, take the cap off the valve and put the gauge on the valve. The gauge will show the pressure reading. If it doesn’t match the one mentioned on your placard or owner’s manual then you might have to add or remove air until it reaches the recommended number. Once that is done check the air pressure again with the gauge to make sure your tyres are inflated correctly. At the end do not forget to place the cap back to the valve stem. Check all your tyres including the spare if your car has one. In case the spare is a space saver type, follow the recommended pressure posted on its rim.</p>'),(613,'Smooth driving','<p>Balanced wheels mean no wobble or vibrations, making long drives smoother and more comfortable.</p>'),(614,'Longer tyre life','<p>Even weight distribution reduces uneven tread wear, meaning you get the full value out of&nbsp;your new tyre.</p>'),(615,'Fuel efficiency & safety','<p>Balanced wheels keep brakes and suspension in check, boosting braking performance and reliability.</p>'),(657,'Turbo Service','<p>Proper tyre care and timely repairs improve grip, stability, and braking, reducing the risk of accidents.</p>'),(658,'Engine Service','<p>Tyre maintenance and timely repairs help prevent flat tyres by addressing punctures and weak spots early.</p>'),(659,'Engine Service','<p>Proper tyre care improves handling, traction, and control for a smoother, safer drive.</p>'),(660,'Turbo Service','<p>Proper tyre care and timely repairs improve grip, stability, and braking, reducing the risk of accidents.</p>'),(661,'Engine Service','<p>Tyre maintenance and timely repairs help prevent flat tyres by addressing punctures and weak spots early.</p>'),(662,'Engine Service','<p>Proper tyre care improves handling, traction, and control for a smoother, safer drive.</p>'),(760,'Battery Testing & Diagnostics','<p>We don\'t just jump to conclusions. Our expert technicians run a thorough diagnostic check to assess your battery\'s health, checking for corrosion, leaks, and charge performance. We\'ll give you the lowdown and recommend the best solution for your ride. Fast, reliable, and hassle-free –that\'s how we roll</p>'),(761,'Premium Car Batteries','<p>We\'ve got a massive selection of high-quality car batteries from top brands, so you\'ll find the perfect fit for your ride. From standard replacements to high-performance batteries for specialized vehicles, we\'re sorted. And with transparent, competitive pricing across Dubai, Abu Dhabi, and the UAE, you know you\'re getting the best deal for top-notch products and service.</p>'),(800,NULL,'<p>As one of the UAE’s foremost providers of Automotive parts and equipments, Central Motors &amp; Equipment offers a diverse range of brands, products and services to its customers. Working in both wholesale and retail markets, the company comprises of four major divisions: Tyres; Automotive Parts, Power Tools and Tyreplus Services.<br>A member of ALFAHIM automotive division, Central Motors &amp; Equipment embodies the four corporate values of its parent company: humanity, honesty, substance and foresight.<br>Since its inception, Central Motors &amp; Equipment has become exclusive distributor of Michelin in Abu Dhabi and Al Ain, and a distributor of Bosch Automotive Aftermarket &amp; Power Tools solutions across the UAE. In addition, the company represents industry leading brands such as Tyreplus, Knorr-Bremse, Dremel, Osram, Valeo, Zexel, NRF, JP Group, Cyclo, HC Cargo, Grantex, CLAS, ASNU, Sicam, Manatec, HPA, Optima, Eveready, Autopart, Bosch Diesel Service, Bosch Car Service.</p>'),(801,'Our Vision','<p>To be the best in class in all that we do for, and in, our community.</p>'),(802,'Our Mission','<p>Deliver a superior suite of products and services with limitless passion that exceeds expectations every time.</p>'),(805,'Brake Inspection','<p>Our regional climate is no joke – scorching temps and sandy roads take a toll on your brake pads, wearing them out fast. That\'s why our skilled mechanics and technicians start with a thorough inspection to catch any potential brake issues before they escalate. Here\'s what we check:</p><ul><li>Brake pads and shoes for damage and wear</li><li>Rotors and drums for damage</li><li>Brake lines and hoses for leaks and cracks</li><li>Brake fluid levels and condition</li><li>Overall braking system performance.<br>&nbsp;</li></ul>'),(806,'Break Pad Replacement','<p>Faulty brake pads = compromised safety. That\'s why we check for these signs:</p><ul><li>Squealing or grinding noise when braking</li><li>Reduced braking power</li><li>Brake pad warning light on the dashboard</li><li>If they\'re due for a swap, our standard brake pad replacement includes:</li><li>Removing the old pads</li><li>Inspecting rotors and calipers for damage</li><li>Fitting new, top-quality brake pads</li><li>Testing the brakes for optimal performance.</li></ul>'),(807,'Rotor Resurfacing or Replacement','<p>Your car\'s brake pads rely on rotors to get you to a stop. Over time, these rotors can get damaged or worn out, needing either resurfacing or replacement.</p><p><strong>Rotor Resurfacing:&nbsp;</strong></p><p>We remove a thin layer to restore a smooth surface.</p><p><strong>Rotor Replacement:</strong></p><p>If damage is too severe, we\'ll swap them out:- Remove the old rotors</p><ul><li>Install new, top-notch rotors</li><li>Check alignment and function for safe braking.</li></ul>'),(808,'Brake Fluid Replacement','<p>Dirty or low brake fluid? That\'s a recipe for brake failure. Over time, brake fluid gets contaminated, losing its effectiveness. Stick to your car\'s maintenance schedule and replace it when needed. Our brake fluid exchange service covers:</p><ul><li>Draining the old fluid</li><li>Flushing the reservoir and lines</li><li>Refilling with fresh, clean fluid</li><li>Bleeding the brakes for optimal pressure and air bubble removal.</li></ul>'),(809,'Full Brake System Overhaul','<p>Got complex brake issues? Our comprehensive brake system repair is here to save the day. We go all out:</p><ul><li>Thorough check of brake pads, rotors, calipers, lines, and master cylinder</li><li>Repair or replace components as needed</li><li>System-wide inspection for seamless performance</li><li>Full system test for optimal safety and performance</li></ul><p>Your safety\'s our priority – we\'ll get you stopping smoothly and driving safely.</p>'),(822,'Safer Stops, Safer Streets','<p>Properly maintained tyres with the right air pressure can significantly reduce stopping distances, helping prevent accidents and protect pedestrians.</p>'),(823,'No Sudden Surprises','<p>A blowout on a busy Dubai highway is a nightmare scenario. Well-maintained tyres drastically reduce this risk, keeping you in control and safe from the dangers of a sudden tyre explosion.</p>'),(824,'Better Driving','<p>Tyres in good condition provide better grip, making driving safer and more controlled.</p>'),(825,'Extend Your Tyre’s Lifespan','<p>Regular repairs and maintenance extend the life of your tyres, saving you money.</p>'),(826,'Improve Fuel Efficiency','<p>Properly inflated tyres reduce friction, decreasing fuel consumption and costs.</p>'),(827,'Fewer Repair Shop Visits','<p>Regular tyre checks help identify issues early, reducing costly repairs down the line</p>'),(833,NULL,NULL),(834,'Battery Testing & Diagnostics','<p>We don\'t just jump to conclusions. Our expert technicians run a thorough diagnostic check to assess your battery\'s health, checking for corrosion, leaks, and charge performance. We\'ll give you the lowdown and recommend the best solution for your ride. Fast, reliable, and hassle-free –that\'s how we roll</p>'),(835,'Premium Car Batteries','<p>We\'ve got a massive selection of high-quality car batteries from top brands, so you\'ll find the perfect fit for your ride. From standard replacements to high-performance batteries for specialized vehicles, we\'re sorted. And with transparent, competitive pricing across Dubai, Abu Dhabi, and the UAE, you know you\'re getting the best deal for top-notch products and service.</p>'),(839,'What Is The Difference Between Nitrogen and Air in Tyres?','<p>Nitrogen-filled tyres maintain consistent pressure longer, reduce internal moisture/corrosion, and offer better stability, while normal air is cheaper and readily available. Nitrogen molecules are larger and leak slower (1-3 PSI loss/month for air vs. almost none for nitrogen). Nitrogen is ideal for high-speed/long-distance, while normal air is fine for daily driving</p>'),(840,'How To Find The Correct Tyre Pressure','<p>Air pressure can be easily checked with the help of a calibrated accurate air pressure gauge. An air gauge is fairly cheap and a handy device that helps you easily check your car tyre pressure yourself.&nbsp;<br>To check the air pressure, take the cap off the valve and put the gauge on the valve. The gauge will show the pressure reading. If it doesn’t match the one mentioned on your placard or owner’s manual then you might have to add or remove air until it reaches the recommended number. Once that is done check the air pressure again with the gauge to make sure your tyres are inflated correctly. At the end do not forget to place the cap back to the valve stem. Check all your tyres including the spare if your car has one. In case the spare is a space saver type, follow the recommended pressure posted on its rim.</p>'),(841,'Engine Oil Replacement','<p>Our expert team swaps out your engine oil with top-notch oils, specifically chosen for your vehicle\'s make and model. From compact cars to larger vehicles, we pick the perfect oil to keep your engine purring smoothly.</p>'),(842,'Replacement of Oil Filter','<p>We replace your oil filter as part of our oil change service, ensuring your engine stays clean and runs at peak performance by keeping contaminants out.</p>'),(843,'Check and Top-Up Fluids','<p>With every oil change, we check and top up your vehicle\'s vital fluids, including brake fluid, power steering fluid, and transmission fluid, to keep your ride running smoothly.</p>'),(844,'Smooth driving','<p>Balanced wheels mean no wobble or vibrations, making long drives smoother and more comfortable.</p>'),(845,'Longer tyre life','<p>Even weight distribution reduces uneven tread wear, meaning you get the full value out of&nbsp;your new tyre.</p>'),(846,'Fuel efficiency & safety','<p>Balanced wheels keep brakes and suspension in check, boosting braking performance and reliability.</p>'),(847,'Increase Grip & Stability','<p>Misaligned wheels can make your vehicle pull to one side or feel unstable, but proper alignment lets your car drive straight and handle smoothly, making it easier to steer.</p>'),(848,'Longer Life for Tyres','<p>Misalignment usually leads to uneven tire wear, thus you have to replace your tires much sooner. A regular check-up for wheel alignment will prevent premature tire wear, saving you bucks.</p>'),(849,'Improve Fuel Efficiency','<p>When properly aligned, a vehicle needs less energy to move forward, which improves fuel economy and, in effect, lowers fuel consumption.</p>'),(850,'Safety Is Top Priority','<p>Misaligned wheels can compromise brake grip, cornering, and overall handling, putting you at risk. Proper alignment keeps you and your passengers safer by ensuring your car responds predictably to your inputs.</p>'),(851,'Turbo Service','<p>Proper tyre care and timely repairs improve grip, stability, and braking, reducing the risk of accidents.</p>'),(852,'Engine Service','<p>Tyre maintenance and timely repairs help prevent flat tyres by addressing punctures and weak spots early.</p>'),(853,'Engine Service','<p>Proper tyre care improves handling, traction, and control for a smoother, safer drive.</p>');

--
-- Table structure for table `components_common_title_descs`
--

CREATE TABLE `components_common_title_descs` (
  `id` int unsigned NOT NULL AUTO_INCREMENT,
  `title` varchar(255) DEFAULT NULL,
  `description` longtext,
  PRIMARY KEY (`id`)
) ENGINE=InnoDB AUTO_INCREMENT=407 DEFAULT CHARSET=utf8mb4 COLLATE=utf8mb4_0900_ai_ci;

--
-- Dumping data for table `components_common_title_descs`
--

INSERT INTO `components_common_title_descs` VALUES (1,'Book a Service','TyrePlus is known for quality service, technical expertise, and competitive pricing.'),(2,'Mobile Service','TyrePlus is known for quality service, technical expertise, and competitive pricing.'),(17,'Service Enquiry','Tell us what you need, and our service team will assist you promptly.'),(18,'Mobile Service','Tell us what you need, and our service team will assist you promptly.'),(37,'Service Enquiry','Tell us what you need, and our service team will assist you promptly.'),(38,'Mobile Service','Tell us what you need, and our service team will assist you promptly.'),(67,'Service Enquiry','Tell us what you need, and our service team will assist you promptly.'),(68,'Mobile Service','Tell us what you need, and our service team will assist you promptly.'),(99,'Service Enquiry','Tell us what you need, and our service team will assist you promptly.'),(100,'Mobile Service','Tell us what you need, and our service team will assist you promptly.'),(107,'Service Enquiry','Tell us what you need, and our service team will assist you promptly.'),(108,'Mobile Service','Tell us what you need, and our service team will assist you promptly.'),(145,'Service Enquiry','Tell us what you need, and our service team will assist you promptly.'),(146,'Mobile Service','Tell us what you need, and our service team will assist you promptly.'),(165,'Service Enquiry','Tell us what you need, and our service team will assist you promptly.'),(166,'Mobile Service','Tell us what you need, and our service team will assist you promptly.'),(171,'Service Enquiry','Tell us what you need, and our service team will assist you promptly.'),(172,'Mobile Service','Tell us what you need, and our service team will assist you promptly.'),(193,'Service Enquiry','Tell us what you need, and our service team will assist you promptly.'),(194,'Mobile Service','Tell us what you need, and our service team will assist you promptly.'),(207,'Service Enquiry','Tell us what you need, and our service team will assist you promptly.'),(208,'Mobile Service','Tell us what you need, and our service team will assist you promptly.'),(209,'Service Enquiry','Tell us what you need, and our service team will assist you promptly.'),(210,'Mobile Service','Tell us what you need, and our service team will assist you promptly.'),(253,'Service Enquiry','Tell us what you need, and our service team will assist you promptly.'),(254,'Mobile Service','Tell us what you need, and our service team will assist you promptly.'),(255,'Service Enquiry','Tell us what you need, and our service team will assist you promptly.'),(256,'Mobile Service','Tell us what you need, and our service team will assist you promptly.'),(319,'Service Enquiry','Tell us what you need, and our service team will assist you promptly.'),(320,'Mobile Service','Tell us what you need, and our service team will assist you promptly.'),(355,'Service Enquiry','Tell us what you need, and our service team will assist you promptly.'),(356,'Mobile Service','Tell us what you need, and our service team will assist you promptly.'),(365,'Service Enquiry','Tell us what you need, and our service team will assist you promptly.'),(366,'Mobile Service','Tell us what you need, and our service team will assist you promptly.'),(373,'Service Enquiry','Tell us what you need, and our service team will assist you promptly.'),(374,'Mobile Service','Tell us what you need, and our service team will assist you promptly.'),(375,'Service Enquiry','Tell us what you need, and our service team will assist you promptly.'),(376,'Mobile Service','Tell us what you need, and our service team will assist you promptly.'),(381,'Service Enquiry','Tell us what you need, and our service team will assist you promptly.'),(382,'Mobile Service','Tell us what you need, and our service team will assist you promptly.'),(383,'Service Enquiry','Tell us what you need, and our service team will assist you promptly.'),(384,'Mobile Service','Tell us what you need, and our service team will assist you promptly.'),(385,'Service Enquiry','Tell us what you need, and our service team will assist you promptly.'),(386,'Mobile Service','Tell us what you need, and our service team will assist you promptly.'),(387,'Service Enquiry','Tell us what you need, and our service team will assist you promptly.'),(388,'Mobile Service','Tell us what you need, and our service team will assist you promptly.'),(389,'Service Enquiry','Tell us what you need, and our service team will assist you promptly.'),(390,'Mobile Service','Tell us what you need, and our service team will assist you promptly.'),(393,'Service Enquiry','Tell us what you need, and our service team will assist you promptly.'),(394,'Mobile Service','Tell us what you need, and our service team will assist you promptly.'),(395,'Service Enquiry','Tell us what you need, and our service team will assist you promptly.'),(396,'Mobile Service','Tell us what you need, and our service team will assist you promptly.'),(397,'Service Enquiry','Tell us what you need, and our service team will assist you promptly.'),(398,'Mobile Service','Tell us what you need, and our service team will assist you promptly.'),(401,'Book a Service','TyrePlus is known for quality service, technical expertise, and competitive pricing.'),(402,'Mobile Service','TyrePlus is known for quality service, technical expertise, and competitive pricing.'),(403,'Service Enquiry','Tell us what you need, and our service team will assist you promptly.'),(404,'Service Enquiry','Tell us what you need, and our service team will assist you promptly.'),(405,'Service Enquiry','Tell us what you need, and our service team will assist you promptly.'),(406,'Service Enquiry','Tell us what you need, and our service team will assist you promptly.');

--
-- Table structure for table `components_common_title_with_descs`
--

CREATE TABLE `components_common_title_with_descs` (
  `id` int unsigned NOT NULL AUTO_INCREMENT,
  `title` longtext,
  `sub_title` varchar(255) DEFAULT NULL,
  `description` longtext,
  `horizontal_alignment` varchar(255) DEFAULT NULL,
  PRIMARY KEY (`id`)
) ENGINE=InnoDB AUTO_INCREMENT=430 DEFAULT CHARSET=utf8mb4 COLLATE=utf8mb4_0900_ai_ci;

--
-- Dumping data for table `components_common_title_with_descs`
--

INSERT INTO `components_common_title_with_descs` VALUES (1,'Your One-Stop Destination for Tyre Services','Your Trusted Partner Across the UAE','<p>We provides expert tyre services in Dubai, Abu Dhabi, and the UAE, offering tyre fitting, rotation, and puncture repair services. Our experienced team guarantees that your tyres are properly maintained for enhanced safety, longevity, and performance on the road.</p>',NULL),(11,'How often should I get my tyres checked or serviced?',NULL,'<p><meta charset=\"utf-8\"><span style=\"white-space:pre-wrap;\">Regularly check tyre pressure, rotate your tyres every 8,000–10,000 km, ensure proper wheel alignment, and avoid sudden braking or speeding. Routine inspections and timely repairs also help extend tyre life.</span></p>',NULL),(12,'How can I extend the lifespan of my tyres?',NULL,'<p><meta charset=\"utf-8\"><span style=\"white-space:pre-wrap;\">Regularly check tyre pressure, rotate your tyres every 8,000–10,000 km, ensure proper wheel alignment, and avoid sudden braking or speeding. Routine inspections and timely repairs also help extend tyre life.</span></p>',NULL),(13,'What are the signs that my tyres need replacement or repair?',NULL,'<p><meta charset=\"utf-8\"><span style=\"white-space:pre-wrap;\">Regularly check tyre pressure, rotate your tyres every 8,000–10,000 km, ensure proper wheel alignment, and avoid sudden braking or speeding. Routine inspections and timely repairs also help extend tyre life.</span></p>',NULL),(18,'Complete Tyre Care','Professional fitting, balancing, repairs, and maintenance to keep your tyres performing at their best.',NULL,NULL),(24,'Your Trusted Partner Across the UAE',NULL,NULL,NULL),(25,'Your Trusted Partner Across the UAE',NULL,NULL,NULL),(32,'Your one destination for Callibration Services','Your Trusted Partner Across the UAE','<p>We provides expert tyre services in Dubai, Abu Dhabi, and the UAE, offering calliberation services</p>',NULL),(38,'Your one destination for Callibration Services','Your Trusted Partner Across the UAE','<p>We provides expert tyre services in Dubai, Abu Dhabi, and the UAE, offering calliberation services</p>',NULL),(175,'What Is Tyre Rotation?',NULL,'<p>Tyre rotation is a simple yet effective way to extend the life of your tyres and ensure even wear. By moving tyres from one position to another, we balance wear patterns and reduce stress on individual tyres. Front tyres typically wear faster due to steering and braking forces, while weight distribution affects wear rates. Our technicians conduct thorough wheel tracking and rotation, moving tyres from rear to front and front to rear, ensuring proper steering and handling of your vehicle. This simple process can make a big difference in your vehicle\'s performance and tyre lifespan.</p>','left'),(176,'Enhanced Vehicle Performance & Safety',NULL,'<ul><li><strong>Extended Tyre Life: </strong>Rotate every 8,000-10,000 km to extend lifespan by up to 25%</li><li><strong>Improved Performance:</strong> Even wear ensures consistent handling, braking, and traction</li><li><strong>Enhanced Safety: </strong>Uniform wear reduces blowout risk and improves stability</li><li><strong>Better Fuel Efficiency:</strong> Evenly worn tyres reduce rolling resistance, saving fuel costs</li><li><strong>Warranty Protection:</strong> Regular rotation required by many tyre manufacturers to maintain warranty</li></ul>','left'),(200,'Your One-Stop Destination for Tyre Services','Your Trusted Partner Across the UAE','<p>We provides expert tyre services in Dubai, Abu Dhabi, and the UAE, offering tyre fitting, rotation, and puncture repair services. Our experienced team guarantees that your tyres are properly maintained for enhanced safety, longevity, and performance on the road.</p>',NULL),(201,'How often should I get my tyres checked or serviced?',NULL,'<p><meta charset=\"utf-8\"><span style=\"white-space:pre-wrap;\">Regularly check tyre pressure, rotate your tyres every 8,000–10,000 km, ensure proper wheel alignment, and avoid sudden braking or speeding. Routine inspections and timely repairs also help extend tyre life.</span></p>',NULL),(202,'How can I extend the lifespan of my tyres?',NULL,'<p><meta charset=\"utf-8\"><span style=\"white-space:pre-wrap;\">Regularly check tyre pressure, rotate your tyres every 8,000–10,000 km, ensure proper wheel alignment, and avoid sudden braking or speeding. Routine inspections and timely repairs also help extend tyre life.</span></p>',NULL),(203,'What are the signs that my tyres need replacement or repair?',NULL,'<p><meta charset=\"utf-8\"><span style=\"white-space:pre-wrap;\">Regularly check tyre pressure, rotate your tyres every 8,000–10,000 km, ensure proper wheel alignment, and avoid sudden braking or speeding. Routine inspections and timely repairs also help extend tyre life.</span></p>',NULL),(215,NULL,NULL,'<p><img src=\"https://d1i031whgqu7f4.cloudfront.net/Group_10_bbe0a4aed5.png\" alt=\"Group 10.png\" srcset=\"https://d1i031whgqu7f4.cloudfront.net/thumbnail_Group_10_bbe0a4aed5.png 212w,https://d1i031whgqu7f4.cloudfront.net/small_Group_10_bbe0a4aed5.png 500w,https://d1i031whgqu7f4.cloudfront.net/medium_Group_10_bbe0a4aed5.png 750w,https://d1i031whgqu7f4.cloudfront.net/large_Group_10_bbe0a4aed5.png 1000w,\" sizes=\"100vw\" width=\"1768\" height=\"1302\"></p>','left'),(229,'Benefits of Nitrogen Inflation',NULL,'<ul><li><strong>Better Pressure Retention: </strong>Nitrogen molecules escape 3-4 times slower than regular air, keeping your tyres properly inflated longer between checks.</li><li><strong>Temperature Stability: </strong>Nitrogen provides consistent pressure despite UAE\'s extreme heat, with less variation between cool mornings and scorching afternoons when road temperatures exceed 70°C.</li><li><strong>Prevents Corrosion:</strong> Moisture-free nitrogen prevents internal wheel corrosion and protects TPMS sensors, extending wheel lifespan.</li><li><strong>Reduced Heat Buildup: </strong>Nitrogen runs cooler during extended highway driving, reducing thermal degradation and extending tyre life.</li><li><strong>Better Performance: </strong>Consistent pressure improves fuel efficiency, handling, braking, and overall safety.</li></ul>','left'),(230,'Why Choose Nitrogen Over Regular Air?',NULL,'<p>Regular compressed air contains oxygen molecules that are smaller than nitrogen molecules, allowing them to permeate through tyre rubber more quickly. This leads to faster pressure loss over time. Additionally, the moisture in compressed air can cause internal corrosion of wheels and pressure fluctuations as temperatures change. Nitrogen addresses these issues by providing a more stable, dry inflation medium.</p>','left'),(231,'Is Nitrogen Right for Your Vehicle?',NULL,'<p>Nitrogen inflation benefits all vehicles but proves particularly valuable for high-performance cars, luxury vehicles, SUVs used for long-distance highway driving, commercial vehicles requiring consistent performance, and any vehicle operating in the UAE\'s demanding climate. Vehicles with TPMS systems especially benefit from nitrogen\'s stability, as it reduces false pressure warnings caused by temperature fluctuations.</p>','left'),(238,'Maintaining Nitrogen-Filled Tyres',NULL,'<p>Even with nitrogen, regular pressure checks are a must. Check your tyre pressure monthly and before long trips - nitrogen-filled tyres just need less frequent top-ups. If you need air and nitrogen\'s not available, regular air\'s fine to top up with, but it\'ll dilute the nitrogen benefits. For optimal results, hit up CME for nitrogen top-ups and keep those tyres in top shape.</p>','left'),(239,'Nitrogen Inflation Myths vs. Facts',NULL,'<p>Think nitrogen\'s just for race cars or planes? Think again! Modern equipment makes it a practical choice for everyday vehicles. Nitrogen reduces pressure loss, but doesn\'t mean you can skip pressure checks - punctures, valve leaks, or bead issues can still cause problems. The benefits are real, though: better pressure retention and temperature stability.</p>','left'),(265,'Air Conditioning Service',NULL,'<p>Maintaining your vehicle\'s air conditioning system is crucial for a comfortable driving experience, particularly during extreme temperatures. The AC system not only regulates temperature but also controls humidity, contributing to a healthier in-cab environment. Regular maintenance is essential to ensure optimal performance. It\'s worth noting that incorrect refrigerant gas levels can lead to system failure, increased fuel consumption, and reduced efficiency.</p><p>Approximately up to 20% of air conditioning gas is lost from a car air conditioning system each year which is why we recommend you have your system checked on a regular basis Benefits</p><ul><li>Cooler drives, happier rides</li><li>Safer with a demisted windscreen</li><li>Boost your car\'s performance &amp; fuel efficiency</li><li>Breathe easy – AC checks remove airborne contaminants</li></ul>','left'),(266,'What is Car AC Maintenance?',NULL,'<p>Car AC maintenance includes a thorough inspection, cleaning, and servicing of your vehicle\'s air conditioning system. We check refrigerant levels, test system pressure, inspect for leaks or damage, clean filters, and fine-tune performance for optimal cooling. Regular maintenance prevents breakdowns and keeps your AC running strong.</p>','left'),(267,'Why AC Maintenance is Critical in the UAE',NULL,'<p>The UAE\'s scorching climate is tough on car AC systems. With temps soaring above 40°C and cabins hitting 70°C in direct sun, your AC works overtime. This leads to faster wear, quicker refrigerant loss, and potential system failures if neglected. Skipping AC maintenance isn\'t just uncomfortable – it can impact your focus, hike fuel costs, and bring pricey repairs. Regular checks keep your ride cool, safe, and comfy.</p>','left'),(268,'What Our AC Service Includes',NULL,'<ol><li>Complete system diagnostic and pressure testing</li><li>Refrigerant recovery and recharge to manufacturer specifications</li><li>Leak detection and repair</li><li>Cabin air filter inspection and replacement</li><li>Evaporator and ventilation system cleaning</li><li>Compressor operation check</li><li>Condenser cleaning and inspection</li><li>Belt and pulley inspection</li><li>Temperature output verification</li><li>Full system performance report</li></ol>','left'),(269,'Benefits of Regular AC Maintenance',NULL,'<p>Regular AC servicing ensures optimal performance in UAE\'s extreme temperatures, improving fuel efficiency by up to 10% and extending the lifespan of AC components. This maintenance also promotes healthier cabin air quality, crucial for families and individuals with allergies. Early issue detection prevents costly repairs, while a well-maintained system enhances overall driving comfort and adds value to your vehicle in the UAE market.</p>','left'),(308,'Accurate wheel balancing with CME experts',NULL,'<ul><li><strong>Precision Detection:</strong> We use advanced 6-axis wheel balancers and weighing systems to detect even the slightest imbalance.</li><li><strong>Advanced Analysis:</strong> Our sensor-driven analysis identifies problem areas.</li><li><strong>Accurate Balancing:</strong> We apply counterweights or high-quality mastic as needed to achieve perfect balance.</li><li><strong>Quality Check:</strong> We double-check the wheel\'s vibration levels against OEM specs after balancing.</li></ul>','left'),(311,'What is the typical turnaround time?',NULL,'<ul><li>For a Standard Tyre Change + Wheel Balancing –&nbsp;30‑45 minutes</li><li>Entirety of Heavy Duty / SUV Kit –&nbsp;45‑60 minutes&nbsp;</li></ul><p>We announce the exact ETA during booking, so your schedule stays intact.</p>','left'),(312,'Will I receive a balancing tag or data sheet?',NULL,'<p>A Balancing Report Card shows the cross‑wheel and in‑wheel values pre‑ and post‑balance. We “caption” each wheel with a permanent label containing the balancing points, useful for any&nbsp;future checks or repairs.</p>','left'),(328,NULL,NULL,NULL,NULL),(329,NULL,NULL,NULL,NULL),(353,NULL,NULL,'<p>Bosch offers you the appropriate spare parts for your tools, such as angle grinders or drills: from the armature, to the carbon brushes, through to the batteries and chargers.</p><p>Here you can access our spare parts catalogue and identify the parts of your requirements.</p><p>&nbsp;</p>','left'),(357,'MEASURING TOOL CALIBRATION',NULL,'<p>We take on the job of calibrating your measuring tools so that you can work reliably.</p><p>The Bosch calibration service is fast, precise and reliable.</p>','left'),(358,'Our calibration services:',NULL,'<ul><li>Cleaning the tool</li><li>Checking the measuring accuracy</li><li>If required: Adjusting of the tool</li><li>Documenting all measured values</li></ul>','left'),(379,'Complete Automotive Spareparts Care','lorem ipsum dolor sit amet',NULL,'center'),(381,'Complete Powertools Care','lorem ipsum dolor sit amet',NULL,'left'),(386,'Complete Powertools Care','lorem ipsum dolor sit amet',NULL,'left'),(402,'Complete Tyre Care','Professional fitting, balancing, repairs, and maintenance to keep your tyres performing at their best.',NULL,NULL),(403,'Complete Automotive Spareparts Care','lorem ipsum dolor sit amet',NULL,'center'),(404,'Air Conditioning Service',NULL,'<p>Maintaining your vehicle\'s air conditioning system is crucial for a comfortable driving experience, particularly during extreme temperatures. The AC system not only regulates temperature but also controls humidity, contributing to a healthier in-cab environment. Regular maintenance is essential to ensure optimal performance. It\'s worth noting that incorrect refrigerant gas levels can lead to system failure, increased fuel consumption, and reduced efficiency.</p><p>Approximately up to 20% of air conditioning gas is lost from a car air conditioning system each year which is why we recommend you have your system checked on a regular basis Benefits</p><ul><li>Cooler drives, happier rides</li><li>Safer with a demisted windscreen</li><li>Boost your car\'s performance &amp; fuel efficiency</li><li>Breathe easy – AC checks remove airborne contaminants</li></ul>','left'),(405,'What is Car AC Maintenance?',NULL,'<p>Car AC maintenance includes a thorough inspection, cleaning, and servicing of your vehicle\'s air conditioning system. We check refrigerant levels, test system pressure, inspect for leaks or damage, clean filters, and fine-tune performance for optimal cooling. Regular maintenance prevents breakdowns and keeps your AC running strong.</p>','left'),(406,'Why AC Maintenance is Critical in the UAE',NULL,'<p>The UAE\'s scorching climate is tough on car AC systems. With temps soaring above 40°C and cabins hitting 70°C in direct sun, your AC works overtime. This leads to faster wear, quicker refrigerant loss, and potential system failures if neglected. Skipping AC maintenance isn\'t just uncomfortable – it can impact your focus, hike fuel costs, and bring pricey repairs. Regular checks keep your ride cool, safe, and comfy.</p>','left'),(407,'What Our AC Service Includes',NULL,'<ol><li>Complete system diagnostic and pressure testing</li><li>Refrigerant recovery and recharge to manufacturer specifications</li><li>Leak detection and repair</li><li>Cabin air filter inspection and replacement</li><li>Evaporator and ventilation system cleaning</li><li>Compressor operation check</li><li>Condenser cleaning and inspection</li><li>Belt and pulley inspection</li><li>Temperature output verification</li><li>Full system performance report</li></ol>','left'),(408,'Benefits of Regular AC Maintenance',NULL,'<p>Regular AC servicing ensures optimal performance in UAE\'s extreme temperatures, improving fuel efficiency by up to 10% and extending the lifespan of AC components. This maintenance also promotes healthier cabin air quality, crucial for families and individuals with allergies. Early issue detection prevents costly repairs, while a well-maintained system enhances overall driving comfort and adds value to your vehicle in the UAE market.</p>','left'),(411,'Benefits of Nitrogen Inflation',NULL,'<ul><li><strong>Better Pressure Retention: </strong>Nitrogen molecules escape 3-4 times slower than regular air, keeping your tyres properly inflated longer between checks.</li><li><strong>Temperature Stability: </strong>Nitrogen provides consistent pressure despite UAE\'s extreme heat, with less variation between cool mornings and scorching afternoons when road temperatures exceed 70°C.</li><li><strong>Prevents Corrosion:</strong> Moisture-free nitrogen prevents internal wheel corrosion and protects TPMS sensors, extending wheel lifespan.</li><li><strong>Reduced Heat Buildup: </strong>Nitrogen runs cooler during extended highway driving, reducing thermal degradation and extending tyre life.</li><li><strong>Better Performance: </strong>Consistent pressure improves fuel efficiency, handling, braking, and overall safety.</li></ul>','left'),(412,'Why Choose Nitrogen Over Regular Air?',NULL,'<p>Regular compressed air contains oxygen molecules that are smaller than nitrogen molecules, allowing them to permeate through tyre rubber more quickly. This leads to faster pressure loss over time. Additionally, the moisture in compressed air can cause internal corrosion of wheels and pressure fluctuations as temperatures change. Nitrogen addresses these issues by providing a more stable, dry inflation medium.</p>','left'),(413,'Is Nitrogen Right for Your Vehicle?',NULL,'<p>Nitrogen inflation benefits all vehicles but proves particularly valuable for high-performance cars, luxury vehicles, SUVs used for long-distance highway driving, commercial vehicles requiring consistent performance, and any vehicle operating in the UAE\'s demanding climate. Vehicles with TPMS systems especially benefit from nitrogen\'s stability, as it reduces false pressure warnings caused by temperature fluctuations.</p>','left'),(414,'Maintaining Nitrogen-Filled Tyres',NULL,'<p>Even with nitrogen, regular pressure checks are a must. Check your tyre pressure monthly and before long trips - nitrogen-filled tyres just need less frequent top-ups. If you need air and nitrogen\'s not available, regular air\'s fine to top up with, but it\'ll dilute the nitrogen benefits. For optimal results, hit up CME for nitrogen top-ups and keep those tyres in top shape.</p>','left'),(415,'Nitrogen Inflation Myths vs. Facts',NULL,'<p>Think nitrogen\'s just for race cars or planes? Think again! Modern equipment makes it a practical choice for everyday vehicles. Nitrogen reduces pressure loss, but doesn\'t mean you can skip pressure checks - punctures, valve leaks, or bead issues can still cause problems. The benefits are real, though: better pressure retention and temperature stability.</p>','left'),(417,'Accurate wheel balancing with CME experts',NULL,'<ul><li><strong>Precision Detection:</strong> We use advanced 6-axis wheel balancers and weighing systems to detect even the slightest imbalance.</li><li><strong>Advanced Analysis:</strong> Our sensor-driven analysis identifies problem areas.</li><li><strong>Accurate Balancing:</strong> We apply counterweights or high-quality mastic as needed to achieve perfect balance.</li><li><strong>Quality Check:</strong> We double-check the wheel\'s vibration levels against OEM specs after balancing.</li></ul>','left'),(418,'What is the typical turnaround time?',NULL,'<ul><li>For a Standard Tyre Change + Wheel Balancing –&nbsp;30‑45 minutes</li><li>Entirety of Heavy Duty / SUV Kit –&nbsp;45‑60 minutes&nbsp;</li></ul><p>We announce the exact ETA during booking, so your schedule stays intact.</p>','left'),(419,'Will I receive a balancing tag or data sheet?',NULL,'<p>A Balancing Report Card shows the cross‑wheel and in‑wheel values pre‑ and post‑balance. We “caption” each wheel with a permanent label containing the balancing points, useful for any&nbsp;future checks or repairs.</p>','left'),(420,'What Is Tyre Rotation?',NULL,'<p>Tyre rotation is a simple yet effective way to extend the life of your tyres and ensure even wear. By moving tyres from one position to another, we balance wear patterns and reduce stress on individual tyres. Front tyres typically wear faster due to steering and braking forces, while weight distribution affects wear rates. Our technicians conduct thorough wheel tracking and rotation, moving tyres from rear to front and front to rear, ensuring proper steering and handling of your vehicle. This simple process can make a big difference in your vehicle\'s performance and tyre lifespan.</p>','left'),(421,'Enhanced Vehicle Performance & Safety',NULL,'<ul><li><strong>Extended Tyre Life: </strong>Rotate every 8,000-10,000 km to extend lifespan by up to 25%</li><li><strong>Improved Performance:</strong> Even wear ensures consistent handling, braking, and traction</li><li><strong>Enhanced Safety: </strong>Uniform wear reduces blowout risk and improves stability</li><li><strong>Better Fuel Efficiency:</strong> Evenly worn tyres reduce rolling resistance, saving fuel costs</li><li><strong>Warranty Protection:</strong> Regular rotation required by many tyre manufacturers to maintain warranty</li></ul>','left'),(423,NULL,NULL,'<p><img src=\"https://d1i031whgqu7f4.cloudfront.net/Group_10_bbe0a4aed5.png\" alt=\"Group 10.png\" srcset=\"https://d1i031whgqu7f4.cloudfront.net/thumbnail_Group_10_bbe0a4aed5.png 212w,https://d1i031whgqu7f4.cloudfront.net/small_Group_10_bbe0a4aed5.png 500w,https://d1i031whgqu7f4.cloudfront.net/medium_Group_10_bbe0a4aed5.png 750w,https://d1i031whgqu7f4.cloudfront.net/large_Group_10_bbe0a4aed5.png 1000w,\" sizes=\"100vw\" width=\"1768\" height=\"1302\"></p>','left'),(427,NULL,NULL,'<p>Bosch offers you the appropriate spare parts for your tools, such as angle grinders or drills: from the armature, to the carbon brushes, through to the batteries and chargers.</p><p>Here you can access our spare parts catalogue and identify the parts of your requirements.</p><p>&nbsp;</p>','left'),(428,'MEASURING TOOL CALIBRATION',NULL,'<p>We take on the job of calibrating your measuring tools so that you can work reliably.</p><p>The Bosch calibration service is fast, precise and reliable.</p>','left'),(429,'Our calibration services:',NULL,'<ul><li>Cleaning the tool</li><li>Checking the measuring accuracy</li><li>If required: Adjusting of the tool</li><li>Documenting all measured values</li></ul>','left');

--
-- Table structure for table `components_home_about_cmes`
--

CREATE TABLE `components_home_about_cmes` (
  `id` int unsigned NOT NULL AUTO_INCREMENT,
  `title` longtext,
  `sub_title` varchar(255) DEFAULT NULL,
  `description` longtext,
  PRIMARY KEY (`id`)
) ENGINE=InnoDB AUTO_INCREMENT=34 DEFAULT CHARSET=utf8mb4 COLLATE=utf8mb4_0900_ai_ci;

--
-- Dumping data for table `components_home_about_cmes`
--

INSERT INTO `components_home_about_cmes` VALUES (1,'<p><meta charset=\"utf-8\"><span style=\"white-space:pre-wrap;\">A proud member of the<strong> ALFAHIM</strong> Group</span><br>&nbsp;</p>','Central Motors Equipment (CME)','<p><meta charset=\"utf-8\"><span style=\"white-space:pre-wrap;\">Leading provider of premium Automotive Aftermarket, Power Tools, Tyres and their services across the UAE.&nbsp;</span><br>&nbsp;</p>'),(33,'<p><meta charset=\"utf-8\"><span style=\"white-space:pre-wrap;\">A proud member of the<strong> ALFAHIM</strong> Group</span><br>&nbsp;</p>','Central Motors Equipment (CME)','<p><meta charset=\"utf-8\"><span style=\"white-space:pre-wrap;\">Leading provider of premium Automotive Aftermarket, Power Tools, Tyres and their services across the UAE.&nbsp;</span><br>&nbsp;</p>');

--
-- Table structure for table `components_home_about_cmes_cmps`
--

CREATE TABLE `components_home_about_cmes_cmps` (
  `id` int unsigned NOT NULL AUTO_INCREMENT,
  `entity_id` int unsigned DEFAULT NULL,
  `cmp_id` int unsigned DEFAULT NULL,
  `component_type` varchar(255) DEFAULT NULL,
  `field` varchar(255) DEFAULT NULL,
  `order` double unsigned DEFAULT NULL,
  PRIMARY KEY (`id`),
  UNIQUE KEY `components_home_about_cmes_uq` (`entity_id`,`cmp_id`,`field`,`component_type`),
  KEY `components_home_about_cmes_field_idx` (`field`),
  KEY `components_home_about_cmes_component_type_idx` (`component_type`),
  KEY `components_home_about_cmes_entity_fk` (`entity_id`),
  CONSTRAINT `components_home_about_cmes_entity_fk` FOREIGN KEY (`entity_id`) REFERENCES `components_home_about_cmes` (`id`) ON DELETE CASCADE
) ENGINE=InnoDB AUTO_INCREMENT=53 DEFAULT CHARSET=utf8mb4 COLLATE=utf8mb4_0900_ai_ci;

--
-- Dumping data for table `components_home_about_cmes_cmps`
--

INSERT INTO `components_home_about_cmes_cmps` VALUES (1,1,26,'common.link-item','callToAction',NULL),(52,33,857,'common.link-item','callToAction',NULL);

--
-- Table structure for table `components_home_business_streams`
--

CREATE TABLE `components_home_business_streams` (
  `id` int unsigned NOT NULL AUTO_INCREMENT,
  `title` varchar(255) DEFAULT NULL,
  `sub_title` longtext,
  PRIMARY KEY (`id`)
) ENGINE=InnoDB AUTO_INCREMENT=34 DEFAULT CHARSET=utf8mb4 COLLATE=utf8mb4_0900_ai_ci;

--
-- Dumping data for table `components_home_business_streams`
--

INSERT INTO `components_home_business_streams` VALUES (1,'Explore our key areas  of business expertise and operations','Business Streams'),(33,'Explore our key areas  of business expertise and operations','Business Streams');

--
-- Table structure for table `components_home_business_streams_cmps`
--

CREATE TABLE `components_home_business_streams_cmps` (
  `id` int unsigned NOT NULL AUTO_INCREMENT,
  `entity_id` int unsigned DEFAULT NULL,
  `cmp_id` int unsigned DEFAULT NULL,
  `component_type` varchar(255) DEFAULT NULL,
  `field` varchar(255) DEFAULT NULL,
  `order` double unsigned DEFAULT NULL,
  PRIMARY KEY (`id`),
  UNIQUE KEY `components_home_business_streams_uq` (`entity_id`,`cmp_id`,`field`,`component_type`),
  KEY `components_home_business_streams_field_idx` (`field`),
  KEY `components_home_business_streams_component_type_idx` (`component_type`),
  KEY `components_home_business_streams_entity_fk` (`entity_id`),
  CONSTRAINT `components_home_business_streams_entity_fk` FOREIGN KEY (`entity_id`) REFERENCES `components_home_business_streams` (`id`) ON DELETE CASCADE
) ENGINE=InnoDB AUTO_INCREMENT=65 DEFAULT CHARSET=utf8mb4 COLLATE=utf8mb4_0900_ai_ci;

--
-- Dumping data for table `components_home_business_streams_cmps`
--

INSERT INTO `components_home_business_streams_cmps` VALUES (1,1,49,'common.title-desc-with-img','serviceData',NULL),(64,33,833,'common.title-desc-with-img','serviceData',NULL);

--
-- Table structure for table `components_home_content_sections`
--

CREATE TABLE `components_home_content_sections` (
  `id` int unsigned NOT NULL AUTO_INCREMENT,
  `title` varchar(255) DEFAULT NULL,
  `sub_title` varchar(255) DEFAULT NULL,
  PRIMARY KEY (`id`)
) ENGINE=InnoDB AUTO_INCREMENT=113 DEFAULT CHARSET=utf8mb4 COLLATE=utf8mb4_0900_ai_ci;

--
-- Dumping data for table `components_home_content_sections`
--

INSERT INTO `components_home_content_sections` VALUES (1,'Live from Our Socials','Catch the latest updates, stories, and moments as they happen.'),(2,'Our Locations','Locate our branches across the regions'),(5,'Trusted Brand','We partner with industry-leading brands to deliver exceptional quality and reliability'),(84,'Live from Our Socials','Catch the latest updates, stories, and moments as they happen.'),(86,'Live from Our Socials','Catch the latest updates, stories, and moments as they happen.'),(87,'Live from Our Socials','Catch the latest updates, stories, and moments as they happen.'),(88,'Live from Our Socials','Catch the latest updates, stories, and moments as they happen.'),(106,'Trusted Brand','We partner with industry-leading brands to deliver exceptional quality and reliability'),(107,'Live from Our Socials','Catch the latest updates, stories, and moments as they happen.'),(108,'Our Locations','Locate our branches across the regions'),(109,'Live from Our Socials','Catch the latest updates, stories, and moments as they happen.'),(112,'Live from Our Socials','Catch the latest updates, stories, and moments as they happen.');

--
-- Table structure for table `components_home_logos`
--

CREATE TABLE `components_home_logos` (
  `id` int unsigned NOT NULL AUTO_INCREMENT,
  `title` varchar(255) DEFAULT NULL,
  PRIMARY KEY (`id`)
) ENGINE=InnoDB AUTO_INCREMENT=219 DEFAULT CHARSET=utf8mb4 COLLATE=utf8mb4_0900_ai_ci;

--
-- Dumping data for table `components_home_logos`
--

INSERT INTO `components_home_logos` VALUES (1,NULL),(24,NULL),(52,'AZPI'),(53,'SICAM'),(54,NULL),(55,NULL),(56,NULL),(57,NULL),(58,NULL),(210,NULL),(211,NULL),(212,'AZPI'),(213,'SICAM'),(214,NULL),(215,NULL),(216,NULL),(217,NULL),(218,NULL);

--
-- Table structure for table `components_home_trusted_sections`
--

CREATE TABLE `components_home_trusted_sections` (
  `id` int unsigned NOT NULL AUTO_INCREMENT,
  `title` varchar(255) DEFAULT NULL,
  `sub_title` varchar(255) DEFAULT NULL,
  PRIMARY KEY (`id`)
) ENGINE=InnoDB AUTO_INCREMENT=34 DEFAULT CHARSET=utf8mb4 COLLATE=utf8mb4_0900_ai_ci;

--
-- Dumping data for table `components_home_trusted_sections`
--

INSERT INTO `components_home_trusted_sections` VALUES (1,'Trusted Brand',NULL),(33,'Trusted Brand',NULL);

--
-- Table structure for table `components_home_trusted_sections_cmps`
--

CREATE TABLE `components_home_trusted_sections_cmps` (
  `id` int unsigned NOT NULL AUTO_INCREMENT,
  `entity_id` int unsigned DEFAULT NULL,
  `cmp_id` int unsigned DEFAULT NULL,
  `component_type` varchar(255) DEFAULT NULL,
  `field` varchar(255) DEFAULT NULL,
  `order` double unsigned DEFAULT NULL,
  PRIMARY KEY (`id`),
  UNIQUE KEY `components_home_trusted_sections_uq` (`entity_id`,`cmp_id`,`field`,`component_type`),
  KEY `components_home_trusted_sections_field_idx` (`field`),
  KEY `components_home_trusted_sections_component_type_idx` (`component_type`),
  KEY `components_home_trusted_sections_entity_fk` (`entity_id`),
  CONSTRAINT `components_home_trusted_sections_entity_fk` FOREIGN KEY (`entity_id`) REFERENCES `components_home_trusted_sections` (`id`) ON DELETE CASCADE
) ENGINE=InnoDB AUTO_INCREMENT=422 DEFAULT CHARSET=utf8mb4 COLLATE=utf8mb4_0900_ai_ci;

--
-- Dumping data for table `components_home_trusted_sections_cmps`
--

INSERT INTO `components_home_trusted_sections_cmps` VALUES (1,1,1,'home.logos','items',1),(35,1,24,'home.logos','items',2),(92,1,52,'home.logos','items',3),(93,1,53,'home.logos','items',4),(94,1,54,'home.logos','items',5),(95,1,55,'home.logos','items',6),(96,1,56,'home.logos','items',7),(97,1,57,'home.logos','items',8),(98,1,58,'home.logos','items',9),(413,33,210,'home.logos','items',1),(414,33,211,'home.logos','items',2),(415,33,212,'home.logos','items',3),(416,33,213,'home.logos','items',4),(417,33,214,'home.logos','items',5),(418,33,215,'home.logos','items',6),(419,33,216,'home.logos','items',7),(420,33,217,'home.logos','items',8),(421,33,218,'home.logos','items',9);

--
-- Table structure for table `components_service_landing_our_services`
--

CREATE TABLE `components_service_landing_our_services` (
  `id` int unsigned NOT NULL AUTO_INCREMENT,
  `title` varchar(255) DEFAULT NULL,
  `description` longtext,
  PRIMARY KEY (`id`)
) ENGINE=InnoDB AUTO_INCREMENT=17 DEFAULT CHARSET=utf8mb4 COLLATE=utf8mb4_0900_ai_ci;

--
-- Dumping data for table `components_service_landing_our_services`
--

INSERT INTO `components_service_landing_our_services` VALUES (1,'Complete Tyre Care','Professional fitting, balancing, repairs, and maintenance to keep your tyres performing at their best.'),(4,NULL,NULL),(8,NULL,NULL),(10,'ar service',NULL),(13,'ar service',NULL),(14,NULL,NULL),(15,'Complete Tyre Care','Professional fitting, balancing, repairs, and maintenance to keep your tyres performing at their best.'),(16,NULL,NULL);

--
-- Table structure for table `components_service_landing_ser54cca_branch_location_lnk`
--

CREATE TABLE `components_service_landing_ser54cca_branch_location_lnk` (
  `id` int unsigned NOT NULL AUTO_INCREMENT,
  `service_locations_id` int unsigned DEFAULT NULL,
  `branch_location_id` int unsigned DEFAULT NULL,
  PRIMARY KEY (`id`),
  UNIQUE KEY `components_service_landing_ser54cca_branch_loca44487_uq` (`service_locations_id`,`branch_location_id`),
  KEY `components_service_landing_ser54cca_branch_loca44487_fk` (`service_locations_id`),
  KEY `components_service_landing_ser54cca_branch_loc44487_ifk` (`branch_location_id`),
  CONSTRAINT `components_service_landing_ser54cca_branch_loc44487_ifk` FOREIGN KEY (`branch_location_id`) REFERENCES `branch_locations` (`id`) ON DELETE CASCADE,
  CONSTRAINT `components_service_landing_ser54cca_branch_loca44487_fk` FOREIGN KEY (`service_locations_id`) REFERENCES `components_service_landing_service_locations` (`id`) ON DELETE CASCADE
) ENGINE=InnoDB AUTO_INCREMENT=24 DEFAULT CHARSET=utf8mb4 COLLATE=utf8mb4_0900_ai_ci;

--
-- Dumping data for table `components_service_landing_ser54cca_branch_location_lnk`
--

INSERT INTO `components_service_landing_ser54cca_branch_location_lnk` VALUES (10,1,1),(11,4,4),(22,23,3),(23,24,6);

--
-- Table structure for table `components_service_landing_service_form_blks`
--

CREATE TABLE `components_service_landing_service_form_blks` (
  `id` int unsigned NOT NULL AUTO_INCREMENT,
  `title` longtext,
  `sub_heading` varchar(255) DEFAULT NULL,
  `description` longtext,
  PRIMARY KEY (`id`)
) ENGINE=InnoDB DEFAULT CHARSET=utf8mb4 COLLATE=utf8mb4_0900_ai_ci;

--
-- Dumping data for table `components_service_landing_service_form_blks`
--


--
-- Table structure for table `components_service_landing_service_form_blks_cmps`
--

CREATE TABLE `components_service_landing_service_form_blks_cmps` (
  `id` int unsigned NOT NULL AUTO_INCREMENT,
  `entity_id` int unsigned DEFAULT NULL,
  `cmp_id` int unsigned DEFAULT NULL,
  `component_type` varchar(255) DEFAULT NULL,
  `field` varchar(255) DEFAULT NULL,
  `order` double unsigned DEFAULT NULL,
  PRIMARY KEY (`id`),
  UNIQUE KEY `components_service_landing_service_form_blks_uq` (`entity_id`,`cmp_id`,`field`,`component_type`),
  KEY `components_service_landing_service_form_blks_field_idx` (`field`),
  KEY `components_service_landing_serve2d51_component_type_idx` (`component_type`),
  KEY `components_service_landing_service_form_blks_entity_fk` (`entity_id`),
  CONSTRAINT `components_service_landing_service_form_blks_entity_fk` FOREIGN KEY (`entity_id`) REFERENCES `components_service_landing_service_form_blks` (`id`) ON DELETE CASCADE
) ENGINE=InnoDB DEFAULT CHARSET=utf8mb4 COLLATE=utf8mb4_0900_ai_ci;

--
-- Dumping data for table `components_service_landing_service_form_blks_cmps`
--


--
-- Table structure for table `components_service_landing_service_locations`
--

CREATE TABLE `components_service_landing_service_locations` (
  `id` int unsigned NOT NULL AUTO_INCREMENT,
  `title` varchar(255) DEFAULT NULL,
  `slug` varchar(255) DEFAULT NULL,
  `address` longtext,
  `embeded_map_url` longtext,
  `map_url` longtext,
  PRIMARY KEY (`id`)
) ENGINE=InnoDB AUTO_INCREMENT=29 DEFAULT CHARSET=utf8mb4 COLLATE=utf8mb4_0900_ai_ci;

--
-- Dumping data for table `components_service_landing_service_locations`
--

INSERT INTO `components_service_landing_service_locations` VALUES (1,'Bosch Car Service – Bosch Diesel Service – Dubai',NULL,'Address: 17, 14b Street, Al Quoz Industrial Area 2, Dubai - 26255\nTel: +971 4 309 0900','https://www.google.com/maps/embed?pb=!1m18!1m12!1m3!1d5634.436073124786!2d55.22934783762082!3d25.13368982406819!2m3!1f0!2f0!3f0!3m2!1i1024!2i768!4f13.1!3m3!1m2!1s0x3e5f69106833a325%3A0xb6f44bfa012414d3!2sCME%20Bosch%20Car%20Service!5e1!3m2!1sen!2sin!4v1768397496806!5m2!1sen!2sin',NULL),(4,'Central Motors and Equipment – AbuDhabi Branch',NULL,'Address: 37/1, 16 Street, M 15, Mussafah, Abu Dhabi - 71343\nTel: +971 2401 7753/ +971 2 401 7719','https://www.google.com/maps/embed?pb=!1m18!1m12!1m3!1d2834.507353749197!2d54.4850626740497!3d24.373424364575673!2m3!1f0!2f0!3f0!3m2!1i1024!2i768!4f13.1!3m3!1m2!1s0x3e5e4152bc4cc43d%3A0x1198e64599eddbd!2sCentral%20Motors%20%26%20Equipment%20-%20Abu%20Dhabi%20Branch!5e1!3m2!1sen!2sin!4v1768397377151!5m2!1sen!2sin',NULL),(23,'Bosch Car Service – Bosch Diesel Service – Dubai',NULL,'Address: 17, 14b Street, Al Quoz Industrial Area 2, Dubai - 26255\nTel: +971 4 309 0900','https://www.google.com/maps/embed?pb=!1m18!1m12!1m3!1d5634.436073124786!2d55.22934783762082!3d25.13368982406819!2m3!1f0!2f0!3f0!3m2!1i1024!2i768!4f13.1!3m3!1m2!1s0x3e5f69106833a325%3A0xb6f44bfa012414d3!2sCME%20Bosch%20Car%20Service!5e1!3m2!1sen!2sin!4v1768397496806!5m2!1sen!2sin',NULL),(24,'Central Motors and Equipment – AbuDhabi Branch',NULL,'Address: 37/1, 16 Street, M 15, Mussafah, Abu Dhabi - 71343\nTel: +971 2401 7753/ +971 2 401 7719','https://www.google.com/maps/embed?pb=!1m18!1m12!1m3!1d2834.507353749197!2d54.4850626740497!3d24.373424364575673!2m3!1f0!2f0!3f0!3m2!1i1024!2i768!4f13.1!3m3!1m2!1s0x3e5e4152bc4cc43d%3A0x1198e64599eddbd!2sCentral%20Motors%20%26%20Equipment%20-%20Abu%20Dhabi%20Branch!5e1!3m2!1sen!2sin!4v1768397377151!5m2!1sen!2sin',NULL),(25,'Bosch Car Service – Bosch Diesel Service – Dubai',NULL,'Address: 17, 14b Street, Al Quoz Industrial Area 2, Dubai - 26255\nTel: +971 4 309 0900','https://www.google.com/maps/embed?pb=!1m18!1m12!1m3!1d5634.436073124786!2d55.22934783762082!3d25.13368982406819!2m3!1f0!2f0!3f0!3m2!1i1024!2i768!4f13.1!3m3!1m2!1s0x3e5f69106833a325%3A0xb6f44bfa012414d3!2sCME%20Bosch%20Car%20Service!5e1!3m2!1sen!2sin!4v1768397496806!5m2!1sen!2sin',NULL),(26,'Central Motors and Equipment – AbuDhabi Branch',NULL,'Address: 37/1, 16 Street, M 15, Mussafah, Abu Dhabi - 71343\nTel: +971 2401 7753/ +971 2 401 7719','https://www.google.com/maps/embed?pb=!1m18!1m12!1m3!1d2834.507353749197!2d54.4850626740497!3d24.373424364575673!2m3!1f0!2f0!3f0!3m2!1i1024!2i768!4f13.1!3m3!1m2!1s0x3e5e4152bc4cc43d%3A0x1198e64599eddbd!2sCentral%20Motors%20%26%20Equipment%20-%20Abu%20Dhabi%20Branch!5e1!3m2!1sen!2sin!4v1768397377151!5m2!1sen!2sin',NULL),(27,'Bosch Car Service – Bosch Diesel Service – Dubai',NULL,'Address: 17, 14b Street, Al Quoz Industrial Area 2, Dubai - 26255\nTel: +971 4 309 0900','https://www.google.com/maps/embed?pb=!1m18!1m12!1m3!1d5634.436073124786!2d55.22934783762082!3d25.13368982406819!2m3!1f0!2f0!3f0!3m2!1i1024!2i768!4f13.1!3m3!1m2!1s0x3e5f69106833a325%3A0xb6f44bfa012414d3!2sCME%20Bosch%20Car%20Service!5e1!3m2!1sen!2sin!4v1768397496806!5m2!1sen!2sin',NULL),(28,'Central Motors and Equipment – AbuDhabi Branch',NULL,'Address: 37/1, 16 Street, M 15, Mussafah, Abu Dhabi - 71343\nTel: +971 2401 7753/ +971 2 401 7719','https://www.google.com/maps/embed?pb=!1m18!1m12!1m3!1d2834.507353749197!2d54.4850626740497!3d24.373424364575673!2m3!1f0!2f0!3f0!3m2!1i1024!2i768!4f13.1!3m3!1m2!1s0x3e5e4152bc4cc43d%3A0x1198e64599eddbd!2sCentral%20Motors%20%26%20Equipment%20-%20Abu%20Dhabi%20Branch!5e1!3m2!1sen!2sin!4v1768397377151!5m2!1sen!2sin',NULL);

--
-- Table structure for table `components_service_landing_service_locations_cmps`
--

CREATE TABLE `components_service_landing_service_locations_cmps` (
  `id` int unsigned NOT NULL AUTO_INCREMENT,
  `entity_id` int unsigned DEFAULT NULL,
  `cmp_id` int unsigned DEFAULT NULL,
  `component_type` varchar(255) DEFAULT NULL,
  `field` varchar(255) DEFAULT NULL,
  `order` double unsigned DEFAULT NULL,
  PRIMARY KEY (`id`),
  UNIQUE KEY `components_service_landing_service_locations_uq` (`entity_id`,`cmp_id`,`field`,`component_type`),
  KEY `components_service_landing_service_locations_field_idx` (`field`),
  KEY `components_service_landing_serv54cca_component_type_idx` (`component_type`),
  KEY `components_service_landing_service_locations_entity_fk` (`entity_id`),
  CONSTRAINT `components_service_landing_service_locations_entity_fk` FOREIGN KEY (`entity_id`) REFERENCES `components_service_landing_service_locations` (`id`) ON DELETE CASCADE
) ENGINE=InnoDB DEFAULT CHARSET=utf8mb4 COLLATE=utf8mb4_0900_ai_ci;

--
-- Dumping data for table `components_service_landing_service_locations_cmps`
--


--
-- Table structure for table `contact_enquiries`
--

CREATE TABLE `contact_enquiries` (
  `id` int unsigned NOT NULL AUTO_INCREMENT,
  `document_id` varchar(255) DEFAULT NULL,
  `full_name` varchar(255) DEFAULT NULL,
  `email` varchar(255) DEFAULT NULL,
  `phone_number` varchar(255) DEFAULT NULL,
  `message` longtext,
  `created_at` datetime(6) DEFAULT NULL,
  `updated_at` datetime(6) DEFAULT NULL,
  `published_at` datetime(6) DEFAULT NULL,
  `created_by_id` int unsigned DEFAULT NULL,
  `updated_by_id` int unsigned DEFAULT NULL,
  `locale` varchar(255) DEFAULT NULL,
  `enquiry_type` varchar(255) DEFAULT NULL,
  PRIMARY KEY (`id`),
  KEY `contact_enquiries_documents_idx` (`document_id`,`locale`,`published_at`),
  KEY `contact_enquiries_created_by_id_fk` (`created_by_id`),
  KEY `contact_enquiries_updated_by_id_fk` (`updated_by_id`),
  CONSTRAINT `contact_enquiries_created_by_id_fk` FOREIGN KEY (`created_by_id`) REFERENCES `admin_users` (`id`) ON DELETE SET NULL,
  CONSTRAINT `contact_enquiries_updated_by_id_fk` FOREIGN KEY (`updated_by_id`) REFERENCES `admin_users` (`id`) ON DELETE SET NULL
) ENGINE=InnoDB AUTO_INCREMENT=29 DEFAULT CHARSET=utf8mb4 COLLATE=utf8mb4_0900_ai_ci;

--
-- Dumping data for table `contact_enquiries`
--

INSERT INTO `contact_enquiries` VALUES (19,'tklk6p7iwlq2w8rep07pffsg','Neeraj N','neeraj@ispgweb.com','971506632012','Test','2026-02-25 10:53:33.472000','2026-02-25 10:53:33.472000',NULL,NULL,NULL,'en','automotive'),(20,'tklk6p7iwlq2w8rep07pffsg','Neeraj N','neeraj@ispgweb.com','971506632012','Test','2026-02-25 10:53:33.472000','2026-02-25 10:53:33.472000','2026-02-25 10:53:33.560000',NULL,NULL,'en','automotive'),(21,'tmv9rmq27mytbjq7idlt8ouz','Neeraj N','neeraj@ispgweb.com','971506632310','asfaf','2026-03-09 09:58:11.879000','2026-03-09 09:58:11.879000',NULL,NULL,NULL,'en','automotive'),(22,'tmv9rmq27mytbjq7idlt8ouz','Neeraj N','neeraj@ispgweb.com','971506632310','asfaf','2026-03-09 09:58:11.879000','2026-03-09 09:58:11.879000','2026-03-09 09:58:11.965000',NULL,NULL,'en','automotive'),(23,'j7lvxrw5l7dc07k0q9hljv4n','Nimisha Raichel Varghese','nimisha@ispgweb.com','971908989890','testr','2026-03-20 07:37:51.509000','2026-03-20 07:37:51.509000',NULL,NULL,NULL,'en','power-tools'),(24,'j7lvxrw5l7dc07k0q9hljv4n','Nimisha Raichel Varghese','nimisha@ispgweb.com','971908989890','testr','2026-03-20 07:37:51.509000','2026-03-20 07:37:51.509000','2026-03-20 07:37:51.641000',NULL,NULL,'en','power-tools'),(25,'oyf43pj8cpc6g9vm9746qx6b','Nimisha Raichel Varghese','nimisha@ispgweb.com','971999677990','test','2026-03-20 09:15:16.291000','2026-03-20 09:15:16.291000',NULL,NULL,NULL,'en','tyres'),(26,'oyf43pj8cpc6g9vm9746qx6b','Nimisha Raichel Varghese','nimisha@ispgweb.com','971999677990','test','2026-03-20 09:15:16.291000','2026-03-20 09:15:16.291000','2026-03-20 09:15:16.402000',NULL,NULL,'en','tyres'),(27,'s4fb0v8vqmihqf3ffopuyv0j','Nimisha Raichel Varghese','nimisha@ispgweb.com','971909098989','test','2026-03-27 09:16:24.850000','2026-03-27 09:16:24.850000',NULL,NULL,NULL,'en','automotive'),(28,'s4fb0v8vqmihqf3ffopuyv0j','Nimisha Raichel Varghese','nimisha@ispgweb.com','971909098989','test','2026-03-27 09:16:24.850000','2026-03-27 09:16:24.850000','2026-03-27 09:16:24.940000',NULL,NULL,'en','automotive');

--
-- Table structure for table `contact_uses`
--

CREATE TABLE `contact_uses` (
  `id` int unsigned NOT NULL AUTO_INCREMENT,
  `document_id` varchar(255) DEFAULT NULL,
  `form_title` varchar(255) DEFAULT NULL,
  `created_at` datetime(6) DEFAULT NULL,
  `updated_at` datetime(6) DEFAULT NULL,
  `published_at` datetime(6) DEFAULT NULL,
  `created_by_id` int unsigned DEFAULT NULL,
  `updated_by_id` int unsigned DEFAULT NULL,
  `locale` varchar(255) DEFAULT NULL,
  PRIMARY KEY (`id`),
  KEY `contact_uses_documents_idx` (`document_id`,`locale`,`published_at`),
  KEY `contact_uses_created_by_id_fk` (`created_by_id`),
  KEY `contact_uses_updated_by_id_fk` (`updated_by_id`),
  CONSTRAINT `contact_uses_created_by_id_fk` FOREIGN KEY (`created_by_id`) REFERENCES `admin_users` (`id`) ON DELETE SET NULL,
  CONSTRAINT `contact_uses_updated_by_id_fk` FOREIGN KEY (`updated_by_id`) REFERENCES `admin_users` (`id`) ON DELETE SET NULL
) ENGINE=InnoDB AUTO_INCREMENT=18 DEFAULT CHARSET=utf8mb4 COLLATE=utf8mb4_0900_ai_ci;

--
-- Dumping data for table `contact_uses`
--

INSERT INTO `contact_uses` VALUES (1,'n131z89l7hx88bwzwn5verb4','At your Service. We would like to hear from you!','2025-12-12 06:37:52.481000','2026-04-01 09:39:44.625000',NULL,1,1,'en'),(17,'n131z89l7hx88bwzwn5verb4','At your Service. We would like to hear from you!','2025-12-12 06:37:52.481000','2026-04-01 09:39:44.625000','2026-04-01 09:39:46.072000',1,1,'en');

--
-- Table structure for table `contact_uses_cmps`
--

CREATE TABLE `contact_uses_cmps` (
  `id` int unsigned NOT NULL AUTO_INCREMENT,
  `entity_id` int unsigned DEFAULT NULL,
  `cmp_id` int unsigned DEFAULT NULL,
  `component_type` varchar(255) DEFAULT NULL,
  `field` varchar(255) DEFAULT NULL,
  `order` double unsigned DEFAULT NULL,
  PRIMARY KEY (`id`),
  UNIQUE KEY `contact_uses_uq` (`entity_id`,`cmp_id`,`field`,`component_type`),
  KEY `contact_uses_field_idx` (`field`),
  KEY `contact_uses_component_type_idx` (`component_type`),
  KEY `contact_uses_entity_fk` (`entity_id`),
  CONSTRAINT `contact_uses_entity_fk` FOREIGN KEY (`entity_id`) REFERENCES `contact_uses` (`id`) ON DELETE CASCADE
) ENGINE=InnoDB AUTO_INCREMENT=63 DEFAULT CHARSET=utf8mb4 COLLATE=utf8mb4_0900_ai_ci;

--
-- Dumping data for table `contact_uses_cmps`
--

INSERT INTO `contact_uses_cmps` VALUES (1,1,20,'common.banner','banner',1),(14,1,1,'common.box-component','boxComponent',3),(35,1,66,'common.seo','seo',2),(60,17,266,'common.banner','banner',1),(61,17,11,'common.box-component','boxComponent',NULL),(62,17,159,'common.seo','seo',NULL);

--
-- Table structure for table `contact_uses_locations_lnk`
--

CREATE TABLE `contact_uses_locations_lnk` (
  `id` int unsigned NOT NULL AUTO_INCREMENT,
  `contact_us_id` int unsigned DEFAULT NULL,
  `branch_location_id` int unsigned DEFAULT NULL,
  `branch_location_ord` double unsigned DEFAULT NULL,
  PRIMARY KEY (`id`),
  UNIQUE KEY `contact_uses_locations_lnk_uq` (`contact_us_id`,`branch_location_id`),
  KEY `contact_uses_locations_lnk_fk` (`contact_us_id`),
  KEY `contact_uses_locations_lnk_ifk` (`branch_location_id`),
  KEY `contact_uses_locations_lnk_ofk` (`branch_location_ord`),
  CONSTRAINT `contact_uses_locations_lnk_fk` FOREIGN KEY (`contact_us_id`) REFERENCES `contact_uses` (`id`) ON DELETE CASCADE,
  CONSTRAINT `contact_uses_locations_lnk_ifk` FOREIGN KEY (`branch_location_id`) REFERENCES `branch_locations` (`id`) ON DELETE CASCADE
) ENGINE=InnoDB DEFAULT CHARSET=utf8mb4 COLLATE=utf8mb4_0900_ai_ci;

--
-- Dumping data for table `contact_uses_locations_lnk`
--


--
-- Table structure for table `files_folder_lnk`
--

CREATE TABLE `files_folder_lnk` (
  `id` int unsigned NOT NULL AUTO_INCREMENT,
  `file_id` int unsigned DEFAULT NULL,
  `folder_id` int unsigned DEFAULT NULL,
  `file_ord` double unsigned DEFAULT NULL,
  PRIMARY KEY (`id`),
  UNIQUE KEY `files_folder_lnk_uq` (`file_id`,`folder_id`),
  KEY `files_folder_lnk_fk` (`file_id`),
  KEY `files_folder_lnk_ifk` (`folder_id`),
  KEY `files_folder_lnk_oifk` (`file_ord`),
  CONSTRAINT `files_folder_lnk_fk` FOREIGN KEY (`file_id`) REFERENCES `files` (`id`) ON DELETE CASCADE,
  CONSTRAINT `files_folder_lnk_ifk` FOREIGN KEY (`folder_id`) REFERENCES `upload_folders` (`id`) ON DELETE CASCADE
) ENGINE=InnoDB AUTO_INCREMENT=345 DEFAULT CHARSET=utf8mb4 COLLATE=utf8mb4_0900_ai_ci;

--
-- Dumping data for table `files_folder_lnk`
--

INSERT INTO `files_folder_lnk` VALUES (3,14,1,1),(4,16,1,2),(7,19,3,1),(8,20,4,1),(9,21,5,1),(10,22,6,1),(11,23,6,1),(12,24,6,1),(13,25,6,2),(14,26,6,3),(15,27,6,3),(16,28,6,4),(17,29,6,4),(18,30,6,5),(19,31,1,3),(20,32,7,1),(21,33,7,1),(22,34,7,1),(23,35,7,2),(24,36,7,2),(25,37,7,2),(26,38,8,1),(27,39,8,2),(28,40,8,3),(29,41,1,4),(32,44,10,1),(33,45,9,1),(34,46,12,1),(36,48,11,1),(37,49,12,3),(38,50,13,1),(39,51,13,1),(40,52,13,2),(41,53,13,3),(42,54,13,4),(43,55,13,5),(44,56,14,1),(47,58,14,3),(50,60,15,1),(51,61,15,2),(52,62,15,3),(53,63,15,3),(54,64,16,1),(55,65,16,2),(56,66,16,3),(57,67,16,4),(58,68,16,4),(59,69,15,4),(60,70,10,2),(61,71,10,3),(62,72,10,4),(63,73,10,5),(64,74,10,5),(65,75,10,5),(72,85,7,3),(73,86,7,4),(74,87,17,1),(75,88,17,2),(76,89,17,3),(77,90,17,4),(78,91,17,5),(79,92,17,6),(80,93,14,4),(90,117,18,1),(91,118,18,2),(92,119,18,3),(93,120,18,4),(94,121,18,5),(95,122,18,6),(96,123,18,7),(97,124,18,7),(98,126,18,8),(99,127,18,9),(100,128,18,10),(103,136,20,1),(105,204,13,6),(106,205,13,7),(110,206,2,1),(113,207,5,2),(114,216,21,1),(115,217,21,1),(116,218,21,1),(117,219,21,1),(118,220,21,2),(119,221,21,3),(120,222,22,1),(121,223,6,6),(122,224,6,7),(123,225,6,8),(124,226,6,9),(125,227,6,10),(126,228,6,11),(127,229,6,12),(128,230,6,13),(129,231,6,14),(130,232,6,15),(131,233,6,16),(132,234,6,17),(133,235,6,18),(134,236,6,19),(135,237,6,20),(136,238,6,21),(137,239,17,7),(138,240,17,8),(139,241,17,9),(144,245,18,NULL),(146,246,15,5),(147,247,15,6),(148,248,15,6),(149,249,15,7),(150,250,15,7),(151,251,15,8),(152,252,15,8),(153,253,15,9),(154,254,15,10),(155,255,23,1),(160,260,24,2),(170,268,26,1),(172,270,26,2),(174,271,27,1),(180,277,27,7),(181,278,27,8),(182,279,28,1),(183,280,28,2),(184,281,28,3),(185,282,28,4),(186,283,28,5),(187,284,29,1),(188,285,29,2),(189,286,29,3),(190,287,29,4),(191,288,29,5),(192,289,29,6),(193,290,29,7),(194,291,25,1),(195,292,25,2),(196,293,25,3),(197,294,25,3),(198,295,25,4),(199,296,25,5),(200,297,25,5),(201,298,25,6),(202,299,27,9),(203,300,27,10),(204,301,27,11),(205,302,27,12),(206,303,27,13),(208,305,24,3),(209,306,24,4),(210,307,24,5),(211,308,30,1),(212,309,30,2),(213,310,30,3),(214,311,30,4),(215,312,31,1),(216,313,14,5),(217,314,14,5),(218,315,32,1),(219,316,32,2),(220,317,32,3),(221,318,32,4),(222,319,32,5),(223,320,32,6),(224,321,32,7),(225,322,32,8),(226,323,6,22),(227,324,6,22),(228,325,6,23),(229,326,6,24),(230,328,6,25),(231,327,6,25),(232,329,6,25),(233,330,6,25),(234,331,6,26),(235,332,6,26),(236,333,6,27),(237,334,6,28),(238,335,6,29),(239,336,2,2),(240,337,20,2),(241,338,18,11),(242,353,34,1),(243,354,35,1),(244,355,35,2),(245,356,36,1),(246,357,36,1),(247,358,36,2),(248,362,19,2),(249,366,37,1),(250,367,37,2),(251,368,37,3),(252,369,37,4),(253,370,37,5),(254,371,37,6),(255,372,39,1),(256,373,39,2),(257,374,39,2),(258,375,39,3),(259,376,39,4),(260,377,39,5),(261,378,39,6),(262,379,39,7),(263,380,39,8),(264,381,40,1),(265,382,40,2),(266,383,40,3),(267,384,40,4),(268,385,40,5),(269,386,40,6),(270,387,40,7),(271,388,40,8),(272,389,41,1),(273,390,41,2),(274,391,41,3),(275,392,41,4),(276,393,41,5),(277,394,41,6),(278,395,41,7),(279,396,41,8),(281,397,38,1),(283,399,42,1),(284,400,43,1),(285,401,43,2),(286,402,43,3),(287,403,43,3),(288,404,43,3),(289,405,43,4),(290,406,43,4),(291,407,43,5),(293,408,44,1),(294,410,44,2),(295,411,44,2),(296,409,44,2),(297,412,44,2),(298,413,44,3),(299,414,44,4),(300,415,44,5),(303,416,45,1),(304,417,45,1),(305,418,45,1),(306,419,45,2),(307,420,45,3),(308,421,45,3),(309,422,45,4),(310,423,45,5),(311,424,45,5),(314,425,13,8),(315,426,47,1),(316,427,47,1),(317,428,47,1),(318,429,47,1),(319,430,47,2),(320,431,47,2),(321,432,47,2),(322,433,47,3),(323,434,47,4),(324,435,50,1),(325,436,50,2),(326,437,50,2),(327,438,50,2),(328,439,50,3),(329,440,50,4),(330,441,50,5),(331,442,50,6),(332,443,50,7),(333,444,50,8),(334,445,50,9),(335,446,50,10),(336,447,50,11),(337,448,50,12),(339,449,48,1),(340,450,48,1),(341,451,49,1),(342,452,49,2),(343,453,49,3),(344,454,50,13);

--
-- Table structure for table `files_related_mph`
--

CREATE TABLE `files_related_mph` (
  `id` int unsigned NOT NULL AUTO_INCREMENT,
  `file_id` int unsigned DEFAULT NULL,
  `related_id` int unsigned DEFAULT NULL,
  `related_type` varchar(255) DEFAULT NULL,
  `field` varchar(255) DEFAULT NULL,
  `order` double unsigned DEFAULT NULL,
  PRIMARY KEY (`id`),
  KEY `files_related_mph_fk` (`file_id`),
  KEY `files_related_mph_oidx` (`order`),
  KEY `files_related_mph_idix` (`related_id`),
  CONSTRAINT `files_related_mph_fk` FOREIGN KEY (`file_id`) REFERENCES `files` (`id`) ON DELETE CASCADE
) ENGINE=InnoDB AUTO_INCREMENT=6281 DEFAULT CHARSET=utf8mb4 COLLATE=utf8mb4_0900_ai_ci;

--
-- Dumping data for table `files_related_mph`
--

INSERT INTO `files_related_mph` VALUES (60,16,5,'home.about-cme','image',1),(65,16,6,'home.about-cme','image',1),(71,16,7,'home.about-cme','image',1),(86,16,8,'home.about-cme','image',1),(118,16,9,'home.about-cme','image',1),(126,16,10,'home.about-cme','image',1),(142,16,11,'home.about-cme','image',1),(146,39,3,'api::branch.branch','image',1),(150,40,6,'api::branch.branch','image',1),(152,39,7,'api::branch.branch','image',1),(154,38,10,'api::branch.branch','image',1),(160,16,12,'home.about-cme','image',1),(187,49,15,'common.banner','media',1),(188,46,15,'common.banner','responsiveMedia',1),(191,49,19,'common.banner','media',1),(192,46,19,'common.banner','responsiveMedia',1),(196,39,11,'api::branch.branch','image',1),(198,40,12,'api::branch.branch','image',1),(200,38,13,'api::branch.branch','image',1),(202,38,14,'api::branch.branch','image',1),(204,38,15,'api::branch.branch','image',1),(206,38,16,'api::branch.branch','image',1),(207,38,8,'api::branch.branch','image',1),(210,40,18,'api::branch.branch','image',1),(211,40,4,'api::branch.branch','image',1),(212,40,19,'api::branch.branch','image',1),(379,39,2,'api::branch.branch','image',1),(381,39,3,'api::branch.branch','image',1),(383,39,4,'api::branch.branch','image',1),(384,40,6,'api::branch.branch','image',1),(402,54,3,'api::our-service.our-service','image',1),(406,54,4,'api::our-service.our-service','image',1),(432,39,7,'api::branch.branch','image',1),(434,39,8,'api::branch.branch','image',1),(436,40,9,'api::branch.branch','image',1),(437,19,12,'api::our-service.our-service','image',1),(438,19,15,'api::our-service.our-service','image',1),(439,58,35,'common.banner','media',1),(441,58,43,'common.banner','media',1),(443,56,24,'common.banner','media',1),(445,56,44,'common.banner','media',1),(568,69,2,'common.location-card','image',1),(590,69,5,'common.location-card','image',1),(591,69,6,'common.location-card','image',1),(592,69,7,'common.location-card','image',1),(627,69,8,'common.location-card','image',1),(628,69,9,'common.location-card','image',1),(629,69,10,'common.location-card','image',1),(630,75,26,'api::service.service','listImage',1),(632,74,28,'api::service.service','listImage',1),(634,73,30,'api::service.service','listImage',1),(636,72,32,'api::service.service','listImage',1),(638,74,33,'api::service.service','listImage',1),(646,16,2,'home.about-cme','image',1),(655,16,3,'home.about-cme','image',1),(663,16,4,'home.about-cme','image',1),(675,16,5,'home.about-cme','image',1),(691,16,6,'home.about-cme','image',1),(704,16,7,'home.about-cme','image',1),(715,16,8,'home.about-cme','image',1),(822,16,9,'home.about-cme','image',1),(840,16,10,'home.about-cme','image',1),(852,16,11,'home.about-cme','image',1),(864,16,12,'home.about-cme','image',1),(876,16,13,'home.about-cme','image',1),(888,16,14,'home.about-cme','image',1),(974,87,10,'api::branch.branch','image',1),(976,87,11,'api::branch.branch','image',1),(980,87,12,'api::branch.branch','image',1),(982,87,13,'api::branch.branch','image',1),(984,87,14,'api::branch.branch','image',1),(986,87,15,'api::branch.branch','image',1),(988,87,16,'api::branch.branch','image',1),(990,38,18,'api::branch.branch','image',1),(992,88,19,'api::branch.branch','image',1),(994,88,20,'api::branch.branch','image',1),(996,89,22,'api::branch.branch','image',1),(998,88,23,'api::branch.branch','image',1),(1000,87,24,'api::branch.branch','image',1),(1002,90,26,'api::branch.branch','image',1),(1004,91,28,'api::branch.branch','image',1),(1006,92,30,'api::branch.branch','image',1),(1008,89,33,'api::branch.branch','image',1),(1010,89,34,'api::branch.branch','image',1),(1012,89,35,'api::branch.branch','image',1),(1014,88,36,'api::branch.branch','image',1),(1016,87,37,'api::branch.branch','image',1),(1018,87,38,'api::branch.branch','image',1),(1020,91,39,'api::branch.branch','image',1),(1022,90,40,'api::branch.branch','image',1),(1024,92,41,'api::branch.branch','image',1),(1027,56,31,'common.banner','media',1),(1029,56,80,'common.banner','media',1),(1046,16,15,'home.about-cme','image',1),(1083,91,6,'service-landing.service-locations','image',1),(1087,91,8,'service-landing.service-locations','image',1),(1099,16,16,'home.about-cme','image',1),(1105,87,42,'api::branch.branch','image',1),(1131,87,43,'api::branch.branch','image',1),(1146,16,17,'home.about-cme','image',1),(1179,72,34,'api::service.service','listImage',1),(1194,16,18,'home.about-cme','image',1),(1222,16,19,'home.about-cme','image',1),(1251,91,11,'service-landing.service-locations','image',1),(1256,89,13,'service-landing.service-locations','image',1),(1257,91,14,'service-landing.service-locations','image',1),(1285,16,20,'home.about-cme','image',1),(1311,16,21,'home.about-cme','image',1),(1337,16,22,'home.about-cme','image',1),(1363,16,23,'home.about-cme','image',1),(1401,16,24,'home.about-cme','image',1),(1412,117,101,'common.banner','media',1),(1413,117,102,'common.banner','media',1),(1436,122,44,'api::branch.branch','image',1),(1437,122,45,'api::branch.branch','image',1),(1440,122,47,'api::branch.branch','image',1),(1441,122,46,'api::branch.branch','image',1),(1442,122,48,'api::branch.branch','image',1),(1479,128,1,'api::social.social','image',1),(1480,126,1,'api::social.social','icon',1),(1481,128,2,'api::social.social','image',1),(1482,126,2,'api::social.social','icon',1),(1483,127,3,'api::social.social','image',1),(1484,126,3,'api::social.social','icon',1),(1485,127,4,'api::social.social','image',1),(1486,126,4,'api::social.social','icon',1),(1490,130,49,'api::branch.branch','image',1),(1501,69,1,'common.location-card','image',1),(1502,69,3,'common.location-card','image',1),(1503,69,4,'common.location-card','image',1),(1514,69,11,'common.location-card','image',1),(1515,69,12,'common.location-card','image',1),(1516,69,13,'common.location-card','image',1),(1517,75,35,'api::service.service','listImage',1),(1528,128,1,'api::social.social','image',1),(1529,126,1,'api::social.social','icon',1),(1530,128,2,'api::social.social','image',1),(1531,126,2,'api::social.social','icon',1),(1532,127,3,'api::social.social','image',1),(1533,126,3,'api::social.social','icon',1),(1534,127,4,'api::social.social','image',1),(1535,126,4,'api::social.social','icon',1),(1563,16,25,'home.about-cme','image',1),(1587,16,26,'home.about-cme','image',1),(1637,89,50,'api::branch.branch','image',1),(1675,89,51,'api::branch.branch','image',1),(1677,91,52,'api::branch.branch','image',1),(1693,91,53,'api::branch.branch','image',1),(1710,111,22,'api::brand.brand','image',1),(1723,88,54,'api::branch.branch','image',1),(1725,130,55,'api::branch.branch','image',1),(1729,87,56,'api::branch.branch','image',1),(1734,157,36,'api::brand.brand','image',1),(1746,159,40,'api::brand.brand','image',1),(1747,159,47,'api::brand.brand','image',1),(1758,24,16,'api::brand.brand','image',1),(1759,24,53,'api::brand.brand','image',1),(1768,161,54,'api::brand.brand','image',1),(1769,161,55,'api::brand.brand','image',1),(1778,22,18,'api::brand.brand','image',1),(1779,22,63,'api::brand.brand','image',1),(1780,109,24,'api::brand.brand','image',1),(1781,109,64,'api::brand.brand','image',1),(1787,87,57,'api::branch.branch','image',1),(1789,90,58,'api::branch.branch','image',1),(1791,89,59,'api::branch.branch','image',1),(1793,92,60,'api::branch.branch','image',1),(1795,87,61,'api::branch.branch','image',1),(1839,91,62,'api::branch.branch','image',1),(1841,90,63,'api::branch.branch','image',1),(1843,89,64,'api::branch.branch','image',1),(1845,92,65,'api::branch.branch','image',1),(1847,91,66,'api::branch.branch','image',1),(1849,91,67,'api::branch.branch','image',1),(1851,89,68,'api::branch.branch','image',1),(1853,89,69,'api::branch.branch','image',1),(1855,91,70,'api::branch.branch','image',1),(1892,172,121,'common.title-desc-with-img','image',1),(1895,172,125,'common.title-desc-with-img','image',1),(1905,88,71,'api::branch.branch','image',1),(1907,87,72,'api::branch.branch','image',1),(1909,87,73,'api::branch.branch','image',1),(1911,89,74,'api::branch.branch','image',1),(1913,130,75,'api::branch.branch','image',1),(1915,92,76,'api::branch.branch','image',1),(1919,92,77,'api::branch.branch','image',1),(1925,88,78,'api::branch.branch','image',1),(1927,89,79,'api::branch.branch','image',1),(1929,130,80,'api::branch.branch','image',1),(1931,87,81,'api::branch.branch','image',1),(1933,92,82,'api::branch.branch','image',1),(1935,90,83,'api::branch.branch','image',1),(1937,91,84,'api::branch.branch','image',1),(1939,87,85,'api::branch.branch','image',1),(1941,176,100,'api::branch.branch','image',1),(1943,177,101,'api::branch.branch','image',1),(1945,178,102,'api::branch.branch','image',1),(1948,88,104,'api::branch.branch','image',1),(1950,92,105,'api::branch.branch','image',1),(1952,179,107,'api::branch.branch','image',1),(1954,180,109,'api::branch.branch','image',1),(1956,180,110,'api::branch.branch','image',1),(1958,180,111,'api::branch.branch','image',1),(1960,180,112,'api::branch.branch','image',1),(1962,180,114,'api::branch.branch','image',1),(1964,89,115,'api::branch.branch','image',1),(1966,91,116,'api::branch.branch','image',1),(1968,90,117,'api::branch.branch','image',1),(1970,179,119,'api::branch.branch','image',1),(1972,179,124,'api::branch.branch','image',1),(1974,87,126,'api::branch.branch','image',1),(2012,179,127,'api::branch.branch','image',1),(2014,179,128,'api::branch.branch','image',1),(2016,179,129,'api::branch.branch','image',1),(2018,179,130,'api::branch.branch','image',1),(2020,179,131,'api::branch.branch','image',1),(2057,154,28,'api::brand.brand','image',1),(2058,154,73,'api::brand.brand','image',1),(2070,176,132,'api::branch.branch','image',1),(2076,178,133,'api::branch.branch','image',1),(2078,177,134,'api::branch.branch','image',1),(2080,92,135,'api::branch.branch','image',1),(2083,159,56,'api::brand.brand','image',1),(2085,30,20,'api::brand.brand','image',1),(2087,158,38,'api::brand.brand','image',1),(2088,158,78,'api::brand.brand','image',1),(2089,124,14,'api::brand.brand','image',1),(2092,91,136,'api::branch.branch','image',1),(2094,91,137,'api::branch.branch','image',1),(2096,90,138,'api::branch.branch','image',1),(2098,91,139,'api::branch.branch','image',1),(2100,91,140,'api::branch.branch','image',1),(2102,92,141,'api::branch.branch','image',1),(2104,179,142,'api::branch.branch','image',1),(2107,88,143,'api::branch.branch','image',1),(2109,179,145,'api::branch.branch','image',1),(2111,88,146,'api::branch.branch','image',1),(2113,179,147,'api::branch.branch','image',1),(2115,180,148,'api::branch.branch','image',1),(2117,180,149,'api::branch.branch','image',1),(2119,179,150,'api::branch.branch','image',1),(2121,179,151,'api::branch.branch','image',1),(2123,88,152,'api::branch.branch','image',1),(2125,88,153,'api::branch.branch','image',1),(2127,88,154,'api::branch.branch','image',1),(2148,26,44,'api::brand.brand','image',1),(2149,26,80,'api::brand.brand','image',1),(2150,29,30,'api::brand.brand','image',1),(2151,29,81,'api::brand.brand','image',1),(2152,28,58,'api::brand.brand','image',1),(2153,28,82,'api::brand.brand','image',1),(2158,89,16,'service-landing.service-locations','image',1),(2159,91,17,'service-landing.service-locations','image',1),(2164,89,19,'service-landing.service-locations','image',1),(2165,91,20,'service-landing.service-locations','image',1),(2242,89,21,'service-landing.service-locations','image',1),(2243,91,22,'service-landing.service-locations','image',1),(2304,130,155,'api::branch.branch','image',1),(2306,87,156,'api::branch.branch','image',1),(2308,88,157,'api::branch.branch','image',1),(2310,92,158,'api::branch.branch','image',1),(2314,88,159,'api::branch.branch','image',1),(2316,87,160,'api::branch.branch','image',1),(2320,87,161,'api::branch.branch','image',1),(2332,90,162,'api::branch.branch','image',1),(2334,91,163,'api::branch.branch','image',1),(2372,39,164,'api::branch.branch','image',1),(2374,39,165,'api::branch.branch','image',1),(2376,39,166,'api::branch.branch','image',1),(2434,179,167,'api::branch.branch','image',1),(2448,180,168,'api::branch.branch','image',1),(2450,179,169,'api::branch.branch','image',1),(2505,16,27,'home.about-cme','image',1),(2517,87,170,'api::branch.branch','image',1),(2519,87,171,'api::branch.branch','image',1),(2521,39,172,'api::branch.branch','image',1),(2587,75,45,'api::service.service','listImage',1),(2601,222,175,'api::branch.branch','image',1),(2610,227,91,'api::brand.brand','image',1),(2611,227,92,'api::brand.brand','image',1),(2614,229,95,'api::brand.brand','image',1),(2615,229,96,'api::brand.brand','image',1),(2628,237,109,'api::brand.brand','image',1),(2629,237,110,'api::brand.brand','image',1),(2630,238,111,'api::brand.brand','image',1),(2633,239,176,'api::branch.branch','image',1),(2635,240,177,'api::branch.branch','image',1),(2637,241,178,'api::branch.branch','image',1),(2638,224,85,'api::brand.brand','image',1),(2639,224,113,'api::brand.brand','image',1),(2640,223,83,'api::brand.brand','image',1),(2641,223,114,'api::brand.brand','image',1),(2642,225,87,'api::brand.brand','image',1),(2643,225,115,'api::brand.brand','image',1),(2644,226,89,'api::brand.brand','image',1),(2645,226,116,'api::brand.brand','image',1),(2646,228,93,'api::brand.brand','image',1),(2647,228,117,'api::brand.brand','image',1),(2654,233,103,'api::brand.brand','image',1),(2655,233,121,'api::brand.brand','image',1),(2656,232,101,'api::brand.brand','image',1),(2657,232,122,'api::brand.brand','image',1),(2658,234,105,'api::brand.brand','image',1),(2659,234,123,'api::brand.brand','image',1),(2664,156,34,'api::brand.brand','image',1),(2665,156,126,'api::brand.brand','image',1),(2687,221,1,'api::power-top-category.power-top-category','image',1),(2688,221,23,'api::power-top-category.power-top-category','image',1),(2689,218,3,'api::power-top-category.power-top-category','image',1),(2690,218,24,'api::power-top-category.power-top-category','image',1),(2691,216,7,'api::power-top-category.power-top-category','image',1),(2692,216,25,'api::power-top-category.power-top-category','image',1),(2693,220,9,'api::power-top-category.power-top-category','image',1),(2694,220,26,'api::power-top-category.power-top-category','image',1),(2707,197,3,'api::power-category.power-category','image',1),(2708,197,39,'api::power-category.power-category','image',1),(2709,214,1,'api::product-category.product-category','image',1),(2710,214,40,'api::product-category.product-category','image',1),(2711,215,3,'api::product-category.product-category','image',1),(2712,215,41,'api::product-category.product-category','image',1),(2713,213,5,'api::product-category.product-category','image',1),(2714,213,42,'api::product-category.product-category','image',1),(2717,140,9,'api::product-category.product-category','image',1),(2718,140,44,'api::product-category.product-category','image',1),(2719,121,1,'api::service-category-type.service-category-type','image',1),(2720,121,25,'api::service-category-type.service-category-type','image',1),(2731,143,7,'api::service-category-type.service-category-type','image',1),(2732,143,31,'api::service-category-type.service-category-type','image',1),(2733,120,3,'api::service-category-type.service-category-type','image',1),(2734,120,32,'api::service-category-type.service-category-type','image',1),(2735,118,1,'api::tyre-category.tyre-category','image',1),(2736,118,62,'api::tyre-category.tyre-category','image',1),(2737,144,5,'api::tyre-category.tyre-category','image',1),(2738,144,63,'api::tyre-category.tyre-category','image',1),(2739,119,3,'api::tyre-category.tyre-category','image',1),(2740,119,64,'api::tyre-category.tyre-category','image',1),(2741,147,13,'api::tyre-category.tyre-category','image',1),(2742,147,65,'api::tyre-category.tyre-category','image',1),(2743,143,15,'api::tyre-category.tyre-category','image',1),(2744,143,66,'api::tyre-category.tyre-category','image',1),(2745,202,22,'api::tyre-category.tyre-category','image',1),(2746,202,67,'api::tyre-category.tyre-category','image',1),(2751,153,19,'api::tyre-category.tyre-category','image',1),(2752,153,70,'api::tyre-category.tyre-category','image',1),(2772,203,13,'api::tyre-service.tyre-service','image',1),(2816,56,26,'common.banner','media',1),(2817,89,1,'service-landing.service-locations','image',1),(2818,91,4,'service-landing.service-locations','image',1),(2819,56,177,'common.banner','media',1),(2820,89,23,'service-landing.service-locations','image',1),(2821,91,24,'service-landing.service-locations','image',1),(2826,85,1,'api::news.news','image',1),(2827,85,58,'api::news.news','image',1),(2828,86,4,'api::news.news','image',1),(2829,86,59,'api::news.news','image',1),(2830,134,19,'api::news.news','image',1),(2831,134,60,'api::news.news','image',1),(2832,175,38,'api::news.news','image',1),(2833,175,61,'api::news.news','image',1),(2834,168,21,'api::news.news','image',1),(2835,168,62,'api::news.news','image',1),(2855,75,46,'api::service.service','listImage',1),(2873,16,28,'home.about-cme','image',1),(2904,163,111,'common.banner','media',1),(2905,166,124,'common.banner','media',1),(2906,163,193,'common.banner','media',1),(2907,166,194,'common.banner','media',1),(2965,75,47,'api::service.service','listImage',1),(2985,75,48,'api::service.service','listImage',1),(3005,75,49,'api::service.service','listImage',1),(3025,75,50,'api::service.service','listImage',1),(3045,75,51,'api::service.service','listImage',1),(3065,75,52,'api::service.service','listImage',1),(3085,75,53,'api::service.service','listImage',1),(3105,75,54,'api::service.service','listImage',1),(3125,75,55,'api::service.service','listImage',1),(3145,75,56,'api::service.service','listImage',1),(3165,75,57,'api::service.service','listImage',1),(3185,75,58,'api::service.service','listImage',1),(3205,75,59,'api::service.service','listImage',1),(3225,75,60,'api::service.service','listImage',1),(3245,75,61,'api::service.service','listImage',1),(3267,75,62,'api::service.service','listImage',1),(3301,75,63,'api::service.service','listImage',1),(3339,75,64,'api::service.service','listImage',1),(3377,75,65,'api::service.service','listImage',1),(3415,75,66,'api::service.service','listImage',1),(3453,75,67,'api::service.service','listImage',1),(3455,73,68,'api::service.service','listImage',1),(3457,73,69,'api::service.service','listImage',1),(3459,73,70,'api::service.service','listImage',1),(3461,73,71,'api::service.service','listImage',1),(3463,73,72,'api::service.service','listImage',1),(3467,73,73,'api::service.service','listImage',1),(3471,73,74,'api::service.service','listImage',1),(3475,73,75,'api::service.service','listImage',1),(3479,73,76,'api::service.service','listImage',1),(3483,73,77,'api::service.service','listImage',1),(3521,75,78,'api::service.service','listImage',1),(3524,62,11,'common.title-desc-with-img','image',1),(3525,63,13,'common.title-desc-with-img','image',1),(3526,67,16,'common.title-desc-with-img','image',1),(3527,68,17,'common.title-desc-with-img','image',1),(3528,66,18,'common.title-desc-with-img','image',1),(3529,65,19,'common.title-desc-with-img','image',1),(3530,64,20,'common.title-desc-with-img','image',1),(3543,62,418,'common.title-desc-with-img','image',1),(3544,63,419,'common.title-desc-with-img','image',1),(3545,67,420,'common.title-desc-with-img','image',1),(3546,68,421,'common.title-desc-with-img','image',1),(3547,66,422,'common.title-desc-with-img','image',1),(3548,65,423,'common.title-desc-with-img','image',1),(3549,64,424,'common.title-desc-with-img','image',1),(3559,75,79,'api::service.service','listImage',1),(3563,73,80,'api::service.service','listImage',1),(3587,75,81,'api::service.service','listImage',1),(3590,72,83,'api::service.service','listImage',1),(3592,72,84,'api::service.service','listImage',1),(3596,72,85,'api::service.service','listImage',1),(3600,72,86,'api::service.service','listImage',1),(3604,72,87,'api::service.service','listImage',1),(3608,72,88,'api::service.service','listImage',1),(3612,72,89,'api::service.service','listImage',1),(3616,72,90,'api::service.service','listImage',1),(3620,72,91,'api::service.service','listImage',1),(3624,72,92,'api::service.service','listImage',1),(3628,72,93,'api::service.service','listImage',1),(3632,72,94,'api::service.service','listImage',1),(3636,72,95,'api::service.service','listImage',1),(3640,72,96,'api::service.service','listImage',1),(3644,72,97,'api::service.service','listImage',1),(3650,72,98,'api::service.service','listImage',1),(3659,72,100,'api::service.service','listImage',1),(3661,72,101,'api::service.service','listImage',1),(3665,72,103,'api::service.service','listImage',1),(3669,72,104,'api::service.service','listImage',1),(3675,72,106,'api::service.service','listImage',1),(3679,72,107,'api::service.service','listImage',1),(3683,72,108,'api::service.service','listImage',1),(3687,72,109,'api::service.service','listImage',1),(3691,72,110,'api::service.service','listImage',1),(3695,72,111,'api::service.service','listImage',1),(3699,72,112,'api::service.service','listImage',1),(3703,72,113,'api::service.service','listImage',1),(3707,72,114,'api::service.service','listImage',1),(3711,72,115,'api::service.service','listImage',1),(3715,72,116,'api::service.service','listImage',1),(3717,74,117,'api::service.service','listImage',1),(3737,75,118,'api::service.service','listImage',1),(3739,74,119,'api::service.service','listImage',1),(3742,74,120,'api::service.service','listImage',1),(3745,74,121,'api::service.service','listImage',1),(3747,74,122,'api::service.service','listImage',1),(3749,74,123,'api::service.service','listImage',1),(3751,74,124,'api::service.service','listImage',1),(3757,72,125,'api::service.service','listImage',1),(3761,72,126,'api::service.service','listImage',1),(3765,72,127,'api::service.service','listImage',1),(3795,75,128,'api::service.service','listImage',1),(3799,73,129,'api::service.service','listImage',1),(3801,74,130,'api::service.service','listImage',1),(3803,72,131,'api::service.service','listImage',1),(3805,72,132,'api::service.service','listImage',1),(3807,74,133,'api::service.service','listImage',1),(3808,255,59,'common.title-desc-img-position','image',1),(3810,255,152,'common.title-desc-img-position','image',1),(3811,73,134,'api::service.service','listImage',1),(3817,73,136,'api::service.service','listImage',1),(3821,74,139,'api::service.service','listImage',1),(3825,74,140,'api::service.service','listImage',1),(3835,74,141,'api::service.service','listImage',1),(3849,74,142,'api::service.service','listImage',1),(3863,74,143,'api::service.service','listImage',1),(3879,74,144,'api::service.service','listImage',1),(3895,74,145,'api::service.service','listImage',1),(3913,74,146,'api::service.service','listImage',1),(3931,74,147,'api::service.service','listImage',1),(3932,254,175,'common.title-desc-img-position','image',1),(3933,247,1,'common.title-desc-img-position','image',1),(3940,250,19,'common.title-desc-img-position','image',1),(3942,247,176,'common.title-desc-img-position','image',1),(3949,250,177,'common.title-desc-img-position','image',1),(3950,254,178,'common.title-desc-img-position','image',1),(3951,75,148,'api::service.service','listImage',1),(3963,72,149,'api::service.service','listImage',1),(3979,73,150,'api::service.service','listImage',1),(3989,72,151,'api::service.service','listImage',1),(3999,72,152,'api::service.service','listImage',1),(4009,72,153,'api::service.service','listImage',1),(4027,74,154,'api::service.service','listImage',1),(4033,72,155,'api::service.service','listImage',1),(4034,148,3,'api::tyre-service.tyre-service','image',1),(4035,148,36,'api::tyre-service.tyre-service','image',1),(4036,150,7,'api::tyre-service.tyre-service','image',1),(4037,150,37,'api::tyre-service.tyre-service','image',1),(4038,149,1,'api::tyre-service.tyre-service','image',1),(4039,149,38,'api::tyre-service.tyre-service','image',1),(4042,152,11,'api::tyre-service.tyre-service','image',1),(4043,152,40,'api::tyre-service.tyre-service','image',1),(4061,74,156,'api::service.service','listImage',1),(4062,279,179,'common.title-desc-img-position','image',1),(4066,283,180,'common.title-desc-img-position','image',1),(4068,279,200,'common.title-desc-img-position','image',1),(4072,283,201,'common.title-desc-img-position','image',1),(4073,72,157,'api::service.service','listImage',1),(4089,73,158,'api::service.service','listImage',1),(4107,74,159,'api::service.service','listImage',1),(4125,74,160,'api::service.service','listImage',1),(4143,74,161,'api::service.service','listImage',1),(4161,74,162,'api::service.service','listImage',1),(4165,72,163,'api::service.service','listImage',1),(4171,72,164,'api::service.service','listImage',1),(4177,72,165,'api::service.service','listImage',1),(4183,72,166,'api::service.service','listImage',1),(4184,271,133,'common.title-desc-img-position','image',1),(4190,277,159,'common.title-desc-img-position','image',1),(4191,278,171,'common.title-desc-img-position','image',1),(4193,271,229,'common.title-desc-img-position','image',1),(4199,277,230,'common.title-desc-img-position','image',1),(4200,278,231,'common.title-desc-img-position','image',1),(4201,74,167,'api::service.service','listImage',1),(4202,284,153,'common.title-desc-img-position','image',1),(4207,289,183,'common.title-desc-img-position','image',1),(4208,290,184,'common.title-desc-img-position','image',1),(4210,284,232,'common.title-desc-img-position','image',1),(4215,289,233,'common.title-desc-img-position','image',1),(4216,290,234,'common.title-desc-img-position','image',1),(4217,73,168,'api::service.service','listImage',1),(4218,268,116,'common.title-desc-img-position','image',1),(4220,268,235,'common.title-desc-img-position','image',1),(4221,72,169,'api::service.service','listImage',1),(4229,72,170,'api::service.service','listImage',1),(4230,307,77,'common.title-desc-img-position','image',1),(4231,305,81,'common.title-desc-img-position','image',1),(4232,306,98,'common.title-desc-img-position','image',1),(4234,307,239,'common.title-desc-img-position','image',1),(4235,305,240,'common.title-desc-img-position','image',1),(4236,306,241,'common.title-desc-img-position','image',1),(4237,72,171,'api::service.service','listImage',1),(4270,74,173,'api::service.service','listImage',1),(4276,74,174,'api::service.service','listImage',1),(4286,74,175,'api::service.service','listImage',1),(4296,74,176,'api::service.service','listImage',1),(4301,74,177,'api::service.service','listImage',1),(4302,308,242,'common.title-desc-img-position','image',1),(4303,309,243,'common.title-desc-img-position','image',1),(4307,308,255,'common.title-desc-img-position','image',1),(4308,309,256,'common.title-desc-img-position','image',1),(4311,74,178,'api::service.service','listImage',1),(4328,74,181,'api::service.service','listImage',1),(4336,74,182,'api::service.service','listImage',1),(4344,74,183,'api::service.service','listImage',1),(4352,74,184,'api::service.service','listImage',1),(4360,74,185,'api::service.service','listImage',1),(4370,74,186,'api::service.service','listImage',1),(4399,74,187,'api::service.service','listImage',1),(4414,74,188,'api::service.service','listImage',1),(4426,74,189,'api::service.service','listImage',1),(4438,74,190,'api::service.service','listImage',1),(4450,74,191,'api::service.service','listImage',1),(4462,74,192,'api::service.service','listImage',1),(4480,74,193,'api::service.service','listImage',1),(4481,315,267,'common.title-desc-img-position','image',1),(4482,316,270,'common.title-desc-img-position','image',1),(4486,320,281,'common.title-desc-img-position','image',1),(4487,321,282,'common.title-desc-img-position','image',1),(4488,322,283,'common.title-desc-img-position','image',1),(4490,315,289,'common.title-desc-img-position','image',1),(4491,316,290,'common.title-desc-img-position','image',1),(4495,320,291,'common.title-desc-img-position','image',1),(4496,321,292,'common.title-desc-img-position','image',1),(4497,322,293,'common.title-desc-img-position','image',1),(4498,74,194,'api::service.service','listImage',1),(4506,74,195,'api::service.service','listImage',1),(4507,312,259,'common.title-desc-img-position','image',1),(4511,312,295,'common.title-desc-img-position','image',1),(4514,74,196,'api::service.service','listImage',1),(4530,72,197,'api::service.service','listImage',1),(4546,72,198,'api::service.service','listImage',1),(4562,72,199,'api::service.service','listImage',1),(4563,298,299,'common.title-desc-img-position','image',1),(4564,297,299,'common.title-desc-img-position','image',2),(4565,296,299,'common.title-desc-img-position','image',3),(4566,295,299,'common.title-desc-img-position','image',4),(4574,298,300,'common.title-desc-img-position','image',1),(4575,297,300,'common.title-desc-img-position','image',2),(4576,296,300,'common.title-desc-img-position','image',3),(4577,295,300,'common.title-desc-img-position','image',4),(4578,72,200,'api::service.service','listImage',1),(4594,72,201,'api::service.service','listImage',1),(4595,293,657,'common.title-desc-with-img','image',1),(4596,294,658,'common.title-desc-with-img','image',1),(4597,292,659,'common.title-desc-with-img','image',1),(4598,298,302,'common.title-desc-img-position','images',1),(4599,297,302,'common.title-desc-img-position','images',2),(4600,296,302,'common.title-desc-img-position','images',3),(4601,295,302,'common.title-desc-img-position','images',4),(4602,72,202,'api::service.service','listImage',1),(4603,293,660,'common.title-desc-with-img','image',1),(4604,294,661,'common.title-desc-with-img','image',1),(4605,292,662,'common.title-desc-with-img','image',1),(4606,298,303,'common.title-desc-img-position','images',1),(4607,297,303,'common.title-desc-img-position','images',2),(4608,296,303,'common.title-desc-img-position','images',3),(4609,295,303,'common.title-desc-img-position','images',4),(4610,72,203,'api::service.service','listImage',1),(4611,313,31,'api::service-category.service-category','image',1),(4612,45,31,'api::service-category.service-category','menuImage',1),(4613,313,32,'api::service-category.service-category','image',1),(4614,45,32,'api::service-category.service-category','menuImage',1),(4615,56,227,'common.banner','media',1),(4616,89,25,'service-landing.service-locations','image',1),(4617,91,26,'service-landing.service-locations','image',1),(4618,56,228,'common.banner','media',1),(4619,89,27,'service-landing.service-locations','image',1),(4620,91,28,'service-landing.service-locations','image',1),(4624,72,204,'api::service.service','listImage',1),(4630,72,205,'api::service.service','listImage',1),(4638,72,206,'api::service.service','listImage',1),(4654,72,207,'api::service.service','listImage',1),(4670,72,208,'api::service.service','listImage',1),(4674,72,209,'api::service.service','listImage',1),(4677,329,60,'api::brand.brand','image',1),(4678,329,128,'api::brand.brand','image',1),(4679,323,99,'api::brand.brand','image',1),(4680,323,129,'api::brand.brand','image',1),(4681,324,107,'api::brand.brand','image',1),(4682,324,130,'api::brand.brand','image',1),(4683,333,131,'api::brand.brand','image',1),(4684,333,132,'api::brand.brand','image',1),(4687,332,135,'api::brand.brand','image',1),(4688,332,136,'api::brand.brand','image',1),(4689,330,133,'api::brand.brand','image',1),(4690,330,137,'api::brand.brand','image',1),(4691,331,141,'api::brand.brand','image',1),(4692,331,143,'api::brand.brand','image',1),(4693,328,138,'api::brand.brand','image',1),(4694,328,144,'api::brand.brand','image',1),(4695,335,145,'api::brand.brand','image',1),(4696,335,146,'api::brand.brand','image',1),(4699,334,147,'api::brand.brand','image',1),(4700,334,149,'api::brand.brand','image',1),(4707,326,153,'api::brand.brand','image',1),(4708,326,155,'api::brand.brand','image',1),(4711,325,156,'api::brand.brand','image',1),(4712,325,158,'api::brand.brand','image',1),(4732,75,210,'api::service.service','listImage',1),(4750,74,211,'api::service.service','listImage',1),(4768,74,212,'api::service.service','listImage',1),(4780,72,213,'api::service.service','listImage',1),(4792,72,214,'api::service.service','listImage',1),(4810,74,215,'api::service.service','listImage',1),(4822,72,216,'api::service.service','listImage',1),(4840,74,217,'api::service.service','listImage',1),(4860,75,218,'api::service.service','listImage',1),(4864,73,219,'api::service.service','listImage',1),(4880,73,220,'api::service.service','listImage',1),(4892,74,221,'api::service.service','listImage',1),(4910,74,222,'api::service.service','listImage',1),(4928,74,223,'api::service.service','listImage',1),(4938,74,224,'api::service.service','listImage',1),(4946,74,225,'api::service.service','listImage',1),(4948,88,179,'api::branch.branch','image',1),(4950,39,180,'api::branch.branch','image',1),(4952,177,181,'api::branch.branch','image',1),(4954,176,182,'api::branch.branch','image',1),(4956,178,183,'api::branch.branch','image',1),(4958,92,184,'api::branch.branch','image',1),(4960,241,185,'api::branch.branch','image',1),(4962,240,186,'api::branch.branch','image',1),(4964,179,187,'api::branch.branch','image',1),(4966,180,188,'api::branch.branch','image',1),(4968,90,189,'api::branch.branch','image',1),(4970,239,190,'api::branch.branch','image',1),(4972,179,191,'api::branch.branch','image',1),(4974,222,192,'api::branch.branch','image',1),(4976,87,193,'api::branch.branch','image',1),(4977,336,97,'api::brand.brand','image',1),(4978,336,159,'api::brand.brand','image',1),(4979,338,160,'api::brand.brand','image',1),(4980,338,161,'api::brand.brand','image',1),(5000,75,226,'api::service.service','listImage',1),(5020,75,227,'api::service.service','listImage',1),(5040,75,228,'api::service.service','listImage',1),(5062,16,29,'home.about-cme','image',1),(5092,16,30,'home.about-cme','image',1),(5136,16,31,'home.about-cme','image',1),(5166,74,236,'api::service.service','listImage',1),(5178,72,237,'api::service.service','listImage',1),(5188,74,238,'api::service.service','listImage',1),(5196,74,239,'api::service.service','listImage',1),(5197,358,41,'api::tyre-service.tyre-service','image',1),(5198,358,48,'api::tyre-service.tyre-service','image',1),(5199,356,46,'api::tyre-service.tyre-service','image',1),(5200,356,49,'api::tyre-service.tyre-service','image',1),(5201,357,44,'api::tyre-service.tyre-service','image',1),(5202,357,50,'api::tyre-service.tyre-service','image',1),(5205,151,9,'api::tyre-service.tyre-service','image',1),(5206,151,51,'api::tyre-service.tyre-service','image',1),(5207,360,11,'api::power-top-category.power-top-category','image',1),(5208,360,29,'api::power-top-category.power-top-category','image',1),(5209,361,5,'api::power-top-category.power-top-category','image',1),(5210,361,30,'api::power-top-category.power-top-category','image',1),(5214,195,1,'api::power-category.power-category','image',1),(5215,195,41,'api::power-category.power-category','image',1),(5216,196,13,'api::power-category.power-category','image',1),(5217,196,42,'api::power-category.power-category','image',1),(5218,201,17,'api::power-category.power-category','image',1),(5219,201,43,'api::power-category.power-category','image',1),(5220,199,11,'api::power-category.power-category','image',1),(5221,199,44,'api::power-category.power-category','image',1),(5222,200,15,'api::power-category.power-category','image',1),(5223,200,45,'api::power-category.power-category','image',1),(5234,21,8,'api::business-stream.business-stream','image',1),(5235,21,41,'api::business-stream.business-stream','image',1),(5236,20,6,'api::business-stream.business-stream','image',1),(5237,20,42,'api::business-stream.business-stream','image',1),(5238,206,1,'api::business-stream.business-stream','image',1),(5239,206,43,'api::business-stream.business-stream','image',1),(5240,19,3,'api::business-stream.business-stream','image',1),(5241,19,44,'api::business-stream.business-stream','image',1),(5242,9,1,'api::header.header','logo',1),(5243,8,1,'api::header.header','colorLogo',1),(5244,9,17,'api::header.header','logo',1),(5245,8,17,'api::header.header','colorLogo',1),(5249,74,240,'api::service.service','listImage',1),(5255,363,194,'api::branch.branch','image',1),(5257,363,195,'api::branch.branch','image',1),(5259,363,196,'api::branch.branch','image',1),(5261,363,197,'api::branch.branch','image',1),(5262,363,21,'api::branch.branch','image',1),(5263,363,198,'api::branch.branch','image',1),(5265,239,199,'api::branch.branch','image',1),(5267,239,200,'api::branch.branch','image',1),(5268,364,5,'api::branch.branch','image',1),(5269,364,201,'api::branch.branch','image',1),(5296,72,242,'api::service.service','listImage',1),(5297,365,52,'api::tyre-service.tyre-service','image',1),(5298,365,54,'api::tyre-service.tyre-service','image',1),(5308,72,243,'api::service.service','listImage',1),(5318,72,244,'api::service.service','listImage',1),(5328,72,245,'api::service.service','listImage',1),(5338,72,246,'api::service.service','listImage',1),(5348,72,247,'api::service.service','listImage',1),(5358,72,248,'api::service.service','listImage',1),(5368,72,249,'api::service.service','listImage',1),(5378,365,250,'api::service.service','listImage',1),(5388,365,251,'api::service.service','listImage',1),(5398,365,252,'api::service.service','listImage',1),(5408,365,253,'api::service.service','listImage',1),(5418,365,254,'api::service.service','listImage',1),(5428,365,255,'api::service.service','listImage',1),(5438,365,256,'api::service.service','listImage',1),(5469,142,5,'api::service-category-type.service-category-type','image',1),(5470,142,33,'api::service-category-type.service-category-type','image',1),(5471,140,9,'api::service-category-type.service-category-type','image',1),(5472,140,34,'api::service-category-type.service-category-type','image',1),(5473,139,7,'api::product-category.product-category','image',1),(5474,139,45,'api::product-category.product-category','image',1),(5476,380,202,'api::branch.branch','image',1),(5478,379,203,'api::branch.branch','image',1),(5480,378,204,'api::branch.branch','image',1),(5482,377,205,'api::branch.branch','image',1),(5484,376,206,'api::branch.branch','image',1),(5486,375,207,'api::branch.branch','image',1),(5488,374,208,'api::branch.branch','image',1),(5490,373,209,'api::branch.branch','image',1),(5492,372,210,'api::branch.branch','image',1),(5494,387,211,'api::branch.branch','image',1),(5496,396,213,'api::branch.branch','image',1),(5498,395,214,'api::branch.branch','image',1),(5500,394,215,'api::branch.branch','image',1),(5502,393,216,'api::branch.branch','image',1),(5504,392,217,'api::branch.branch','image',1),(5506,390,218,'api::branch.branch','image',1),(5508,397,219,'api::branch.branch','image',1),(5510,397,220,'api::branch.branch','image',1),(5512,374,221,'api::branch.branch','image',1),(5514,376,222,'api::branch.branch','image',1),(5516,374,223,'api::branch.branch','image',1),(5520,399,225,'api::branch.branch','image',1),(5522,392,226,'api::branch.branch','image',1),(5524,403,228,'api::branch.branch','image',1),(5526,404,229,'api::branch.branch','image',1),(5528,407,230,'api::branch.branch','image',1),(5530,406,231,'api::branch.branch','image',1),(5532,390,232,'api::branch.branch','image',1),(5534,405,233,'api::branch.branch','image',1),(5536,404,234,'api::branch.branch','image',1),(5538,403,235,'api::branch.branch','image',1),(5540,404,236,'api::branch.branch','image',1),(5542,407,237,'api::branch.branch','image',1),(5544,406,238,'api::branch.branch','image',1),(5546,405,239,'api::branch.branch','image',1),(5548,405,240,'api::branch.branch','image',1),(5550,405,241,'api::branch.branch','image',1),(5552,406,242,'api::branch.branch','image',1),(5554,407,243,'api::branch.branch','image',1),(5556,404,244,'api::branch.branch','image',1),(5558,403,245,'api::branch.branch','image',1),(5560,413,246,'api::branch.branch','image',1),(5562,414,247,'api::branch.branch','image',1),(5564,408,248,'api::branch.branch','image',1),(5566,417,249,'api::branch.branch','image',1),(5568,416,250,'api::branch.branch','image',1),(5570,421,251,'api::branch.branch','image',1),(5572,423,252,'api::branch.branch','image',1),(5574,420,253,'api::branch.branch','image',1),(5576,419,254,'api::branch.branch','image',1),(5578,403,255,'api::branch.branch','image',1),(5580,405,256,'api::branch.branch','image',1),(5582,406,257,'api::branch.branch','image',1),(5584,407,258,'api::branch.branch','image',1),(5586,404,259,'api::branch.branch','image',1),(5588,403,260,'api::branch.branch','image',1),(5590,403,261,'api::branch.branch','image',1),(5592,413,262,'api::branch.branch','image',1),(5594,414,263,'api::branch.branch','image',1),(5596,420,264,'api::branch.branch','image',1),(5598,408,265,'api::branch.branch','image',1),(5600,419,266,'api::branch.branch','image',1),(5602,416,267,'api::branch.branch','image',1),(5604,417,268,'api::branch.branch','image',1),(5606,400,269,'api::branch.branch','image',1),(5608,424,270,'api::branch.branch','image',1),(5610,410,271,'api::branch.branch','image',1),(5612,411,272,'api::branch.branch','image',1),(5615,416,274,'api::branch.branch','image',1),(5617,416,275,'api::branch.branch','image',1),(5619,416,276,'api::branch.branch','image',1),(5621,416,277,'api::branch.branch','image',1),(5623,416,278,'api::branch.branch','image',1),(5625,416,279,'api::branch.branch','image',1),(5662,83,56,'common.title-desc-with-img','image',1),(5663,205,58,'common.title-desc-with-img','image',1),(5664,204,59,'common.title-desc-with-img','image',1),(5665,20,8,'common.title-desc-btn-img','image',1),(5666,425,1,'common.title-desc-btn-img','image',1),(5667,19,7,'common.title-desc-btn-img','image',1),(5668,21,15,'common.title-desc-btn-img','image',1),(5669,83,800,'common.title-desc-with-img','image',1),(5670,205,801,'common.title-desc-with-img','image',1),(5671,204,802,'common.title-desc-with-img','image',1),(5672,20,76,'common.title-desc-btn-img','image',1),(5673,425,77,'common.title-desc-btn-img','image',1),(5674,19,78,'common.title-desc-btn-img','image',1),(5675,21,79,'common.title-desc-btn-img','image',1),(5724,163,260,'common.banner','media',1),(5725,314,8,'api::service-category.service-category','image',1),(5726,207,8,'api::service-category.service-category','menuImage',1),(5727,163,265,'common.banner','media',1),(5728,314,38,'api::service-category.service-category','image',1),(5729,207,38,'api::service-category.service-category','menuImage',1),(5739,434,257,'api::service.service','listImage',1),(5743,426,258,'api::service.service','listImage',1),(5744,271,133,'common.title-desc-img-position','images',1),(5745,302,443,'common.title-desc-with-img','image',1),(5746,303,445,'common.title-desc-with-img','image',1),(5747,299,446,'common.title-desc-with-img','image',1),(5748,301,471,'common.title-desc-with-img','image',1),(5749,300,472,'common.title-desc-with-img','image',1),(5750,277,159,'common.title-desc-img-position','images',1),(5751,278,171,'common.title-desc-img-position','images',1),(5752,428,27,'api::service.service','listImage',1),(5753,271,421,'common.title-desc-img-position','images',1),(5754,302,805,'common.title-desc-with-img','image',1),(5755,303,806,'common.title-desc-with-img','image',1),(5756,299,807,'common.title-desc-with-img','image',1),(5757,301,808,'common.title-desc-with-img','image',1),(5758,300,809,'common.title-desc-with-img','image',1),(5759,277,422,'common.title-desc-img-position','images',1),(5760,278,423,'common.title-desc-img-position','images',1),(5761,428,259,'api::service.service','listImage',1),(5771,427,260,'api::service.service','listImage',1),(5783,429,261,'api::service.service','listImage',1),(5799,73,262,'api::service.service','listImage',1),(5817,431,263,'api::service.service','listImage',1),(5818,339,1,'common.title-desc-img-position','images',1),(5819,340,166,'common.title-desc-with-img','image',1),(5820,341,167,'common.title-desc-with-img','image',1),(5821,342,258,'common.title-desc-with-img','image',1),(5822,343,259,'common.title-desc-with-img','image',1),(5823,344,260,'common.title-desc-with-img','image',1),(5824,345,261,'common.title-desc-with-img','image',1),(5825,346,19,'common.title-desc-img-position','images',1),(5826,347,175,'common.title-desc-img-position','images',1),(5827,433,5,'api::service.service','listImage',1),(5828,339,436,'common.title-desc-img-position','images',1),(5829,340,822,'common.title-desc-with-img','image',1),(5830,341,823,'common.title-desc-with-img','image',1),(5831,342,824,'common.title-desc-with-img','image',1),(5832,343,825,'common.title-desc-with-img','image',1),(5833,344,826,'common.title-desc-with-img','image',1),(5834,345,827,'common.title-desc-with-img','image',1),(5835,346,437,'common.title-desc-img-position','images',1),(5836,347,438,'common.title-desc-img-position','images',1),(5837,433,264,'api::service.service','listImage',1),(5841,430,265,'api::service.service','listImage',1),(5857,432,266,'api::service.service','listImage',1),(5859,416,280,'api::branch.branch','image',1),(5861,416,281,'api::branch.branch','image',1),(5863,416,282,'api::branch.branch','image',1),(5865,416,283,'api::branch.branch','image',1),(5867,416,284,'api::branch.branch','image',1),(5869,416,285,'api::branch.branch','image',1),(5871,416,286,'api::branch.branch','image',1),(5873,416,287,'api::branch.branch','image',1),(5875,416,288,'api::branch.branch','image',1),(5877,416,289,'api::branch.branch','image',1),(5880,416,290,'api::branch.branch','image',1),(5882,416,291,'api::branch.branch','image',1),(5883,49,20,'common.banner','media',1),(5884,8,1,'common.box-component','logo',1),(5885,8,1,'common.box-component','responsiveLogo',1),(5886,49,266,'common.banner','media',1),(5887,8,11,'common.box-component','logo',1),(5888,8,11,'common.box-component','responsiveLogo',1),(5922,16,32,'home.about-cme','image',1),(5933,438,273,'common.banner','media',1),(5934,350,232,'common.banner','media',1),(5935,351,235,'common.banner','media',1),(5936,352,236,'common.banner','media',1),(5937,16,1,'home.about-cme','image',1),(5938,115,1,'home.logos','logo',1),(5939,116,24,'home.logos','logo',1),(5940,96,52,'home.logos','logo',1),(5941,114,53,'home.logos','logo',1),(5942,113,54,'home.logos','logo',1),(5943,112,55,'home.logos','logo',1),(5944,111,56,'home.logos','logo',1),(5945,109,57,'home.logos','logo',1),(5946,105,58,'home.logos','logo',1),(5947,41,1,'common.content-with-link','image',1),(5948,438,279,'common.banner','media',1),(5949,350,280,'common.banner','media',1),(5950,351,281,'common.banner','media',1),(5951,352,282,'common.banner','media',1),(5952,16,33,'home.about-cme','image',1),(5953,115,210,'home.logos','logo',1),(5954,116,211,'home.logos','logo',1),(5955,96,212,'home.logos','logo',1),(5956,114,213,'home.logos','logo',1),(5957,113,214,'home.logos','logo',1),(5958,112,215,'home.logos','logo',1),(5959,111,216,'home.logos','logo',1),(5960,109,217,'home.logos','logo',1),(5961,105,218,'home.logos','logo',1),(5962,41,35,'common.content-with-link','image',1),(5963,447,283,'common.banner','media',1),(5964,444,107,'common.banner','media',1),(5965,446,128,'common.banner','media',1),(5966,445,184,'common.banner','media',1),(5967,444,284,'common.banner','media',1),(5968,446,285,'common.banner','media',1),(5969,445,286,'common.banner','media',1),(5970,447,287,'common.banner','media',1),(5985,435,59,'common.banner','media',1),(5986,93,3,'api::service-category.service-category','image',1),(5987,44,3,'api::service-category.service-category','menuImage',1),(5988,435,300,'common.banner','media',1),(5989,93,39,'api::service-category.service-category','image',1),(5990,44,39,'api::service-category.service-category','menuImage',1),(5991,448,258,'common.banner','media',1),(5992,313,1,'api::service-category.service-category','image',1),(5993,45,1,'api::service-category.service-category','menuImage',1),(5994,448,301,'common.banner','media',1),(5995,313,40,'api::service-category.service-category','image',1),(5996,45,40,'api::service-category.service-category','menuImage',1),(5997,365,386,'common.title-desc-img-position','images',1),(5998,369,760,'common.title-desc-with-img','image',1),(5999,371,761,'common.title-desc-with-img','image',1),(6000,368,387,'common.title-desc-img-position','images',1),(6001,434,241,'api::service.service','listImage',1),(6002,365,443,'common.title-desc-img-position','images',1),(6003,369,834,'common.title-desc-with-img','image',1),(6004,371,835,'common.title-desc-with-img','image',1),(6005,368,444,'common.title-desc-img-position','images',1),(6006,434,267,'api::service.service','listImage',1),(6007,312,259,'common.title-desc-img-position','images',1),(6008,426,180,'api::service.service','listImage',1),(6009,312,445,'common.title-desc-img-position','images',1),(6010,426,268,'api::service.service','listImage',1),(6018,72,269,'api::service.service','listImage',1),(6034,72,270,'api::service.service','listImage',1),(6037,308,242,'common.title-desc-img-position','images',1),(6038,309,243,'common.title-desc-img-position','images',1),(6039,310,586,'common.title-desc-with-img','image',1),(6040,311,587,'common.title-desc-with-img','image',1),(6041,427,172,'api::service.service','listImage',1),(6042,308,450,'common.title-desc-img-position','images',1),(6043,309,451,'common.title-desc-img-position','images',1),(6044,310,839,'common.title-desc-with-img','image',1),(6045,311,840,'common.title-desc-with-img','image',1),(6046,427,272,'api::service.service','listImage',1),(6047,279,179,'common.title-desc-img-position','images',1),(6048,280,509,'common.title-desc-with-img','image',1),(6049,281,510,'common.title-desc-with-img','image',1),(6050,282,511,'common.title-desc-with-img','image',1),(6051,283,180,'common.title-desc-img-position','images',1),(6052,429,31,'api::service.service','listImage',1),(6053,279,452,'common.title-desc-img-position','images',1),(6054,280,841,'common.title-desc-with-img','image',1),(6055,281,842,'common.title-desc-with-img','image',1),(6056,282,843,'common.title-desc-with-img','image',1),(6057,283,453,'common.title-desc-img-position','images',1),(6058,429,273,'api::service.service','listImage',1),(6061,315,267,'common.title-desc-img-position','images',1),(6062,316,270,'common.title-desc-img-position','images',1),(6063,317,613,'common.title-desc-with-img','image',1),(6064,318,614,'common.title-desc-with-img','image',1),(6065,319,615,'common.title-desc-with-img','image',1),(6066,320,281,'common.title-desc-img-position','images',1),(6067,321,349,'common.title-desc-img-position','images',1),(6068,322,350,'common.title-desc-img-position','images',1),(6069,431,179,'api::service.service','listImage',1),(6070,315,454,'common.title-desc-img-position','images',1),(6071,316,455,'common.title-desc-img-position','images',1),(6072,317,844,'common.title-desc-with-img','image',1),(6073,318,845,'common.title-desc-with-img','image',1),(6074,319,846,'common.title-desc-with-img','image',1),(6075,320,456,'common.title-desc-img-position','images',1),(6076,321,457,'common.title-desc-img-position','images',1),(6077,322,458,'common.title-desc-img-position','images',1),(6078,431,276,'api::service.service','listImage',1),(6079,255,59,'common.title-desc-img-position','images',1),(6080,430,29,'api::service.service','listImage',1),(6081,255,459,'common.title-desc-img-position','images',1),(6082,430,277,'api::service.service','listImage',1),(6083,284,153,'common.title-desc-img-position','images',1),(6084,285,515,'common.title-desc-with-img','image',1),(6085,286,516,'common.title-desc-with-img','image',1),(6086,287,517,'common.title-desc-with-img','image',1),(6087,288,518,'common.title-desc-with-img','image',1),(6088,289,183,'common.title-desc-img-position','images',1),(6089,290,184,'common.title-desc-img-position','images',1),(6090,432,135,'api::service.service','listImage',1),(6091,284,460,'common.title-desc-img-position','images',1),(6092,285,847,'common.title-desc-with-img','image',1),(6093,286,848,'common.title-desc-with-img','image',1),(6094,287,849,'common.title-desc-with-img','image',1),(6095,288,850,'common.title-desc-with-img','image',1),(6096,289,461,'common.title-desc-img-position','images',1),(6097,290,462,'common.title-desc-img-position','images',1),(6098,432,278,'api::service.service','listImage',1),(6102,72,279,'api::service.service','listImage',1),(6103,419,273,'api::branch.branch','image',1),(6104,419,292,'api::branch.branch','image',1),(6106,421,293,'api::branch.branch','image',1),(6108,423,294,'api::branch.branch','image',1),(6110,420,295,'api::branch.branch','image',1),(6112,405,296,'api::branch.branch','image',1),(6114,406,297,'api::branch.branch','image',1),(6116,407,298,'api::branch.branch','image',1),(6118,404,299,'api::branch.branch','image',1),(6120,403,300,'api::branch.branch','image',1),(6122,413,301,'api::branch.branch','image',1),(6124,414,302,'api::branch.branch','image',1),(6126,419,303,'api::branch.branch','image',1),(6128,417,304,'api::branch.branch','image',1),(6130,416,305,'api::branch.branch','image',1),(6132,400,306,'api::branch.branch','image',1),(6134,424,307,'api::branch.branch','image',1),(6136,410,308,'api::branch.branch','image',1),(6138,411,309,'api::branch.branch','image',1),(6140,419,310,'api::branch.branch','image',1),(6142,416,311,'api::branch.branch','image',1),(6144,417,312,'api::branch.branch','image',1),(6165,11,1,'common.social-links','icon',1),(6166,13,4,'common.social-links','icon',1),(6167,12,5,'common.social-links','icon',1),(6168,10,6,'common.social-links','icon',1),(6169,15,1,'api::footer.footer','logo',1),(6170,11,87,'common.social-links','icon',1),(6171,13,88,'common.social-links','icon',1),(6172,12,89,'common.social-links','icon',1),(6173,10,90,'common.social-links','icon',1),(6174,15,25,'api::footer.footer','logo',1),(6175,307,77,'common.title-desc-img-position','images',1),(6176,305,81,'common.title-desc-img-position','images',1),(6177,306,98,'common.title-desc-img-position','images',1),(6178,451,82,'api::service.service','listImage',1),(6179,307,464,'common.title-desc-img-position','images',1),(6180,305,465,'common.title-desc-img-position','images',1),(6181,306,466,'common.title-desc-img-position','images',1),(6182,451,280,'api::service.service','listImage',1),(6183,298,299,'common.title-desc-img-position','images',1),(6184,297,299,'common.title-desc-img-position','images',2),(6185,296,299,'common.title-desc-img-position','images',3),(6186,295,299,'common.title-desc-img-position','images',4),(6187,293,523,'common.title-desc-with-img','image',1),(6188,294,524,'common.title-desc-with-img','image',1),(6189,292,525,'common.title-desc-with-img','image',1),(6190,453,99,'api::service.service','listImage',1),(6191,298,467,'common.title-desc-img-position','images',1),(6192,297,467,'common.title-desc-img-position','images',2),(6193,296,467,'common.title-desc-img-position','images',3),(6194,295,467,'common.title-desc-img-position','images',4),(6195,293,851,'common.title-desc-with-img','image',1),(6196,294,852,'common.title-desc-with-img','image',1),(6197,292,853,'common.title-desc-with-img','image',1),(6198,453,281,'api::service.service','listImage',1),(6199,268,116,'common.title-desc-img-position','images',1),(6200,452,105,'api::service.service','listImage',1),(6201,268,468,'common.title-desc-img-position','images',1),(6202,452,282,'api::service.service','listImage',1),(6206,449,283,'api::service.service','listImage',1),(6210,450,284,'api::service.service','listImage',1),(6225,454,109,'common.banner','media',1),(6226,437,290,'common.banner','media',1),(6227,442,288,'common.banner','media',1),(6228,441,291,'common.banner','media',1),(6229,440,292,'common.banner','media',1),(6230,454,313,'common.banner','media',1),(6231,437,314,'common.banner','media',1),(6232,442,315,'common.banner','media',1),(6233,441,316,'common.banner','media',1),(6234,440,317,'common.banner','media',1),(6235,403,173,'api::branch.branch','image',1),(6236,403,313,'api::branch.branch','image',1),(6237,353,241,'common.banner','media',1),(6238,449,7,'api::service.service','listImage',1),(6239,353,318,'common.banner','media',1),(6240,449,285,'api::service.service','listImage',1),(6241,355,141,'common.banner','media',1),(6242,450,36,'api::service.service','listImage',1),(6243,355,319,'common.banner','media',1),(6244,450,286,'api::service.service','listImage',1),(6245,421,17,'api::branch.branch','image',1),(6246,421,314,'api::branch.branch','image',1),(6247,423,1,'api::branch.branch','image',1),(6248,423,315,'api::branch.branch','image',1),(6249,420,31,'api::branch.branch','image',1),(6250,420,316,'api::branch.branch','image',1),(6251,405,86,'api::branch.branch','image',1),(6252,405,317,'api::branch.branch','image',1),(6253,406,88,'api::branch.branch','image',1),(6254,406,318,'api::branch.branch','image',1),(6255,407,90,'api::branch.branch','image',1),(6256,407,319,'api::branch.branch','image',1),(6257,404,29,'api::branch.branch','image',1),(6258,404,320,'api::branch.branch','image',1),(6259,403,103,'api::branch.branch','image',1),(6260,403,321,'api::branch.branch','image',1),(6261,413,106,'api::branch.branch','image',1),(6262,413,322,'api::branch.branch','image',1),(6263,414,108,'api::branch.branch','image',1),(6264,414,323,'api::branch.branch','image',1),(6265,408,144,'api::branch.branch','image',1),(6266,408,324,'api::branch.branch','image',1),(6267,419,113,'api::branch.branch','image',1),(6268,419,325,'api::branch.branch','image',1),(6269,416,25,'api::branch.branch','image',1),(6270,416,326,'api::branch.branch','image',1),(6271,417,27,'api::branch.branch','image',1),(6272,417,327,'api::branch.branch','image',1),(6273,400,121,'api::branch.branch','image',1),(6274,400,328,'api::branch.branch','image',1),(6275,424,123,'api::branch.branch','image',1),(6276,424,329,'api::branch.branch','image',1),(6277,410,118,'api::branch.branch','image',1),(6278,410,330,'api::branch.branch','image',1),(6279,411,125,'api::branch.branch','image',1),(6280,411,331,'api::branch.branch','image',1);

--
-- Table structure for table `footers`
--

CREATE TABLE `footers` (
  `id` int unsigned NOT NULL AUTO_INCREMENT,
  `document_id` varchar(255) DEFAULT NULL,
  `created_at` datetime(6) DEFAULT NULL,
  `updated_at` datetime(6) DEFAULT NULL,
  `published_at` datetime(6) DEFAULT NULL,
  `created_by_id` int unsigned DEFAULT NULL,
  `updated_by_id` int unsigned DEFAULT NULL,
  `locale` varchar(255) DEFAULT NULL,
  `copyright_text` longtext,
  `description` longtext,
  PRIMARY KEY (`id`),
  KEY `footers_documents_idx` (`document_id`,`locale`,`published_at`),
  KEY `footers_created_by_id_fk` (`created_by_id`),
  KEY `footers_updated_by_id_fk` (`updated_by_id`),
  CONSTRAINT `footers_created_by_id_fk` FOREIGN KEY (`created_by_id`) REFERENCES `admin_users` (`id`) ON DELETE SET NULL,
  CONSTRAINT `footers_updated_by_id_fk` FOREIGN KEY (`updated_by_id`) REFERENCES `admin_users` (`id`) ON DELETE SET NULL
) ENGINE=InnoDB AUTO_INCREMENT=26 DEFAULT CHARSET=utf8mb4 COLLATE=utf8mb4_0900_ai_ci;

--
-- Dumping data for table `footers`
--

INSERT INTO `footers` VALUES (1,'kdzkmdya4gu6pu184qlei04d','2025-11-22 06:46:14.928000','2026-04-02 05:55:43.610000',NULL,1,1,'en','© Central Motors & Equipment 2026. All Rights Reserved.','Central Motors & Equipment'),(25,'kdzkmdya4gu6pu184qlei04d','2025-11-22 06:46:14.928000','2026-04-02 05:55:43.610000','2026-04-02 05:55:45.003000',1,1,'en','© Central Motors & Equipment 2026. All Rights Reserved.','Central Motors & Equipment');

--
-- Table structure for table `footers_cmps`
--

CREATE TABLE `footers_cmps` (
  `id` int unsigned NOT NULL AUTO_INCREMENT,
  `entity_id` int unsigned DEFAULT NULL,
  `cmp_id` int unsigned DEFAULT NULL,
  `component_type` varchar(255) DEFAULT NULL,
  `field` varchar(255) DEFAULT NULL,
  `order` double unsigned DEFAULT NULL,
  PRIMARY KEY (`id`),
  UNIQUE KEY `footers_uq` (`entity_id`,`cmp_id`,`field`,`component_type`),
  KEY `footers_field_idx` (`field`),
  KEY `footers_component_type_idx` (`component_type`),
  KEY `footers_entity_fk` (`entity_id`),
  CONSTRAINT `footers_entity_fk` FOREIGN KEY (`entity_id`) REFERENCES `footers` (`id`) ON DELETE CASCADE
) ENGINE=InnoDB AUTO_INCREMENT=409 DEFAULT CHARSET=utf8mb4 COLLATE=utf8mb4_0900_ai_ci;

--
-- Dumping data for table `footers_cmps`
--

INSERT INTO `footers_cmps` VALUES (1,1,1,'common.social-links','socialLinks',3),(2,1,11,'common.menu-item','bottomMenu',2),(3,1,12,'common.menu-item','bottomMenu',4),(4,1,1,'common.menu-item-w-sub','menu',1),(5,1,2,'common.menu-item-w-sub','menu',2),(21,1,4,'common.social-links','socialLinks',6),(22,1,5,'common.social-links','socialLinks',7),(23,1,6,'common.social-links','socialLinks',8),(401,25,87,'common.social-links','socialLinks',1),(402,25,88,'common.social-links','socialLinks',2),(403,25,89,'common.social-links','socialLinks',3),(404,25,90,'common.social-links','socialLinks',4),(405,25,306,'common.menu-item','bottomMenu',1),(406,25,307,'common.menu-item','bottomMenu',2),(407,25,58,'common.menu-item-w-sub','menu',1),(408,25,59,'common.menu-item-w-sub','menu',2);

--
-- Table structure for table `headers`
--

CREATE TABLE `headers` (
  `id` int unsigned NOT NULL AUTO_INCREMENT,
  `document_id` varchar(255) DEFAULT NULL,
  `show_multilingual` tinyint(1) DEFAULT NULL,
  `created_at` datetime(6) DEFAULT NULL,
  `updated_at` datetime(6) DEFAULT NULL,
  `published_at` datetime(6) DEFAULT NULL,
  `created_by_id` int unsigned DEFAULT NULL,
  `updated_by_id` int unsigned DEFAULT NULL,
  `locale` varchar(255) DEFAULT NULL,
  PRIMARY KEY (`id`),
  KEY `headers_documents_idx` (`document_id`,`locale`,`published_at`),
  KEY `headers_created_by_id_fk` (`created_by_id`),
  KEY `headers_updated_by_id_fk` (`updated_by_id`),
  CONSTRAINT `headers_created_by_id_fk` FOREIGN KEY (`created_by_id`) REFERENCES `admin_users` (`id`) ON DELETE SET NULL,
  CONSTRAINT `headers_updated_by_id_fk` FOREIGN KEY (`updated_by_id`) REFERENCES `admin_users` (`id`) ON DELETE SET NULL
) ENGINE=InnoDB AUTO_INCREMENT=18 DEFAULT CHARSET=utf8mb4 COLLATE=utf8mb4_0900_ai_ci;

--
-- Dumping data for table `headers`
--

INSERT INTO `headers` VALUES (1,'sp7t2jyo0s7xitjpftvi3mw1',0,'2025-11-22 06:41:06.614000','2026-03-27 09:49:08.400000',NULL,1,1,'en'),(17,'sp7t2jyo0s7xitjpftvi3mw1',0,'2025-11-22 06:41:06.614000','2026-03-27 09:49:08.400000','2026-03-27 09:49:09.199000',1,1,'en');

--
-- Table structure for table `headers_cmps`
--

CREATE TABLE `headers_cmps` (
  `id` int unsigned NOT NULL AUTO_INCREMENT,
  `entity_id` int unsigned DEFAULT NULL,
  `cmp_id` int unsigned DEFAULT NULL,
  `component_type` varchar(255) DEFAULT NULL,
  `field` varchar(255) DEFAULT NULL,
  `order` double unsigned DEFAULT NULL,
  PRIMARY KEY (`id`),
  UNIQUE KEY `headers_uq` (`entity_id`,`cmp_id`,`field`,`component_type`),
  KEY `headers_field_idx` (`field`),
  KEY `headers_component_type_idx` (`component_type`),
  KEY `headers_entity_fk` (`entity_id`),
  CONSTRAINT `headers_entity_fk` FOREIGN KEY (`entity_id`) REFERENCES `headers` (`id`) ON DELETE CASCADE
) ENGINE=InnoDB AUTO_INCREMENT=125 DEFAULT CHARSET=utf8mb4 COLLATE=utf8mb4_0900_ai_ci;

--
-- Dumping data for table `headers_cmps`
--

INSERT INTO `headers_cmps` VALUES (111,1,202,'common.menu-item','menu',1),(112,1,203,'common.menu-item','menu',2),(113,1,204,'common.menu-item','menu',3),(114,1,1,'common.menu-item-w-services','menu',4),(115,1,1,'common.menu-item','menu',5),(116,1,6,'common.menu-item','menu',6),(117,1,7,'common.menu-item','menu',7),(118,17,234,'common.menu-item','menu',1),(119,17,235,'common.menu-item','menu',2),(120,17,236,'common.menu-item','menu',3),(121,17,10,'common.menu-item-w-services','menu',4),(122,17,237,'common.menu-item','menu',5),(123,17,238,'common.menu-item','menu',6),(124,17,239,'common.menu-item','menu',7);

--
-- Table structure for table `homes`
--

CREATE TABLE `homes` (
  `id` int unsigned NOT NULL AUTO_INCREMENT,
  `document_id` varchar(255) DEFAULT NULL,
  `created_at` datetime(6) DEFAULT NULL,
  `updated_at` datetime(6) DEFAULT NULL,
  `published_at` datetime(6) DEFAULT NULL,
  `created_by_id` int unsigned DEFAULT NULL,
  `updated_by_id` int unsigned DEFAULT NULL,
  `locale` varchar(255) DEFAULT NULL,
  `is_news_enabled` tinyint(1) DEFAULT NULL,
  PRIMARY KEY (`id`),
  KEY `homes_documents_idx` (`document_id`,`locale`,`published_at`),
  KEY `homes_created_by_id_fk` (`created_by_id`),
  KEY `homes_updated_by_id_fk` (`updated_by_id`),
  CONSTRAINT `homes_created_by_id_fk` FOREIGN KEY (`created_by_id`) REFERENCES `admin_users` (`id`) ON DELETE SET NULL,
  CONSTRAINT `homes_updated_by_id_fk` FOREIGN KEY (`updated_by_id`) REFERENCES `admin_users` (`id`) ON DELETE SET NULL
) ENGINE=InnoDB AUTO_INCREMENT=51 DEFAULT CHARSET=utf8mb4 COLLATE=utf8mb4_0900_ai_ci;

--
-- Dumping data for table `homes`
--

INSERT INTO `homes` VALUES (1,'omwub2vqq79mjezdxrj80qmx','2025-11-22 05:40:07.852000','2026-04-01 09:50:45.955000',NULL,1,1,'en',1),(15,'omwub2vqq79mjezdxrj80qmx','2025-12-14 06:35:42.308000','2025-12-14 06:35:42.308000',NULL,1,1,'ar',1),(16,'omwub2vqq79mjezdxrj80qmx','2025-12-14 06:35:42.308000','2025-12-14 06:35:42.308000','2025-12-14 06:35:42.988000',1,1,'ar',1),(50,'omwub2vqq79mjezdxrj80qmx','2025-11-22 05:40:07.852000','2026-04-01 09:50:45.955000','2026-04-01 09:50:49.066000',1,1,'en',1);

--
-- Table structure for table `homes_cmps`
--

CREATE TABLE `homes_cmps` (
  `id` int unsigned NOT NULL AUTO_INCREMENT,
  `entity_id` int unsigned DEFAULT NULL,
  `cmp_id` int unsigned DEFAULT NULL,
  `component_type` varchar(255) DEFAULT NULL,
  `field` varchar(255) DEFAULT NULL,
  `order` double unsigned DEFAULT NULL,
  PRIMARY KEY (`id`),
  UNIQUE KEY `homes_uq` (`entity_id`,`cmp_id`,`field`,`component_type`),
  KEY `homes_field_idx` (`field`),
  KEY `homes_component_type_idx` (`component_type`),
  KEY `homes_entity_fk` (`entity_id`),
  CONSTRAINT `homes_entity_fk` FOREIGN KEY (`entity_id`) REFERENCES `homes` (`id`) ON DELETE CASCADE
) ENGINE=InnoDB AUTO_INCREMENT=663 DEFAULT CHARSET=utf8mb4 COLLATE=utf8mb4_0900_ai_ci;

--
-- Dumping data for table `homes_cmps`
--

INSERT INTO `homes_cmps` VALUES (87,15,40,'common.banner','banner',1),(88,16,41,'common.banner','banner',1),(90,1,1,'common.content-with-link','aboutGroup',12),(98,1,1,'home.about-cme','aboutCme',7),(99,1,1,'home.business-stream','businessStreams',8),(100,1,1,'home.trusted-section','trustedPartners',10),(101,1,1,'home.content-section','socialFeeds',9),(102,1,2,'home.content-section','ourLocations',11),(114,1,5,'home.content-section','trustedBrands',6),(535,1,88,'common.seo','seo',1),(545,1,232,'common.banner','banner',2),(565,1,235,'common.banner','banner',3),(566,1,236,'common.banner','banner',4),(613,1,273,'common.banner','banner',1),(651,50,279,'common.banner','banner',1),(652,50,280,'common.banner','banner',2),(653,50,281,'common.banner','banner',3),(654,50,282,'common.banner','banner',4),(655,50,33,'home.about-cme','aboutCme',NULL),(656,50,33,'home.business-stream','businessStreams',NULL),(657,50,106,'home.content-section','trustedBrands',NULL),(658,50,33,'home.trusted-section','trustedPartners',NULL),(659,50,107,'home.content-section','socialFeeds',NULL),(660,50,108,'home.content-section','ourLocations',NULL),(661,50,35,'common.content-with-link','aboutGroup',NULL),(662,50,163,'common.seo','seo',NULL);

--
-- Table structure for table `i18n_locale`
--

CREATE TABLE `i18n_locale` (
  `id` int unsigned NOT NULL AUTO_INCREMENT,
  `document_id` varchar(255) DEFAULT NULL,
  `name` varchar(255) DEFAULT NULL,
  `code` varchar(255) DEFAULT NULL,
  `created_at` datetime(6) DEFAULT NULL,
  `updated_at` datetime(6) DEFAULT NULL,
  `published_at` datetime(6) DEFAULT NULL,
  `created_by_id` int unsigned DEFAULT NULL,
  `updated_by_id` int unsigned DEFAULT NULL,
  `locale` varchar(255) DEFAULT NULL,
  PRIMARY KEY (`id`),
  KEY `i18n_locale_documents_idx` (`document_id`,`locale`,`published_at`),
  KEY `i18n_locale_created_by_id_fk` (`created_by_id`),
  KEY `i18n_locale_updated_by_id_fk` (`updated_by_id`),
  CONSTRAINT `i18n_locale_created_by_id_fk` FOREIGN KEY (`created_by_id`) REFERENCES `admin_users` (`id`) ON DELETE SET NULL,
  CONSTRAINT `i18n_locale_updated_by_id_fk` FOREIGN KEY (`updated_by_id`) REFERENCES `admin_users` (`id`) ON DELETE SET NULL
) ENGINE=InnoDB AUTO_INCREMENT=3 DEFAULT CHARSET=utf8mb4 COLLATE=utf8mb4_0900_ai_ci;

--
-- Dumping data for table `i18n_locale`
--

INSERT INTO `i18n_locale` VALUES (1,'sc34f0ritbxgoaf0bmfvixb5','English (en)','en','2025-11-21 05:39:29.301000','2025-11-21 05:39:29.301000','2025-11-21 05:39:29.303000',NULL,NULL,NULL),(2,'ttqlf2jrq3gjx11asw6ajbll','Arabic (ar)','ar','2025-11-28 09:33:47.290000','2025-11-28 09:33:47.290000','2025-11-28 09:33:47.291000',1,1,NULL);

--
-- Table structure for table `locations`
--

CREATE TABLE `locations` (
  `id` int unsigned NOT NULL AUTO_INCREMENT,
  `document_id` varchar(255) DEFAULT NULL,
  `created_at` datetime(6) DEFAULT NULL,
  `updated_at` datetime(6) DEFAULT NULL,
  `published_at` datetime(6) DEFAULT NULL,
  `created_by_id` int unsigned DEFAULT NULL,
  `updated_by_id` int unsigned DEFAULT NULL,
  `locale` varchar(255) DEFAULT NULL,
  `sub_title` varchar(255) DEFAULT NULL,
  `title` varchar(255) DEFAULT NULL,
  `description` longtext,
  PRIMARY KEY (`id`),
  KEY `locations_documents_idx` (`document_id`,`locale`,`published_at`),
  KEY `locations_created_by_id_fk` (`created_by_id`),
  KEY `locations_updated_by_id_fk` (`updated_by_id`),
  CONSTRAINT `locations_created_by_id_fk` FOREIGN KEY (`created_by_id`) REFERENCES `admin_users` (`id`) ON DELETE SET NULL,
  CONSTRAINT `locations_updated_by_id_fk` FOREIGN KEY (`updated_by_id`) REFERENCES `admin_users` (`id`) ON DELETE SET NULL
) ENGINE=InnoDB AUTO_INCREMENT=10 DEFAULT CHARSET=utf8mb4 COLLATE=utf8mb4_0900_ai_ci;

--
-- Dumping data for table `locations`
--

INSERT INTO `locations` VALUES (1,'qu6yjyv0cla8lq4yssqcrjaa','2025-11-27 06:26:40.295000','2026-02-05 06:47:09.587000',NULL,1,1,'en','Where to Find Us ','Explore Our Locations','<p>CME has expanded its portfolio taking in complementary brands with exclusive agency agreements for the UAE. The company functions under the major divisions: Tyres, Automotive, Services and Power Tools</p>'),(9,'qu6yjyv0cla8lq4yssqcrjaa','2025-11-27 06:26:40.295000','2026-02-05 06:47:09.587000','2026-02-05 06:47:10.232000',1,1,'en','Where to Find Us ','Explore Our Locations','<p>CME has expanded its portfolio taking in complementary brands with exclusive agency agreements for the UAE. The company functions under the major divisions: Tyres, Automotive, Services and Power Tools</p>');

--
-- Table structure for table `locations_cmps`
--

CREATE TABLE `locations_cmps` (
  `id` int unsigned NOT NULL AUTO_INCREMENT,
  `entity_id` int unsigned DEFAULT NULL,
  `cmp_id` int unsigned DEFAULT NULL,
  `component_type` varchar(255) DEFAULT NULL,
  `field` varchar(255) DEFAULT NULL,
  `order` double unsigned DEFAULT NULL,
  PRIMARY KEY (`id`),
  UNIQUE KEY `locations_uq` (`entity_id`,`cmp_id`,`field`,`component_type`),
  KEY `locations_field_idx` (`field`),
  KEY `locations_component_type_idx` (`component_type`),
  KEY `locations_entity_fk` (`entity_id`),
  CONSTRAINT `locations_entity_fk` FOREIGN KEY (`entity_id`) REFERENCES `locations` (`id`) ON DELETE CASCADE
) ENGINE=InnoDB AUTO_INCREMENT=11 DEFAULT CHARSET=utf8mb4 COLLATE=utf8mb4_0900_ai_ci;

--
-- Dumping data for table `locations_cmps`
--

INSERT INTO `locations_cmps` VALUES (1,1,41,'common.seo','seo',NULL),(10,9,63,'common.seo','seo',NULL);

--
-- Table structure for table `locations_location_types_lnk`
--

CREATE TABLE `locations_location_types_lnk` (
  `id` int unsigned NOT NULL AUTO_INCREMENT,
  `location_id` int unsigned DEFAULT NULL,
  `branch_location_id` int unsigned DEFAULT NULL,
  `branch_location_ord` double unsigned DEFAULT NULL,
  PRIMARY KEY (`id`),
  UNIQUE KEY `locations_location_types_lnk_uq` (`location_id`,`branch_location_id`),
  KEY `locations_location_types_lnk_fk` (`location_id`),
  KEY `locations_location_types_lnk_ifk` (`branch_location_id`),
  KEY `locations_location_types_lnk_ofk` (`branch_location_ord`),
  CONSTRAINT `locations_location_types_lnk_fk` FOREIGN KEY (`location_id`) REFERENCES `locations` (`id`) ON DELETE CASCADE,
  CONSTRAINT `locations_location_types_lnk_ifk` FOREIGN KEY (`branch_location_id`) REFERENCES `branch_locations` (`id`) ON DELETE CASCADE
) ENGINE=InnoDB AUTO_INCREMENT=13 DEFAULT CHARSET=utf8mb4 COLLATE=utf8mb4_0900_ai_ci;

--
-- Dumping data for table `locations_location_types_lnk`
--

INSERT INTO `locations_location_types_lnk` VALUES (1,1,4,1),(3,1,7,2),(9,1,1,3),(10,9,6,1),(11,9,8,2),(12,9,3,3);

--
-- Table structure for table `newes`
--

CREATE TABLE `newes` (
  `id` int unsigned NOT NULL AUTO_INCREMENT,
  `document_id` varchar(255) DEFAULT NULL,
  `title` varchar(255) DEFAULT NULL,
  `slug` varchar(255) DEFAULT NULL,
  `posted_date` date DEFAULT NULL,
  `small_description` longtext,
  `description` longtext,
  `is_featured` tinyint(1) DEFAULT NULL,
  `read_time` varchar(255) DEFAULT NULL,
  `created_at` datetime(6) DEFAULT NULL,
  `updated_at` datetime(6) DEFAULT NULL,
  `published_at` datetime(6) DEFAULT NULL,
  `created_by_id` int unsigned DEFAULT NULL,
  `updated_by_id` int unsigned DEFAULT NULL,
  `locale` varchar(255) DEFAULT NULL,
  PRIMARY KEY (`id`),
  KEY `newes_documents_idx` (`document_id`,`locale`,`published_at`),
  KEY `newes_created_by_id_fk` (`created_by_id`),
  KEY `newes_updated_by_id_fk` (`updated_by_id`),
  CONSTRAINT `newes_created_by_id_fk` FOREIGN KEY (`created_by_id`) REFERENCES `admin_users` (`id`) ON DELETE SET NULL,
  CONSTRAINT `newes_updated_by_id_fk` FOREIGN KEY (`updated_by_id`) REFERENCES `admin_users` (`id`) ON DELETE SET NULL
) ENGINE=InnoDB AUTO_INCREMENT=63 DEFAULT CHARSET=utf8mb4 COLLATE=utf8mb4_0900_ai_ci;

--
-- Dumping data for table `newes`
--

INSERT INTO `newes` VALUES (1,'pabl6v25u1lp2r05v1fc77ub','A HISTORIC MOMENT FOR CENTRAL MOTORS & & EQUIPMENT! & WE ARE BEYOND EXCITED TO SHARE TRULY EXTRA ORDINARY NEWS!','awards1','2026-01-08','We are beyond excited to share truly extraordinary news!\n','<p>We are beyond excited to share truly extraordinary news!</p><p>Central Motors &amp; Equipment LLC has been honored on the world stage, winning the “Highly Commended Distributor of the Year” at the prestigious Automechanika 2025 Global Awards!</p><p>This remarkable distinction was presented by Mr. Michael Johannes, Vice President Mobility &amp; Logistics at Messe Frankfurt a true industry icon and received with pride by our General Manager, Mr. Sami Messaoudi, and Country Business Director, Mr. Rajkumar Venkatapathy.<br>&nbsp;</p>',1,'5 mins','2025-12-12 05:37:33.823000','2026-03-09 10:02:33.202000',NULL,1,1,'en'),(4,'lnfso4vkopvjvx8xkw9wpukv','A HISTORIC MOMENT FOR CENTRAL MOTORS & & EQUIPMENT! & WE ARE BEYOND EXCITED TO SHARE TRULY EXTRA ORDINARY NEWS!','awards2','2026-12-08','As Knorr Bremse strategic partner in Middle East Central Motors & Equipment LLC is honored to be appointed once again as an authorized UAE & Qatar TruckServices Expert Network Distributor until 09-09-2027.','<p style=\"line-height:108%;margin-bottom:0.28cm;\"><span style=\"background-color:#ffffff;font-family:Segoe UI, sans-serif;font-size:small;\"><font style=\"font-size:10pt;\">As Knorr Bremse strategic partner in Middle East Central Motors &amp; Equipment LLC is honored to be appointed once again as an authorized UAE &amp; Qatar TruckServices Expert Network Distributor until 09-09-2027.</font></span><br><br><span style=\"background-color:#ffffff;font-family:Segoe UI, sans-serif;font-size:small;\"><font style=\"font-size:10pt;\">Thanks to Mr. Ozan Cicek, Managing Director, Knorr-Bremse Türkiye &amp; MENA, Vishal Sanghavi, Head of Aftermarket Strategy EMEA, Yarkin Gul, Sales Manager Türkiye &amp; MENA, Savaş OK, Technical Services &amp; Account Manager, Knorr-Bremse Türkiye &amp; MENA for visiting CME stand at Automechanika 2025 and presenting the certificate.</font></span><br><br><span style=\"background-color:#ffffff;font-family:Segoe UI, sans-serif;font-size:small;\"><font style=\"font-size:10pt;\">We sincerely thanks to entire Knorr Bremse team and believe that we will accomplish many things in future as we have done till today together.</font></span></p>',1,'5 mins','2025-12-12 05:38:24.512000','2026-03-09 10:02:51.165000',NULL,1,1,'en'),(19,'k3ms928e4ebxrb5xczipghke','Central Motors and Equipment proudly congratulates Fine Tools on the Grand Opening of their New Experience Center.','news-3','2025-12-12',NULL,'<p style=\"line-height:108%;margin-bottom:0.28cm;\"><span style=\"color:#212121;font-family:Aptos, serif;\">Bosch Power Tools participated in the integration of Finetools’ new branch while celebrating their 25th anniversary milestone. The new location features a dedicated Bosch experience center, allowing customers to easily explore, understand, and use Bosch tools through hands-on demonstrations. This initiative strengthens our long-standing partnership with Finetools and reinforces our shared commitment to delivering innovative solutions, superior service, and an enhanced customer experience</span><br><br>Central Motors &amp; Equipment Lightup the season with BOSCH Powertools new activation to powering the festive spirit<br>Venue: ACE Hardware DFC, Dubai</p><p>BOSCH Power Tools collaborated with ACE Dubai Festival City as part of the Light Up Season, creating an engaging in-store experience for customers. The event attracted strong footfall, with many visitors witnessing live demonstrations and exploring the BOSCH Power Tools range.<br>The activation enhanced brand visibility and customer interaction, highlighting the effectiveness of festive in-store collaborations in driving awareness and engagement.</p>',1,NULL,'2026-01-13 09:19:31.679000','2026-03-09 10:03:05.880000',NULL,1,1,'en'),(21,'pdkwlj6e27rzzp0swewcjv7n','MICHELIN GUIDE Abu Dhabi 2026 ceremony held in October 2025.','news-4','2025-10-23',NULL,'<p>The event was a spectacular celebration of Abu Dhabi\'s culinary excellence, recognizing the city\'s finest chefs and restaurants.</p><p>CME – Tyre Division team has represented the company, the success of the event is a testament to the city\'s thriving food scene, which is rapidly becoming one of the region\'s most dynamic and sought-after destinations for foodies and connoisseurs alike.</p><p>CME thanked to Michelin AIM team for inviting and to have such wonderful experience.&nbsp;</p>',0,NULL,'2026-01-13 09:23:00.970000','2026-03-09 10:03:34.718000',NULL,1,1,'en'),(38,'eoyvkw49iyjnj6ipbx9o3mse','CME Tyre Division- Michelin collaborated with EMC – Mercedes for Track Day Event','news-5','2025-10-24','Venue: Yas Marina Circuit, Abu Dhabi UAE','<p>Central Motors and Equipment Tyre Division’s Brand Michelin has collaborated with Emirates Motor Company (Alfahim Group) for Mercedes Track Day Event, where all tyres for Track Day Car for customers were sponsored by CME-Michelin.</p><p>At this high-octane event, Michelin showcased its premium tire capabilities, providing top-notch tires for the track cars. The collaboration aimed to promote Michelin\'s brand excellence, cutting-edge technology, and exceptional performance.</p><p>The event provided a unique opportunity for guests to experience the thrill of driving Mercedes-Benz cars equipped with Michelin tires, highlighting the brand\'s commitment to safety, quality, and innovation.<br>Adding to the event\'s success, the CME Tyreplus van was on-site, providing expert tire services and showcasing the convenience of mobile tire care. Guests had the opportunity to experience firsthand the quality and efficiency of Tyreplus\'s services, further solidifying Central Motors and Equipment\'s commitment to customer satisfaction.</p><p>&nbsp;</p>',NULL,NULL,'2026-01-27 09:54:57.647000','2026-03-09 10:03:19.904000',NULL,1,1,'en'),(58,'pabl6v25u1lp2r05v1fc77ub','A HISTORIC MOMENT FOR CENTRAL MOTORS & & EQUIPMENT! & WE ARE BEYOND EXCITED TO SHARE TRULY EXTRA ORDINARY NEWS!','awards1','2026-01-08','We are beyond excited to share truly extraordinary news!\n','<p>We are beyond excited to share truly extraordinary news!</p><p>Central Motors &amp; Equipment LLC has been honored on the world stage, winning the “Highly Commended Distributor of the Year” at the prestigious Automechanika 2025 Global Awards!</p><p>This remarkable distinction was presented by Mr. Michael Johannes, Vice President Mobility &amp; Logistics at Messe Frankfurt a true industry icon and received with pride by our General Manager, Mr. Sami Messaoudi, and Country Business Director, Mr. Rajkumar Venkatapathy.<br>&nbsp;</p>',1,'5 mins','2025-12-12 05:37:33.823000','2026-03-09 10:02:33.202000','2026-03-09 10:02:33.961000',1,1,'en'),(59,'lnfso4vkopvjvx8xkw9wpukv','A HISTORIC MOMENT FOR CENTRAL MOTORS & & EQUIPMENT! & WE ARE BEYOND EXCITED TO SHARE TRULY EXTRA ORDINARY NEWS!','awards2','2026-12-08','As Knorr Bremse strategic partner in Middle East Central Motors & Equipment LLC is honored to be appointed once again as an authorized UAE & Qatar TruckServices Expert Network Distributor until 09-09-2027.','<p style=\"line-height:108%;margin-bottom:0.28cm;\"><span style=\"background-color:#ffffff;font-family:Segoe UI, sans-serif;font-size:small;\"><font style=\"font-size:10pt;\">As Knorr Bremse strategic partner in Middle East Central Motors &amp; Equipment LLC is honored to be appointed once again as an authorized UAE &amp; Qatar TruckServices Expert Network Distributor until 09-09-2027.</font></span><br><br><span style=\"background-color:#ffffff;font-family:Segoe UI, sans-serif;font-size:small;\"><font style=\"font-size:10pt;\">Thanks to Mr. Ozan Cicek, Managing Director, Knorr-Bremse Türkiye &amp; MENA, Vishal Sanghavi, Head of Aftermarket Strategy EMEA, Yarkin Gul, Sales Manager Türkiye &amp; MENA, Savaş OK, Technical Services &amp; Account Manager, Knorr-Bremse Türkiye &amp; MENA for visiting CME stand at Automechanika 2025 and presenting the certificate.</font></span><br><br><span style=\"background-color:#ffffff;font-family:Segoe UI, sans-serif;font-size:small;\"><font style=\"font-size:10pt;\">We sincerely thanks to entire Knorr Bremse team and believe that we will accomplish many things in future as we have done till today together.</font></span></p>',1,'5 mins','2025-12-12 05:38:24.512000','2026-03-09 10:02:51.165000','2026-03-09 10:02:51.840000',1,1,'en'),(60,'k3ms928e4ebxrb5xczipghke','Central Motors and Equipment proudly congratulates Fine Tools on the Grand Opening of their New Experience Center.','news-3','2025-12-12',NULL,'<p style=\"line-height:108%;margin-bottom:0.28cm;\"><span style=\"color:#212121;font-family:Aptos, serif;\">Bosch Power Tools participated in the integration of Finetools’ new branch while celebrating their 25th anniversary milestone. The new location features a dedicated Bosch experience center, allowing customers to easily explore, understand, and use Bosch tools through hands-on demonstrations. This initiative strengthens our long-standing partnership with Finetools and reinforces our shared commitment to delivering innovative solutions, superior service, and an enhanced customer experience</span><br><br>Central Motors &amp; Equipment Lightup the season with BOSCH Powertools new activation to powering the festive spirit<br>Venue: ACE Hardware DFC, Dubai</p><p>BOSCH Power Tools collaborated with ACE Dubai Festival City as part of the Light Up Season, creating an engaging in-store experience for customers. The event attracted strong footfall, with many visitors witnessing live demonstrations and exploring the BOSCH Power Tools range.<br>The activation enhanced brand visibility and customer interaction, highlighting the effectiveness of festive in-store collaborations in driving awareness and engagement.</p>',1,NULL,'2026-01-13 09:19:31.679000','2026-03-09 10:03:05.880000','2026-03-09 10:03:06.449000',1,1,'en'),(61,'eoyvkw49iyjnj6ipbx9o3mse','CME Tyre Division- Michelin collaborated with EMC – Mercedes for Track Day Event','news-5','2025-10-24','Venue: Yas Marina Circuit, Abu Dhabi UAE','<p>Central Motors and Equipment Tyre Division’s Brand Michelin has collaborated with Emirates Motor Company (Alfahim Group) for Mercedes Track Day Event, where all tyres for Track Day Car for customers were sponsored by CME-Michelin.</p><p>At this high-octane event, Michelin showcased its premium tire capabilities, providing top-notch tires for the track cars. The collaboration aimed to promote Michelin\'s brand excellence, cutting-edge technology, and exceptional performance.</p><p>The event provided a unique opportunity for guests to experience the thrill of driving Mercedes-Benz cars equipped with Michelin tires, highlighting the brand\'s commitment to safety, quality, and innovation.<br>Adding to the event\'s success, the CME Tyreplus van was on-site, providing expert tire services and showcasing the convenience of mobile tire care. Guests had the opportunity to experience firsthand the quality and efficiency of Tyreplus\'s services, further solidifying Central Motors and Equipment\'s commitment to customer satisfaction.</p><p>&nbsp;</p>',NULL,NULL,'2026-01-27 09:54:57.647000','2026-03-09 10:03:19.904000','2026-03-09 10:03:20.532000',1,1,'en'),(62,'pdkwlj6e27rzzp0swewcjv7n','MICHELIN GUIDE Abu Dhabi 2026 ceremony held in October 2025.','news-4','2025-10-23',NULL,'<p>The event was a spectacular celebration of Abu Dhabi\'s culinary excellence, recognizing the city\'s finest chefs and restaurants.</p><p>CME – Tyre Division team has represented the company, the success of the event is a testament to the city\'s thriving food scene, which is rapidly becoming one of the region\'s most dynamic and sought-after destinations for foodies and connoisseurs alike.</p><p>CME thanked to Michelin AIM team for inviting and to have such wonderful experience.&nbsp;</p>',0,NULL,'2026-01-13 09:23:00.970000','2026-03-09 10:03:34.718000','2026-03-09 10:03:35.340000',1,1,'en');

--
-- Table structure for table `newes_cmps`
--

CREATE TABLE `newes_cmps` (
  `id` int unsigned NOT NULL AUTO_INCREMENT,
  `entity_id` int unsigned DEFAULT NULL,
  `cmp_id` int unsigned DEFAULT NULL,
  `component_type` varchar(255) DEFAULT NULL,
  `field` varchar(255) DEFAULT NULL,
  `order` double unsigned DEFAULT NULL,
  PRIMARY KEY (`id`),
  UNIQUE KEY `newes_uq` (`entity_id`,`cmp_id`,`field`,`component_type`),
  KEY `newes_field_idx` (`field`),
  KEY `newes_component_type_idx` (`component_type`),
  KEY `newes_entity_fk` (`entity_id`),
  CONSTRAINT `newes_entity_fk` FOREIGN KEY (`entity_id`) REFERENCES `newes` (`id`) ON DELETE CASCADE
) ENGINE=InnoDB AUTO_INCREMENT=52 DEFAULT CHARSET=utf8mb4 COLLATE=utf8mb4_0900_ai_ci;

--
-- Dumping data for table `newes_cmps`
--

INSERT INTO `newes_cmps` VALUES (1,1,35,'common.seo','seo',NULL),(3,4,37,'common.seo','seo',NULL),(43,58,76,'common.seo','seo',NULL),(45,59,77,'common.seo','seo',NULL),(46,19,78,'common.seo','seo',NULL),(47,60,79,'common.seo','seo',NULL),(48,38,80,'common.seo','seo',NULL),(49,61,81,'common.seo','seo',NULL),(50,21,82,'common.seo','seo',NULL),(51,62,83,'common.seo','seo',NULL);

--
-- Table structure for table `newes_types_lnk`
--

CREATE TABLE `newes_types_lnk` (
  `id` int unsigned NOT NULL AUTO_INCREMENT,
  `news_id` int unsigned DEFAULT NULL,
  `type_id` int unsigned DEFAULT NULL,
  `type_ord` double unsigned DEFAULT NULL,
  PRIMARY KEY (`id`),
  UNIQUE KEY `newes_types_lnk_uq` (`news_id`,`type_id`),
  KEY `newes_types_lnk_fk` (`news_id`),
  KEY `newes_types_lnk_ifk` (`type_id`),
  KEY `newes_types_lnk_ofk` (`type_ord`),
  CONSTRAINT `newes_types_lnk_fk` FOREIGN KEY (`news_id`) REFERENCES `newes` (`id`) ON DELETE CASCADE,
  CONSTRAINT `newes_types_lnk_ifk` FOREIGN KEY (`type_id`) REFERENCES `types` (`id`) ON DELETE CASCADE
) ENGINE=InnoDB AUTO_INCREMENT=40 DEFAULT CHARSET=utf8mb4 COLLATE=utf8mb4_0900_ai_ci;

--
-- Dumping data for table `newes_types_lnk`
--

INSERT INTO `newes_types_lnk` VALUES (1,21,7,1),(3,38,7,1),(5,19,1,1),(7,4,3,1),(9,1,3,1),(11,1,5,2),(14,4,5,2),(17,19,5,2),(32,58,4,1),(33,58,6,2),(34,59,4,1),(35,59,6,2),(36,60,9,1),(37,60,6,2),(38,61,8,1),(39,62,8,1);

--
-- Table structure for table `news_landings`
--

CREATE TABLE `news_landings` (
  `id` int unsigned NOT NULL AUTO_INCREMENT,
  `document_id` varchar(255) DEFAULT NULL,
  `title` varchar(255) DEFAULT NULL,
  `created_at` datetime(6) DEFAULT NULL,
  `updated_at` datetime(6) DEFAULT NULL,
  `published_at` datetime(6) DEFAULT NULL,
  `created_by_id` int unsigned DEFAULT NULL,
  `updated_by_id` int unsigned DEFAULT NULL,
  `locale` varchar(255) DEFAULT NULL,
  PRIMARY KEY (`id`),
  KEY `news_landings_documents_idx` (`document_id`,`locale`,`published_at`),
  KEY `news_landings_created_by_id_fk` (`created_by_id`),
  KEY `news_landings_updated_by_id_fk` (`updated_by_id`),
  CONSTRAINT `news_landings_created_by_id_fk` FOREIGN KEY (`created_by_id`) REFERENCES `admin_users` (`id`) ON DELETE SET NULL,
  CONSTRAINT `news_landings_updated_by_id_fk` FOREIGN KEY (`updated_by_id`) REFERENCES `admin_users` (`id`) ON DELETE SET NULL
) ENGINE=InnoDB AUTO_INCREMENT=5 DEFAULT CHARSET=utf8mb4 COLLATE=utf8mb4_0900_ai_ci;

--
-- Dumping data for table `news_landings`
--

INSERT INTO `news_landings` VALUES (1,'sgmumfmrfuzwa858hb2dn34u','test','2025-12-12 05:39:28.473000','2026-03-09 09:59:21.734000',NULL,1,1,'en'),(4,'sgmumfmrfuzwa858hb2dn34u','test','2025-12-12 05:39:28.473000','2026-03-09 09:59:21.734000','2026-03-09 09:59:22.255000',1,1,'en');

--
-- Table structure for table `news_landings_cmps`
--

CREATE TABLE `news_landings_cmps` (
  `id` int unsigned NOT NULL AUTO_INCREMENT,
  `entity_id` int unsigned DEFAULT NULL,
  `cmp_id` int unsigned DEFAULT NULL,
  `component_type` varchar(255) DEFAULT NULL,
  `field` varchar(255) DEFAULT NULL,
  `order` double unsigned DEFAULT NULL,
  PRIMARY KEY (`id`),
  UNIQUE KEY `news_landings_uq` (`entity_id`,`cmp_id`,`field`,`component_type`),
  KEY `news_landings_field_idx` (`field`),
  KEY `news_landings_component_type_idx` (`component_type`),
  KEY `news_landings_entity_fk` (`entity_id`),
  CONSTRAINT `news_landings_entity_fk` FOREIGN KEY (`entity_id`) REFERENCES `news_landings` (`id`) ON DELETE CASCADE
) ENGINE=InnoDB AUTO_INCREMENT=7 DEFAULT CHARSET=utf8mb4 COLLATE=utf8mb4_0900_ai_ci;

--
-- Dumping data for table `news_landings_cmps`
--

INSERT INTO `news_landings_cmps` VALUES (1,1,39,'common.seo','seo',NULL),(6,4,69,'common.seo','seo',NULL);

--
-- Table structure for table `power_categories`
--

CREATE TABLE `power_categories` (
  `id` int unsigned NOT NULL AUTO_INCREMENT,
  `document_id` varchar(255) DEFAULT NULL,
  `title` varchar(255) DEFAULT NULL,
  `slug` varchar(255) DEFAULT NULL,
  `created_at` datetime(6) DEFAULT NULL,
  `updated_at` datetime(6) DEFAULT NULL,
  `published_at` datetime(6) DEFAULT NULL,
  `created_by_id` int unsigned DEFAULT NULL,
  `updated_by_id` int unsigned DEFAULT NULL,
  `locale` varchar(255) DEFAULT NULL,
  `display_order` int DEFAULT NULL,
  PRIMARY KEY (`id`),
  KEY `power_categories_documents_idx` (`document_id`,`locale`,`published_at`),
  KEY `power_categories_created_by_id_fk` (`created_by_id`),
  KEY `power_categories_updated_by_id_fk` (`updated_by_id`),
  CONSTRAINT `power_categories_created_by_id_fk` FOREIGN KEY (`created_by_id`) REFERENCES `admin_users` (`id`) ON DELETE SET NULL,
  CONSTRAINT `power_categories_updated_by_id_fk` FOREIGN KEY (`updated_by_id`) REFERENCES `admin_users` (`id`) ON DELETE SET NULL
) ENGINE=InnoDB AUTO_INCREMENT=46 DEFAULT CHARSET=utf8mb4 COLLATE=utf8mb4_0900_ai_ci;

--
-- Dumping data for table `power_categories`
--

INSERT INTO `power_categories` VALUES (1,'ua7ijg1kgz5el0ue3ipnh6ku','Angle Grinders','power-tools/search?categoryKey=power-tools&subcategoryKey=angle-grinders','2026-02-05 05:41:06.602000','2026-03-19 08:55:03.740000',NULL,1,1,'en',1),(3,'h0366rc7skwy6d8uvwi242m5','Combo Kits',NULL,'2026-02-05 05:41:39.857000','2026-03-09 06:49:38.985000',NULL,1,1,'en',6),(11,'w5jlol53itgwhnof7e07b1o9','Cordless Rotary Hammers','power-tools/search?categoryKey=power-tools&subcategoryKey=rotary-hammers-demolition-hammers&page=1&limit=20&category=rotary-hammers-demolition-hammers','2026-02-05 10:56:25.760000','2026-03-19 08:59:51.177000',NULL,1,1,'en',3),(13,'kcxwsvlkmoe3ynlw89zxqvxs','Carrying Case','power-tools/search?categoryKey=power-tools&subcategoryKey=carrying-cases','2026-02-05 10:56:41.136000','2026-03-19 08:56:12.615000',NULL,1,1,'en',2),(15,'gorzvqh0p60s7sm6vh2sf4dh','High Pressure Washer','power-tools/search?categoryKey=power-tools&subcategoryKey=high-pressure-washers','2026-02-05 10:57:14.368000','2026-03-19 09:00:25.117000',NULL,1,1,'en',4),(17,'jx2ghowlp0n4pq76xxf010y1','Cordless Drills','power-tools/search?categoryKey=power-tools&subcategoryKey=cordless-tools','2026-02-05 10:57:50.132000','2026-03-19 08:59:01.884000',NULL,1,1,'en',5),(39,'h0366rc7skwy6d8uvwi242m5','Combo Kits',NULL,'2026-02-05 05:41:39.857000','2026-03-09 06:49:38.985000','2026-03-09 06:49:39.291000',1,1,'en',6),(41,'ua7ijg1kgz5el0ue3ipnh6ku','Angle Grinders','power-tools/search?categoryKey=power-tools&subcategoryKey=angle-grinders','2026-02-05 05:41:06.602000','2026-03-19 08:55:03.740000','2026-03-19 08:55:04.095000',1,1,'en',1),(42,'kcxwsvlkmoe3ynlw89zxqvxs','Carrying Case','power-tools/search?categoryKey=power-tools&subcategoryKey=carrying-cases','2026-02-05 10:56:41.136000','2026-03-19 08:56:12.615000','2026-03-19 08:56:12.923000',1,1,'en',2),(43,'jx2ghowlp0n4pq76xxf010y1','Cordless Drills','power-tools/search?categoryKey=power-tools&subcategoryKey=cordless-tools','2026-02-05 10:57:50.132000','2026-03-19 08:59:01.884000','2026-03-19 08:59:02.420000',1,1,'en',5),(44,'w5jlol53itgwhnof7e07b1o9','Cordless Rotary Hammers','power-tools/search?categoryKey=power-tools&subcategoryKey=rotary-hammers-demolition-hammers&page=1&limit=20&category=rotary-hammers-demolition-hammers','2026-02-05 10:56:25.760000','2026-03-19 08:59:51.177000','2026-03-19 08:59:51.641000',1,1,'en',3),(45,'gorzvqh0p60s7sm6vh2sf4dh','High Pressure Washer','power-tools/search?categoryKey=power-tools&subcategoryKey=high-pressure-washers','2026-02-05 10:57:14.368000','2026-03-19 09:00:25.117000','2026-03-19 09:00:25.470000',1,1,'en',4);

--
-- Table structure for table `power_tool_landings`
--

CREATE TABLE `power_tool_landings` (
  `id` int unsigned NOT NULL AUTO_INCREMENT,
  `document_id` varchar(255) DEFAULT NULL,
  `title` varchar(255) DEFAULT NULL,
  `main_title` longtext,
  `main_description` longtext,
  `created_at` datetime(6) DEFAULT NULL,
  `updated_at` datetime(6) DEFAULT NULL,
  `published_at` datetime(6) DEFAULT NULL,
  `created_by_id` int unsigned DEFAULT NULL,
  `updated_by_id` int unsigned DEFAULT NULL,
  `locale` varchar(255) DEFAULT NULL,
  PRIMARY KEY (`id`),
  KEY `power_tool_landings_documents_idx` (`document_id`,`locale`,`published_at`),
  KEY `power_tool_landings_created_by_id_fk` (`created_by_id`),
  KEY `power_tool_landings_updated_by_id_fk` (`updated_by_id`),
  CONSTRAINT `power_tool_landings_created_by_id_fk` FOREIGN KEY (`created_by_id`) REFERENCES `admin_users` (`id`) ON DELETE SET NULL,
  CONSTRAINT `power_tool_landings_updated_by_id_fk` FOREIGN KEY (`updated_by_id`) REFERENCES `admin_users` (`id`) ON DELETE SET NULL
) ENGINE=InnoDB AUTO_INCREMENT=19 DEFAULT CHARSET=utf8mb4 COLLATE=utf8mb4_0900_ai_ci;

--
-- Dumping data for table `power_tool_landings`
--

INSERT INTO `power_tool_landings` VALUES (1,'limjiv0szr0p1oto0nye2iun','Power Tools','<p><span style=\"white-space:pre-wrap;\">Wide Range of </span><br><span style=\"white-space:pre-wrap;\">Bosch Power Tools in UAE</span></p>','<p><span style=\"white-space:pre-wrap;\">Bosch power tools are renowned for their quality, durability, and innovative cordless technology. As the authorized distributor of Bosch Power Tools across Dubai, Sharjah, and the UAE, Central Motors &amp; Equipment (CME) offers a complete range of professional tools and accessories for every trade — making us your trusted destination for genuine Bosch products.</span></p>','2026-01-20 10:21:58.934000','2026-03-09 14:12:13.632000',NULL,1,1,'en'),(18,'limjiv0szr0p1oto0nye2iun','Power Tools','<p><span style=\"white-space:pre-wrap;\">Wide Range of </span><br><span style=\"white-space:pre-wrap;\">Bosch Power Tools in UAE</span></p>','<p><span style=\"white-space:pre-wrap;\">Bosch power tools are renowned for their quality, durability, and innovative cordless technology. As the authorized distributor of Bosch Power Tools across Dubai, Sharjah, and the UAE, Central Motors &amp; Equipment (CME) offers a complete range of professional tools and accessories for every trade — making us your trusted destination for genuine Bosch products.</span></p>','2026-01-20 10:21:58.934000','2026-03-09 14:12:13.632000','2026-03-09 14:12:14.516000',1,1,'en');

--
-- Table structure for table `power_tool_landings_cmps`
--

CREATE TABLE `power_tool_landings_cmps` (
  `id` int unsigned NOT NULL AUTO_INCREMENT,
  `entity_id` int unsigned DEFAULT NULL,
  `cmp_id` int unsigned DEFAULT NULL,
  `component_type` varchar(255) DEFAULT NULL,
  `field` varchar(255) DEFAULT NULL,
  `order` double unsigned DEFAULT NULL,
  PRIMARY KEY (`id`),
  UNIQUE KEY `power_tool_landings_uq` (`entity_id`,`cmp_id`,`field`,`component_type`),
  KEY `power_tool_landings_field_idx` (`field`),
  KEY `power_tool_landings_component_type_idx` (`component_type`),
  KEY `power_tool_landings_entity_fk` (`entity_id`),
  CONSTRAINT `power_tool_landings_entity_fk` FOREIGN KEY (`entity_id`) REFERENCES `power_tool_landings` (`id`) ON DELETE CASCADE
) ENGINE=InnoDB AUTO_INCREMENT=67 DEFAULT CHARSET=utf8mb4 COLLATE=utf8mb4_0900_ai_ci;

--
-- Dumping data for table `power_tool_landings_cmps`
--

INSERT INTO `power_tool_landings_cmps` VALUES (1,1,111,'common.banner','banner',1),(9,1,124,'common.banner','banner',2),(63,1,86,'home.content-section','socialFeeds',NULL),(64,18,193,'common.banner','banner',1),(65,18,194,'common.banner','banner',2),(66,18,87,'home.content-section','socialFeeds',NULL);

--
-- Table structure for table `power_tool_landings_location_types_lnk`
--

CREATE TABLE `power_tool_landings_location_types_lnk` (
  `id` int unsigned NOT NULL AUTO_INCREMENT,
  `power_tool_landing_id` int unsigned DEFAULT NULL,
  `branch_location_id` int unsigned DEFAULT NULL,
  `branch_location_ord` double unsigned DEFAULT NULL,
  PRIMARY KEY (`id`),
  UNIQUE KEY `power_tool_landings_location_types_lnk_uq` (`power_tool_landing_id`,`branch_location_id`),
  KEY `power_tool_landings_location_types_lnk_fk` (`power_tool_landing_id`),
  KEY `power_tool_landings_location_types_lnk_ifk` (`branch_location_id`),
  KEY `power_tool_landings_location_types_lnk_ofk` (`branch_location_ord`),
  CONSTRAINT `power_tool_landings_location_types_lnk_fk` FOREIGN KEY (`power_tool_landing_id`) REFERENCES `power_tool_landings` (`id`) ON DELETE CASCADE,
  CONSTRAINT `power_tool_landings_location_types_lnk_ifk` FOREIGN KEY (`branch_location_id`) REFERENCES `branch_locations` (`id`) ON DELETE CASCADE
) ENGINE=InnoDB AUTO_INCREMENT=48 DEFAULT CHARSET=utf8mb4 COLLATE=utf8mb4_0900_ai_ci;

--
-- Dumping data for table `power_tool_landings_location_types_lnk`
--

INSERT INTO `power_tool_landings_location_types_lnk` VALUES (16,1,23,1),(25,1,25,2),(26,1,27,3),(45,18,24,1),(46,18,26,2),(47,18,28,3);

--
-- Table structure for table `power_top_categories`
--

CREATE TABLE `power_top_categories` (
  `id` int unsigned NOT NULL AUTO_INCREMENT,
  `document_id` varchar(255) DEFAULT NULL,
  `title` varchar(255) DEFAULT NULL,
  `slug` varchar(255) DEFAULT NULL,
  `created_at` datetime(6) DEFAULT NULL,
  `updated_at` datetime(6) DEFAULT NULL,
  `published_at` datetime(6) DEFAULT NULL,
  `created_by_id` int unsigned DEFAULT NULL,
  `updated_by_id` int unsigned DEFAULT NULL,
  `locale` varchar(255) DEFAULT NULL,
  `display_order` int DEFAULT NULL,
  PRIMARY KEY (`id`),
  KEY `power_top_categories_documents_idx` (`document_id`,`locale`,`published_at`),
  KEY `power_top_categories_created_by_id_fk` (`created_by_id`),
  KEY `power_top_categories_updated_by_id_fk` (`updated_by_id`),
  CONSTRAINT `power_top_categories_created_by_id_fk` FOREIGN KEY (`created_by_id`) REFERENCES `admin_users` (`id`) ON DELETE SET NULL,
  CONSTRAINT `power_top_categories_updated_by_id_fk` FOREIGN KEY (`updated_by_id`) REFERENCES `admin_users` (`id`) ON DELETE SET NULL
) ENGINE=InnoDB AUTO_INCREMENT=31 DEFAULT CHARSET=utf8mb4 COLLATE=utf8mb4_0900_ai_ci;

--
-- Dumping data for table `power_top_categories`
--

INSERT INTO `power_top_categories` VALUES (1,'w6cj4twoggawvqsue2i3g7mo','Power Tools','/power-tools/search?categoryKey=power-tools&page=1&limit=20&category=power-tools','2026-03-06 05:41:28.228000','2026-03-09 06:44:32.960000',NULL,1,1,'en',1),(3,'ugp9u37ut5dul5b0k8t1eqeu','Measuring Technology','/power-tools/search?categoryKey=power-tools&subcategoryKey=measuring-tools&page=1&limit=20&category=measuring-tools','2026-03-06 05:42:00.483000','2026-03-09 06:44:38.702000',NULL,1,1,'en',2),(5,'e73iomy9zhh9x12bjlxlob30','Accessories','/power-tools/search?categoryKey=power-tools&subcategoryKey=electric-test&page=1&limit=20&category=electric-test','2026-03-06 05:42:22.845000','2026-03-19 05:39:33.796000',NULL,1,1,'en',3),(7,'b5315qoj84bes2hn9xb3ksbs','Outdoor & Garden','/power-tools/search?page=1&limit=12','2026-03-06 05:43:07.942000','2026-03-09 06:44:49.422000',NULL,1,1,'en',4),(9,'qxji5z6wjsdw5u2axncpr7ah','DIY','/power-tools/search?categoryKey=power-tools&subcategoryKey=corded-impact-drills-386','2026-03-06 05:43:30.695000','2026-03-09 06:45:01.606000',NULL,1,1,'en',5),(11,'kdrfnfnw6jn2z4f8mbca42cw','Dremel','/power-tools/search?categoryKey=power-tools&subcategoryKey=dremel&page=1&limit=20&category=dremel','2026-03-06 05:44:16.874000','2026-03-19 05:36:35.774000',NULL,1,1,'en',6),(23,'w6cj4twoggawvqsue2i3g7mo','Power Tools','/power-tools/search?categoryKey=power-tools&page=1&limit=20&category=power-tools','2026-03-06 05:41:28.228000','2026-03-09 06:44:32.960000','2026-03-09 06:44:33.272000',1,1,'en',1),(24,'ugp9u37ut5dul5b0k8t1eqeu','Measuring Technology','/power-tools/search?categoryKey=power-tools&subcategoryKey=measuring-tools&page=1&limit=20&category=measuring-tools','2026-03-06 05:42:00.483000','2026-03-09 06:44:38.702000','2026-03-09 06:44:39.005000',1,1,'en',2),(25,'b5315qoj84bes2hn9xb3ksbs','Outdoor & Garden','/power-tools/search?page=1&limit=12','2026-03-06 05:43:07.942000','2026-03-09 06:44:49.422000','2026-03-09 06:44:49.732000',1,1,'en',4),(26,'qxji5z6wjsdw5u2axncpr7ah','DIY','/power-tools/search?categoryKey=power-tools&subcategoryKey=corded-impact-drills-386','2026-03-06 05:43:30.695000','2026-03-09 06:45:01.606000','2026-03-09 06:45:02.140000',1,1,'en',5),(29,'kdrfnfnw6jn2z4f8mbca42cw','Dremel','/power-tools/search?categoryKey=power-tools&subcategoryKey=dremel&page=1&limit=20&category=dremel','2026-03-06 05:44:16.874000','2026-03-19 05:36:35.774000','2026-03-19 05:36:36.090000',1,1,'en',6),(30,'e73iomy9zhh9x12bjlxlob30','Accessories','/power-tools/search?categoryKey=power-tools&subcategoryKey=electric-test&page=1&limit=20&category=electric-test','2026-03-06 05:42:22.845000','2026-03-19 05:39:33.796000','2026-03-19 05:39:34.117000',1,1,'en',3);

--
-- Table structure for table `privacy_policies`
--

CREATE TABLE `privacy_policies` (
  `id` int unsigned NOT NULL AUTO_INCREMENT,
  `document_id` varchar(255) DEFAULT NULL,
  `title` varchar(255) DEFAULT NULL,
  `description` longtext,
  `created_at` datetime(6) DEFAULT NULL,
  `updated_at` datetime(6) DEFAULT NULL,
  `published_at` datetime(6) DEFAULT NULL,
  `created_by_id` int unsigned DEFAULT NULL,
  `updated_by_id` int unsigned DEFAULT NULL,
  `locale` varchar(255) DEFAULT NULL,
  PRIMARY KEY (`id`),
  KEY `privacy_policies_documents_idx` (`document_id`,`locale`,`published_at`),
  KEY `privacy_policies_created_by_id_fk` (`created_by_id`),
  KEY `privacy_policies_updated_by_id_fk` (`updated_by_id`),
  CONSTRAINT `privacy_policies_created_by_id_fk` FOREIGN KEY (`created_by_id`) REFERENCES `admin_users` (`id`) ON DELETE SET NULL,
  CONSTRAINT `privacy_policies_updated_by_id_fk` FOREIGN KEY (`updated_by_id`) REFERENCES `admin_users` (`id`) ON DELETE SET NULL
) ENGINE=InnoDB AUTO_INCREMENT=4 DEFAULT CHARSET=utf8mb4 COLLATE=utf8mb4_0900_ai_ci;

--
-- Dumping data for table `privacy_policies`
--

INSERT INTO `privacy_policies` VALUES (1,'k0xo3wbimlm7mvar8na0u9lt','Privacy Policy','<p>CME website of ALFAHIM offers the present website to its customers. By using it, the user agrees to abide by all the Terms and Conditions published on this page or on any other part of the website.</p><p>Terms and Conditions are permanently subject to change or modification, without previous notice, knowing that the entire website is under the regulations of the United Arab Emirates.</p><p>Some pages of the website related to services, features and benefits, and offers are subject to their respective Terms and Conditions, upon which the user should agree. However, in the case of contradiction between them and the general Terms and Conditions, the one relevant to services, features and benefits, and offers take effect.</p><h2>Recruitment Applications</h2><p>All vacancies will be announced on the website where the users can enter and fill in the recruitment application and provide the group with the personal information required. Whereas the group is aware of the privacy of such information, it treats all the data with high security and never discloses them to any third party except its own consultants, who abide by the group’s privacy and security agreements.</p><p>This website may include links of other suppliers and third parties for the users to benefit from their products or services.</p><p>However, the group is not responsible of the procedure the third parties adopt when requesting the users’ personal information. Therefore, we recommend you as a user review the privacy and security policy of each link you log in to. In fact, when you log in to third parties’ websites, you will not be subject/or under the security and privacy zone provided by ALFAHIM. Moreover, the group is not responsible of their websites’ content and does not represent the third parties or the user in any case even while they both deal together to perform a transaction.</p><p>The user does not have the right to copy or save any part of this website, unless it is for personal use only. In this case, he has to save the copies and keep all the copyrights signs, notes and notices as per the original pages.</p><p>The user is also forbidden to copy any part of this website on other web pages or save it on any other public or private electronic system for data collection reasons, without previous written permission from the group.</p><p>Apart from a text stating the opposite, all the trademarks, brands and slogans displayed on the website are considered of the group’s property and the user is forbidden to copy or use them, without previous written permission from the group.</p><ul><li>lorem ipsum dolor sit amet</li><li>lorem ipsum dolor sit amet</li><li>lorem ipsum dolor sit amet</li><li>lorem ipsum dolor sit amet</li></ul><ol><li>lorem ipsum dolor sit ametlorem ipsum dolor sit amet</li><li>lorem ipsum dolor sit amet</li><li>lorem ipsum dolor sit ametlorem ipsum dolor sit ametlorem ipsum dolor sit amet</li><li>lorem ipsum dolor sit ametlorem ipsum dolor sit ametlorem ipsum dolor sit amet</li><li>lorem ipsum dolor sit amet</li></ol><p>lorem ipsum dolor sit ametlorem ipsum dolor sit ametlorem ipsum dolor sit ametlorem ipsum dolor sit ametlorem ipsum dolor sit ametlorem ipsum dolor sit amet</p><p>lorem ipsum dolor sit ametlorem ipsum dolor sit ametlorem ipsum dolor sit ametlorem ipsum dolor sit ametlorem ipsum dolor sit ametlorem ipsum dolor sit amet</p><p>lorem ipsum dolor sit ametlorem ipsum dolor sit ametlorem ipsum dolor sit amet</p>','2026-04-02 05:28:43.320000','2026-04-02 05:43:35.688000',NULL,1,1,'en');

--
-- Table structure for table `privacy_policies_cmps`
--

CREATE TABLE `privacy_policies_cmps` (
  `id` int unsigned NOT NULL AUTO_INCREMENT,
  `entity_id` int unsigned DEFAULT NULL,
  `cmp_id` int unsigned DEFAULT NULL,
  `component_type` varchar(255) DEFAULT NULL,
  `field` varchar(255) DEFAULT NULL,
  `order` double unsigned DEFAULT NULL,
  PRIMARY KEY (`id`),
  UNIQUE KEY `privacy_policies_uq` (`entity_id`,`cmp_id`,`field`,`component_type`),
  KEY `privacy_policies_field_idx` (`field`),
  KEY `privacy_policies_component_type_idx` (`component_type`),
  KEY `privacy_policies_entity_fk` (`entity_id`),
  CONSTRAINT `privacy_policies_entity_fk` FOREIGN KEY (`entity_id`) REFERENCES `privacy_policies` (`id`) ON DELETE CASCADE
) ENGINE=InnoDB AUTO_INCREMENT=5 DEFAULT CHARSET=utf8mb4 COLLATE=utf8mb4_0900_ai_ci;

--
-- Dumping data for table `privacy_policies_cmps`
--

INSERT INTO `privacy_policies_cmps` VALUES (1,1,168,'common.seo','seo',NULL);

--
-- Table structure for table `product_categories`
--

CREATE TABLE `product_categories` (
  `id` int unsigned NOT NULL AUTO_INCREMENT,
  `document_id` varchar(255) DEFAULT NULL,
  `title` varchar(255) DEFAULT NULL,
  `slug` varchar(255) DEFAULT NULL,
  `created_at` datetime(6) DEFAULT NULL,
  `updated_at` datetime(6) DEFAULT NULL,
  `published_at` datetime(6) DEFAULT NULL,
  `created_by_id` int unsigned DEFAULT NULL,
  `updated_by_id` int unsigned DEFAULT NULL,
  `locale` varchar(255) DEFAULT NULL,
  `display_order` int DEFAULT NULL,
  PRIMARY KEY (`id`),
  KEY `product_categories_documents_idx` (`document_id`,`locale`,`published_at`),
  KEY `product_categories_created_by_id_fk` (`created_by_id`),
  KEY `product_categories_updated_by_id_fk` (`updated_by_id`),
  CONSTRAINT `product_categories_created_by_id_fk` FOREIGN KEY (`created_by_id`) REFERENCES `admin_users` (`id`) ON DELETE SET NULL,
  CONSTRAINT `product_categories_updated_by_id_fk` FOREIGN KEY (`updated_by_id`) REFERENCES `admin_users` (`id`) ON DELETE SET NULL
) ENGINE=InnoDB AUTO_INCREMENT=46 DEFAULT CHARSET=utf8mb4 COLLATE=utf8mb4_0900_ai_ci;

--
-- Dumping data for table `product_categories`
--

INSERT INTO `product_categories` VALUES (1,'tu05udnerlodd9kwxv8o7yjz','Passenger Vehicles','automotive-aftermarket/search?category=passenger-car-13','2026-01-20 12:13:26.783000','2026-03-09 06:52:33.779000',NULL,1,1,'en',1),(3,'y704u918i9ydtaxmfr96rawh','Commercial Vehicles ','automotive-aftermarket/search?category=light-commercial-vehicle-13','2026-01-20 18:13:28.855000','2026-03-09 06:52:49.481000',NULL,1,1,'en',2),(5,'k2shirleplau7xj4ndgz1e95','Industrial Vehicle & Marine','automotive-aftermarket/search?category=truck-13','2026-01-20 18:14:40.119000','2026-03-09 06:53:00.890000',NULL,1,1,'en',3),(7,'jptijdi6g46fr9hww6b9mji9','Workshop Test Equipment & Tools ','automotive-aftermarket/search?categoryKey=automotive&subcategoryKey=workshop-equipment-103','2026-01-20 18:15:35.914000','2026-03-31 04:40:46.465000',NULL,1,1,'en',4),(9,'jfxpfnc8fhxtgtm2s5aloqeh','Bosch Diesel Service ','automotive-aftermarket/search?category=diesel-systems-107','2026-01-20 18:16:03.695000','2026-03-09 06:54:06.078000',NULL,1,1,'en',5),(40,'tu05udnerlodd9kwxv8o7yjz','Passenger Vehicles','automotive-aftermarket/search?category=passenger-car-13','2026-01-20 12:13:26.783000','2026-03-09 06:52:33.779000','2026-03-09 06:52:34.081000',1,1,'en',1),(41,'y704u918i9ydtaxmfr96rawh','Commercial Vehicles ','automotive-aftermarket/search?category=light-commercial-vehicle-13','2026-01-20 18:13:28.855000','2026-03-09 06:52:49.481000','2026-03-09 06:52:49.783000',1,1,'en',2),(42,'k2shirleplau7xj4ndgz1e95','Industrial Vehicle & Marine','automotive-aftermarket/search?category=truck-13','2026-01-20 18:14:40.119000','2026-03-09 06:53:00.890000','2026-03-09 06:53:01.210000',1,1,'en',3),(44,'jfxpfnc8fhxtgtm2s5aloqeh','Bosch Diesel Service ','automotive-aftermarket/search?category=diesel-systems-107','2026-01-20 18:16:03.695000','2026-03-09 06:54:06.078000','2026-03-09 06:54:06.387000',1,1,'en',5),(45,'jptijdi6g46fr9hww6b9mji9','Workshop Test Equipment & Tools ','automotive-aftermarket/search?categoryKey=automotive&subcategoryKey=workshop-equipment-103','2026-01-20 18:15:35.914000','2026-03-31 04:40:46.465000','2026-03-31 04:40:46.759000',1,1,'en',4);

--
-- Table structure for table `service_categories`
--

CREATE TABLE `service_categories` (
  `id` int unsigned NOT NULL AUTO_INCREMENT,
  `document_id` varchar(255) DEFAULT NULL,
  `title` varchar(255) DEFAULT NULL,
  `slug` varchar(255) DEFAULT NULL,
  `description` longtext,
  `created_at` datetime(6) DEFAULT NULL,
  `updated_at` datetime(6) DEFAULT NULL,
  `published_at` datetime(6) DEFAULT NULL,
  `created_by_id` int unsigned DEFAULT NULL,
  `updated_by_id` int unsigned DEFAULT NULL,
  `locale` varchar(255) DEFAULT NULL,
  `header_services_sort_order` int DEFAULT NULL,
  PRIMARY KEY (`id`),
  KEY `service_categories_documents_idx` (`document_id`,`locale`,`published_at`),
  KEY `service_categories_created_by_id_fk` (`created_by_id`),
  KEY `service_categories_updated_by_id_fk` (`updated_by_id`),
  CONSTRAINT `service_categories_created_by_id_fk` FOREIGN KEY (`created_by_id`) REFERENCES `admin_users` (`id`) ON DELETE SET NULL,
  CONSTRAINT `service_categories_updated_by_id_fk` FOREIGN KEY (`updated_by_id`) REFERENCES `admin_users` (`id`) ON DELETE SET NULL
) ENGINE=InnoDB AUTO_INCREMENT=41 DEFAULT CHARSET=utf8mb4 COLLATE=utf8mb4_0900_ai_ci;

--
-- Dumping data for table `service_categories`
--

INSERT INTO `service_categories` VALUES (1,'o3lef0byy95ltwmijdu5pvj7','Automotive Aftermarket Services','automotive-aftermarket','Provide reliable maintenance, diagnostics, & parts solutions to keep your vehicle performing at its best.','2025-12-12 06:15:08.323000','2026-04-01 10:17:06.759000',NULL,1,1,'en',1),(3,'x5ph8rhtcpkc7lwp0ww5xj1v','Tyre Services','tyre','Ensure safety, performance, & longevity. From fitting & balancing to repairs and alignment, we provide expert care for passenger, commercial, & heavy-duty vehicles.','2025-12-12 07:04:23.558000','2026-04-01 10:16:17.594000',NULL,1,1,'en',2),(8,'b4axb05jyxple831e7n5ltxf','Power Tools Services','powertool','We offer comprehensive Power Tools Services, including maintenance, repairs, & diagnostics, to keep your tools operating efficiently & reliably for every task. ','2025-12-17 15:38:16.545000','2026-04-01 08:49:32.653000',NULL,1,1,'en',3),(31,'o3lef0byy95ltwmijdu5pvj7','Automotive Aftermarket Services','automotive-aftermarket','Provide reliable maintenance, diagnostics, & parts solutions to keep your vehicle performing at its best.','2026-03-13 05:15:21.868000','2026-03-13 05:15:21.868000',NULL,1,1,'ar',1),(32,'o3lef0byy95ltwmijdu5pvj7','Automotive Aftermarket Services','automotive-aftermarket','Provide reliable maintenance, diagnostics, & parts solutions to keep your vehicle performing at its best.','2026-03-13 05:15:21.868000','2026-03-13 05:15:21.868000','2026-03-13 05:15:22.419000',1,1,'ar',1),(38,'b4axb05jyxple831e7n5ltxf','Power Tools Services','powertool','We offer comprehensive Power Tools Services, including maintenance, repairs, & diagnostics, to keep your tools operating efficiently & reliably for every task. ','2025-12-17 15:38:16.545000','2026-04-01 08:49:32.653000','2026-04-01 08:49:33.821000',1,1,'en',3),(39,'x5ph8rhtcpkc7lwp0ww5xj1v','Tyre Services','tyre','Ensure safety, performance, & longevity. From fitting & balancing to repairs and alignment, we provide expert care for passenger, commercial, & heavy-duty vehicles.','2025-12-12 07:04:23.558000','2026-04-01 10:16:17.594000','2026-04-01 10:16:18.490000',1,1,'en',2),(40,'o3lef0byy95ltwmijdu5pvj7','Automotive Aftermarket Services','automotive-aftermarket','Provide reliable maintenance, diagnostics, & parts solutions to keep your vehicle performing at its best.','2025-12-12 06:15:08.323000','2026-04-01 10:17:06.759000','2026-04-01 10:17:07.636000',1,1,'en',1);

--
-- Table structure for table `service_categories_cmps`
--

CREATE TABLE `service_categories_cmps` (
  `id` int unsigned NOT NULL AUTO_INCREMENT,
  `entity_id` int unsigned DEFAULT NULL,
  `cmp_id` int unsigned DEFAULT NULL,
  `component_type` varchar(255) DEFAULT NULL,
  `field` varchar(255) DEFAULT NULL,
  `order` double unsigned DEFAULT NULL,
  PRIMARY KEY (`id`),
  UNIQUE KEY `service_categories_uq` (`entity_id`,`cmp_id`,`field`,`component_type`),
  KEY `service_categories_field_idx` (`field`),
  KEY `service_categories_component_type_idx` (`component_type`),
  KEY `service_categories_entity_fk` (`entity_id`),
  CONSTRAINT `service_categories_entity_fk` FOREIGN KEY (`entity_id`) REFERENCES `service_categories` (`id`) ON DELETE CASCADE
) ENGINE=InnoDB AUTO_INCREMENT=77 DEFAULT CHARSET=utf8mb4 COLLATE=utf8mb4_0900_ai_ci;

--
-- Dumping data for table `service_categories_cmps`
--

INSERT INTO `service_categories_cmps` VALUES (1,3,59,'common.banner','banner',1),(4,3,18,'common.title-with-desc','servicesList',1),(15,8,90,'common.seo','seo',3),(35,31,328,'common.title-with-desc','servicesList',NULL),(36,31,131,'common.seo','seo',NULL),(37,32,329,'common.title-with-desc','servicesList',NULL),(38,32,132,'common.seo','seo',NULL),(39,1,258,'common.banner','banner',1),(40,1,379,'common.title-with-desc','servicesList',2),(43,8,260,'common.banner','banner',1),(44,8,381,'common.title-with-desc','servicesList',2),(66,38,265,'common.banner','banner',1),(67,38,386,'common.title-with-desc','servicesList',NULL),(68,38,157,'common.seo','seo',NULL),(71,39,300,'common.banner','banner',1),(72,39,402,'common.title-with-desc','servicesList',NULL),(75,40,301,'common.banner','banner',1),(76,40,403,'common.title-with-desc','servicesList',NULL);

--
-- Table structure for table `service_category_types`
--

CREATE TABLE `service_category_types` (
  `id` int unsigned NOT NULL AUTO_INCREMENT,
  `document_id` varchar(255) DEFAULT NULL,
  `title` varchar(255) DEFAULT NULL,
  `slug` varchar(255) DEFAULT NULL,
  `created_at` datetime(6) DEFAULT NULL,
  `updated_at` datetime(6) DEFAULT NULL,
  `published_at` datetime(6) DEFAULT NULL,
  `created_by_id` int unsigned DEFAULT NULL,
  `updated_by_id` int unsigned DEFAULT NULL,
  `locale` varchar(255) DEFAULT NULL,
  `display_order` int DEFAULT NULL,
  PRIMARY KEY (`id`),
  KEY `service_category_types_documents_idx` (`document_id`,`locale`,`published_at`),
  KEY `service_category_types_created_by_id_fk` (`created_by_id`),
  KEY `service_category_types_updated_by_id_fk` (`updated_by_id`),
  CONSTRAINT `service_category_types_created_by_id_fk` FOREIGN KEY (`created_by_id`) REFERENCES `admin_users` (`id`) ON DELETE SET NULL,
  CONSTRAINT `service_category_types_updated_by_id_fk` FOREIGN KEY (`updated_by_id`) REFERENCES `admin_users` (`id`) ON DELETE SET NULL
) ENGINE=InnoDB AUTO_INCREMENT=35 DEFAULT CHARSET=utf8mb4 COLLATE=utf8mb4_0900_ai_ci;

--
-- Dumping data for table `service_category_types`
--

INSERT INTO `service_category_types` VALUES (1,'ij2obeqnotbo0ecuaaj31kdb','Passenger Vehicle','automotive-aftermarket/search?category=passenger-car-13','2026-01-20 12:15:31.677000','2026-03-09 06:54:53.152000',NULL,1,1,'en',1),(3,'pjar1kf9go5k9135zsqoqb5x','Batteries ','automotive-aftermarket/search?category=batteries-107','2026-01-20 18:16:39.651000','2026-03-09 06:57:41.439000',NULL,1,1,'en',2),(5,'zcep3z9x0lpdnkomn85lrzho','Workshop Test Equipment & Tools ','automotive-aftermarket/search?categoryKey=automotive&subcategoryKey=workshop-equipment-103','2026-01-20 18:17:26.467000','2026-03-31 04:39:39.970000',NULL,1,1,'en',4),(7,'zep4w6vz4nk6bpdqhs5qe6y9','Industrial Vehicles ','automotive-aftermarket/search?category=truck-13','2026-01-20 18:18:05.740000','2026-03-09 06:57:33.946000',NULL,1,1,'en',3),(9,'j6tiv8i5lv8tmnhga5l2x2bl','Bosch Diesel Service ','automotive-aftermarket/search?category=diesel-systems-107','2026-01-20 18:18:29.035000','2026-03-31 04:40:32.296000',NULL,1,1,'en',5),(25,'ij2obeqnotbo0ecuaaj31kdb','Passenger Vehicle','automotive-aftermarket/search?category=passenger-car-13','2026-01-20 12:15:31.677000','2026-03-09 06:54:53.152000','2026-03-09 06:54:53.451000',1,1,'en',1),(31,'zep4w6vz4nk6bpdqhs5qe6y9','Industrial Vehicles ','automotive-aftermarket/search?category=truck-13','2026-01-20 18:18:05.740000','2026-03-09 06:57:33.946000','2026-03-09 06:57:34.250000',1,1,'en',3),(32,'pjar1kf9go5k9135zsqoqb5x','Batteries ','automotive-aftermarket/search?category=batteries-107','2026-01-20 18:16:39.651000','2026-03-09 06:57:41.439000','2026-03-09 06:57:41.747000',1,1,'en',2),(33,'zcep3z9x0lpdnkomn85lrzho','Workshop Test Equipment & Tools ','automotive-aftermarket/search?categoryKey=automotive&subcategoryKey=workshop-equipment-103','2026-01-20 18:17:26.467000','2026-03-31 04:39:39.970000','2026-03-31 04:39:40.302000',1,1,'en',4),(34,'j6tiv8i5lv8tmnhga5l2x2bl','Bosch Diesel Service ','automotive-aftermarket/search?category=diesel-systems-107','2026-01-20 18:18:29.035000','2026-03-31 04:40:32.296000','2026-03-31 04:40:32.586000',1,1,'en',5);

--
-- Table structure for table `service_landings`
--

CREATE TABLE `service_landings` (
  `id` int unsigned NOT NULL AUTO_INCREMENT,
  `document_id` varchar(255) DEFAULT NULL,
  `service_heading` longtext,
  `description` longtext,
  `created_at` datetime(6) DEFAULT NULL,
  `updated_at` datetime(6) DEFAULT NULL,
  `published_at` datetime(6) DEFAULT NULL,
  `created_by_id` int unsigned DEFAULT NULL,
  `updated_by_id` int unsigned DEFAULT NULL,
  `locale` varchar(255) DEFAULT NULL,
  PRIMARY KEY (`id`),
  KEY `service_landings_documents_idx` (`document_id`,`locale`,`published_at`),
  KEY `service_landings_created_by_id_fk` (`created_by_id`),
  KEY `service_landings_updated_by_id_fk` (`updated_by_id`),
  CONSTRAINT `service_landings_created_by_id_fk` FOREIGN KEY (`created_by_id`) REFERENCES `admin_users` (`id`) ON DELETE SET NULL,
  CONSTRAINT `service_landings_updated_by_id_fk` FOREIGN KEY (`updated_by_id`) REFERENCES `admin_users` (`id`) ON DELETE SET NULL
) ENGINE=InnoDB AUTO_INCREMENT=17 DEFAULT CHARSET=utf8mb4 COLLATE=utf8mb4_0900_ai_ci;

--
-- Dumping data for table `service_landings`
--

INSERT INTO `service_landings` VALUES (1,'jlubt3a23khvmr4905tupkyy','Expert Auto & Equipment Services, All in One Place','<p>We specialize in delivering expert solutions across three key service areas: Automotive Aftermarket Services, Tyre Services, and Power Tools Services. Whether you\'re maintaining a personal vehicle, managing a fleet, or keeping your tools in top condition, our team is here to ensure performance, safety, and reliability at every turn.</p><p>With a commitment to quality, precision, and customer satisfaction, we bring industry-leading expertise and technology to every job. From diagnostics and repairs to tyre fitting and balancing, and even power tool calibration and servicing – we\'ve got you covered.</p>','2025-12-12 13:05:54.447000','2026-03-09 10:00:45.263000',NULL,1,1,'en'),(3,'jlubt3a23khvmr4905tupkyy','Expert Auto & Equipment Services, All in One Place','<p>We specialize in delivering expert solutions across three key service areas: Automotive Aftermarket Services, Tyre Services, and Power Tools Services. Whether you\'re maintaining a personal vehicle, managing a fleet, or keeping your tools in top condition, our team is here to ensure performance, safety, and reliability at every turn.</p><p>With a commitment to quality, precision, and customer satisfaction, we bring industry-leading expertise and technology to every job. From diagnostics and repairs to tyre fitting and balancing, and even power tool calibration and servicing – we\'ve got you covered.</p>','2025-12-14 06:28:59.949000','2026-03-13 05:16:04.705000',NULL,1,1,'ar'),(15,'jlubt3a23khvmr4905tupkyy','Expert Auto & Equipment Services, All in One Place','<p>We specialize in delivering expert solutions across three key service areas: Automotive Aftermarket Services, Tyre Services, and Power Tools Services. Whether you\'re maintaining a personal vehicle, managing a fleet, or keeping your tools in top condition, our team is here to ensure performance, safety, and reliability at every turn.</p><p>With a commitment to quality, precision, and customer satisfaction, we bring industry-leading expertise and technology to every job. From diagnostics and repairs to tyre fitting and balancing, and even power tool calibration and servicing – we\'ve got you covered.</p>','2025-12-12 13:05:54.447000','2026-03-09 10:00:45.263000','2026-03-09 10:00:46.413000',1,1,'en'),(16,'jlubt3a23khvmr4905tupkyy','Expert Auto & Equipment Services, All in One Place','<p>We specialize in delivering expert solutions across three key service areas: Automotive Aftermarket Services, Tyre Services, and Power Tools Services. Whether you\'re maintaining a personal vehicle, managing a fleet, or keeping your tools in top condition, our team is here to ensure performance, safety, and reliability at every turn.</p><p>With a commitment to quality, precision, and customer satisfaction, we bring industry-leading expertise and technology to every job. From diagnostics and repairs to tyre fitting and balancing, and even power tool calibration and servicing – we\'ve got you covered.</p>','2025-12-14 06:28:59.949000','2026-03-13 05:16:04.705000','2026-03-13 05:16:05.759000',1,1,'ar');

--
-- Table structure for table `service_landings_cmps`
--

CREATE TABLE `service_landings_cmps` (
  `id` int unsigned NOT NULL AUTO_INCREMENT,
  `entity_id` int unsigned DEFAULT NULL,
  `cmp_id` int unsigned DEFAULT NULL,
  `component_type` varchar(255) DEFAULT NULL,
  `field` varchar(255) DEFAULT NULL,
  `order` double unsigned DEFAULT NULL,
  PRIMARY KEY (`id`),
  UNIQUE KEY `service_landings_uq` (`entity_id`,`cmp_id`,`field`,`component_type`),
  KEY `service_landings_field_idx` (`field`),
  KEY `service_landings_component_type_idx` (`component_type`),
  KEY `service_landings_entity_fk` (`entity_id`),
  CONSTRAINT `service_landings_entity_fk` FOREIGN KEY (`entity_id`) REFERENCES `service_landings` (`id`) ON DELETE CASCADE
) ENGINE=InnoDB AUTO_INCREMENT=79 DEFAULT CHARSET=utf8mb4 COLLATE=utf8mb4_0900_ai_ci;

--
-- Dumping data for table `service_landings_cmps`
--

INSERT INTO `service_landings_cmps` VALUES (1,1,26,'common.banner','banner',3),(6,1,1,'service-landing.service-locations','serviceLocations',1),(14,1,4,'service-landing.service-locations','serviceLocations',2),(64,1,72,'common.seo','seo',1),(67,15,177,'common.banner','banner',1),(68,15,73,'common.seo','seo',NULL),(69,15,23,'service-landing.service-locations','serviceLocations',1),(70,15,24,'service-landing.service-locations','serviceLocations',2),(71,3,227,'common.banner','banner',2),(72,3,133,'common.seo','seo',1),(73,3,25,'service-landing.service-locations','serviceLocations',1),(74,3,26,'service-landing.service-locations','serviceLocations',2),(75,16,228,'common.banner','banner',1),(76,16,134,'common.seo','seo',NULL),(77,16,27,'service-landing.service-locations','serviceLocations',1),(78,16,28,'service-landing.service-locations','serviceLocations',2);

--
-- Table structure for table `service_landings_location_types_lnk`
--

CREATE TABLE `service_landings_location_types_lnk` (
  `id` int unsigned NOT NULL AUTO_INCREMENT,
  `service_landing_id` int unsigned DEFAULT NULL,
  `branch_location_id` int unsigned DEFAULT NULL,
  `branch_location_ord` double unsigned DEFAULT NULL,
  PRIMARY KEY (`id`),
  UNIQUE KEY `service_landings_location_types_lnk_uq` (`service_landing_id`,`branch_location_id`),
  KEY `service_landings_location_types_lnk_fk` (`service_landing_id`),
  KEY `service_landings_location_types_lnk_ifk` (`branch_location_id`),
  KEY `service_landings_location_types_lnk_ofk` (`branch_location_ord`),
  CONSTRAINT `service_landings_location_types_lnk_fk` FOREIGN KEY (`service_landing_id`) REFERENCES `service_landings` (`id`) ON DELETE CASCADE,
  CONSTRAINT `service_landings_location_types_lnk_ifk` FOREIGN KEY (`branch_location_id`) REFERENCES `branch_locations` (`id`) ON DELETE CASCADE
) ENGINE=InnoDB AUTO_INCREMENT=7 DEFAULT CHARSET=utf8mb4 COLLATE=utf8mb4_0900_ai_ci;

--
-- Dumping data for table `service_landings_location_types_lnk`
--

INSERT INTO `service_landings_location_types_lnk` VALUES (1,1,1,1),(2,1,4,2),(5,15,3,1),(6,15,6,2);

--
-- Table structure for table `services`
--

CREATE TABLE `services` (
  `id` int unsigned NOT NULL AUTO_INCREMENT,
  `document_id` varchar(255) DEFAULT NULL,
  `title` varchar(255) DEFAULT NULL,
  `slug` varchar(255) DEFAULT NULL,
  `created_at` datetime(6) DEFAULT NULL,
  `updated_at` datetime(6) DEFAULT NULL,
  `published_at` datetime(6) DEFAULT NULL,
  `created_by_id` int unsigned DEFAULT NULL,
  `updated_by_id` int unsigned DEFAULT NULL,
  `locale` varchar(255) DEFAULT NULL,
  `list_desc` longtext,
  `show_book_service_form` tinyint(1) DEFAULT NULL,
  `show_mobile_service_form` tinyint(1) DEFAULT NULL,
  `header_service_sort_order` int DEFAULT NULL,
  PRIMARY KEY (`id`),
  KEY `services_documents_idx` (`document_id`,`locale`,`published_at`),
  KEY `services_created_by_id_fk` (`created_by_id`),
  KEY `services_updated_by_id_fk` (`updated_by_id`),
  CONSTRAINT `services_created_by_id_fk` FOREIGN KEY (`created_by_id`) REFERENCES `admin_users` (`id`) ON DELETE SET NULL,
  CONSTRAINT `services_updated_by_id_fk` FOREIGN KEY (`updated_by_id`) REFERENCES `admin_users` (`id`) ON DELETE SET NULL
) ENGINE=InnoDB AUTO_INCREMENT=287 DEFAULT CHARSET=utf8mb4 COLLATE=utf8mb4_0900_ai_ci;

--
-- Dumping data for table `services`
--

INSERT INTO `services` VALUES (1,'g18oof4nka4jou664eq4fy0e','Spare Parts','spare-parts','2025-12-12 06:14:34.619000','2026-04-01 10:31:35.102000',NULL,1,1,'en','Bosch offers you the appropriate spare parts for your tools, such as angle grinders or drills: from the armature, to the carbon brushes, through to the batteries and chargers.',NULL,NULL,NULL),(5,'padhr29nknzix7og066ybt5x','Tyre Repair','tyre-repair','2025-12-12 08:58:03.156000','2026-04-01 08:59:56.340000',NULL,1,1,'en','At CME Alfahim, we offer comprehensive tyre repair solutions for passenger, commercial, and heavy-duty vehicles.',1,1,1),(7,'rar5hdd51s37ji0k5p2qyh9r','Spare Parts Service','spare-parts-services','2025-12-12 08:58:31.818000','2026-04-08 09:08:31.853000',NULL,1,1,'en','Bosch offers you the appropriate spare parts for your tools, such as angle grinders or drills: from the armature, to the carbon brushes, through to the batteries and chargers.',1,NULL,1),(27,'neqskd16ndcmmi3pmsoymg7w','Brake Pads','brake-pads','2025-12-21 09:02:27.135000','2026-04-01 08:57:34.152000',NULL,1,1,'en','Brake safety is critical, and CME Alfahim’s expert technicians provide thorough inspections and timely replacement of brake pads.',1,0,2),(29,'w0axm3hwjk6c18n3ih1ozmql','Tyre Rotation','tyre-rotation','2025-12-21 09:03:17.068000','2026-04-01 10:33:53.919000',NULL,1,1,'en','Tyre rotation is a simple yet effective way to extend the life of your tyres and ensure even wear. By moving tyres from one position to another, we balance wear patterns and reduce stress on individual tyres.',1,1,4),(31,'adc29g15x63wxbq22awojzno','Oil Change','oil-change','2025-12-21 09:04:35.176000','2026-04-01 10:30:45.866000',NULL,1,1,'en','Oil is the lifeblood of your car\'s engine, playing a crucial role in its performance and longevity. It lubricates engine parts, reduces friction, and helps dissipate heat, ensuring smooth operation',1,1,3),(36,'ql0tp5nnlmk95jg8x1mao3pm','Callibration Service','calibration','2026-01-22 09:48:26.624000','2026-04-08 09:09:29.713000',NULL,1,1,'en','Our calibration services:\n\nCleaning the tool\nChecking the measuring accuracy\nIf required: Adjusting of the tool\nDocumenting all measured values',1,NULL,2),(82,'yxrw888gc89ht9zwlfwa8js3','Bosch Car Service','bosch-car-service','2026-03-11 11:21:12.735000','2026-04-02 07:18:17.060000',NULL,1,1,'en','Workshop solutions for the future. For professional service on modern vehicles, Bosch provides test and workshop equipment, software and expertise perfectly coordinated from a single source.',1,NULL,1),(99,'q5mbbvo7m4ds5r1tv4asgtqf','Bosch Diesel Service','bosch-diesel-service','2026-03-11 13:09:41.051000','2026-04-02 07:18:36.587000',NULL,1,1,'en','A wide range of services, partners of the Bosch network can benefit from access to all of Bosch’s knowledge, technological expertise and comprehensive practical experience from decades of workshop support. What we offer:',1,NULL,2),(105,'s09m8y34xek7obkn7evd33xj','Workshop Test Equipment Services','workshop-test-equipment-services','2026-03-11 13:29:24.675000','2026-04-02 07:18:58.303000',NULL,1,1,'en','Central Motors & Equipment brings the latest state-of-the-art workshop equipment services',1,NULL,3),(135,'wgckx3k125zray0hj1d742zr','Wheel Alignment','wheel-alignment','2026-03-12 06:11:27.809000','2026-04-01 10:34:34.126000',NULL,1,1,'en','At CME, our expert technicians use advanced equipment to adjust your wheels to manufacturer specs, ensuring smooth and safe driving',1,0,5),(172,'p917w95opaix2r5qrhh1w6sy','Nitrogen Inflation','nitrogen-inflation','2026-03-12 09:17:53.087000','2026-04-01 10:30:01.358000',NULL,1,1,'en','Tyre inflation is undoubtedly a key element in ensuring tyre longevity. The pressure recommended by the manufacturers is different for each vehicle and must be scrupulously respected for your safety',1,0,7),(179,'rpldpoo2plpfl7d6ff7izski','Tyre Change and Balancing / Tyre Replacement','tyre-change-balancing-replacement','2026-03-12 09:38:06.789000','2026-04-01 10:32:43.722000',NULL,1,1,'en','Proper tyre fitting and balancing are crucial for your vehicle\'s maintenance. Poorly fitted tyres can lead to a rough, uneven, and potentially unsafe ride. When fitting new tyres, make sure they\'re mounted correctly, are the right type for your vehicle, and are balanced accurately to ensure a smooth, safe drive and extend tyre lifespan.',1,1,6),(180,'hu8h55oswweuqxqu25d2b8cf','AC Maintenance','ac-maintenance','2026-03-12 09:45:41.292000','2026-04-01 10:25:17.781000',NULL,1,1,'en','Maintaining your vehicle\'s air conditioning system is crucial for a comfortable driving experience, particularly during extreme temperatures. The AC system not only regulates temperature but also controls humidity, contributing to a healthier in-cab environment',1,0,8),(202,'q5mbbvo7m4ds5r1tv4asgtqf','Bosch Diesel Service','bosch-diesel-service','2026-03-13 05:14:17.482000','2026-03-13 05:14:17.482000',NULL,1,1,'ar','Brake safety is critical, and CME Alfahim’s expert technicians provide thorough inspections and timely replacement of brake pads.',1,NULL,2),(203,'q5mbbvo7m4ds5r1tv4asgtqf','Bosch Diesel Service','bosch-diesel-service','2026-03-13 05:14:17.482000','2026-03-13 05:14:17.482000','2026-03-13 05:14:18.448000',1,1,'ar','Brake safety is critical, and CME Alfahim’s expert technicians provide thorough inspections and timely replacement of brake pads.',1,NULL,2),(241,'op8tlp3ajr50zwn0gok51mty',' Battery Replacement','battery-replacement','2026-03-30 15:29:06.120000','2026-04-01 10:23:55.698000',NULL,1,1,'en','Dead battery got you stuck?  Need a reliable car battery replacement in the UAE? CME TyrePlushas you covered! We offer fast, affordable, and top-notch battery replacement services across Dubai, Abu Dhabi, and the UAE. Our pros will come to you –whether you\'re at home, work, or stranded. Get back on the road pronto!',1,1,9),(259,'neqskd16ndcmmi3pmsoymg7w','Brake Pads','brake-pads','2025-12-21 09:02:27.135000','2026-04-01 08:57:34.152000','2026-04-01 08:57:36.276000',1,1,'en','Brake safety is critical, and CME Alfahim’s expert technicians provide thorough inspections and timely replacement of brake pads.',1,0,2),(264,'padhr29nknzix7og066ybt5x','Tyre Repair','tyre-repair','2025-12-12 08:58:03.156000','2026-04-01 08:59:56.340000','2026-04-01 08:59:58.692000',1,1,'en','At CME Alfahim, we offer comprehensive tyre repair solutions for passenger, commercial, and heavy-duty vehicles.',1,1,1),(267,'op8tlp3ajr50zwn0gok51mty',' Battery Replacement','battery-replacement','2026-03-30 15:29:06.120000','2026-04-01 10:23:55.698000','2026-04-01 10:23:57.489000',1,1,'en','Dead battery got you stuck?  Need a reliable car battery replacement in the UAE? CME TyrePlushas you covered! We offer fast, affordable, and top-notch battery replacement services across Dubai, Abu Dhabi, and the UAE. Our pros will come to you –whether you\'re at home, work, or stranded. Get back on the road pronto!',1,1,9),(268,'hu8h55oswweuqxqu25d2b8cf','AC Maintenance','ac-maintenance','2026-03-12 09:45:41.292000','2026-04-01 10:25:17.781000','2026-04-01 10:25:19.317000',1,1,'en','Maintaining your vehicle\'s air conditioning system is crucial for a comfortable driving experience, particularly during extreme temperatures. The AC system not only regulates temperature but also controls humidity, contributing to a healthier in-cab environment',1,0,8),(272,'p917w95opaix2r5qrhh1w6sy','Nitrogen Inflation','nitrogen-inflation','2026-03-12 09:17:53.087000','2026-04-01 10:30:01.358000','2026-04-01 10:30:04.842000',1,1,'en','Tyre inflation is undoubtedly a key element in ensuring tyre longevity. The pressure recommended by the manufacturers is different for each vehicle and must be scrupulously respected for your safety',1,0,7),(273,'adc29g15x63wxbq22awojzno','Oil Change','oil-change','2025-12-21 09:04:35.176000','2026-04-01 10:30:45.866000','2026-04-01 10:30:47.669000',1,1,'en','Oil is the lifeblood of your car\'s engine, playing a crucial role in its performance and longevity. It lubricates engine parts, reduces friction, and helps dissipate heat, ensuring smooth operation',1,1,3),(276,'rpldpoo2plpfl7d6ff7izski','Tyre Change and Balancing / Tyre Replacement','tyre-change-balancing-replacement','2026-03-12 09:38:06.789000','2026-04-01 10:32:43.722000','2026-04-01 10:32:45.895000',1,1,'en','Proper tyre fitting and balancing are crucial for your vehicle\'s maintenance. Poorly fitted tyres can lead to a rough, uneven, and potentially unsafe ride. When fitting new tyres, make sure they\'re mounted correctly, are the right type for your vehicle, and are balanced accurately to ensure a smooth, safe drive and extend tyre lifespan.',1,1,6),(277,'w0axm3hwjk6c18n3ih1ozmql','Tyre Rotation','tyre-rotation','2025-12-21 09:03:17.068000','2026-04-01 10:33:53.919000','2026-04-01 10:33:55.392000',1,1,'en','Tyre rotation is a simple yet effective way to extend the life of your tyres and ensure even wear. By moving tyres from one position to another, we balance wear patterns and reduce stress on individual tyres.',1,1,4),(278,'wgckx3k125zray0hj1d742zr','Wheel Alignment','wheel-alignment','2026-03-12 06:11:27.809000','2026-04-01 10:34:34.126000','2026-04-01 10:34:36.052000',1,1,'en','At CME, our expert technicians use advanced equipment to adjust your wheels to manufacturer specs, ensuring smooth and safe driving',1,0,5),(280,'yxrw888gc89ht9zwlfwa8js3','Bosch Car Service','bosch-car-service','2026-03-11 11:21:12.735000','2026-04-02 07:18:17.060000','2026-04-02 07:18:18.584000',1,1,'en','Workshop solutions for the future. For professional service on modern vehicles, Bosch provides test and workshop equipment, software and expertise perfectly coordinated from a single source.',1,NULL,1),(281,'q5mbbvo7m4ds5r1tv4asgtqf','Bosch Diesel Service','bosch-diesel-service','2026-03-11 13:09:41.051000','2026-04-02 07:18:36.587000','2026-04-02 07:18:38.359000',1,1,'en','A wide range of services, partners of the Bosch network can benefit from access to all of Bosch’s knowledge, technological expertise and comprehensive practical experience from decades of workshop support. What we offer:',1,NULL,2),(282,'s09m8y34xek7obkn7evd33xj','Workshop Test Equipment Services','workshop-test-equipment-services','2026-03-11 13:29:24.675000','2026-04-02 07:18:58.303000','2026-04-02 07:18:59.713000',1,1,'en','Central Motors & Equipment brings the latest state-of-the-art workshop equipment services',1,NULL,3),(285,'rar5hdd51s37ji0k5p2qyh9r','Spare Parts Service','spare-parts-services','2025-12-12 08:58:31.818000','2026-04-08 09:08:31.853000','2026-04-08 09:08:33.250000',1,1,'en','Bosch offers you the appropriate spare parts for your tools, such as angle grinders or drills: from the armature, to the carbon brushes, through to the batteries and chargers.',1,NULL,1),(286,'ql0tp5nnlmk95jg8x1mao3pm','Callibration Service','calibration','2026-01-22 09:48:26.624000','2026-04-08 09:09:29.713000','2026-04-08 09:09:31.124000',1,1,'en','Our calibration services:\n\nCleaning the tool\nChecking the measuring accuracy\nIf required: Adjusting of the tool\nDocumenting all measured values',1,NULL,2);

--
-- Table structure for table `services_cmps`
--

CREATE TABLE `services_cmps` (
  `id` int unsigned NOT NULL AUTO_INCREMENT,
  `entity_id` int unsigned DEFAULT NULL,
  `cmp_id` int unsigned DEFAULT NULL,
  `component_type` varchar(255) DEFAULT NULL,
  `field` varchar(255) DEFAULT NULL,
  `order` double unsigned DEFAULT NULL,
  PRIMARY KEY (`id`),
  UNIQUE KEY `services_uq` (`entity_id`,`cmp_id`,`field`,`component_type`),
  KEY `services_field_idx` (`field`),
  KEY `services_component_type_idx` (`component_type`),
  KEY `services_entity_fk` (`entity_id`),
  CONSTRAINT `services_entity_fk` FOREIGN KEY (`entity_id`) REFERENCES `services` (`id`) ON DELETE CASCADE
) ENGINE=InnoDB AUTO_INCREMENT=4210 DEFAULT CHARSET=utf8mb4 COLLATE=utf8mb4_0900_ai_ci;

--
-- Dumping data for table `services_cmps`
--

INSERT INTO `services_cmps` VALUES (6,5,1,'common.title-with-desc','trustedPartner',15),(7,5,1,'common.content-block','aboutBlock',14),(50,5,9,'common.content-block','tyreRepairMatters',13),(59,5,1,'common.locations','locations',12),(70,5,1,'common.faq','faq',11),(89,27,24,'common.title-with-desc','trustedPartner',10),(105,36,141,'common.banner','banner',2),(108,36,32,'common.title-with-desc','trustedPartner',9),(109,36,20,'common.content-block','aboutBlock',1),(158,5,84,'common.seo','seo',10),(170,5,115,'common.link-item','breadCrumb',1),(171,5,116,'common.link-item','breadCrumb',2),(242,5,123,'common.link-item','breadCrumb',3),(482,5,17,'common.title-desc','bookService',8),(483,5,18,'common.title-desc','mobileService',9),(745,29,37,'common.title-desc','bookService',1),(746,29,38,'common.title-desc','mobileService',9),(893,29,184,'common.link-item','breadCrumb',1),(894,29,185,'common.link-item','breadCrumb',2),(895,29,186,'common.link-item','breadCrumb',3),(896,29,187,'common.link-item','breadCrumb',4),(912,5,192,'common.link-item','breadCrumb',4),(935,82,197,'common.link-item','breadCrumb',1),(936,82,198,'common.link-item','breadCrumb',2),(937,82,199,'common.link-item','breadCrumb',3),(938,82,200,'common.link-item','breadCrumb',4),(951,82,67,'common.title-desc','bookService',7),(952,82,68,'common.title-desc','mobileService',8),(1177,99,265,'common.link-item','breadCrumb',1),(1178,99,266,'common.link-item','breadCrumb',2),(1179,99,267,'common.link-item','breadCrumb',3),(1180,99,268,'common.link-item','breadCrumb',4),(1183,99,99,'common.title-desc','bookService',7),(1184,99,100,'common.title-desc','mobileService',8),(1229,105,281,'common.link-item','breadCrumb',1),(1230,105,282,'common.link-item','breadCrumb',2),(1231,105,283,'common.link-item','breadCrumb',3),(1232,105,284,'common.link-item','breadCrumb',4),(1234,105,107,'common.title-desc','bookService',7),(1235,105,108,'common.title-desc','mobileService',8),(1564,135,357,'common.link-item','breadCrumb',1),(1565,135,358,'common.link-item','breadCrumb',2),(1566,135,359,'common.link-item','breadCrumb',3),(1567,135,360,'common.link-item','breadCrumb',4),(1571,135,145,'common.title-desc','bookService',8),(1572,135,146,'common.title-desc','mobileService',9),(1768,31,165,'common.title-desc','bookService',8),(1769,31,166,'common.title-desc','mobileService',9),(1793,27,393,'common.link-item','breadCrumb',1),(1794,27,394,'common.link-item','breadCrumb',2),(1795,27,395,'common.link-item','breadCrumb',3),(1796,27,396,'common.link-item','breadCrumb',4),(1842,27,171,'common.title-desc','bookService',8),(1843,27,172,'common.title-desc','mobileService',9),(2001,172,449,'common.link-item','breadCrumb',1),(2002,172,450,'common.link-item','breadCrumb',2),(2003,172,451,'common.link-item','breadCrumb',3),(2004,172,452,'common.link-item','breadCrumb',4),(2008,172,193,'common.title-desc','bookService',1),(2009,172,194,'common.title-desc','mobileService',14),(2170,179,477,'common.link-item','breadCrumb',1),(2171,179,478,'common.link-item','breadCrumb',2),(2172,179,479,'common.link-item','breadCrumb',3),(2173,179,480,'common.link-item','breadCrumb',4),(2182,179,207,'common.title-desc','bookService',1),(2183,179,208,'common.title-desc','mobileService',13),(2184,180,481,'common.link-item','breadCrumb',1),(2185,180,482,'common.link-item','breadCrumb',2),(2186,180,483,'common.link-item','breadCrumb',3),(2187,180,484,'common.link-item','breadCrumb',4),(2196,180,209,'common.title-desc','bookService',1),(2197,180,210,'common.title-desc','mobileService',12),(2678,202,569,'common.link-item','breadCrumb',1),(2679,202,570,'common.link-item','breadCrumb',2),(2680,202,571,'common.link-item','breadCrumb',3),(2681,202,572,'common.link-item','breadCrumb',4),(2682,202,168,'common.content-block','serviceContent',1),(2683,202,256,'common.content-block-variant','serviceContent',2),(2684,202,129,'common.seo','seo',NULL),(2685,202,253,'common.title-desc','bookService',NULL),(2686,202,254,'common.title-desc','mobileService',NULL),(2687,203,573,'common.link-item','breadCrumb',1),(2688,203,574,'common.link-item','breadCrumb',2),(2689,203,575,'common.link-item','breadCrumb',3),(2690,203,576,'common.link-item','breadCrumb',4),(2691,203,169,'common.content-block','serviceContent',1),(2692,203,257,'common.content-block-variant','serviceContent',2),(2693,203,130,'common.seo','seo',NULL),(2694,203,255,'common.title-desc','bookService',NULL),(2695,203,256,'common.title-desc','mobileService',NULL),(2858,31,613,'common.link-item','breadCrumb',1),(2859,31,614,'common.link-item','breadCrumb',2),(2860,31,615,'common.link-item','breadCrumb',3),(2861,31,616,'common.link-item','breadCrumb',4),(3184,7,241,'common.banner','banner',1),(3185,7,681,'common.link-item','breadCrumb',1),(3186,7,682,'common.link-item','breadCrumb',2),(3187,7,683,'common.link-item','breadCrumb',3),(3188,7,684,'common.link-item','breadCrumb',4),(3233,36,701,'common.link-item','breadCrumb',1),(3234,36,702,'common.link-item','breadCrumb',2),(3235,36,703,'common.link-item','breadCrumb',3),(3236,36,704,'common.link-item','breadCrumb',4),(3388,241,739,'common.link-item','breadCrumb',1),(3389,241,740,'common.link-item','breadCrumb',2),(3390,241,741,'common.link-item','breadCrumb',3),(3391,241,742,'common.link-item','breadCrumb',4),(3395,241,319,'common.title-desc','bookService',1),(3396,241,320,'common.title-desc','mobileService',9),(3722,27,113,'common.content-block-variant','serviceContent',1),(3723,27,103,'common.content-block','serviceContent',2),(3724,27,138,'common.content-block-variant','serviceContent',3),(3727,259,823,'common.link-item','breadCrumb',1),(3728,259,824,'common.link-item','breadCrumb',2),(3729,259,825,'common.link-item','breadCrumb',3),(3730,259,826,'common.link-item','breadCrumb',4),(3731,259,355,'common.content-block-variant','serviceContent',1),(3732,259,211,'common.content-block','serviceContent',2),(3733,259,356,'common.content-block-variant','serviceContent',3),(3734,259,355,'common.title-desc','bookService',NULL),(3735,259,356,'common.title-desc','mobileService',NULL),(3830,5,1,'common.content-block-variant','serviceContent',1),(3831,5,31,'common.content-block','serviceContent',2),(3832,5,10,'common.content-block-variant','serviceContent',3),(3836,264,843,'common.link-item','breadCrumb',1),(3837,264,844,'common.link-item','breadCrumb',2),(3838,264,845,'common.link-item','breadCrumb',3),(3839,264,846,'common.link-item','breadCrumb',4),(3840,264,366,'common.content-block-variant','serviceContent',1),(3841,264,216,'common.content-block','serviceContent',2),(3842,264,367,'common.content-block-variant','serviceContent',3),(3843,264,158,'common.seo','seo',NULL),(3844,264,365,'common.title-desc','bookService',NULL),(3845,264,366,'common.title-desc','mobileService',NULL),(3886,241,320,'common.content-block-variant','serviceContent',1),(3887,241,194,'common.content-block','serviceContent',2),(3888,241,321,'common.content-block-variant','serviceContent',3),(3891,267,859,'common.link-item','breadCrumb',1),(3892,267,860,'common.link-item','breadCrumb',2),(3893,267,861,'common.link-item','breadCrumb',3),(3894,267,862,'common.link-item','breadCrumb',4),(3895,267,371,'common.content-block-variant','serviceContent',1),(3896,267,218,'common.content-block','serviceContent',2),(3897,267,372,'common.content-block-variant','serviceContent',3),(3898,267,373,'common.title-desc','bookService',NULL),(3899,267,374,'common.title-desc','mobileService',NULL),(3904,180,265,'common.title-with-desc','serviceContent',1),(3905,180,266,'common.title-with-desc','serviceContent',2),(3906,180,267,'common.title-with-desc','serviceContent',3),(3907,180,215,'common.content-block-variant','serviceContent',4),(3908,180,268,'common.title-with-desc','serviceContent',5),(3909,180,269,'common.title-with-desc','serviceContent',6),(3912,268,863,'common.link-item','breadCrumb',1),(3913,268,864,'common.link-item','breadCrumb',2),(3914,268,865,'common.link-item','breadCrumb',3),(3915,268,866,'common.link-item','breadCrumb',4),(3916,268,404,'common.title-with-desc','serviceContent',1),(3917,268,405,'common.title-with-desc','serviceContent',2),(3918,268,406,'common.title-with-desc','serviceContent',3),(3919,268,373,'common.content-block-variant','serviceContent',4),(3920,268,407,'common.title-with-desc','serviceContent',5),(3921,268,408,'common.title-with-desc','serviceContent',6),(3922,268,375,'common.title-desc','bookService',NULL),(3923,268,376,'common.title-desc','mobileService',NULL),(3974,172,199,'common.content-block-variant','serviceContent',1),(3975,172,229,'common.title-with-desc','serviceContent',2),(3976,172,230,'common.title-with-desc','serviceContent',3),(3977,172,231,'common.title-with-desc','serviceContent',4),(3978,172,200,'common.content-block-variant','serviceContent',5),(3979,172,238,'common.title-with-desc','serviceContent',6),(3980,172,239,'common.title-with-desc','serviceContent',7),(3981,172,138,'common.content-block','serviceContent',8),(3984,272,879,'common.link-item','breadCrumb',1),(3985,272,880,'common.link-item','breadCrumb',2),(3986,272,881,'common.link-item','breadCrumb',3),(3987,272,882,'common.link-item','breadCrumb',4),(3988,272,377,'common.content-block-variant','serviceContent',1),(3989,272,411,'common.title-with-desc','serviceContent',2),(3990,272,412,'common.title-with-desc','serviceContent',3),(3991,272,413,'common.title-with-desc','serviceContent',4),(3992,272,378,'common.content-block-variant','serviceContent',5),(3993,272,414,'common.title-with-desc','serviceContent',6),(3994,272,415,'common.title-with-desc','serviceContent',7),(3995,272,220,'common.content-block','serviceContent',8),(3996,272,381,'common.title-desc','bookService',NULL),(3997,272,382,'common.title-desc','mobileService',NULL),(4002,31,154,'common.content-block-variant','serviceContent',1),(4003,31,119,'common.content-block','serviceContent',2),(4004,31,155,'common.content-block-variant','serviceContent',3),(4007,273,883,'common.link-item','breadCrumb',1),(4008,273,884,'common.link-item','breadCrumb',2),(4009,273,885,'common.link-item','breadCrumb',3),(4010,273,886,'common.link-item','breadCrumb',4),(4011,273,379,'common.content-block-variant','serviceContent',1),(4012,273,221,'common.content-block','serviceContent',2),(4013,273,380,'common.content-block-variant','serviceContent',3),(4014,273,383,'common.title-desc','bookService',NULL),(4015,273,384,'common.title-desc','mobileService',NULL),(4032,179,223,'common.content-block-variant','serviceContent',1),(4033,179,226,'common.content-block-variant','serviceContent',2),(4034,179,152,'common.content-block','serviceContent',3),(4035,179,308,'common.title-with-desc','serviceContent',4),(4036,179,311,'common.title-with-desc','serviceContent',5),(4037,179,312,'common.title-with-desc','serviceContent',6),(4038,179,235,'common.content-block-variant','serviceContent',7),(4041,276,891,'common.link-item','breadCrumb',1),(4042,276,892,'common.link-item','breadCrumb',2),(4043,276,893,'common.link-item','breadCrumb',3),(4044,276,894,'common.link-item','breadCrumb',4),(4045,276,381,'common.content-block-variant','serviceContent',1),(4046,276,382,'common.content-block-variant','serviceContent',2),(4047,276,222,'common.content-block','serviceContent',3),(4048,276,417,'common.title-with-desc','serviceContent',4),(4049,276,418,'common.title-with-desc','serviceContent',5),(4050,276,419,'common.title-with-desc','serviceContent',6),(4051,276,383,'common.content-block-variant','serviceContent',7),(4052,276,385,'common.title-desc','bookService',NULL),(4053,276,386,'common.title-desc','mobileService',NULL),(4058,29,175,'common.title-with-desc','serviceContent',1),(4059,29,176,'common.title-with-desc','serviceContent',2),(4060,29,45,'common.content-block-variant','serviceContent',3),(4063,277,895,'common.link-item','breadCrumb',1),(4064,277,896,'common.link-item','breadCrumb',2),(4065,277,897,'common.link-item','breadCrumb',3),(4066,277,898,'common.link-item','breadCrumb',4),(4067,277,420,'common.title-with-desc','serviceContent',1),(4068,277,421,'common.title-with-desc','serviceContent',2),(4069,277,384,'common.content-block-variant','serviceContent',3),(4070,277,387,'common.title-desc','bookService',NULL),(4071,277,388,'common.title-desc','mobileService',NULL),(4076,135,132,'common.content-block-variant','serviceContent',1),(4077,135,121,'common.content-block','serviceContent',2),(4078,135,158,'common.content-block-variant','serviceContent',3),(4081,278,899,'common.link-item','breadCrumb',1),(4082,278,900,'common.link-item','breadCrumb',2),(4083,278,901,'common.link-item','breadCrumb',3),(4084,278,902,'common.link-item','breadCrumb',4),(4085,278,385,'common.content-block-variant','serviceContent',1),(4086,278,223,'common.content-block','serviceContent',2),(4087,278,386,'common.content-block-variant','serviceContent',3),(4088,278,389,'common.title-desc','bookService',NULL),(4089,278,390,'common.title-desc','mobileService',NULL),(4110,82,63,'common.content-block-variant','serviceContent',1),(4111,82,67,'common.content-block-variant','serviceContent',2),(4114,280,907,'common.link-item','breadCrumb',1),(4115,280,908,'common.link-item','breadCrumb',2),(4116,280,909,'common.link-item','breadCrumb',3),(4117,280,910,'common.link-item','breadCrumb',4),(4118,280,388,'common.content-block-variant','serviceContent',1),(4119,280,389,'common.content-block-variant','serviceContent',2),(4120,280,393,'common.title-desc','bookService',NULL),(4121,280,394,'common.title-desc','mobileService',NULL),(4126,99,253,'common.content-block-variant','serviceContent',1),(4127,99,123,'common.content-block','serviceContent',2),(4130,281,911,'common.link-item','breadCrumb',1),(4131,281,912,'common.link-item','breadCrumb',2),(4132,281,913,'common.link-item','breadCrumb',3),(4133,281,914,'common.link-item','breadCrumb',4),(4134,281,390,'common.content-block-variant','serviceContent',1),(4135,281,224,'common.content-block','serviceContent',2),(4136,281,395,'common.title-desc','bookService',NULL),(4137,281,396,'common.title-desc','mobileService',NULL),(4142,105,96,'common.content-block-variant','serviceContent',1),(4143,105,215,'common.title-with-desc','serviceContent',2),(4146,282,915,'common.link-item','breadCrumb',1),(4147,282,916,'common.link-item','breadCrumb',2),(4148,282,917,'common.link-item','breadCrumb',3),(4149,282,918,'common.link-item','breadCrumb',4),(4150,282,391,'common.content-block-variant','serviceContent',1),(4151,282,423,'common.title-with-desc','serviceContent',2),(4152,282,397,'common.title-desc','bookService',NULL),(4153,282,398,'common.title-desc','mobileService',NULL),(4185,7,353,'common.title-with-desc','serviceContent',1),(4186,7,403,'common.title-desc','bookService',NULL),(4187,285,318,'common.banner','banner',1),(4188,285,927,'common.link-item','breadCrumb',1),(4189,285,928,'common.link-item','breadCrumb',2),(4190,285,929,'common.link-item','breadCrumb',3),(4191,285,930,'common.link-item','breadCrumb',4),(4192,285,427,'common.title-with-desc','serviceContent',1),(4193,285,404,'common.title-desc','bookService',NULL),(4199,36,357,'common.title-with-desc','serviceContent',1),(4200,36,358,'common.title-with-desc','serviceContent',2),(4201,36,405,'common.title-desc','bookService',NULL),(4202,286,319,'common.banner','banner',1),(4203,286,931,'common.link-item','breadCrumb',1),(4204,286,932,'common.link-item','breadCrumb',2),(4205,286,933,'common.link-item','breadCrumb',3),(4206,286,934,'common.link-item','breadCrumb',4),(4207,286,428,'common.title-with-desc','serviceContent',1),(4208,286,429,'common.title-with-desc','serviceContent',2),(4209,286,406,'common.title-desc','bookService',NULL);

--
-- Table structure for table `services_location_types_lnk`
--

CREATE TABLE `services_location_types_lnk` (
  `id` int unsigned NOT NULL AUTO_INCREMENT,
  `service_id` int unsigned DEFAULT NULL,
  `branch_location_id` int unsigned DEFAULT NULL,
  `branch_location_ord` double unsigned DEFAULT NULL,
  PRIMARY KEY (`id`),
  UNIQUE KEY `services_location_types_lnk_uq` (`service_id`,`branch_location_id`),
  KEY `services_location_types_lnk_fk` (`service_id`),
  KEY `services_location_types_lnk_ifk` (`branch_location_id`),
  KEY `services_location_types_lnk_ofk` (`branch_location_ord`),
  CONSTRAINT `services_location_types_lnk_fk` FOREIGN KEY (`service_id`) REFERENCES `services` (`id`) ON DELETE CASCADE,
  CONSTRAINT `services_location_types_lnk_ifk` FOREIGN KEY (`branch_location_id`) REFERENCES `branch_locations` (`id`) ON DELETE CASCADE
) ENGINE=InnoDB AUTO_INCREMENT=123 DEFAULT CHARSET=utf8mb4 COLLATE=utf8mb4_0900_ai_ci;

--
-- Dumping data for table `services_location_types_lnk`
--

INSERT INTO `services_location_types_lnk` VALUES (1,5,1,1),(2,5,4,2),(49,29,1,1),(50,29,4,2),(85,135,1,1),(86,135,4,2),(113,264,3,1),(114,264,6,2),(119,277,3,1),(120,277,6,2),(121,278,3,1),(122,278,6,2);

--
-- Table structure for table `services_service_type_lnk`
--

CREATE TABLE `services_service_type_lnk` (
  `id` int unsigned NOT NULL AUTO_INCREMENT,
  `service_id` int unsigned DEFAULT NULL,
  `service_category_id` int unsigned DEFAULT NULL,
  PRIMARY KEY (`id`),
  UNIQUE KEY `services_service_type_lnk_uq` (`service_id`,`service_category_id`),
  KEY `services_service_type_lnk_fk` (`service_id`),
  KEY `services_service_type_lnk_ifk` (`service_category_id`),
  CONSTRAINT `services_service_type_lnk_fk` FOREIGN KEY (`service_id`) REFERENCES `services` (`id`) ON DELETE CASCADE,
  CONSTRAINT `services_service_type_lnk_ifk` FOREIGN KEY (`service_category_id`) REFERENCES `service_categories` (`id`) ON DELETE CASCADE
) ENGINE=InnoDB AUTO_INCREMENT=283 DEFAULT CHARSET=utf8mb4 COLLATE=utf8mb4_0900_ai_ci;

--
-- Dumping data for table `services_service_type_lnk`
--

INSERT INTO `services_service_type_lnk` VALUES (133,1,8),(3,5,3),(5,7,8),(20,27,3),(22,29,3),(95,31,3),(30,36,8),(76,82,1),(93,99,1),(101,105,1),(131,135,3),(168,172,3),(175,179,3),(180,180,3),(237,241,3),(255,259,39),(260,264,39),(263,267,39),(264,268,39),(268,272,39),(269,273,39),(272,276,39),(273,277,39),(274,278,39),(276,280,40),(277,281,40),(278,282,40),(281,285,38),(282,286,38);

--
-- Table structure for table `socials`
--

CREATE TABLE `socials` (
  `id` int unsigned NOT NULL AUTO_INCREMENT,
  `document_id` varchar(255) DEFAULT NULL,
  `title` varchar(255) DEFAULT NULL,
  `link` longtext,
  `type_external` tinyint(1) DEFAULT NULL,
  `created_at` datetime(6) DEFAULT NULL,
  `updated_at` datetime(6) DEFAULT NULL,
  `published_at` datetime(6) DEFAULT NULL,
  `created_by_id` int unsigned DEFAULT NULL,
  `updated_by_id` int unsigned DEFAULT NULL,
  `locale` varchar(255) DEFAULT NULL,
  PRIMARY KEY (`id`),
  KEY `socials_documents_idx` (`document_id`,`locale`,`published_at`),
  KEY `socials_created_by_id_fk` (`created_by_id`),
  KEY `socials_updated_by_id_fk` (`updated_by_id`),
  CONSTRAINT `socials_created_by_id_fk` FOREIGN KEY (`created_by_id`) REFERENCES `admin_users` (`id`) ON DELETE SET NULL,
  CONSTRAINT `socials_updated_by_id_fk` FOREIGN KEY (`updated_by_id`) REFERENCES `admin_users` (`id`) ON DELETE SET NULL
) ENGINE=InnoDB AUTO_INCREMENT=5 DEFAULT CHARSET=utf8mb4 COLLATE=utf8mb4_0900_ai_ci;

--
-- Dumping data for table `socials`
--

INSERT INTO `socials` VALUES (1,'ucwk0rjd3g9ogkvioc9srocd','Fb1','/',1,'2026-01-20 06:46:22.583000','2026-01-20 06:46:22.583000',NULL,1,1,'en'),(2,'ucwk0rjd3g9ogkvioc9srocd','Fb1','/',1,'2026-01-20 06:46:22.583000','2026-01-20 06:46:22.583000','2026-01-20 06:46:22.894000',1,1,'en'),(3,'y0ti98ytimbt985g1jdf06ct','Fb2','/',1,'2026-01-20 06:46:43.268000','2026-01-20 06:46:43.268000',NULL,1,1,'en'),(4,'y0ti98ytimbt985g1jdf06ct','Fb2','/',1,'2026-01-20 06:46:43.268000','2026-01-20 06:46:43.268000','2026-01-20 06:46:43.560000',1,1,'en');

--
-- Table structure for table `strapi_api_token_permissions`
--

CREATE TABLE `strapi_api_token_permissions` (
  `id` int unsigned NOT NULL AUTO_INCREMENT,
  `document_id` varchar(255) DEFAULT NULL,
  `action` varchar(255) DEFAULT NULL,
  `created_at` datetime(6) DEFAULT NULL,
  `updated_at` datetime(6) DEFAULT NULL,
  `published_at` datetime(6) DEFAULT NULL,
  `created_by_id` int unsigned DEFAULT NULL,
  `updated_by_id` int unsigned DEFAULT NULL,
  `locale` varchar(255) DEFAULT NULL,
  PRIMARY KEY (`id`),
  KEY `strapi_api_token_permissions_documents_idx` (`document_id`,`locale`,`published_at`),
  KEY `strapi_api_token_permissions_created_by_id_fk` (`created_by_id`),
  KEY `strapi_api_token_permissions_updated_by_id_fk` (`updated_by_id`),
  CONSTRAINT `strapi_api_token_permissions_created_by_id_fk` FOREIGN KEY (`created_by_id`) REFERENCES `admin_users` (`id`) ON DELETE SET NULL,
  CONSTRAINT `strapi_api_token_permissions_updated_by_id_fk` FOREIGN KEY (`updated_by_id`) REFERENCES `admin_users` (`id`) ON DELETE SET NULL
) ENGINE=InnoDB DEFAULT CHARSET=utf8mb4 COLLATE=utf8mb4_0900_ai_ci;

--
-- Dumping data for table `strapi_api_token_permissions`
--


--
-- Table structure for table `strapi_history_versions`
--

CREATE TABLE `strapi_history_versions` (
  `id` int unsigned NOT NULL AUTO_INCREMENT,
  `content_type` varchar(255) NOT NULL,
  `related_document_id` varchar(255) DEFAULT NULL,
  `locale` varchar(255) DEFAULT NULL,
  `status` varchar(255) DEFAULT NULL,
  `data` json DEFAULT NULL,
  `schema` json DEFAULT NULL,
  `created_at` datetime(6) DEFAULT NULL,
  `created_by_id` int unsigned DEFAULT NULL,
  PRIMARY KEY (`id`),
  KEY `strapi_history_versions_created_by_id_fk` (`created_by_id`),
  CONSTRAINT `strapi_history_versions_created_by_id_fk` FOREIGN KEY (`created_by_id`) REFERENCES `admin_users` (`id`) ON DELETE SET NULL
) ENGINE=InnoDB DEFAULT CHARSET=utf8mb4 COLLATE=utf8mb4_0900_ai_ci;

--
-- Dumping data for table `strapi_history_versions`
--


--
-- Table structure for table `strapi_migrations`
--

CREATE TABLE `strapi_migrations` (
  `id` int unsigned NOT NULL AUTO_INCREMENT,
  `name` varchar(255) DEFAULT NULL,
  `time` datetime DEFAULT NULL,
  PRIMARY KEY (`id`)
) ENGINE=InnoDB DEFAULT CHARSET=utf8mb4 COLLATE=utf8mb4_0900_ai_ci;

--
-- Dumping data for table `strapi_migrations`
--


--
-- Table structure for table `strapi_migrations_internal`
--

CREATE TABLE `strapi_migrations_internal` (
  `id` int unsigned NOT NULL AUTO_INCREMENT,
  `name` varchar(255) DEFAULT NULL,
  `time` datetime DEFAULT NULL,
  PRIMARY KEY (`id`)
) ENGINE=InnoDB AUTO_INCREMENT=7 DEFAULT CHARSET=utf8mb4 COLLATE=utf8mb4_0900_ai_ci;

--
-- Dumping data for table `strapi_migrations_internal`
--

INSERT INTO `strapi_migrations_internal` VALUES (1,'5.0.0-rename-identifiers-longer-than-max-length','2025-11-21 05:39:06'),(2,'5.0.0-02-created-document-id','2025-11-21 05:39:08'),(3,'5.0.0-03-created-locale','2025-11-21 05:39:09'),(4,'5.0.0-04-created-published-at','2025-11-21 05:39:10'),(5,'5.0.0-05-drop-slug-fields-index','2025-11-21 05:39:11'),(6,'core::5.0.0-discard-drafts','2025-11-21 05:39:12');

--
-- Table structure for table `strapi_release_actions`
--

CREATE TABLE `strapi_release_actions` (
  `id` int unsigned NOT NULL AUTO_INCREMENT,
  `document_id` varchar(255) DEFAULT NULL,
  `type` varchar(255) DEFAULT NULL,
  `content_type` varchar(255) DEFAULT NULL,
  `entry_document_id` varchar(255) DEFAULT NULL,
  `locale` varchar(255) DEFAULT NULL,
  `is_entry_valid` tinyint(1) DEFAULT NULL,
  `created_at` datetime(6) DEFAULT NULL,
  `updated_at` datetime(6) DEFAULT NULL,
  `published_at` datetime(6) DEFAULT NULL,
  `created_by_id` int unsigned DEFAULT NULL,
  `updated_by_id` int unsigned DEFAULT NULL,
  PRIMARY KEY (`id`),
  KEY `strapi_release_actions_documents_idx` (`document_id`,`locale`,`published_at`),
  KEY `strapi_release_actions_created_by_id_fk` (`created_by_id`),
  KEY `strapi_release_actions_updated_by_id_fk` (`updated_by_id`),
  CONSTRAINT `strapi_release_actions_created_by_id_fk` FOREIGN KEY (`created_by_id`) REFERENCES `admin_users` (`id`) ON DELETE SET NULL,
  CONSTRAINT `strapi_release_actions_updated_by_id_fk` FOREIGN KEY (`updated_by_id`) REFERENCES `admin_users` (`id`) ON DELETE SET NULL
) ENGINE=InnoDB DEFAULT CHARSET=utf8mb4 COLLATE=utf8mb4_0900_ai_ci;

--
-- Dumping data for table `strapi_release_actions`
--


--
-- Table structure for table `strapi_release_actions_release_lnk`
--

CREATE TABLE `strapi_release_actions_release_lnk` (
  `id` int unsigned NOT NULL AUTO_INCREMENT,
  `release_action_id` int unsigned DEFAULT NULL,
  `release_id` int unsigned DEFAULT NULL,
  `release_action_ord` double unsigned DEFAULT NULL,
  PRIMARY KEY (`id`),
  UNIQUE KEY `strapi_release_actions_release_lnk_uq` (`release_action_id`,`release_id`),
  KEY `strapi_release_actions_release_lnk_fk` (`release_action_id`),
  KEY `strapi_release_actions_release_lnk_ifk` (`release_id`),
  KEY `strapi_release_actions_release_lnk_oifk` (`release_action_ord`),
  CONSTRAINT `strapi_release_actions_release_lnk_fk` FOREIGN KEY (`release_action_id`) REFERENCES `strapi_release_actions` (`id`) ON DELETE CASCADE,
  CONSTRAINT `strapi_release_actions_release_lnk_ifk` FOREIGN KEY (`release_id`) REFERENCES `strapi_releases` (`id`) ON DELETE CASCADE
) ENGINE=InnoDB DEFAULT CHARSET=utf8mb4 COLLATE=utf8mb4_0900_ai_ci;

--
-- Dumping data for table `strapi_release_actions_release_lnk`
--


--
-- Table structure for table `strapi_releases`
--

CREATE TABLE `strapi_releases` (
  `id` int unsigned NOT NULL AUTO_INCREMENT,
  `document_id` varchar(255) DEFAULT NULL,
  `name` varchar(255) DEFAULT NULL,
  `released_at` datetime(6) DEFAULT NULL,
  `scheduled_at` datetime(6) DEFAULT NULL,
  `timezone` varchar(255) DEFAULT NULL,
  `status` varchar(255) DEFAULT NULL,
  `created_at` datetime(6) DEFAULT NULL,
  `updated_at` datetime(6) DEFAULT NULL,
  `published_at` datetime(6) DEFAULT NULL,
  `created_by_id` int unsigned DEFAULT NULL,
  `updated_by_id` int unsigned DEFAULT NULL,
  `locale` varchar(255) DEFAULT NULL,
  PRIMARY KEY (`id`),
  KEY `strapi_releases_documents_idx` (`document_id`,`locale`,`published_at`),
  KEY `strapi_releases_created_by_id_fk` (`created_by_id`),
  KEY `strapi_releases_updated_by_id_fk` (`updated_by_id`),
  CONSTRAINT `strapi_releases_created_by_id_fk` FOREIGN KEY (`created_by_id`) REFERENCES `admin_users` (`id`) ON DELETE SET NULL,
  CONSTRAINT `strapi_releases_updated_by_id_fk` FOREIGN KEY (`updated_by_id`) REFERENCES `admin_users` (`id`) ON DELETE SET NULL
) ENGINE=InnoDB DEFAULT CHARSET=utf8mb4 COLLATE=utf8mb4_0900_ai_ci;

--
-- Dumping data for table `strapi_releases`
--


--
-- Table structure for table `strapi_transfer_token_permissions`
--

CREATE TABLE `strapi_transfer_token_permissions` (
  `id` int unsigned NOT NULL AUTO_INCREMENT,
  `document_id` varchar(255) DEFAULT NULL,
  `action` varchar(255) DEFAULT NULL,
  `created_at` datetime(6) DEFAULT NULL,
  `updated_at` datetime(6) DEFAULT NULL,
  `published_at` datetime(6) DEFAULT NULL,
  `created_by_id` int unsigned DEFAULT NULL,
  `updated_by_id` int unsigned DEFAULT NULL,
  `locale` varchar(255) DEFAULT NULL,
  PRIMARY KEY (`id`),
  KEY `strapi_transfer_token_permissions_documents_idx` (`document_id`,`locale`,`published_at`),
  KEY `strapi_transfer_token_permissions_created_by_id_fk` (`created_by_id`),
  KEY `strapi_transfer_token_permissions_updated_by_id_fk` (`updated_by_id`),
  CONSTRAINT `strapi_transfer_token_permissions_created_by_id_fk` FOREIGN KEY (`created_by_id`) REFERENCES `admin_users` (`id`) ON DELETE SET NULL,
  CONSTRAINT `strapi_transfer_token_permissions_updated_by_id_fk` FOREIGN KEY (`updated_by_id`) REFERENCES `admin_users` (`id`) ON DELETE SET NULL
) ENGINE=InnoDB DEFAULT CHARSET=utf8mb4 COLLATE=utf8mb4_0900_ai_ci;

--
-- Dumping data for table `strapi_transfer_token_permissions`
--


--
-- Table structure for table `strapi_transfer_token_permissions_token_lnk`
--

CREATE TABLE `strapi_transfer_token_permissions_token_lnk` (
  `id` int unsigned NOT NULL AUTO_INCREMENT,
  `transfer_token_permission_id` int unsigned DEFAULT NULL,
  `transfer_token_id` int unsigned DEFAULT NULL,
  `transfer_token_permission_ord` double unsigned DEFAULT NULL,
  PRIMARY KEY (`id`),
  UNIQUE KEY `strapi_transfer_token_permissions_token_lnk_uq` (`transfer_token_permission_id`,`transfer_token_id`),
  KEY `strapi_transfer_token_permissions_token_lnk_fk` (`transfer_token_permission_id`),
  KEY `strapi_transfer_token_permissions_token_lnk_ifk` (`transfer_token_id`),
  KEY `strapi_transfer_token_permissions_token_lnk_oifk` (`transfer_token_permission_ord`),
  CONSTRAINT `strapi_transfer_token_permissions_token_lnk_fk` FOREIGN KEY (`transfer_token_permission_id`) REFERENCES `strapi_transfer_token_permissions` (`id`) ON DELETE CASCADE,
  CONSTRAINT `strapi_transfer_token_permissions_token_lnk_ifk` FOREIGN KEY (`transfer_token_id`) REFERENCES `strapi_transfer_tokens` (`id`) ON DELETE CASCADE
) ENGINE=InnoDB DEFAULT CHARSET=utf8mb4 COLLATE=utf8mb4_0900_ai_ci;

--
-- Dumping data for table `strapi_transfer_token_permissions_token_lnk`
--


--
-- Table structure for table `strapi_webhooks`
--

CREATE TABLE `strapi_webhooks` (
  `id` int unsigned NOT NULL AUTO_INCREMENT,
  `name` varchar(255) DEFAULT NULL,
  `url` longtext,
  `headers` json DEFAULT NULL,
  `events` json DEFAULT NULL,
  `enabled` tinyint(1) DEFAULT NULL,
  PRIMARY KEY (`id`)
) ENGINE=InnoDB DEFAULT CHARSET=utf8mb4 COLLATE=utf8mb4_0900_ai_ci;

--
-- Dumping data for table `strapi_webhooks`
--


--
-- Table structure for table `strapi_workflows`
--

CREATE TABLE `strapi_workflows` (
  `id` int unsigned NOT NULL AUTO_INCREMENT,
  `document_id` varchar(255) DEFAULT NULL,
  `name` varchar(255) DEFAULT NULL,
  `content_types` json DEFAULT NULL,
  `created_at` datetime(6) DEFAULT NULL,
  `updated_at` datetime(6) DEFAULT NULL,
  `published_at` datetime(6) DEFAULT NULL,
  `created_by_id` int unsigned DEFAULT NULL,
  `updated_by_id` int unsigned DEFAULT NULL,
  `locale` varchar(255) DEFAULT NULL,
  PRIMARY KEY (`id`),
  KEY `strapi_workflows_documents_idx` (`document_id`,`locale`,`published_at`),
  KEY `strapi_workflows_created_by_id_fk` (`created_by_id`),
  KEY `strapi_workflows_updated_by_id_fk` (`updated_by_id`),
  CONSTRAINT `strapi_workflows_created_by_id_fk` FOREIGN KEY (`created_by_id`) REFERENCES `admin_users` (`id`) ON DELETE SET NULL,
  CONSTRAINT `strapi_workflows_updated_by_id_fk` FOREIGN KEY (`updated_by_id`) REFERENCES `admin_users` (`id`) ON DELETE SET NULL
) ENGINE=InnoDB DEFAULT CHARSET=utf8mb4 COLLATE=utf8mb4_0900_ai_ci;

--
-- Dumping data for table `strapi_workflows`
--


--
-- Table structure for table `strapi_workflows_stage_required_to_publish_lnk`
--

CREATE TABLE `strapi_workflows_stage_required_to_publish_lnk` (
  `id` int unsigned NOT NULL AUTO_INCREMENT,
  `workflow_id` int unsigned DEFAULT NULL,
  `workflow_stage_id` int unsigned DEFAULT NULL,
  PRIMARY KEY (`id`),
  UNIQUE KEY `strapi_workflows_stage_required_to_publish_lnk_uq` (`workflow_id`,`workflow_stage_id`),
  KEY `strapi_workflows_stage_required_to_publish_lnk_fk` (`workflow_id`),
  KEY `strapi_workflows_stage_required_to_publish_lnk_ifk` (`workflow_stage_id`),
  CONSTRAINT `strapi_workflows_stage_required_to_publish_lnk_fk` FOREIGN KEY (`workflow_id`) REFERENCES `strapi_workflows` (`id`) ON DELETE CASCADE,
  CONSTRAINT `strapi_workflows_stage_required_to_publish_lnk_ifk` FOREIGN KEY (`workflow_stage_id`) REFERENCES `strapi_workflows_stages` (`id`) ON DELETE CASCADE
) ENGINE=InnoDB DEFAULT CHARSET=utf8mb4 COLLATE=utf8mb4_0900_ai_ci;

--
-- Dumping data for table `strapi_workflows_stage_required_to_publish_lnk`
--


--
-- Table structure for table `strapi_workflows_stages`
--

CREATE TABLE `strapi_workflows_stages` (
  `id` int unsigned NOT NULL AUTO_INCREMENT,
  `document_id` varchar(255) DEFAULT NULL,
  `name` varchar(255) DEFAULT NULL,
  `color` varchar(255) DEFAULT NULL,
  `created_at` datetime(6) DEFAULT NULL,
  `updated_at` datetime(6) DEFAULT NULL,
  `published_at` datetime(6) DEFAULT NULL,
  `created_by_id` int unsigned DEFAULT NULL,
  `updated_by_id` int unsigned DEFAULT NULL,
  `locale` varchar(255) DEFAULT NULL,
  PRIMARY KEY (`id`),
  KEY `strapi_workflows_stages_documents_idx` (`document_id`,`locale`,`published_at`),
  KEY `strapi_workflows_stages_created_by_id_fk` (`created_by_id`),
  KEY `strapi_workflows_stages_updated_by_id_fk` (`updated_by_id`),
  CONSTRAINT `strapi_workflows_stages_created_by_id_fk` FOREIGN KEY (`created_by_id`) REFERENCES `admin_users` (`id`) ON DELETE SET NULL,
  CONSTRAINT `strapi_workflows_stages_updated_by_id_fk` FOREIGN KEY (`updated_by_id`) REFERENCES `admin_users` (`id`) ON DELETE SET NULL
) ENGINE=InnoDB DEFAULT CHARSET=utf8mb4 COLLATE=utf8mb4_0900_ai_ci;

--
-- Dumping data for table `strapi_workflows_stages`
--


--
-- Table structure for table `strapi_workflows_stages_permissions_lnk`
--

CREATE TABLE `strapi_workflows_stages_permissions_lnk` (
  `id` int unsigned NOT NULL AUTO_INCREMENT,
  `workflow_stage_id` int unsigned DEFAULT NULL,
  `permission_id` int unsigned DEFAULT NULL,
  `permission_ord` double unsigned DEFAULT NULL,
  PRIMARY KEY (`id`),
  UNIQUE KEY `strapi_workflows_stages_permissions_lnk_uq` (`workflow_stage_id`,`permission_id`),
  KEY `strapi_workflows_stages_permissions_lnk_fk` (`workflow_stage_id`),
  KEY `strapi_workflows_stages_permissions_lnk_ifk` (`permission_id`),
  KEY `strapi_workflows_stages_permissions_lnk_ofk` (`permission_ord`),
  CONSTRAINT `strapi_workflows_stages_permissions_lnk_fk` FOREIGN KEY (`workflow_stage_id`) REFERENCES `strapi_workflows_stages` (`id`) ON DELETE CASCADE,
  CONSTRAINT `strapi_workflows_stages_permissions_lnk_ifk` FOREIGN KEY (`permission_id`) REFERENCES `admin_permissions` (`id`) ON DELETE CASCADE
) ENGINE=InnoDB DEFAULT CHARSET=utf8mb4 COLLATE=utf8mb4_0900_ai_ci;

--
-- Dumping data for table `strapi_workflows_stages_permissions_lnk`
--


--
-- Table structure for table `strapi_workflows_stages_workflow_lnk`
--

CREATE TABLE `strapi_workflows_stages_workflow_lnk` (
  `id` int unsigned NOT NULL AUTO_INCREMENT,
  `workflow_stage_id` int unsigned DEFAULT NULL,
  `workflow_id` int unsigned DEFAULT NULL,
  `workflow_stage_ord` double unsigned DEFAULT NULL,
  PRIMARY KEY (`id`),
  UNIQUE KEY `strapi_workflows_stages_workflow_lnk_uq` (`workflow_stage_id`,`workflow_id`),
  KEY `strapi_workflows_stages_workflow_lnk_fk` (`workflow_stage_id`),
  KEY `strapi_workflows_stages_workflow_lnk_ifk` (`workflow_id`),
  KEY `strapi_workflows_stages_workflow_lnk_oifk` (`workflow_stage_ord`),
  CONSTRAINT `strapi_workflows_stages_workflow_lnk_fk` FOREIGN KEY (`workflow_stage_id`) REFERENCES `strapi_workflows_stages` (`id`) ON DELETE CASCADE,
  CONSTRAINT `strapi_workflows_stages_workflow_lnk_ifk` FOREIGN KEY (`workflow_id`) REFERENCES `strapi_workflows` (`id`) ON DELETE CASCADE
) ENGINE=InnoDB DEFAULT CHARSET=utf8mb4 COLLATE=utf8mb4_0900_ai_ci;

--
-- Dumping data for table `strapi_workflows_stages_workflow_lnk`
--


--
-- Table structure for table `terms_conditions`
--

CREATE TABLE `terms_conditions` (
  `id` int unsigned NOT NULL AUTO_INCREMENT,
  `document_id` varchar(255) DEFAULT NULL,
  `title` varchar(255) DEFAULT NULL,
  `description` longtext,
  `created_at` datetime(6) DEFAULT NULL,
  `updated_at` datetime(6) DEFAULT NULL,
  `published_at` datetime(6) DEFAULT NULL,
  `created_by_id` int unsigned DEFAULT NULL,
  `updated_by_id` int unsigned DEFAULT NULL,
  `locale` varchar(255) DEFAULT NULL,
  PRIMARY KEY (`id`),
  KEY `terms_conditions_documents_idx` (`document_id`,`locale`,`published_at`),
  KEY `terms_conditions_created_by_id_fk` (`created_by_id`),
  KEY `terms_conditions_updated_by_id_fk` (`updated_by_id`),
  CONSTRAINT `terms_conditions_created_by_id_fk` FOREIGN KEY (`created_by_id`) REFERENCES `admin_users` (`id`) ON DELETE SET NULL,
  CONSTRAINT `terms_conditions_updated_by_id_fk` FOREIGN KEY (`updated_by_id`) REFERENCES `admin_users` (`id`) ON DELETE SET NULL
) ENGINE=InnoDB AUTO_INCREMENT=5 DEFAULT CHARSET=utf8mb4 COLLATE=utf8mb4_0900_ai_ci;

--
-- Dumping data for table `terms_conditions`
--

INSERT INTO `terms_conditions` VALUES (1,'f3yx822xr1iwbwu6vutlvrvy','Terms & Conditions  ','<p>CME website of ALFAHIM offers the present website to its customers. By using it, the user agrees to abide by all the Terms and Conditions published on this page or on any other part of the website.</p><p>Terms and Conditions are permanently subject to change or modification, without previous notice, knowing that the entire website is under the regulations of the United Arab Emirates.</p><p>Some pages of the website related to services, features and benefits, and offers are subject to their respective Terms and Conditions, upon which the user should agree. However, in the case of contradiction between them and the general Terms and Conditions, the one relevant to services, features and benefits, and offers take effect.</p>','2026-04-02 05:27:55.382000','2026-04-07 12:11:58.021000',NULL,1,1,'en'),(4,'f3yx822xr1iwbwu6vutlvrvy','Terms & Conditions  ','<p>CME website of ALFAHIM offers the present website to its customers. By using it, the user agrees to abide by all the Terms and Conditions published on this page or on any other part of the website.</p><p>Terms and Conditions are permanently subject to change or modification, without previous notice, knowing that the entire website is under the regulations of the United Arab Emirates.</p><p>Some pages of the website related to services, features and benefits, and offers are subject to their respective Terms and Conditions, upon which the user should agree. However, in the case of contradiction between them and the general Terms and Conditions, the one relevant to services, features and benefits, and offers take effect.</p>','2026-04-02 05:27:55.382000','2026-04-07 12:11:58.021000','2026-04-07 12:11:58.541000',1,1,'en');

--
-- Table structure for table `terms_conditions_cmps`
--

CREATE TABLE `terms_conditions_cmps` (
  `id` int unsigned NOT NULL AUTO_INCREMENT,
  `entity_id` int unsigned DEFAULT NULL,
  `cmp_id` int unsigned DEFAULT NULL,
  `component_type` varchar(255) DEFAULT NULL,
  `field` varchar(255) DEFAULT NULL,
  `order` double unsigned DEFAULT NULL,
  PRIMARY KEY (`id`),
  UNIQUE KEY `terms_conditions_uq` (`entity_id`,`cmp_id`,`field`,`component_type`),
  KEY `terms_conditions_field_idx` (`field`),
  KEY `terms_conditions_component_type_idx` (`component_type`),
  KEY `terms_conditions_entity_fk` (`entity_id`),
  CONSTRAINT `terms_conditions_entity_fk` FOREIGN KEY (`entity_id`) REFERENCES `terms_conditions` (`id`) ON DELETE CASCADE
) ENGINE=InnoDB AUTO_INCREMENT=5 DEFAULT CHARSET=utf8mb4 COLLATE=utf8mb4_0900_ai_ci;

--
-- Dumping data for table `terms_conditions_cmps`
--

INSERT INTO `terms_conditions_cmps` VALUES (1,1,166,'common.seo','seo',NULL),(4,4,173,'common.seo','seo',NULL);

--
-- Table structure for table `tyre_categories`
--

CREATE TABLE `tyre_categories` (
  `id` int unsigned NOT NULL AUTO_INCREMENT,
  `document_id` varchar(255) DEFAULT NULL,
  `title` varchar(255) DEFAULT NULL,
  `slug` varchar(255) DEFAULT NULL,
  `created_at` datetime(6) DEFAULT NULL,
  `updated_at` datetime(6) DEFAULT NULL,
  `published_at` datetime(6) DEFAULT NULL,
  `created_by_id` int unsigned DEFAULT NULL,
  `updated_by_id` int unsigned DEFAULT NULL,
  `locale` varchar(255) DEFAULT NULL,
  `display_order` int DEFAULT NULL,
  PRIMARY KEY (`id`),
  KEY `tyre_categories_documents_idx` (`document_id`,`locale`,`published_at`),
  KEY `tyre_categories_created_by_id_fk` (`created_by_id`),
  KEY `tyre_categories_updated_by_id_fk` (`updated_by_id`),
  CONSTRAINT `tyre_categories_created_by_id_fk` FOREIGN KEY (`created_by_id`) REFERENCES `admin_users` (`id`) ON DELETE SET NULL,
  CONSTRAINT `tyre_categories_updated_by_id_fk` FOREIGN KEY (`updated_by_id`) REFERENCES `admin_users` (`id`) ON DELETE SET NULL
) ENGINE=InnoDB AUTO_INCREMENT=71 DEFAULT CHARSET=utf8mb4 COLLATE=utf8mb4_0900_ai_ci;

--
-- Dumping data for table `tyre_categories`
--

INSERT INTO `tyre_categories` VALUES (1,'yc4o3bpsvxvlbi6a3si9e8sf','Passenger Vehicles ','tyres/search?category=car','2026-01-20 07:32:36.374000','2026-03-09 07:10:02.666000',NULL,1,1,'en',1),(3,'ny6032h3hvyo8vtvlkkuo4ud','Commercial Light Vehicle ','tyres/search?category=light-truck','2026-01-20 07:32:58.797000','2026-03-09 07:10:27.473000',NULL,1,1,'en',3),(5,'msltv7ngvsvuh6mbulmob5k0','SUV & 4*4 ','tyres/search?category=4x4','2026-01-20 18:19:56.345000','2026-03-09 07:10:16.627000',NULL,1,1,'en',2),(13,'v6ihmdhykp52f4d9xds0qs99','Truck & Bus ','tyres/search?category=light-truck&page=category=light-truck','2026-01-20 18:27:14.613000','2026-03-09 07:10:44.801000',NULL,1,1,'en',4),(15,'gmw4kge9x1ybwjejvghp7v4r','Industrial ',NULL,'2026-01-21 05:24:43.398000','2026-03-09 07:10:58.665000',NULL,1,1,'en',5),(19,'bncvfwtso165v2f79io9g8pi','Accessories(Tubes, Flap, Oring, Tyran)',NULL,'2026-01-21 05:26:54.607000','2026-03-09 07:13:49.705000',NULL,1,1,'en',7),(22,'pv1p1jqwepj492pweyuuny5p','Retread',NULL,'2026-01-22 06:35:52.100000','2026-03-09 07:11:11.046000',NULL,1,1,'en',6),(62,'yc4o3bpsvxvlbi6a3si9e8sf','Passenger Vehicles ','tyres/search?category=car','2026-01-20 07:32:36.374000','2026-03-09 07:10:02.666000','2026-03-09 07:10:03.096000',1,1,'en',1),(63,'msltv7ngvsvuh6mbulmob5k0','SUV & 4*4 ','tyres/search?category=4x4','2026-01-20 18:19:56.345000','2026-03-09 07:10:16.627000','2026-03-09 07:10:17.000000',1,1,'en',2),(64,'ny6032h3hvyo8vtvlkkuo4ud','Commercial Light Vehicle ','tyres/search?category=light-truck','2026-01-20 07:32:58.797000','2026-03-09 07:10:27.473000','2026-03-09 07:10:27.774000',1,1,'en',3),(65,'v6ihmdhykp52f4d9xds0qs99','Truck & Bus ','tyres/search?category=light-truck&page=category=light-truck','2026-01-20 18:27:14.613000','2026-03-09 07:10:44.801000','2026-03-09 07:10:45.105000',1,1,'en',4),(66,'gmw4kge9x1ybwjejvghp7v4r','Industrial ',NULL,'2026-01-21 05:24:43.398000','2026-03-09 07:10:58.665000','2026-03-09 07:10:58.964000',1,1,'en',5),(67,'pv1p1jqwepj492pweyuuny5p','Retread',NULL,'2026-01-22 06:35:52.100000','2026-03-09 07:11:11.046000','2026-03-09 07:11:11.349000',1,1,'en',6),(70,'bncvfwtso165v2f79io9g8pi','Accessories(Tubes, Flap, Oring, Tyran)',NULL,'2026-01-21 05:26:54.607000','2026-03-09 07:13:49.705000','2026-03-09 07:13:50.016000',1,1,'en',7);

--
-- Table structure for table `tyre_landings`
--

CREATE TABLE `tyre_landings` (
  `id` int unsigned NOT NULL AUTO_INCREMENT,
  `document_id` varchar(255) DEFAULT NULL,
  `title` varchar(255) DEFAULT NULL,
  `created_at` datetime(6) DEFAULT NULL,
  `updated_at` datetime(6) DEFAULT NULL,
  `published_at` datetime(6) DEFAULT NULL,
  `created_by_id` int unsigned DEFAULT NULL,
  `updated_by_id` int unsigned DEFAULT NULL,
  `locale` varchar(255) DEFAULT NULL,
  PRIMARY KEY (`id`),
  KEY `tyre_landings_documents_idx` (`document_id`,`locale`,`published_at`),
  KEY `tyre_landings_created_by_id_fk` (`created_by_id`),
  KEY `tyre_landings_updated_by_id_fk` (`updated_by_id`),
  CONSTRAINT `tyre_landings_created_by_id_fk` FOREIGN KEY (`created_by_id`) REFERENCES `admin_users` (`id`) ON DELETE SET NULL,
  CONSTRAINT `tyre_landings_updated_by_id_fk` FOREIGN KEY (`updated_by_id`) REFERENCES `admin_users` (`id`) ON DELETE SET NULL
) ENGINE=InnoDB AUTO_INCREMENT=14 DEFAULT CHARSET=utf8mb4 COLLATE=utf8mb4_0900_ai_ci;

--
-- Dumping data for table `tyre_landings`
--

INSERT INTO `tyre_landings` VALUES (1,'dm6kizg5rs0jm3mefuocbrgx','Tyre','2026-01-20 07:15:01.752000','2026-04-06 13:50:10.520000',NULL,1,1,'en'),(13,'dm6kizg5rs0jm3mefuocbrgx','Tyre','2026-01-20 07:15:01.752000','2026-04-06 13:50:10.520000','2026-04-06 13:50:12.297000',1,1,'en');

--
-- Table structure for table `tyre_landings_cmps`
--

CREATE TABLE `tyre_landings_cmps` (
  `id` int unsigned NOT NULL AUTO_INCREMENT,
  `entity_id` int unsigned DEFAULT NULL,
  `cmp_id` int unsigned DEFAULT NULL,
  `component_type` varchar(255) DEFAULT NULL,
  `field` varchar(255) DEFAULT NULL,
  `order` double unsigned DEFAULT NULL,
  PRIMARY KEY (`id`),
  UNIQUE KEY `tyre_landings_uq` (`entity_id`,`cmp_id`,`field`,`component_type`),
  KEY `tyre_landings_field_idx` (`field`),
  KEY `tyre_landings_component_type_idx` (`component_type`),
  KEY `tyre_landings_entity_fk` (`entity_id`),
  CONSTRAINT `tyre_landings_entity_fk` FOREIGN KEY (`entity_id`) REFERENCES `tyre_landings` (`id`) ON DELETE CASCADE
) ENGINE=InnoDB AUTO_INCREMENT=129 DEFAULT CHARSET=utf8mb4 COLLATE=utf8mb4_0900_ai_ci;

--
-- Dumping data for table `tyre_landings_cmps`
--

INSERT INTO `tyre_landings_cmps` VALUES (1,1,109,'common.banner','banner',1),(2,1,1,'common.title-desc','bookService',7),(3,1,2,'common.title-desc','mobileService',9),(37,1,74,'common.seo','seo',4),(48,1,88,'home.content-section','socialFeeds',1),(67,1,288,'common.banner','banner',3),(69,1,290,'common.banner','banner',2),(70,1,291,'common.banner','banner',4),(71,1,292,'common.banner','banner',5),(120,13,313,'common.banner','banner',1),(121,13,314,'common.banner','banner',2),(122,13,315,'common.banner','banner',3),(123,13,316,'common.banner','banner',4),(124,13,317,'common.banner','banner',5),(125,13,401,'common.title-desc','bookService',NULL),(126,13,402,'common.title-desc','mobileService',NULL),(127,13,172,'common.seo','seo',NULL),(128,13,112,'home.content-section','socialFeeds',NULL);

--
-- Table structure for table `tyre_landings_location_types_lnk`
--

CREATE TABLE `tyre_landings_location_types_lnk` (
  `id` int unsigned NOT NULL AUTO_INCREMENT,
  `tyre_landing_id` int unsigned DEFAULT NULL,
  `branch_location_id` int unsigned DEFAULT NULL,
  `branch_location_ord` double unsigned DEFAULT NULL,
  PRIMARY KEY (`id`),
  UNIQUE KEY `tyre_landings_location_types_lnk_uq` (`tyre_landing_id`,`branch_location_id`),
  KEY `tyre_landings_location_types_lnk_fk` (`tyre_landing_id`),
  KEY `tyre_landings_location_types_lnk_ifk` (`branch_location_id`),
  KEY `tyre_landings_location_types_lnk_ofk` (`branch_location_ord`),
  CONSTRAINT `tyre_landings_location_types_lnk_fk` FOREIGN KEY (`tyre_landing_id`) REFERENCES `tyre_landings` (`id`) ON DELETE CASCADE,
  CONSTRAINT `tyre_landings_location_types_lnk_ifk` FOREIGN KEY (`branch_location_id`) REFERENCES `branch_locations` (`id`) ON DELETE CASCADE
) ENGINE=InnoDB AUTO_INCREMENT=12 DEFAULT CHARSET=utf8mb4 COLLATE=utf8mb4_0900_ai_ci;

--
-- Dumping data for table `tyre_landings_location_types_lnk`
--

INSERT INTO `tyre_landings_location_types_lnk` VALUES (1,1,15,1),(11,13,16,1);

--
-- Table structure for table `tyre_services`
--

CREATE TABLE `tyre_services` (
  `id` int unsigned NOT NULL AUTO_INCREMENT,
  `document_id` varchar(255) DEFAULT NULL,
  `title` varchar(255) DEFAULT NULL,
  `slug` varchar(255) DEFAULT NULL,
  `created_at` datetime(6) DEFAULT NULL,
  `updated_at` datetime(6) DEFAULT NULL,
  `published_at` datetime(6) DEFAULT NULL,
  `created_by_id` int unsigned DEFAULT NULL,
  `updated_by_id` int unsigned DEFAULT NULL,
  `locale` varchar(255) DEFAULT NULL,
  `display_order` int DEFAULT NULL,
  PRIMARY KEY (`id`),
  KEY `tyre_services_documents_idx` (`document_id`,`locale`,`published_at`),
  KEY `tyre_services_created_by_id_fk` (`created_by_id`),
  KEY `tyre_services_updated_by_id_fk` (`updated_by_id`),
  CONSTRAINT `tyre_services_created_by_id_fk` FOREIGN KEY (`created_by_id`) REFERENCES `admin_users` (`id`) ON DELETE SET NULL,
  CONSTRAINT `tyre_services_updated_by_id_fk` FOREIGN KEY (`updated_by_id`) REFERENCES `admin_users` (`id`) ON DELETE SET NULL
) ENGINE=InnoDB AUTO_INCREMENT=55 DEFAULT CHARSET=utf8mb4 COLLATE=utf8mb4_0900_ai_ci;

--
-- Dumping data for table `tyre_services`
--

INSERT INTO `tyre_services` VALUES (1,'d55pjrpd00flr77mhb28xl1q','Tyre Repair ','services/tyre/tyre-repair','2026-01-20 07:33:55.742000','2026-03-12 08:22:52.335000',NULL,1,1,'en',1),(3,'ifflgu563yfa7wo6wki5tf94','Brake Pads ','services/tyre/brake-pads','2026-01-20 07:34:15.485000','2026-03-12 08:21:27.459000',NULL,1,1,'en',2),(7,'juwcwf7x05dxoa8q7wry09mn','Oil Change ','services/tyre/oil-change','2026-01-20 18:29:23.868000','2026-03-12 08:22:10.481000',NULL,1,1,'en',3),(9,'p34ims56dw7c50pfva0063zh','Tyre Rotation ','services/tyre/tyre-rotation','2026-01-20 18:30:03.597000','2026-03-19 04:14:28.637000',NULL,1,1,'en',4),(11,'tz91nno9hp3artzm6dd40byz','Wheel Alignment ','services/tyre/wheel-alignment','2026-01-20 18:30:54.632000','2026-03-12 08:23:37.345000',NULL,1,1,'en',5),(13,'flllgytra3iqgej3y8oj2kce','Tyre Fitting',NULL,'2026-01-22 06:38:56.343000','2026-03-09 07:36:40.711000',NULL,1,1,'en',6),(36,'ifflgu563yfa7wo6wki5tf94','Brake Pads ','services/tyre/brake-pads','2026-01-20 07:34:15.485000','2026-03-12 08:21:27.459000','2026-03-12 08:21:27.803000',1,1,'en',2),(37,'juwcwf7x05dxoa8q7wry09mn','Oil Change ','services/tyre/oil-change','2026-01-20 18:29:23.868000','2026-03-12 08:22:10.481000','2026-03-12 08:22:10.792000',1,1,'en',3),(38,'d55pjrpd00flr77mhb28xl1q','Tyre Repair ','services/tyre/tyre-repair','2026-01-20 07:33:55.742000','2026-03-12 08:22:52.335000','2026-03-12 08:22:52.650000',1,1,'en',1),(40,'tz91nno9hp3artzm6dd40byz','Wheel Alignment ','services/tyre/wheel-alignment','2026-01-20 18:30:54.632000','2026-03-12 08:23:37.345000','2026-03-12 08:23:37.673000',1,1,'en',5),(41,'p9z7b3eju30t0jfm23hsn9rm','Tyre Change and Balancing / Tyre Replacement','services/tyre/tyre-change-balancing-replacement','2026-03-18 11:22:15.179000','2026-03-18 11:27:01.044000',NULL,1,1,'en',7),(44,'shekhegt054et5jy53i7yl4v','Nitrogen Inflation','services/tyre/nitrogen-inflation','2026-03-18 11:23:01.487000','2026-03-18 11:28:02.247000',NULL,1,1,'en',8),(46,'s21na7xe2868i3r0n9l60n53','AC Maintenance','services/tyre/ac-maintenance','2026-03-18 11:23:29.037000','2026-03-18 11:27:19.674000',NULL,1,1,'en',9),(48,'p9z7b3eju30t0jfm23hsn9rm','Tyre Change and Balancing / Tyre Replacement','services/tyre/tyre-change-balancing-replacement','2026-03-18 11:22:15.179000','2026-03-18 11:27:01.044000','2026-03-18 11:27:01.424000',1,1,'en',7),(49,'s21na7xe2868i3r0n9l60n53','AC Maintenance','services/tyre/ac-maintenance','2026-03-18 11:23:29.037000','2026-03-18 11:27:19.674000','2026-03-18 11:27:20.059000',1,1,'en',9),(50,'shekhegt054et5jy53i7yl4v','Nitrogen Inflation','services/tyre/nitrogen-inflation','2026-03-18 11:23:01.487000','2026-03-18 11:28:02.247000','2026-03-18 11:28:02.570000',1,1,'en',8),(51,'p34ims56dw7c50pfva0063zh','Tyre Rotation ','services/tyre/tyre-rotation','2026-01-20 18:30:03.597000','2026-03-19 04:14:28.637000','2026-03-19 04:14:29.011000',1,1,'en',4),(52,'veosaeqilse0qqxvh34gv2no','Car Battery Replacement ','services/tyre/battery-replacement','2026-03-30 15:17:57.496000','2026-03-30 15:32:45.004000',NULL,1,1,'en',11),(54,'veosaeqilse0qqxvh34gv2no','Car Battery Replacement ','services/tyre/battery-replacement','2026-03-30 15:17:57.496000','2026-03-30 15:32:45.004000','2026-03-30 15:32:45.322000',1,1,'en',11);

--
-- Table structure for table `up_permissions`
--

CREATE TABLE `up_permissions` (
  `id` int unsigned NOT NULL AUTO_INCREMENT,
  `document_id` varchar(255) DEFAULT NULL,
  `action` varchar(255) DEFAULT NULL,
  `created_at` datetime(6) DEFAULT NULL,
  `updated_at` datetime(6) DEFAULT NULL,
  `published_at` datetime(6) DEFAULT NULL,
  `created_by_id` int unsigned DEFAULT NULL,
  `updated_by_id` int unsigned DEFAULT NULL,
  `locale` varchar(255) DEFAULT NULL,
  PRIMARY KEY (`id`),
  KEY `up_permissions_documents_idx` (`document_id`,`locale`,`published_at`),
  KEY `up_permissions_created_by_id_fk` (`created_by_id`),
  KEY `up_permissions_updated_by_id_fk` (`updated_by_id`),
  CONSTRAINT `up_permissions_created_by_id_fk` FOREIGN KEY (`created_by_id`) REFERENCES `admin_users` (`id`) ON DELETE SET NULL,
  CONSTRAINT `up_permissions_updated_by_id_fk` FOREIGN KEY (`updated_by_id`) REFERENCES `admin_users` (`id`) ON DELETE SET NULL
) ENGINE=InnoDB AUTO_INCREMENT=83 DEFAULT CHARSET=utf8mb4 COLLATE=utf8mb4_0900_ai_ci;

--
-- Dumping data for table `up_permissions`
--

INSERT INTO `up_permissions` VALUES (1,'iul0225wu9awt7kdxhgn8an2','plugin::users-permissions.user.me','2025-11-21 05:39:31.017000','2025-11-21 05:39:31.017000','2025-11-21 05:39:31.017000',NULL,NULL,NULL),(2,'yiyq4rp2fu57qiqpye0u0luq','plugin::users-permissions.auth.changePassword','2025-11-21 05:39:31.017000','2025-11-21 05:39:31.017000','2025-11-21 05:39:31.018000',NULL,NULL,NULL),(3,'s037pzmaj9kyusmoju345vpa','plugin::users-permissions.auth.callback','2025-11-21 05:39:31.143000','2025-11-21 05:39:31.143000','2025-11-21 05:39:31.144000',NULL,NULL,NULL),(4,'k4h79yziqk5uadtqz7zzptzi','plugin::users-permissions.auth.connect','2025-11-21 05:39:31.143000','2025-11-21 05:39:31.143000','2025-11-21 05:39:31.144000',NULL,NULL,NULL),(5,'w07eausa0tpt3vza2nxwlx72','plugin::users-permissions.auth.forgotPassword','2025-11-21 05:39:31.143000','2025-11-21 05:39:31.143000','2025-11-21 05:39:31.144000',NULL,NULL,NULL),(6,'ap4r1fnbnw2fgucxq5o0yejz','plugin::users-permissions.auth.resetPassword','2025-11-21 05:39:31.143000','2025-11-21 05:39:31.143000','2025-11-21 05:39:31.145000',NULL,NULL,NULL),(7,'w2zh8ubtbu8nxdxpgp6vldpr','plugin::users-permissions.auth.register','2025-11-21 05:39:31.143000','2025-11-21 05:39:31.143000','2025-11-21 05:39:31.145000',NULL,NULL,NULL),(8,'tgi8yyr0dvveiiwsxtn5jhpi','plugin::users-permissions.auth.emailConfirmation','2025-11-21 05:39:31.143000','2025-11-21 05:39:31.143000','2025-11-21 05:39:31.145000',NULL,NULL,NULL),(9,'snlqz7eqefd2xd0sjvzpc2df','plugin::users-permissions.auth.sendEmailConfirmation','2025-11-21 05:39:31.143000','2025-11-21 05:39:31.143000','2025-11-21 05:39:31.146000',NULL,NULL,NULL),(14,'drhqrt4t5801fh9n9wix5dvd','api::footer.footer.find','2025-11-22 05:41:23.557000','2025-11-22 05:41:23.557000','2025-11-22 05:41:23.560000',NULL,NULL,NULL),(15,'fqxh357hia9awidc3q21c7zv','api::header.header.find','2025-11-22 05:41:23.557000','2025-11-22 05:41:23.557000','2025-11-22 05:41:23.562000',NULL,NULL,NULL),(16,'a4fha1pyshq5gdmvy39dwo9j','api::home.home.find','2025-11-22 05:41:23.557000','2025-11-22 05:41:23.557000','2025-11-22 05:41:23.563000',NULL,NULL,NULL),(26,'brgaql1ct0beeksni5mktiu4','api::location.location.find','2025-11-27 06:26:54.684000','2025-11-27 06:26:54.684000','2025-11-27 06:26:54.685000',NULL,NULL,NULL),(29,'iqhmk9uquldmctwy4we1ey0b','api::about-us.about-us.find','2025-12-12 05:40:42.247000','2025-12-12 05:40:42.247000','2025-12-12 05:40:42.248000',NULL,NULL,NULL),(30,'cavd1mibm85b2470aog8klb5','api::branch.branch.find','2025-12-12 05:40:42.247000','2025-12-12 05:40:42.247000','2025-12-12 05:40:42.248000',NULL,NULL,NULL),(31,'ts1o0gdvn2adibx3g96wbxes','api::branch.branch.findOne','2025-12-12 05:40:42.247000','2025-12-12 05:40:42.247000','2025-12-12 05:40:42.248000',NULL,NULL,NULL),(32,'ptz1xszmfs3t7inomci2n4pp','api::branch-location.branch-location.find','2025-12-12 05:40:42.247000','2025-12-12 05:40:42.247000','2025-12-12 05:40:42.249000',NULL,NULL,NULL),(33,'emxx7vbkgb4vjvtjz1mcobf0','api::branch-location.branch-location.findOne','2025-12-12 05:40:42.247000','2025-12-12 05:40:42.247000','2025-12-12 05:40:42.249000',NULL,NULL,NULL),(34,'d8udtrhanpi7cm06ae4dw60e','api::brand.brand.find','2025-12-12 05:40:42.247000','2025-12-12 05:40:42.247000','2025-12-12 05:40:42.249000',NULL,NULL,NULL),(35,'te0re7unmrney7dc9sw90nm0','api::brand.brand.findOne','2025-12-12 05:40:42.247000','2025-12-12 05:40:42.247000','2025-12-12 05:40:42.249000',NULL,NULL,NULL),(36,'fq32vuy0zz1pok49gu063wld','api::business-stream.business-stream.find','2025-12-12 05:40:42.247000','2025-12-12 05:40:42.247000','2025-12-12 05:40:42.249000',NULL,NULL,NULL),(37,'hnmaqzwo9yopjzj43amohvj5','api::business-stream.business-stream.findOne','2025-12-12 05:40:42.247000','2025-12-12 05:40:42.247000','2025-12-12 05:40:42.249000',NULL,NULL,NULL),(38,'zinyjvd8n1y6ggzxc9ovpaxm','api::contact-enquiry.contact-enquiry.find','2025-12-12 05:40:42.248000','2025-12-12 05:40:42.248000','2025-12-12 05:40:42.250000',NULL,NULL,NULL),(39,'ajuneis35dvkgtzbsyqq657l','api::contact-enquiry.contact-enquiry.findOne','2025-12-12 05:40:42.248000','2025-12-12 05:40:42.248000','2025-12-12 05:40:42.250000',NULL,NULL,NULL),(40,'h3n4znednqvj691tbeyzz9a5','api::news.news.find','2025-12-12 05:40:42.248000','2025-12-12 05:40:42.248000','2025-12-12 05:40:42.250000',NULL,NULL,NULL),(41,'wwgdzsv5trs8dxvnnym0iqse','api::news.news.findOne','2025-12-12 05:40:42.248000','2025-12-12 05:40:42.248000','2025-12-12 05:40:42.250000',NULL,NULL,NULL),(42,'wuomg5ug32ccctxf5sci5nij','api::news-landing.news-landing.find','2025-12-12 05:40:42.248000','2025-12-12 05:40:42.248000','2025-12-12 05:40:42.250000',NULL,NULL,NULL),(45,'iudybhzfeb8nux1z32hpagox','api::service-category.service-category.find','2025-12-12 05:40:42.248000','2025-12-12 05:40:42.248000','2025-12-12 05:40:42.251000',NULL,NULL,NULL),(46,'qttlr8e6k4dy8kevwkivqa9i','api::service-category.service-category.findOne','2025-12-12 05:40:42.248000','2025-12-12 05:40:42.248000','2025-12-12 05:40:42.251000',NULL,NULL,NULL),(47,'agckfewnm5lalc03nuo6ltza','api::contact-us.contact-us.find','2025-12-12 06:43:01.803000','2025-12-12 06:43:01.803000','2025-12-12 06:43:01.803000',NULL,NULL,NULL),(49,'o4o8xrv3bp50jzaity7jprq2','api::service-landing.service-landing.find','2025-12-12 13:06:46.327000','2025-12-12 13:06:46.327000','2025-12-12 13:06:46.327000',NULL,NULL,NULL),(51,'h9b4ivlt7313zpxfcy2ym83w','api::contact-enquiry.contact-enquiry.update','2026-01-15 10:10:14.241000','2026-01-15 10:10:14.241000','2026-01-15 10:10:14.243000',NULL,NULL,NULL),(52,'pv3agl50cv4btdn0laneiide','api::contact-enquiry.contact-enquiry.create','2026-01-15 10:12:08.133000','2026-01-15 10:12:08.133000','2026-01-15 10:12:08.134000',NULL,NULL,NULL),(60,'dbr72pnmq4d8kf2imsnpbkpt','api::social.social.find','2026-01-20 06:47:59.372000','2026-01-20 06:47:59.372000','2026-01-20 06:47:59.372000',NULL,NULL,NULL),(61,'wt0z127f7fk9lzbr3hya7k3i','api::social.social.findOne','2026-01-20 06:47:59.372000','2026-01-20 06:47:59.372000','2026-01-20 06:47:59.373000',NULL,NULL,NULL),(62,'ioakconfeuzmb7j6k4btvzio','api::automotive-landing.automotive-landing.find','2026-01-20 07:07:54.861000','2026-01-20 07:07:54.861000','2026-01-20 07:07:54.861000',NULL,NULL,NULL),(63,'wu7jlqpx5w4cxnv8z0xnmezc','api::tyre-landing.tyre-landing.find','2026-01-20 07:14:14.015000','2026-01-20 07:14:14.015000','2026-01-20 07:14:14.016000',NULL,NULL,NULL),(64,'pzhv1qxtep3ndd06k5ozv9d5','api::tyre-category.tyre-category.find','2026-01-20 07:14:36.427000','2026-01-20 07:14:36.427000','2026-01-20 07:14:36.428000',NULL,NULL,NULL),(65,'oojql9l46hlbarv55wufr9n3','api::tyre-category.tyre-category.findOne','2026-01-20 07:14:36.427000','2026-01-20 07:14:36.427000','2026-01-20 07:14:36.428000',NULL,NULL,NULL),(66,'ean0nb50hk73eotdwvb5npxg','api::tyre-service.tyre-service.find','2026-01-20 07:14:36.427000','2026-01-20 07:14:36.427000','2026-01-20 07:14:36.428000',NULL,NULL,NULL),(67,'teyb8iyeq0idsjrstfagfxum','api::tyre-service.tyre-service.findOne','2026-01-20 07:14:36.427000','2026-01-20 07:14:36.427000','2026-01-20 07:14:36.428000',NULL,NULL,NULL),(68,'u16jlpe1949zh6ones7ikvjp','api::power-tool-landing.power-tool-landing.find','2026-01-20 10:22:17.092000','2026-01-20 10:22:17.092000','2026-01-20 10:22:17.092000',NULL,NULL,NULL),(69,'jjgk15khmv1xj2tebobdh44a','api::product-category.product-category.findOne','2026-01-20 12:18:49.331000','2026-01-20 12:18:49.331000','2026-01-20 12:18:49.332000',NULL,NULL,NULL),(70,'sthznzhd8garn5ebzuwra1tu','api::product-category.product-category.find','2026-01-20 12:18:49.331000','2026-01-20 12:18:49.331000','2026-01-20 12:18:49.331000',NULL,NULL,NULL),(71,'fnxkkkzktg8cm6oyg4jwxuoz','api::service-category-type.service-category-type.find','2026-01-20 12:18:49.331000','2026-01-20 12:18:49.331000','2026-01-20 12:18:49.332000',NULL,NULL,NULL),(72,'qce7vempj9kv2kclwmr6jra8','api::service-category-type.service-category-type.findOne','2026-01-20 12:18:49.331000','2026-01-20 12:18:49.331000','2026-01-20 12:18:49.333000',NULL,NULL,NULL),(73,'e39jniz21qexij96lrox1kfp','api::type.type.find','2026-01-21 09:00:31.227000','2026-01-21 09:00:31.227000','2026-01-21 09:00:31.229000',NULL,NULL,NULL),(74,'ykmgjrh8uqt3yhdt9i84lrm2','api::type.type.findOne','2026-01-21 09:00:31.227000','2026-01-21 09:00:31.227000','2026-01-21 09:00:31.231000',NULL,NULL,NULL),(75,'d3xgt20msluytdi9pqpgnvd4','api::power-category.power-category.find','2026-02-05 05:39:38.452000','2026-02-05 05:39:38.452000','2026-02-05 05:39:38.454000',NULL,NULL,NULL),(76,'fgsw4ymg4n4xwkep5zcmgley','api::power-category.power-category.findOne','2026-02-05 05:39:38.452000','2026-02-05 05:39:38.452000','2026-02-05 05:39:38.455000',NULL,NULL,NULL),(77,'zhlkmwuwa3g20vagdbpnime7','api::power-top-category.power-top-category.find','2026-03-06 05:29:15.785000','2026-03-06 05:29:15.785000','2026-03-06 05:29:15.786000',NULL,NULL,NULL),(78,'abwr22k7hxnjc9gsnyukw6wa','api::power-top-category.power-top-category.findOne','2026-03-06 05:29:15.785000','2026-03-06 05:29:15.785000','2026-03-06 05:29:15.786000',NULL,NULL,NULL),(79,'gztetymk5ygyd0f5889lvlsb','api::service.service.find','2026-03-12 12:06:53.485000','2026-03-12 12:06:53.485000','2026-03-12 12:06:53.488000',NULL,NULL,NULL),(80,'ls1ioir42k0cb4xyi1sse6nj','api::service.service.findOne','2026-03-12 12:06:53.485000','2026-03-12 12:06:53.485000','2026-03-12 12:06:53.489000',NULL,NULL,NULL),(81,'n0miij95p45zxka5qrd0xsur','api::privacy-policy.privacy-policy.find','2026-04-02 05:11:57.099000','2026-04-02 05:11:57.099000','2026-04-02 05:11:57.100000',NULL,NULL,NULL),(82,'h1rwq2iepi9845jal295ktdr','api::terms-condition.terms-condition.find','2026-04-02 05:11:57.099000','2026-04-02 05:11:57.099000','2026-04-02 05:11:57.100000',NULL,NULL,NULL);

--
-- Table structure for table `up_permissions_role_lnk`
--

CREATE TABLE `up_permissions_role_lnk` (
  `id` int unsigned NOT NULL AUTO_INCREMENT,
  `permission_id` int unsigned DEFAULT NULL,
  `role_id` int unsigned DEFAULT NULL,
  `permission_ord` double unsigned DEFAULT NULL,
  PRIMARY KEY (`id`),
  UNIQUE KEY `up_permissions_role_lnk_uq` (`permission_id`,`role_id`),
  KEY `up_permissions_role_lnk_fk` (`permission_id`),
  KEY `up_permissions_role_lnk_ifk` (`role_id`),
  KEY `up_permissions_role_lnk_oifk` (`permission_ord`),
  CONSTRAINT `up_permissions_role_lnk_fk` FOREIGN KEY (`permission_id`) REFERENCES `up_permissions` (`id`) ON DELETE CASCADE,
  CONSTRAINT `up_permissions_role_lnk_ifk` FOREIGN KEY (`role_id`) REFERENCES `up_roles` (`id`) ON DELETE CASCADE
) ENGINE=InnoDB AUTO_INCREMENT=83 DEFAULT CHARSET=utf8mb4 COLLATE=utf8mb4_0900_ai_ci;

--
-- Dumping data for table `up_permissions_role_lnk`
--

INSERT INTO `up_permissions_role_lnk` VALUES (1,1,1,1),(2,2,1,1),(3,3,2,1),(4,6,2,1),(5,8,2,1),(6,4,2,1),(7,7,2,1),(8,5,2,1),(9,9,2,1),(14,14,2,2),(15,15,2,2),(16,16,2,2),(26,26,2,7),(29,29,2,8),(30,30,2,8),(31,31,2,8),(32,32,2,8),(33,33,2,8),(34,34,2,8),(35,35,2,8),(36,36,2,8),(37,37,2,8),(38,40,2,8),(39,38,2,9),(40,41,2,9),(41,42,2,9),(42,39,2,9),(45,45,2,9),(46,46,2,9),(47,47,2,10),(49,49,2,12),(51,51,2,13),(52,52,2,14),(60,60,2,15),(61,61,2,15),(62,62,2,16),(63,63,2,17),(64,64,2,18),(65,65,2,18),(66,66,2,18),(67,67,2,18),(68,68,2,19),(69,69,2,20),(70,71,2,20),(71,70,2,20),(72,72,2,21),(73,74,2,22),(74,73,2,22),(75,75,2,23),(76,76,2,23),(77,77,2,24),(78,78,2,24),(79,79,2,25),(80,80,2,25),(81,82,2,26),(82,81,2,26);

--
-- Table structure for table `up_roles`
--

CREATE TABLE `up_roles` (
  `id` int unsigned NOT NULL AUTO_INCREMENT,
  `document_id` varchar(255) DEFAULT NULL,
  `name` varchar(255) DEFAULT NULL,
  `description` varchar(255) DEFAULT NULL,
  `type` varchar(255) DEFAULT NULL,
  `created_at` datetime(6) DEFAULT NULL,
  `updated_at` datetime(6) DEFAULT NULL,
  `published_at` datetime(6) DEFAULT NULL,
  `created_by_id` int unsigned DEFAULT NULL,
  `updated_by_id` int unsigned DEFAULT NULL,
  `locale` varchar(255) DEFAULT NULL,
  PRIMARY KEY (`id`),
  KEY `up_roles_documents_idx` (`document_id`,`locale`,`published_at`),
  KEY `up_roles_created_by_id_fk` (`created_by_id`),
  KEY `up_roles_updated_by_id_fk` (`updated_by_id`),
  CONSTRAINT `up_roles_created_by_id_fk` FOREIGN KEY (`created_by_id`) REFERENCES `admin_users` (`id`) ON DELETE SET NULL,
  CONSTRAINT `up_roles_updated_by_id_fk` FOREIGN KEY (`updated_by_id`) REFERENCES `admin_users` (`id`) ON DELETE SET NULL
) ENGINE=InnoDB AUTO_INCREMENT=3 DEFAULT CHARSET=utf8mb4 COLLATE=utf8mb4_0900_ai_ci;

--
-- Dumping data for table `up_roles`
--

INSERT INTO `up_roles` VALUES (1,'p0oupmfzck2k1z3hmr6hbzo7','Authenticated','Default role given to authenticated user.','authenticated','2025-11-21 05:39:30.827000','2025-11-21 05:39:30.827000','2025-11-21 05:39:30.827000',NULL,NULL,NULL),(2,'y4b542dfd78vb4pqr15nh5vm','Public','Default role given to unauthenticated user.','public','2025-11-21 05:39:30.893000','2026-04-02 05:24:03.467000','2025-11-21 05:39:30.894000',NULL,NULL,NULL);

--
-- Table structure for table `up_users_role_lnk`
--

CREATE TABLE `up_users_role_lnk` (
  `id` int unsigned NOT NULL AUTO_INCREMENT,
  `user_id` int unsigned DEFAULT NULL,
  `role_id` int unsigned DEFAULT NULL,
  `user_ord` double unsigned DEFAULT NULL,
  PRIMARY KEY (`id`),
  UNIQUE KEY `up_users_role_lnk_uq` (`user_id`,`role_id`),
  KEY `up_users_role_lnk_fk` (`user_id`),
  KEY `up_users_role_lnk_ifk` (`role_id`),
  KEY `up_users_role_lnk_oifk` (`user_ord`),
  CONSTRAINT `up_users_role_lnk_fk` FOREIGN KEY (`user_id`) REFERENCES `up_users` (`id`) ON DELETE CASCADE,
  CONSTRAINT `up_users_role_lnk_ifk` FOREIGN KEY (`role_id`) REFERENCES `up_roles` (`id`) ON DELETE CASCADE
) ENGINE=InnoDB DEFAULT CHARSET=utf8mb4 COLLATE=utf8mb4_0900_ai_ci;

--
-- Dumping data for table `up_users_role_lnk`
--


--
-- Table structure for table `upload_folders`
--

CREATE TABLE `upload_folders` (
  `id` int unsigned NOT NULL AUTO_INCREMENT,
  `document_id` varchar(255) DEFAULT NULL,
  `name` varchar(255) DEFAULT NULL,
  `path_id` int DEFAULT NULL,
  `path` varchar(255) DEFAULT NULL,
  `created_at` datetime(6) DEFAULT NULL,
  `updated_at` datetime(6) DEFAULT NULL,
  `published_at` datetime(6) DEFAULT NULL,
  `created_by_id` int unsigned DEFAULT NULL,
  `updated_by_id` int unsigned DEFAULT NULL,
  `locale` varchar(255) DEFAULT NULL,
  PRIMARY KEY (`id`),
  UNIQUE KEY `upload_folders_path_id_index` (`path_id`),
  UNIQUE KEY `upload_folders_path_index` (`path`),
  KEY `upload_folders_documents_idx` (`document_id`,`locale`,`published_at`),
  KEY `upload_folders_created_by_id_fk` (`created_by_id`),
  KEY `upload_folders_updated_by_id_fk` (`updated_by_id`),
  CONSTRAINT `upload_folders_created_by_id_fk` FOREIGN KEY (`created_by_id`) REFERENCES `admin_users` (`id`) ON DELETE SET NULL,
  CONSTRAINT `upload_folders_updated_by_id_fk` FOREIGN KEY (`updated_by_id`) REFERENCES `admin_users` (`id`) ON DELETE SET NULL
) ENGINE=InnoDB AUTO_INCREMENT=51 DEFAULT CHARSET=utf8mb4 COLLATE=utf8mb4_0900_ai_ci;

--
-- Dumping data for table `upload_folders`
--

INSERT INTO `upload_folders` VALUES (1,'kf4ivs6dkhkjyyyv6coboma5','home',1,'/1','2025-11-22 05:39:38.371000','2025-11-22 05:39:38.371000','2025-11-22 05:39:38.372000',1,1,NULL),(2,'n0t4q08texrgvd6ccyfhru1i','automotive-aftermarket',2,'/2','2025-11-22 11:01:43.940000','2025-11-22 11:01:43.940000','2025-11-22 11:01:43.940000',1,1,NULL),(3,'lgi2h86jxzzf8896693qq7u2','power-tools',3,'/3','2025-11-22 11:03:22.529000','2025-11-22 11:03:22.529000','2025-11-22 11:03:22.529000',1,1,NULL),(4,'i89cmj5rb3z5kfjyghbvrmho','tyres',4,'/4','2025-11-22 11:05:31.611000','2025-11-22 11:05:31.611000','2025-11-22 11:05:31.612000',1,1,NULL),(5,'gaetwzdaczm0tegso16czchm','services',5,'/5','2025-11-22 11:42:34.090000','2025-11-22 11:42:34.090000','2025-11-22 11:42:34.093000',1,1,NULL),(6,'ot3xxrnaz8anddtpbg2a8tl3','brands',6,'/6','2025-11-22 11:43:43.036000','2025-11-22 11:43:43.036000','2025-11-22 11:43:43.037000',1,1,NULL),(7,'jzbr076a0z1uxb4d4xzp3d2f','news',7,'/7','2025-11-22 13:30:49.420000','2025-11-22 13:30:49.420000','2025-11-22 13:30:49.421000',1,1,NULL),(8,'avm7i0md7iyzlvbuwaz5g8eg','office-locations',8,'/8','2025-11-22 14:28:03.497000','2025-11-22 14:28:03.497000','2025-11-22 14:28:03.497000',1,1,NULL),(9,'ky5tqfvhh0nd6sndt0vsr747','automotive-aftermarket',9,'/5/9','2025-11-24 12:41:38.596000','2025-11-24 12:41:38.596000','2025-11-24 12:41:38.597000',1,1,NULL),(10,'k1kvtkg4uqe22lrjeok6xyaa','tyres',10,'/5/10','2025-11-24 12:42:19.455000','2025-11-24 12:42:19.455000','2025-11-24 12:42:19.456000',1,1,NULL),(11,'y1gd32qapgpvfk30mafvi8ti','contact us',11,'/11','2025-11-25 09:14:37.585000','2025-11-25 09:14:37.585000','2025-11-25 09:14:37.585000',1,1,NULL),(12,'whvbvuitkz1evaunrsjgpcll','banner',12,'/11/12','2025-11-25 09:14:48.080000','2025-11-25 09:14:48.080000','2025-11-25 09:14:48.081000',1,1,NULL),(13,'b45pdrvt9e4chq2tn3cdk1bj','about',13,'/13','2025-12-02 16:59:39.660000','2025-12-02 16:59:39.660000','2025-12-02 16:59:39.660000',1,1,NULL),(14,'dr8j05d3ficzpr8gmx81tihi','service-landing',14,'/14','2025-12-12 13:01:59.156000','2025-12-12 13:01:59.156000','2025-12-12 13:01:59.157000',1,1,NULL),(15,'e3wl5u0igf90bv64oys0vsy5','tyre-repair',15,'/5/10/15','2025-12-18 10:07:48.002000','2025-12-18 10:07:48.002000','2025-12-18 10:07:48.003000',1,1,NULL),(16,'apm2p4e84jf691imewn2a4kl','repair-matters',16,'/5/10/15/16','2025-12-20 10:20:51.963000','2025-12-20 10:20:51.963000','2025-12-20 10:20:51.964000',1,1,NULL),(17,'gtwg3ledvd4bd7bm5yi9q2fj','branch',17,'/17','2026-01-08 10:44:22.490000','2026-01-08 10:44:22.490000','2026-01-08 10:44:22.490000',1,1,NULL),(18,'ed5kezflfbvs7e9uol2v6xw6','automotive-page',18,'/18','2026-01-19 09:04:42.255000','2026-01-19 09:04:42.255000','2026-01-19 09:04:42.256000',1,1,NULL),(19,'udkgzqxygper70crol03vrqg','tyreLanding',19,'/19','2026-01-20 07:16:23.795000','2026-01-20 07:16:23.795000','2026-01-20 07:16:23.795000',1,1,NULL),(20,'kyllapxtx5t07c03gcvrqgmr','powerTools',20,'/20','2026-01-20 10:42:58.035000','2026-01-20 10:42:58.035000','2026-01-20 10:42:58.036000',1,1,NULL),(21,'zgnbu15y0syb172xqci95nvf','power tools top categories',21,'/20/21','2026-03-06 05:40:30.311000','2026-03-06 05:40:30.311000','2026-03-06 05:40:30.312000',1,1,NULL),(22,'gvdo5k7a6cnm6mwt4i1ryky8','warehouse',22,'/22','2026-03-06 05:48:16.355000','2026-03-06 05:48:16.355000','2026-03-06 05:48:16.356000',1,1,NULL),(23,'cjrcu75y2bg9fib6ymvvjfqn','tyre rotation',23,'/5/10/23','2026-03-11 08:38:54.805000','2026-03-11 08:38:54.805000','2026-03-11 08:38:54.805000',1,1,NULL),(24,'re1xqqx9yubq0ptdwb4bplqc','bosch car service',24,'/5/9/24','2026-03-11 11:46:18.166000','2026-03-11 11:46:18.166000','2026-03-11 11:46:18.168000',1,1,NULL),(25,'ql23mbaut27ptipr6jysgxzc','bosch diesel service',25,'/5/9/25','2026-03-11 13:19:56.644000','2026-03-11 13:19:56.644000','2026-03-11 13:19:56.645000',1,1,NULL),(26,'uob73lp6mbwmujirugdq4t59','workshop test equipment serivices',26,'/5/9/26','2026-03-11 13:34:42.740000','2026-03-11 13:34:42.740000','2026-03-11 13:34:42.741000',1,1,NULL),(27,'tu41lc7sjq14wp65h6w408on','break pads',27,'/5/10/27','2026-03-12 06:18:28.367000','2026-03-12 06:18:28.367000','2026-03-12 06:18:28.367000',1,1,NULL),(28,'jdl6kpmcara7d63wlanre8w0','oil change',28,'/5/10/28','2026-03-12 07:04:33.820000','2026-03-12 07:04:33.820000','2026-03-12 07:04:33.820000',1,1,NULL),(29,'zo6sa1k3c3chcsvlt2aiwql3','wheel alignment',29,'/5/10/29','2026-03-12 07:12:07.140000','2026-03-12 07:12:07.140000','2026-03-12 07:12:07.140000',1,1,NULL),(30,'zx36oy77v96hl5wzs2lnip6d','nitrogen inflation',30,'/5/10/30','2026-03-12 09:19:34.512000','2026-03-12 09:19:34.512000','2026-03-12 09:19:34.513000',1,1,NULL),(31,'bi66yk0c2asy68hh8ghga9mj','ac maintenance',31,'/5/10/31','2026-03-12 09:43:21.619000','2026-03-12 09:43:21.619000','2026-03-12 09:43:21.619000',1,1,NULL),(32,'du5806wsi5ws6wqhf3o52mu8','Tyre Change and Balancing',32,'/5/10/32','2026-03-12 10:20:45.406000','2026-03-12 10:20:45.406000','2026-03-12 10:20:45.406000',1,1,NULL),(33,'zi6vlt3zfcyctt12wed5j58e','power tools',33,'/5/33','2026-03-17 06:49:13.372000','2026-03-17 06:49:13.372000','2026-03-17 06:49:13.391000',1,1,NULL),(34,'rtvqyjnwqdby3dpttznszadh','spare parts',34,'/5/33/34','2026-03-17 06:49:28.669000','2026-03-17 06:49:28.669000','2026-03-17 06:49:28.669000',1,1,NULL),(35,'n2gclwm4m9h1485tk2yyzdd5','calibration service',35,'/5/33/35','2026-03-17 06:57:14.755000','2026-03-17 06:57:14.755000','2026-03-17 06:57:14.757000',1,1,NULL),(36,'qwj7ye05ru75x6c06ltvfsmx','trye plus services',36,'/4/36','2026-03-18 11:25:09.805000','2026-03-18 11:25:09.805000','2026-03-18 11:25:09.806000',1,1,NULL),(37,'vpnj47843mugjtswh0yj4j2a','Battery',37,'/37','2026-03-30 15:29:58.434000','2026-03-30 15:29:58.434000','2026-03-30 15:29:58.434000',1,1,NULL),(38,'n15vq2dp1ydbvyjotdvk1h2a','locations',38,'/38','2026-03-31 07:17:05.462000','2026-03-31 07:17:05.462000','2026-03-31 07:17:05.462000',1,1,NULL),(39,'w51qe9urqfoylko34vwg9qx3','automotive',39,'/38/39','2026-03-31 07:17:18.072000','2026-03-31 07:17:18.072000','2026-03-31 07:17:18.072000',1,1,NULL),(40,'eeq5iqw1y88ghfof73brqhcj','power tools',40,'/38/40','2026-03-31 07:17:24.274000','2026-03-31 07:17:24.274000','2026-03-31 07:17:24.275000',1,1,NULL),(41,'fz7zh9uau44bpqveg2ae4iqf','tyre',41,'/38/41','2026-03-31 07:17:27.976000','2026-03-31 07:17:27.976000','2026-03-31 07:17:27.976000',1,1,NULL),(42,'b1o4u9r8fvt600ddew81rqmo','locationImages',42,'/38/42','2026-03-31 10:35:44.125000','2026-03-31 10:35:44.125000','2026-03-31 10:35:44.126000',1,1,NULL),(43,'elp35z38dkamvc9z3824u8ia','Tyres',43,'/38/42/43','2026-03-31 16:03:24.423000','2026-03-31 16:03:24.423000','2026-03-31 16:03:24.423000',1,1,NULL),(44,'e2sdvxuq1eeipnutoso5mh8f','Powertools',44,'/38/42/44','2026-03-31 16:19:51.773000','2026-03-31 16:19:51.773000','2026-03-31 16:19:51.773000',1,1,NULL),(45,'mh9anen3d3h3vehcxkujnxl5','Automotive',45,'/38/42/45','2026-03-31 16:25:11.626000','2026-03-31 16:25:11.626000','2026-03-31 16:25:11.626000',1,1,NULL),(46,'ztdkvb7u9plkfugoutbt4uwe','services list images',46,'/46','2026-04-01 08:54:55.785000','2026-04-01 08:54:55.785000','2026-04-01 08:54:55.786000',1,1,NULL),(47,'nzi9t0mp5gdtv8o3anher17a','tyres',47,'/46/47','2026-04-01 08:55:03.106000','2026-04-01 08:55:03.106000','2026-04-01 08:55:03.106000',1,1,NULL),(48,'uhp3077pgt2xe0d2r10f75o4','powertools',48,'/46/48','2026-04-01 08:55:11.961000','2026-04-01 08:55:11.961000','2026-04-01 08:55:11.961000',1,1,NULL),(49,'f1ed7u5r2inhyalm7snowf0m','automotive',49,'/46/49','2026-04-01 08:55:18.047000','2026-04-01 08:55:18.047000','2026-04-01 08:55:18.047000',1,1,NULL),(50,'tbkm7nt63m4rgqnfid8mqsah','Banners',50,'/50','2026-04-01 09:48:20.776000','2026-04-01 09:48:20.776000','2026-04-01 09:48:20.777000',1,1,NULL);

--
-- Table structure for table `upload_folders_parent_lnk`
--

CREATE TABLE `upload_folders_parent_lnk` (
  `id` int unsigned NOT NULL AUTO_INCREMENT,
  `folder_id` int unsigned DEFAULT NULL,
  `inv_folder_id` int unsigned DEFAULT NULL,
  `folder_ord` double unsigned DEFAULT NULL,
  PRIMARY KEY (`id`),
  UNIQUE KEY `upload_folders_parent_lnk_uq` (`folder_id`,`inv_folder_id`),
  KEY `upload_folders_parent_lnk_fk` (`folder_id`),
  KEY `upload_folders_parent_lnk_ifk` (`inv_folder_id`),
  KEY `upload_folders_parent_lnk_oifk` (`folder_ord`),
  CONSTRAINT `upload_folders_parent_lnk_fk` FOREIGN KEY (`folder_id`) REFERENCES `upload_folders` (`id`) ON DELETE CASCADE,
  CONSTRAINT `upload_folders_parent_lnk_ifk` FOREIGN KEY (`inv_folder_id`) REFERENCES `upload_folders` (`id`) ON DELETE CASCADE
) ENGINE=InnoDB AUTO_INCREMENT=32 DEFAULT CHARSET=utf8mb4 COLLATE=utf8mb4_0900_ai_ci;

--
-- Dumping data for table `upload_folders_parent_lnk`
--

INSERT INTO `upload_folders_parent_lnk` VALUES (1,9,5,1),(2,10,5,2),(3,12,11,1),(4,15,10,1),(5,16,15,1),(6,21,20,1),(7,23,10,2),(8,24,9,1),(9,25,9,2),(10,26,9,3),(11,27,10,3),(12,28,10,4),(13,29,10,5),(14,30,10,6),(16,31,10,NULL),(17,32,10,7),(18,33,5,3),(19,34,33,1),(20,35,33,2),(21,36,4,1),(22,39,38,1),(23,40,38,2),(24,41,38,3),(25,42,38,4),(26,43,42,1),(27,44,42,2),(28,45,42,3),(29,47,46,1),(30,48,46,2),(31,49,46,3);

--
-- Dumping routines for database 'alfahim_cme_devdb'
--


