(433,'z5rosbg74ab0n4v1cxri3xl7','Tyre Repair.png',NULL,NULL,600,750,'{\"small\": {\"ext\": \".png\", \"url\": \"https://d1i031whgqu7f4.cloudfront.net/small_Tyre_Repair_497e5b8efa.png\", \"hash\": \"small_Tyre_Repair_497e5b8efa\", \"mime\": \"image/png\", \"name\": \"small_Tyre Repair.png\", \"path\": null, \"size\": 425.23, \"width\": 400, \"height\": 500, \"sizeInBytes\": 425232}, \"thumbnail\": {\"ext\": \".png\", \"url\": \"https://d1i031whgqu7f4.cloudfront.net/thumbnail_Tyre_Repair_497e5b8efa.png\", \"hash\": \"thumbnail_Tyre_Repair_497e5b8efa\", \"mime\": \"image/png\", \"name\": \"thumbnail_Tyre Repair.png\", \"path\": null, \"size\": 49.45, \"width\": 125, \"height\": 156, \"sizeInBytes\": 49452}}','Tyre_Repair_497e5b8efa','.png','image/png',238.81,'https://d1i031whgqu7f4.cloudfront.net/Tyre_Repair_497e5b8efa.png',NULL,'strapi-provider-upload-aws-s3-plus-cdn',NULL,'/46/47','2026-04-01 08:55:37.773000','2026-04-01 08:55:37.773000','2026-04-01 08:55:37.773000',1,1,NULL),(434,'mn9iq52tqz8l8mlksixoee2y','Car Battery Replacement.png',NULL,NULL,600,750,'{\"small\": {\"ext\": \".png\", \"url\": \"https://d1i031whgqu7f4.cloudfront.net/small_Car_Battery_Replacement_4ac58a4a5b.png\", \"hash\": \"small_Car_Battery_Replacement_4ac58a4a5b\", \"mime\": \"image/png\", \"name\": \"small_Car Battery Replacement.png\", \"path\": null, \"size\": 446.46, \"width\": 400, \"height\": 500, \"sizeInBytes\": 446455}, \"thumbnail\": {\"ext\": \".png\", \"url\": \"https://d1i031whgqu7f4.cloudfront.net/thumbnail_Car_Battery_Replacement_4ac58a4a5b.png\", \"hash\": \"thumbnail_Car_Battery_Replacement_4ac58a4a5b\", \"mime\": \"image/png\", \"name\": \"thumbnail_Car Battery Replacement.png\", \"path\": null, \"size\": 53.01, \"width\": 125, \"height\": 156, \"sizeInBytes\": 53007}}','Car_Battery_Replacement_4ac58a4a5b','.png','image/png',218.03,'https://d1i031whgqu7f4.cloudfront.net/Car_Battery_Replacement_4ac58a4a5b.png',NULL,'strapi-provider-upload-aws-s3-plus-cdn',NULL,'/46/47','2026-04-01 08:55:38.025000','2026-04-01 08:55:38.025000','2026-04-01 08:55:38.025000',1,1,NULL),(435,'mlzas3968pj7u4f1cjp5luzj','Banner for Service page 1.webp',NULL,NULL,2329,528,'{\"large\": {\"ext\": \".webp\", \"url\": \"https://d1i031whgqu7f4.cloudfront.net/large_Banner_for_Service_page_1_558c85b901.webp\", \"hash\": \"large_Banner_for_Service_page_1_558c85b901\", \"mime\": \"image/webp\", \"name\": \"large_Banner for Service page 1.webp\", \"path\": null, \"size\": 17.37, \"width\": 1000, \"height\": 227, \"sizeInBytes\": 17372}, \"small\": {\"ext\": \".webp\", \"url\": \"https://d1i031whgqu7f4.cloudfront.net/small_Banner_for_Service_page_1_558c85b901.webp\", \"hash\": \"small_Banner_for_Service_page_1_558c85b901\", \"mime\": \"image/webp\", \"name\": \"small_Banner for Service page 1.webp\", \"path\": null, \"size\": 6.5, \"width\": 500, \"height\": 113, \"sizeInBytes\": 6496}, \"medium\": {\"ext\": \".webp\", \"url\": \"https://d1i031whgqu7f4.cloudfront.net/medium_Banner_for_Service_page_1_558c85b901.webp\", \"hash\": \"medium_Banner_for_Service_page_1_558c85b901\", \"mime\": \"image/webp\", \"name\": \"medium_Banner for Service page 1.webp\", \"path\": null, \"size\": 11.59, \"width\": 750, \"height\": 170, \"sizeInBytes\": 11590}, \"thumbnail\": {\"ext\": \".webp\", \"url\": \"https://d1i031whgqu7f4.cloudfront.net/thumbnail_Banner_for_Service_page_1_558c85b901.webp\", \"hash\": \"thumbnail_Banner_for_Service_page_1_558c85b901\", \"mime\": \"image/webp\", \"name\": \"thumbnail_Banner for Service page 1.webp\", \"path\": null, \"size\": 2.37, \"width\": 245, \"height\": 56, \"sizeInBytes\": 2372}}','Banner_for_Service_page_1_558c85b901','.webp','image/webp',61.46,'https://d1i031whgqu7f4.cloudfront.net/Banner_for_Service_page_1_558c85b901.webp',NULL,'strapi-provider-upload-aws-s3-plus-cdn',NULL,'/50','2026-04-01 09:49:08.887000','2026-04-01 09:49:08.887000','2026-04-01 09:49:08.900000',1,1,NULL),(436,'fzf7rkxpvj7mh5oo5c2moc8d','Tyre landing page banner 4 1.webp',NULL,NULL,1984,528,'{\"large\": {\"ext\": \".webp\", \"url\": \"https://d1i031whgqu7f4.cloudfront.net/large_Tyre_landing_page_banner_4_1_a0fe242371.webp\", \"hash\": \"large_Tyre_landing_page_banner_4_1_a0fe242371\", \"mime\": \"image/webp\", \"name\": \"large_Tyre landing page banner 4 1.webp\", \"path\": null, \"size\": 31.32, \"width\": 1000, \"height\": 266, \"sizeInBytes\": 31322}, \"small\": {\"ext\": \".webp\", \"url\": \"https://d1i031whgqu7f4.cloudfront.net/small_Tyre_landing_page_banner_4_1_a0fe242371.webp\", \"hash\": \"small_Tyre_landing_page_banner_4_1_a0fe242371\", \"mime\": \"image/webp\", \"name\": \"small_Tyre landing page banner 4 1.webp\", \"path\": null, \"size\": 10.73, \"width\": 500, \"height\": 133, \"sizeInBytes\": 10728}, \"medium\": {\"ext\": \".webp\", \"url\": \"https://d1i031whgqu7f4.cloudfront.net/medium_Tyre_landing_page_banner_4_1_a0fe242371.webp\", \"hash\": \"medium_Tyre_landing_page_banner_4_1_a0fe242371\", \"mime\": \"image/webp\", \"name\": \"medium_Tyre landing page banner 4 1.webp\", \"path\": null, \"size\": 20.01, \"width\": 750, \"height\": 200, \"sizeInBytes\": 20010}, \"thumbnail\": {\"ext\": \".webp\", \"url\": \"https://d1i031whgqu7f4.cloudfront.net/thumbnail_Tyre_landing_page_banner_4_1_a0fe242371.webp\", \"hash\": \"thumbnail_Tyre_landing_page_banner_4_1_a0fe242371\", \"mime\": \"image/webp\", \"name\": \"thumbnail_Tyre landing page banner 4 1.webp\", \"path\": null, \"size\": 3.33, \"width\": 245, \"height\": 65, \"sizeInBytes\": 3328}}','Tyre_landing_page_banner_4_1_a0fe242371','.webp','image/webp',105.73,'https://d1i031whgqu7f4.cloudfront.net/Tyre_landing_page_banner_4_1_a0fe242371.webp',NULL,'strapi-provider-upload-aws-s3-plus-cdn',NULL,'/50','2026-04-01 09:49:09.587000','2026-04-01 09:49:09.587000','2026-04-01 09:49:09.587000',1,1,NULL),(437,'cl1kvyc8yttpbxn7bcgfioht','Tyre landing page banner 5 1.webp',NULL,NULL,1984,528,'{\"large\": {\"ext\": \".webp\", \"url\": \"https://d1i031whgqu7f4.cloudfront.net/large_Tyre_landing_page_banner_5_1_9a5517a239.webp\", \"hash\": \"large_Tyre_landing_page_banner_5_1_9a5517a239\", \"mime\": \"image/webp\", \"name\": \"large_Tyre landing page banner 5 1.webp\", \"path\": null, \"size\": 31.09, \"width\": 1000, \"height\": 266, \"sizeInBytes\": 31094}, \"small\": {\"ext\": \".webp\", \"url\": \"https://d1i031whgqu7f4.cloudfront.net/small_Tyre_landing_page_banner_5_1_9a5517a239.webp\", \"hash\": \"small_Tyre_landing_page_banner_5_1_9a5517a239\", \"mime\": \"image/webp\", \"name\": \"small_Tyre landing page banner 5 1.webp\", \"path\": null, \"size\": 12.64, \"width\": 500, \"height\": 133, \"sizeInBytes\": 12642}, \"medium\": {\"ext\": \".webp\", \"url\": \"https://d1i031whgqu7f4.cloudfront.net/medium_Tyre_landing_page_banner_5_1_9a5517a239.webp\", \"hash\": \"medium_Tyre_landing_page_banner_5_1_9a5517a239\", \"mime\": \"image/webp\", \"name\": \"medium_Tyre landing page banner 5 1.webp\", \"path\": null, \"size\": 21.51, \"width\": 750, \"height\": 200, \"sizeInBytes\": 21512}, \"thumbnail\": {\"ext\": \".webp\", \"url\": \"https://d1i031whgqu7f4.cloudfront.net/thumbnail_Tyre_landing_page_banner_5_1_9a5517a239.webp\", \"hash\": \"thumbnail_Tyre_landing_page_banner_5_1_9a5517a239\", \"mime\": \"image/webp\", \"name\": \"thumbnail_Tyre landing page banner 5 1.webp\", \"path\": null, \"size\": 4.72, \"width\": 245, \"height\": 65, \"sizeInBytes\": 4716}}','Tyre_landing_page_banner_5_1_9a5517a239','.webp','image/webp',85.97,'https://d1i031whgqu7f4.cloudfront.net/Tyre_landing_page_banner_5_1_9a5517a239.webp',NULL,'strapi-provider-upload-aws-s3-plus-cdn',NULL,'/50','2026-04-01 09:49:09.611000','2026-04-01 09:49:09.611000','2026-04-01 09:49:09.612000',1,1,NULL),(438,'nt9ycub3p8k4swkuw7zxb4mw','Homepage main banner.webp',NULL,NULL,1376,768,'{\"large\": {\"ext\": \".webp\", \"url\": \"https://d1i031whgqu7f4.cloudfront.net/large_Homepage_main_banner_1227078a58.webp\", \"hash\": \"large_Homepage_main_banner_1227078a58\", \"mime\": \"image/webp\", \"name\": \"large_Homepage main banner.webp\", \"path\": null, \"size\": 54.96, \"width\": 1000, \"height\": 558, \"sizeInBytes\": 54962}, \"small\": {\"ext\": \".webp\", \"url\": \"https://d1i031whgqu7f4.cloudfront.net/small_Homepage_main_banner_1227078a58.webp\", \"hash\": \"small_Homepage_main_banner_1227078a58\", \"mime\": \"image/webp\", \"name\": \"small_Homepage main banner.webp\", \"path\": null, \"size\": 22.28, \"width\": 500, \"height\": 279, \"sizeInBytes\": 22276}, \"medium\": {\"ext\": \".webp\", \"url\": \"https://d1i031whgqu7f4.cloudfront.net/medium_Homepage_main_banner_1227078a58.webp\", \"hash\": \"medium_Homepage_main_banner_1227078a58\", \"mime\": \"image/webp\", \"name\": \"medium_Homepage main banner.webp\", \"path\": null, \"size\": 38.2, \"width\": 750, \"height\": 419, \"sizeInBytes\": 38198}, \"thumbnail\": {\"ext\": \".webp\", \"url\": \"https://d1i031whgqu7f4.cloudfront.net/thumbnail_Homepage_main_banner_1227078a58.webp\", \"hash\": \"thumbnail_Homepage_main_banner_1227078a58\", \"mime\": \"image/webp\", \"name\": \"thumbnail_Homepage main banner.webp\", \"path\": null, \"size\": 7.99, \"width\": 245, \"height\": 137, \"sizeInBytes\": 7990}}','Homepage_main_banner_1227078a58','.webp','image/webp',91.20,'https://d1i031whgqu7f4.cloudfront.net/Homepage_main_banner_1227078a58.webp',NULL,'strapi-provider-upload-aws-s3-plus-cdn',NULL,'/50','2026-04-01 09:49:09.627000','2026-04-01 09:49:09.627000','2026-04-01 09:49:09.627000',1,1,NULL),(439,'o8odrfnolbylqtipywrb3mah','Tyre landing page banner 1 1.webp',NULL,NULL,1984,528,'{\"large\": {\"ext\": \".webp\", \"url\": \"https://d1i031whgqu7f4.cloudfront.net/large_Tyre_landing_page_banner_1_1_5812ec3bfd.webp\", \"hash\": \"large_Tyre_landing_page_banner_1_1_5812ec3bfd\", \"mime\": \"image/webp\", \"name\": \"large_Tyre landing page banner 1 1.webp\", \"path\": null, \"size\": 37.16, \"width\": 1000, \"height\": 266, \"sizeInBytes\": 37158}, \"small\": {\"ext\": \".webp\", \"url\": \"https://d1i031whgqu7f4.cloudfront.net/small_Tyre_landing_page_banner_1_1_5812ec3bfd.webp\", \"hash\": \"small_Tyre_landing_page_banner_1_1_5812ec3bfd\", \"mime\": \"image/webp\", \"name\": \"small_Tyre landing page banner 1 1.webp\", \"path\": null, \"size\": 13.48, \"width\": 500, \"height\": 133, \"sizeInBytes\": 13478}, \"medium\": {\"ext\": \".webp\", \"url\": \"https://d1i031whgqu7f4.cloudfront.net/medium_Tyre_landing_page_banner_1_1_5812ec3bfd.webp\", \"hash\": \"medium_Tyre_landing_page_banner_1_1_5812ec3bfd\", \"mime\": \"image/webp\", \"name\": \"medium_Tyre landing page banner 1 1.webp\", \"path\": null, \"size\": 24.28, \"width\": 750, \"height\": 200, \"sizeInBytes\": 24278}, \"thumbnail\": {\"ext\": \".webp\", \"url\": \"https://d1i031whgqu7f4.cloudfront.net/thumbnail_Tyre_landing_page_banner_1_1_5812ec3bfd.webp\", \"hash\": \"thumbnail_Tyre_landing_page_banner_1_1_5812ec3bfd\", \"mime\": \"image/webp\", \"name\": \"thumbnail_Tyre landing page banner 1 1.webp\", \"path\": null, \"size\": 4.38, \"width\": 245, \"height\": 65, \"sizeInBytes\": 4378}}','Tyre_landing_page_banner_1_1_5812ec3bfd','.webp','image/webp',97.92,'https://d1i031whgqu7f4.cloudfront.net/Tyre_landing_page_banner_1_1_5812ec3bfd.webp',NULL,'strapi-provider-upload-aws-s3-plus-cdn',NULL,'/50','2026-04-01 09:49:09.717000','2026-04-01 09:49:09.717000','2026-04-01 09:49:09.718000',1,1,NULL),(440,'nj891yucqpgm7exond13mwjv','Tyre landing page banner 7 1.webp',NULL,NULL,1984,528,'{\"large\": {\"ext\": \".webp\", \"url\": \"https://d1i031whgqu7f4.cloudfront.net/large_Tyre_landing_page_banner_7_1_1e2e410d84.webp\", \"hash\": \"large_Tyre_landing_page_banner_7_1_1e2e410d84\", \"mime\": \"image/webp\", \"name\": \"large_Tyre landing page banner 7 1.webp\", \"path\": null, \"size\": 27.08, \"width\": 1000, \"height\": 266, \"sizeInBytes\": 27080}, \"small\": {\"ext\": \".webp\", \"url\": \"https://d1i031whgqu7f4.cloudfront.net/small_Tyre_landing_page_banner_7_1_1e2e410d84.webp\", \"hash\": \"small_Tyre_landing_page_banner_7_1_1e2e410d84\", \"mime\": \"image/webp\", \"name\": \"small_Tyre landing page banner 7 1.webp\", \"path\": null, \"size\": 10.14, \"width\": 500, \"height\": 133, \"sizeInBytes\": 10144}, \"medium\": {\"ext\": \".webp\", \"url\": \"https://d1i031whgqu7f4.cloudfront.net/medium_Tyre_landing_page_banner_7_1_1e2e410d84.webp\", \"hash\": \"medium_Tyre_landing_page_banner_7_1_1e2e410d84\", \"mime\": \"image/webp\", \"name\": \"medium_Tyre landing page banner 7 1.webp\", \"path\": null, \"size\": 18.01, \"width\": 750, \"height\": 200, \"sizeInBytes\": 18010}, \"thumbnail\": {\"ext\": \".webp\", \"url\": \"https://d1i031whgqu7f4.cloudfront.net/thumbnail_Tyre_landing_page_banner_7_1_1e2e410d84.webp\", \"hash\": \"thumbnail_Tyre_landing_page_banner_7_1_1e2e410d84\", \"mime\": \"image/webp\", \"name\": \"thumbnail_Tyre landing page banner 7 1.webp\", \"path\": null, \"size\": 3.55, \"width\": 245, \"height\": 65, \"sizeInBytes\": 3554}}','Tyre_landing_page_banner_7_1_1e2e410d84','.webp','image/webp',90.01,'https://d1i031whgqu7f4.cloudfront.net/Tyre_landing_page_banner_7_1_1e2e410d84.webp',NULL,'strapi-provider-upload-aws-s3-plus-cdn',NULL,'/50','2026-04-01 09:49:09.757000','2026-04-01 09:49:09.757000','2026-04-01 09:49:09.757000',1,1,NULL),(441,'cjsl0ynhj592ms5tabfuzoqi','Tyre landing page banner 6 1.webp',NULL,NULL,1984,528,'{\"large\": {\"ext\": \".webp\", \"url\": \"https://d1i031whgqu7f4.cloudfront.net/large_Tyre_landing_page_banner_6_1_85ad77ab73.webp\", \"hash\": \"large_Tyre_landing_page_banner_6_1_85ad77ab73\", \"mime\": \"image/webp\", \"name\": \"large_Tyre landing page banner 6 1.webp\", \"path\": null, \"size\": 53.06, \"width\": 1000, \"height\": 266, \"sizeInBytes\": 53058}, \"small\": {\"ext\": \".webp\", \"url\": \"https://d1i031whgqu7f4.cloudfront.net/small_Tyre_landing_page_banner_6_1_85ad77ab73.webp\", \"hash\": \"small_Tyre_landing_page_banner_6_1_85ad77ab73\", \"mime\": \"image/webp\", \"name\": \"small_Tyre landing page banner 6 1.webp\", \"path\": null, \"size\": 15.71, \"width\": 500, \"height\": 133, \"sizeInBytes\": 15714}, \"medium\": {\"ext\": \".webp\", \"url\": \"https://d1i031whgqu7f4.cloudfront.net/medium_Tyre_landing_page_banner_6_1_85ad77ab73.webp\", \"hash\": \"medium_Tyre_landing_page_banner_6_1_85ad77ab73\", \"mime\": \"image/webp\", \"name\": \"medium_Tyre landing page banner 6 1.webp\", \"path\": null, \"size\": 32.01, \"width\": 750, \"height\": 200, \"sizeInBytes\": 32014}, \"thumbnail\": {\"ext\": \".webp\", \"url\": \"https://d1i031whgqu7f4.cloudfront.net/thumbnail_Tyre_landing_page_banner_6_1_85ad77ab73.webp\", \"hash\": \"thumbnail_Tyre_landing_page_banner_6_1_85ad77ab73\", \"mime\": \"image/webp\", \"name\": \"thumbnail_Tyre landing page banner 6 1.webp\", \"path\": null, \"size\": 4.83, \"width\": 245, \"height\": 65, \"sizeInBytes\": 4826}}','Tyre_landing_page_banner_6_1_85ad77ab73','.webp','image/webp',182.98,'https://d1i031whgqu7f4.cloudfront.net/Tyre_landing_page_banner_6_1_85ad77ab73.webp',NULL,'strapi-provider-upload-aws-s3-plus-cdn',NULL,'/50','2026-04-01 09:49:10.073000','2026-04-01 09:49:10.073000','2026-04-01 09:49:10.073000',1,1,NULL),(442,'btp0mobw41mdpob63xxurhuu','Tyre landing page banner 3 1.webp',NULL,NULL,1988,528,'{\"large\": {\"ext\": \".webp\", \"url\": \"https://d1i031whgqu7f4.cloudfront.net/large_Tyre_landing_page_banner_3_1_7df489328a.webp\", \"hash\": \"large_Tyre_landing_page_banner_3_1_7df489328a\", \"mime\": \"image/webp\", \"name\": \"large_Tyre landing page banner 3 1.webp\", \"path\": null, \"size\": 46.31, \"width\": 1000, \"height\": 266, \"sizeInBytes\": 46308}, \"small\": {\"ext\": \".webp\", \"url\": \"https://d1i031whgqu7f4.cloudfront.net/small_Tyre_landing_page_banner_3_1_7df489328a.webp\", \"hash\": \"small_Tyre_landing_page_banner_3_1_7df489328a\", \"mime\": \"image/webp\", \"name\": \"small_Tyre landing page banner 3 1.webp\", \"path\": null, \"size\": 14.56, \"width\": 500, \"height\": 133, \"sizeInBytes\": 14558}, \"medium\": {\"ext\": \".webp\", \"url\": \"https://d1i031whgqu7f4.cloudfront.net/medium_Tyre_landing_page_banner_3_1_7df489328a.webp\", \"hash\": \"medium_Tyre_landing_page_banner_3_1_7df489328a\", \"mime\": \"image/webp\", \"name\": \"medium_Tyre landing page banner 3 1.webp\", \"path\": null, \"size\": 29.43, \"width\": 750, \"height\": 199, \"sizeInBytes\": 29426}, \"thumbnail\": {\"ext\": \".webp\", \"url\": \"https://d1i031whgqu7f4.cloudfront.net/thumbnail_Tyre_landing_page_banner_3_1_7df489328a.webp\", \"hash\": \"thumbnail_Tyre_landing_page_banner_3_1_7df489328a\", \"mime\": \"image/webp\", \"name\": \"thumbnail_Tyre landing page banner 3 1.webp\", \"path\": null, \"size\": 4.38, \"width\": 245, \"height\": 65, \"sizeInBytes\": 4382}}','Tyre_landing_page_banner_3_1_7df489328a','.webp','image/webp',150.22,'https://d1i031whgqu7f4.cloudfront.net/Tyre_landing_page_banner_3_1_7df489328a.webp',NULL,'strapi-provider-upload-aws-s3-plus-cdn',NULL,'/50','2026-04-01 09:49:10.150000','2026-04-01 09:49:10.150000','2026-04-01 09:49:10.151000',1,1,NULL),(443,'ijivzuu7v57762ac2tp7vpc7','Tyre landing page banner 2 1.webp',NULL,NULL,1984,528,'{\"large\": {\"ext\": \".webp\", \"url\": \"https://d1i031whgqu7f4.cloudfront.net/large_Tyre_landing_page_banner_2_1_abb0136b44.webp\", \"hash\": \"large_Tyre_landing_page_banner_2_1_abb0136b44\", \"mime\": \"image/webp\", \"name\": \"large_Tyre landing page banner 2 1.webp\", \"path\": null, \"size\": 67.52, \"width\": 1000, \"height\": 266, \"sizeInBytes\": 67520}, \"small\": {\"ext\": \".webp\", \"url\": \"https://d1i031whgqu7f4.cloudfront.net/small_Tyre_landing_page_banner_2_1_abb0136b44.webp\", \"hash\": \"small_Tyre_landing_page_banner_2_1_abb0136b44\", \"mime\": \"image/webp\", \"name\": \"small_Tyre landing page banner 2 1.webp\", \"path\": null, \"size\": 20.12, \"width\": 500, \"height\": 133, \"sizeInBytes\": 20124}, \"medium\": {\"ext\": \".webp\", \"url\": \"https://d1i031whgqu7f4.cloudfront.net/medium_Tyre_landing_page_banner_2_1_abb0136b44.webp\", \"hash\": \"medium_Tyre_landing_page_banner_2_1_abb0136b44\", \"mime\": \"image/webp\", \"name\": \"medium_Tyre landing page banner 2 1.webp\", \"path\": null, \"size\": 41.63, \"width\": 750, \"height\": 200, \"sizeInBytes\": 41628}, \"thumbnail\": {\"ext\": \".webp\", \"url\": \"https://d1i031whgqu7f4.cloudfront.net/thumbnail_Tyre_landing_page_banner_2_1_abb0136b44.webp\", \"hash\": \"thumbnail_Tyre_landing_page_banner_2_1_abb0136b44\", \"mime\": \"image/webp\", \"name\": \"thumbnail_Tyre landing page banner 2 1.webp\", \"path\": null, \"size\": 5.47, \"width\": 245, \"height\": 65, \"sizeInBytes\": 5466}}','Tyre_landing_page_banner_2_1_abb0136b44','.webp','image/webp',214.95,'https://d1i031whgqu7f4.cloudfront.net/Tyre_landing_page_banner_2_1_abb0136b44.webp',NULL,'strapi-provider-upload-aws-s3-plus-cdn',NULL,'/50','2026-04-01 09:49:10.209000','2026-04-01 09:49:10.209000','2026-04-01 09:49:10.209000',1,1,NULL),(444,'r8szttuccb8ct3t1qejkw1ht','Automotive landing page banner 1 1.webp',NULL,NULL,1920,532,'{\"large\": {\"ext\": \".webp\", \"url\": \"https://d1i031whgqu7f4.cloudfront.net/large_Automotive_landing_page_banner_1_1_d21b443c99.webp\", \"hash\": \"large_Automotive_landing_page_banner_1_1_d21b443c99\", \"mime\": \"image/webp\", \"name\": \"large_Automotive landing page banner 1 1.webp\", \"path\": null, \"size\": 19.09, \"width\": 1000, \"height\": 277, \"sizeInBytes\": 19086}, \"small\": {\"ext\": \".webp\", \"url\": \"https://d1i031whgqu7f4.cloudfront.net/small_Automotive_landing_page_banner_1_1_d21b443c99.webp\", \"hash\": \"small_Automotive_landing_page_banner_1_1_d21b443c99\", \"mime\": \"image/webp\", \"name\": \"small_Automotive landing page banner 1 1.webp\", \"path\": null, \"size\": 7.16, \"width\": 500, \"height\": 139, \"sizeInBytes\": 7158}, \"medium\": {\"ext\": \".webp\", \"url\": \"https://d1i031whgqu7f4.cloudfront.net/medium_Automotive_landing_page_banner_1_1_d21b443c99.webp\", \"hash\": \"medium_Automotive_landing_page_banner_1_1_d21b443c99\", \"mime\": \"image/webp\", \"name\": \"medium_Automotive landing page banner 1 1.webp\", \"path\": null, \"size\": 12.82, \"width\": 750, \"height\": 208, \"sizeInBytes\": 12822}, \"thumbnail\": {\"ext\": \".webp\", \"url\": \"https://d1i031whgqu7f4.cloudfront.net/thumbnail_Automotive_landing_page_banner_1_1_d21b443c99.webp\", \"hash\": \"thumbnail_Automotive_landing_page_banner_1_1_d21b443c99\", \"mime\": \"image/webp\", \"name\": \"thumbnail_Automotive landing page banner 1 1.webp\", \"path\": null, \"size\": 2.46, \"width\": 245, \"height\": 68, \"sizeInBytes\": 2460}}','Automotive_landing_page_banner_1_1_d21b443c99','.webp','image/webp',52.24,'https://d1i031whgqu7f4.cloudfront.net/Automotive_landing_page_banner_1_1_d21b443c99.webp',NULL,'strapi-provider-upload-aws-s3-plus-cdn',NULL,'/50','2026-04-01 09:49:44.387000','2026-04-01 09:49:44.387000','2026-04-01 09:49:44.387000',1,1,NULL),(445,'w701wabi2doq4h3rkbhnox8q','Automotive landing page banner 3 1.webp',NULL,NULL,1988,528,'{\"large\": {\"ext\": \".webp\", \"url\": \"https://d1i031whgqu7f4.cloudfront.net/large_Automotive_landing_page_banner_3_1_b4dbaa2846.webp\", \"hash\": \"large_Automotive_landing_page_banner_3_1_b4dbaa2846\", \"mime\": \"image/webp\", \"name\": \"large_Automotive landing page banner 3 1.webp\", \"path\": null, \"size\": 15.81, \"width\": 1000, \"height\": 266, \"sizeInBytes\": 15808}, \"small\": {\"ext\": \".webp\", \"url\": \"https://d1i031whgqu7f4.cloudfront.net/small_Automotive_landing_page_banner_3_1_b4dbaa2846.webp\", \"hash\": \"small_Automotive_landing_page_banner_3_1_b4dbaa2846\", \"mime\": \"image/webp\", \"name\": \"small_Automotive landing page banner 3 1.webp\", \"path\": null, \"size\": 5.63, \"width\": 500, \"height\": 133, \"sizeInBytes\": 5634}, \"medium\": {\"ext\": \".webp\", \"url\": \"https://d1i031whgqu7f4.cloudfront.net/medium_Automotive_landing_page_banner_3_1_b4dbaa2846.webp\", \"hash\": \"medium_Automotive_landing_page_banner_3_1_b4dbaa2846\", \"mime\": \"image/webp\", \"name\": \"medium_Automotive landing page banner 3 1.webp\", \"path\": null, \"size\": 10.23, \"width\": 750, \"height\": 199, \"sizeInBytes\": 10230}, \"thumbnail\": {\"ext\": \".webp\", \"url\": \"https://d1i031whgqu7f4.cloudfront.net/thumbnail_Automotive_landing_page_banner_3_1_b4dbaa2846.webp\", \"hash\": \"thumbnail_Automotive_landing_page_banner_3_1_b4dbaa2846\", \"mime\": \"image/webp\", \"name\": \"thumbnail_Automotive landing page banner 3 1.webp\", \"path\": null, \"size\": 1.93, \"width\": 245, \"height\": 65, \"sizeInBytes\": 1928}}','Automotive_landing_page_banner_3_1_b4dbaa2846','.webp','image/webp',44.97,'https://d1i031whgqu7f4.cloudfront.net/Automotive_landing_page_banner_3_1_b4dbaa2846.webp',NULL,'strapi-provider-upload-aws-s3-plus-cdn',NULL,'/50','2026-04-01 09:49:44.745000','2026-04-01 09:49:44.745000','2026-04-01 09:49:44.745000',1,1,NULL),(446,'nj6b0bf7mh6rgco13wjqzqvl','Automotive landing page banner 2 1.webp',NULL,NULL,1984,528,'{\"large\": {\"ext\": \".webp\", \"url\": \"https://d1i031whgqu7f4.cloudfront.net/large_Automotive_landing_page_banner_2_1_a003dd33a2.webp\", \"hash\": \"large_Automotive_landing_page_banner_2_1_a003dd33a2\", \"mime\": \"image/webp\", \"name\": \"large_Automotive landing page banner 2 1.webp\", \"path\": null, \"size\": 49.2, \"width\": 1000, \"height\": 266, \"sizeInBytes\": 49200}, \"small\": {\"ext\": \".webp\", \"url\": \"https://d1i031whgqu7f4.cloudfront.net/small_Automotive_landing_page_banner_2_1_a003dd33a2.webp\", \"hash\": \"small_Automotive_landing_page_banner_2_1_a003dd33a2\", \"mime\": \"image/webp\", \"name\": \"small_Automotive landing page banner 2 1.webp\", \"path\": null, \"size\": 15.87, \"width\": 500, \"height\": 133, \"sizeInBytes\": 15870}, \"medium\": {\"ext\": \".webp\", \"url\": \"https://d1i031whgqu7f4.cloudfront.net/medium_Automotive_landing_page_banner_2_1_a003dd33a2.webp\", \"hash\": \"medium_Automotive_landing_page_banner_2_1_a003dd33a2\", \"mime\": \"image/webp\", \"name\": \"medium_Automotive landing page banner 2 1.webp\", \"path\": null, \"size\": 31.02, \"width\": 750, \"height\": 200, \"sizeInBytes\": 31022}, \"thumbnail\": {\"ext\": \".webp\", \"url\": \"https://d1i031whgqu7f4.cloudfront.net/thumbnail_Automotive_landing_page_banner_2_1_a003dd33a2.webp\", \"hash\": \"thumbnail_Automotive_landing_page_banner_2_1_a003dd33a2\", \"mime\": \"image/webp\", \"name\": \"thumbnail_Automotive landing page banner 2 1.webp\", \"path\": null, \"size\": 4.77, \"width\": 245, \"height\": 65, \"sizeInBytes\": 4766}}','Automotive_landing_page_banner_2_1_a003dd33a2','.webp','image/webp',152.30,'https://d1i031whgqu7f4.cloudfront.net/Automotive_landing_page_banner_2_1_a003dd33a2.webp',NULL,'strapi-provider-upload-aws-s3-plus-cdn',NULL,'/50','2026-04-01 09:49:44.802000','2026-04-01 09:49:44.802000','2026-04-01 09:49:44.802000',1,1,NULL),(447,'ozsf1id20skkeyuvyqxmoenh','Automotive landing page banner 4 1.webp',NULL,NULL,1984,528,'{\"large\": {\"ext\": \".webp\", \"url\": \"https://d1i031whgqu7f4.cloudfront.net/large_Automotive_landing_page_banner_4_1_522afda89b.webp\", \"hash\": \"large_Automotive_landing_page_banner_4_1_522afda89b\", \"mime\": \"image/webp\", \"name\": \"large_Automotive landing page banner 4 1.webp\", \"path\": null, \"size\": 20.43, \"width\": 1000, \"height\": 266, \"sizeInBytes\": 20432}, \"small\": {\"ext\": \".webp\", \"url\": \"https://d1i031whgqu7f4.cloudfront.net/small_Automotive_landing_page_banner_4_1_522afda89b.webp\", \"hash\": \"small_Automotive_landing_page_banner_4_1_522afda89b\", \"mime\": \"image/webp\", \"name\": \"small_Automotive landing page banner 4 1.webp\", \"path\": null, \"size\": 8.56, \"width\": 500, \"height\": 133, \"sizeInBytes\": 8558}, \"medium\": {\"ext\": \".webp\", \"url\": \"https://d1i031whgqu7f4.cloudfront.net/medium_Automotive_landing_page_banner_4_1_522afda89b.webp\", \"hash\": \"medium_Automotive_landing_page_banner_4_1_522afda89b\", \"mime\": \"image/webp\", \"name\": \"medium_Automotive landing page banner 4 1.webp\", \"path\": null, \"size\": 14.17, \"width\": 750, \"height\": 200, \"sizeInBytes\": 14166}, \"thumbnail\": {\"ext\": \".webp\", \"url\": \"https://d1i031whgqu7f4.cloudfront.net/thumbnail_Automotive_landing_page_banner_4_1_522afda89b.webp\", \"hash\": \"thumbnail_Automotive_landing_page_banner_4_1_522afda89b\", \"mime\": \"image/webp\", \"name\": \"thumbnail_Automotive landing page banner 4 1.webp\", \"path\": null, \"size\": 3.04, \"width\": 245, \"height\": 65, \"sizeInBytes\": 3044}}','Automotive_landing_page_banner_4_1_522afda89b','.webp','image/webp',51.41,'https://d1i031whgqu7f4.cloudfront.net/Automotive_landing_page_banner_4_1_522afda89b.webp',NULL,'strapi-provider-upload-aws-s3-plus-cdn',NULL,'/50','2026-04-01 09:49:44.850000','2026-04-01 09:49:44.850000','2026-04-01 09:49:44.850000',1,1,NULL),(448,'vxesr3emglfrrp3qhqydzvnr','Service page banner 1.webp',NULL,NULL,1984,528,'{\"large\": {\"ext\": \".webp\", \"url\": \"https://d1i031whgqu7f4.cloudfront.net/large_Service_page_banner_1_6805053842.webp\", \"hash\": \"large_Service_page_banner_1_6805053842\", \"mime\": \"image/webp\", \"name\": \"large_Service page banner 1.webp\", \"path\": null, \"size\": 31.82, \"width\": 1000, \"height\": 266, \"sizeInBytes\": 31820}, \"small\": {\"ext\": \".webp\", \"url\": \"https://d1i031whgqu7f4.cloudfront.net/small_Service_page_banner_1_6805053842.webp\", \"hash\": \"small_Service_page_banner_1_6805053842\", \"mime\": \"image/webp\", \"name\": \"small_Service page banner 1.webp\", \"path\": null, \"size\": 12.5, \"width\": 500, \"height\": 133, \"sizeInBytes\": 12504}, \"medium\": {\"ext\": \".webp\", \"url\": \"https://d1i031whgqu7f4.cloudfront.net/medium_Service_page_banner_1_6805053842.webp\", \"hash\": \"medium_Service_page_banner_1_6805053842\", \"mime\": \"image/webp\", \"name\": \"medium_Service page banner 1.webp\", \"path\": null, \"size\": 22.04, \"width\": 750, \"height\": 200, \"sizeInBytes\": 22036}, \"thumbnail\": {\"ext\": \".webp\", \"url\": \"https://d1i031whgqu7f4.cloudfront.net/thumbnail_Service_page_banner_1_6805053842.webp\", \"hash\": \"thumbnail_Service_page_banner_1_6805053842\", \"mime\": \"image/webp\", \"name\": \"thumbnail_Service page banner 1.webp\", \"path\": null, \"size\": 4.54, \"width\": 245, \"height\": 65, \"sizeInBytes\": 4536}}','Service_page_banner_1_6805053842','.webp','image/webp',84.81,'https://d1i031whgqu7f4.cloudfront.net/Service_page_banner_1_6805053842.webp',NULL,'strapi-provider-upload-aws-s3-plus-cdn',NULL,'/50','2026-04-01 09:49:44.910000','2026-04-01 09:49:44.910000','2026-04-01 09:49:44.910000',1,1,NULL),(449,'sseaf4aysfq5c3i69l224joh','Spare Parts Service.png',NULL,NULL,600,750,'{\"small\": {\"ext\": \".png\", \"url\": \"https://d1i031whgqu7f4.cloudfront.net/small_Spare_Parts_Service_0ad3c4d5ee.png\", \"hash\": \"small_Spare_Parts_Service_0ad3c4d5ee\", \"mime\": \"image/png\", \"name\": \"small_Spare Parts Service.png\", \"path\": null, \"size\": 383.06, \"width\": 400, \"height\": 500, \"sizeInBytes\": 383064}, \"thumbnail\": {\"ext\": \".png\", \"url\": \"https://d1i031whgqu7f4.cloudfront.net/thumbnail_Spare_Parts_Service_0ad3c4d5ee.png\", \"hash\": \"thumbnail_Spare_Parts_Service_0ad3c4d5ee\", \"mime\": \"image/png\", \"name\": \"thumbnail_Spare Parts Service.png\", \"path\": null, \"size\": 46.44, \"width\": 125, \"height\": 156, \"sizeInBytes\": 46442}}','Spare_Parts_Service_0ad3c4d5ee','.png','image/png',203.87,'https://d1i031whgqu7f4.cloudfront.net/Spare_Parts_Service_0ad3c4d5ee.png',NULL,'strapi-provider-upload-aws-s3-plus-cdn',NULL,'/46/48','2026-04-02 07:17:38.419000','2026-04-02 07:17:38.419000','2026-04-02 07:17:38.420000',1,1,NULL),(450,'e97z6vaqalumk8lxm1ww5x7z','Callibration Service.png',NULL,NULL,600,750,'{\"small\": {\"ext\": \".png\", \"url\": \"https://d1i031whgqu7f4.cloudfront.net/small_Callibration_Service_e2e25be11f.png\", \"hash\": \"small_Callibration_Service_e2e25be11f\", \"mime\": \"image/png\", \"name\": \"small_Callibration Service.png\", \"path\": null, \"size\": 330.61, \"width\": 400, \"height\": 500, \"sizeInBytes\": 330607}, \"thumbnail\": {\"ext\": \".png\", \"url\": \"https://d1i031whgqu7f4.cloudfront.net/thumbnail_Callibration_Service_e2e25be11f.png\", \"hash\": \"thumbnail_Callibration_Service_e2e25be11f\", \"mime\": \"image/png\", \"name\": \"thumbnail_Callibration Service.png\", \"path\": null, \"size\": 44.91, \"width\": 125, \"height\": 156, \"sizeInBytes\": 44913}}','Callibration_Service_e2e25be11f','.png','image/png',178.88,'https://d1i031whgqu7f4.cloudfront.net/Callibration_Service_e2e25be11f.png',NULL,'strapi-provider-upload-aws-s3-plus-cdn',NULL,'/46/48','2026-04-02 07:17:38.447000','2026-04-02 07:17:38.447000','2026-04-02 07:17:38.448000',1,1,NULL),(451,'z224pp52a0xzweionkappxo0','Bosch Car Service.png',NULL,NULL,600,750,'{\"small\": {\"ext\": \".png\", \"url\": \"https://d1i031whgqu7f4.cloudfront.net/small_Bosch_Car_Service_948ffd36f6.png\", \"hash\": \"small_Bosch_Car_Service_948ffd36f6\", \"mime\": \"image/png\", \"name\": \"small_Bosch Car Service.png\", \"path\": null, \"size\": 262.69, \"width\": 400, \"height\": 500, \"sizeInBytes\": 262689}, \"thumbnail\": {\"ext\": \".png\", \"url\": \"https://d1i031whgqu7f4.cloudfront.net/thumbnail_Bosch_Car_Service_948ffd36f6.png\", \"hash\": \"thumbnail_Bosch_Car_Service_948ffd36f6\", \"mime\": \"image/png\", \"name\": \"thumbnail_Bosch Car Service.png\", \"path\": null, \"size\": 33.86, \"width\": 125, \"height\": 156, \"sizeInBytes\": 33857}}','Bosch_Car_Service_948ffd36f6','.png','image/png',136.54,'https://d1i031whgqu7f4.cloudfront.net/Bosch_Car_Service_948ffd36f6.png',NULL,'strapi-provider-upload-aws-s3-plus-cdn',NULL,'/46/49','2026-04-02 07:17:52.331000','2026-04-02 07:17:52.331000','2026-04-02 07:17:52.332000',1,1,NULL),(452,'ntespjuw1jdrdsz2an98pzm9','Workshop Test Equipment Services.png',NULL,NULL,600,750,'{\"small\": {\"ext\": \".png\", \"url\": \"https://d1i031whgqu7f4.cloudfront.net/small_Workshop_Test_Equipment_Services_21af702e72.png\", \"hash\": \"small_Workshop_Test_Equipment_Services_21af702e72\", \"mime\": \"image/png\", \"name\": \"small_Workshop Test Equipment Services.png\", \"path\": null, \"size\": 415.36, \"width\": 400, \"height\": 500, \"sizeInBytes\": 415363}, \"thumbnail\": {\"ext\": \".png\", \"url\": \"https://d1i031whgqu7f4.cloudfront.net/thumbnail_Workshop_Test_Equipment_Services_21af702e72.png\", \"hash\": \"thumbnail_Workshop_Test_Equipment_Services_21af702e72\", \"mime\": \"image/png\", \"name\": \"thumbnail_Workshop Test Equipment Services.png\", \"path\": null, \"size\": 50.81, \"width\": 125, \"height\": 156, \"sizeInBytes\": 50810}}','Workshop_Test_Equipment_Services_21af702e72','.png','image/png',188.34,'https://d1i031whgqu7f4.cloudfront.net/Workshop_Test_Equipment_Services_21af702e72.png',NULL,'strapi-provider-upload-aws-s3-plus-cdn',NULL,'/46/49','2026-04-02 07:17:52.683000','2026-04-02 07:17:52.683000','2026-04-02 07:17:52.684000',1,1,NULL),(453,'ytlawojoampavvtuqcl35xbk','Bosch Diesel Service.png',NULL,NULL,600,750,'{\"small\": {\"ext\": \".png\", \"url\": \"https://d1i031whgqu7f4.cloudfront.net/small_Bosch_Diesel_Service_2ff4f547bf.png\", \"hash\": \"small_Bosch_Diesel_Service_2ff4f547bf\", \"mime\": \"image/png\", \"name\": \"small_Bosch Diesel Service.png\", \"path\": null, \"size\": 437.46, \"width\": 400, \"height\": 500, \"sizeInBytes\": 437455}, \"thumbnail\": {\"ext\": \".png\", \"url\": \"https://d1i031whgqu7f4.cloudfront.net/thumbnail_Bosch_Diesel_Service_2ff4f547bf.png\", \"hash\": \"thumbnail_Bosch_Diesel_Service_2ff4f547bf\", \"mime\": \"image/png\", \"name\": \"thumbnail_Bosch Diesel Service.png\", \"path\": null, \"size\": 51.92, \"width\": 125, \"height\": 156, \"sizeInBytes\": 51921}}','Bosch_Diesel_Service_2ff4f547bf','.png','image/png',186.42,'https://d1i031whgqu7f4.cloudfront.net/Bosch_Diesel_Service_2ff4f547bf.png',NULL,'strapi-provider-upload-aws-s3-plus-cdn',NULL,'/46/49','2026-04-02 07:17:53.440000','2026-04-02 07:17:53.440000','2026-04-02 07:17:53.440000',1,1,NULL),(454,'qslehrv3258s3jxpwa7rkb3c','Tyre landing page banner 1.jpg',NULL,NULL,1920,520,'{\"large\": {\"ext\": \".jpg\", \"url\": \"https://d1i031whgqu7f4.cloudfront.net/large_Tyre_landing_page_banner_1_b311709b2a.jpg\", \"hash\": \"large_Tyre_landing_page_banner_1_b311709b2a\", \"mime\": \"image/jpeg\", \"name\": \"large_Tyre landing page banner 1.jpg\", \"path\": null, \"size\": 46.42, \"width\": 1000, \"height\": 271, \"sizeInBytes\": 46424}, \"small\": {\"ext\": \".jpg\", \"url\": \"https://d1i031whgqu7f4.cloudfront.net/small_Tyre_landing_page_banner_1_b311709b2a.jpg\", \"hash\": \"small_Tyre_landing_page_banner_1_b311709b2a\", \"mime\": \"image/jpeg\", \"name\": \"small_Tyre landing page banner 1.jpg\", \"path\": null, \"size\": 14.6, \"width\": 500, \"height\": 135, \"sizeInBytes\": 14599}, \"medium\": {\"ext\": \".jpg\", \"url\": \"https://d1i031whgqu7f4.cloudfront.net/medium_Tyre_landing_page_banner_1_b311709b2a.jpg\", \"hash\": \"medium_Tyre_landing_page_banner_1_b311709b2a\", \"mime\": \"image/jpeg\", \"name\": \"medium_Tyre landing page banner 1.jpg\", \"path\": null, \"size\": 29.51, \"width\": 750, \"height\": 203, \"sizeInBytes\": 29507}, \"thumbnail\": {\"ext\": \".jpg\", \"url\": \"https://d1i031whgqu7f4.cloudfront.net/thumbnail_Tyre_landing_page_banner_1_b311709b2a.jpg\", \"hash\": \"thumbnail_Tyre_landing_page_banner_1_b311709b2a\", \"mime\": \"image/jpeg\", \"name\": \"thumbnail_Tyre landing page banner 1.jpg\", \"path\": null, \"size\": 4.7, \"width\": 245, \"height\": 66, \"sizeInBytes\": 4697}}','Tyre_landing_page_banner_1_b311709b2a','.jpg','image/jpeg',122.97,'https://d1i031whgqu7f4.cloudfront.net/Tyre_landing_page_banner_1_b311709b2a.jpg',NULL,'strapi-provider-upload-aws-s3-plus-cdn',NULL,'/50','2026-04-06 07:35:39.469000','2026-04-06 07:35:39.469000','2026-04-06 07:35:39.470000',1,1,NULL),(455,'vlxqdfpd3e9dm0mxxgsl6far','01.png',NULL,NULL,280,265,'{\"thumbnail\": {\"ext\": \".png\", \"url\": \"https://d1i031whgqu7f4.cloudfront.net/thumbnail_01_59dca8bc4f.png\", \"hash\": \"thumbnail_01_59dca8bc4f\", \"mime\": \"image/png\", \"name\": \"thumbnail_01.png\", \"path\": null, \"size\": 23.4, \"width\": 165, \"height\": 156, \"sizeInBytes\": 23402}}','01_59dca8bc4f','.png','image/png',18.26,'https://d1i031whgqu7f4.cloudfront.net/01_59dca8bc4f.png',NULL,'strapi-provider-upload-aws-s3-plus-cdn',NULL,'/5/9/26','2026-04-14 12:12:28.098000','2026-04-14 12:12:28.098000','2026-04-14 12:12:28.100000',1,1,NULL),(456,'ydq0b29hmf6gulsqyx86mdh8','02.png',NULL,NULL,280,265,'{\"thumbnail\": {\"ext\": \".png\", \"url\": \"https://d1i031whgqu7f4.cloudfront.net/thumbnail_02_ad90b2c535.png\", \"hash\": \"thumbnail_02_ad90b2c535\", \"mime\": \"image/png\", \"name\": \"thumbnail_02.png\", \"path\": null, \"size\": 8.84, \"width\": 165, \"height\": 156, \"sizeInBytes\": 8838}}','02_ad90b2c535','.png','image/png',6.79,'https://d1i031whgqu7f4.cloudfront.net/02_ad90b2c535.png',NULL,'strapi-provider-upload-aws-s3-plus-cdn',NULL,'/5/9/26','2026-04-14 12:12:28.288000','2026-04-14 12:12:28.288000','2026-04-14 12:12:28.291000',1,1,NULL),(457,'y6h2iogji083kbkshl6lieda','12.png',NULL,NULL,280,265,'{\"thumbnail\": {\"ext\": \".png\", \"url\": \"https://d1i031whgqu7f4.cloudfront.net/thumbnail_12_7cbbbcf8fe.png\", \"hash\": \"thumbnail_12_7cbbbcf8fe\", \"mime\": \"image/png\", \"name\": \"thumbnail_12.png\", \"path\": null, \"size\": 16.06, \"width\": 165, \"height\": 156, \"sizeInBytes\": 16060}}','12_7cbbbcf8fe','.png','image/png',10.87,'https://d1i031whgqu7f4.cloudfront.net/12_7cbbbcf8fe.png',NULL,'strapi-provider-upload-aws-s3-plus-cdn',NULL,'/5/9/26','2026-04-14 12:12:28.518000','2026-04-14 12:12:28.518000','2026-04-14 12:12:28.518000',1,1,NULL),(458,'lkk62oas1qujz0gpuerspidp','04.png',NULL,NULL,280,265,'{\"thumbnail\": {\"ext\": \".png\", \"url\": \"https://d1i031whgqu7f4.cloudfront.net/thumbnail_04_c680c5918b.png\", \"hash\": \"thumbnail_04_c680c5918b\", \"mime\": \"image/png\", \"name\": \"thumbnail_04.png\", \"path\": null, \"size\": 16.99, \"width\": 165, \"height\": 156, \"sizeInBytes\": 16991}}','04_c680c5918b','.png','image/png',10.40,'https://d1i031whgqu7f4.cloudfront.net/04_c680c5918b.png',NULL,'strapi-provider-upload-aws-s3-plus-cdn',NULL,'/5/9/26','2026-04-14 12:12:28.529000','2026-04-14 12:12:28.529000','2026-04-14 12:12:28.530000',1,1,NULL),(459,'dq2ls5871fm7c7ugu4mtx5tg','13.png',NULL,NULL,280,265,'{\"thumbnail\": {\"ext\": \".png\", \"url\": \"https://d1i031whgqu7f4.cloudfront.net/thumbnail_13_02798f95b2.png\", \"hash\": \"thumbnail_13_02798f95b2\", \"mime\": \"image/png\", \"name\": \"thumbnail_13.png\", \"path\": null, \"size\": 14.08, \"width\": 165, \"height\": 156, \"sizeInBytes\": 14078}}','13_02798f95b2','.png','image/png',7.93,'https://d1i031whgqu7f4.cloudfront.net/13_02798f95b2.png',NULL,'strapi-provider-upload-aws-s3-plus-cdn',NULL,'/5/9/26','2026-04-14 12:12:28.537000','2026-04-14 12:12:28.537000','2026-04-14 12:12:28.537000',1,1,NULL),(460,'b99fm3bxoexuo46p1glap2w6','07.png',NULL,NULL,280,265,'{\"thumbnail\": {\"ext\": \".png\", \"url\": \"https://d1i031whgqu7f4.cloudfront.net/thumbnail_07_dd0a25a7d6.png\", \"hash\": \"thumbnail_07_dd0a25a7d6\", \"mime\": \"image/png\", \"name\": \"thumbnail_07.png\", \"path\": null, \"size\": 18, \"width\": 165, \"height\": 156, \"sizeInBytes\": 17999}}','07_dd0a25a7d6','.png','image/png',14.28,'https://d1i031whgqu7f4.cloudfront.net/07_dd0a25a7d6.png',NULL,'strapi-provider-upload-aws-s3-plus-cdn',NULL,'/5/9/26','2026-04-14 12:12:28.542000','2026-04-14 12:12:28.542000','2026-04-14 12:12:28.543000',1,1,NULL),(461,'zkv2hdxyc7o0qow0mg51lwyj','08.png',NULL,NULL,280,265,'{\"thumbnail\": {\"ext\": \".png\", \"url\": \"https://d1i031whgqu7f4.cloudfront.net/thumbnail_08_bb3012aa7d.png\", \"hash\": \"thumbnail_08_bb3012aa7d\", \"mime\": \"image/png\", \"name\": \"thumbnail_08.png\", \"path\": null, \"size\": 18.08, \"width\": 165, \"height\": 156, \"sizeInBytes\": 18079}}','08_bb3012aa7d','.png','image/png',12.93,'https://d1i031whgqu7f4.cloudfront.net/08_bb3012aa7d.png',NULL,'strapi-provider-upload-aws-s3-plus-cdn',NULL,'/5/9/26','2026-04-14 12:12:28.546000','2026-04-14 12:12:28.546000','2026-04-14 12:12:28.546000',1,1,NULL),(462,'xbfxthjqto6tqy6yne8qacfo','03.png',NULL,NULL,280,265,'{\"thumbnail\": {\"ext\": \".png\", \"url\": \"https://d1i031whgqu7f4.cloudfront.net/thumbnail_03_4e138cee39.png\", \"hash\": \"thumbnail_03_4e138cee39\", \"mime\": \"image/png\", \"name\": \"thumbnail_03.png\", \"path\": null, \"size\": 18.93, \"width\": 165, \"height\": 156, \"sizeInBytes\": 18926}}','03_4e138cee39','.png','image/png',16.24,'https://d1i031whgqu7f4.cloudfront.net/03_4e138cee39.png',NULL,'strapi-provider-upload-aws-s3-plus-cdn',NULL,'/5/9/26','2026-04-14 12:12:28.576000','2026-04-14 12:12:28.576000','2026-04-14 12:12:28.576000',1,1,NULL),(463,'ducjb17y9sfq8d4hv2drh32q','06.png',NULL,NULL,280,265,'{\"thumbnail\": {\"ext\": \".png\", \"url\": \"https://d1i031whgqu7f4.cloudfront.net/thumbnail_06_9f392b868c.png\", \"hash\": \"thumbnail_06_9f392b868c\", \"mime\": \"image/png\", \"name\": \"thumbnail_06.png\", \"path\": null, \"size\": 25.31, \"width\": 165, \"height\": 156, \"sizeInBytes\": 25313}}','06_9f392b868c','.png','image/png',17.42,'https://d1i031whgqu7f4.cloudfront.net/06_9f392b868c.png',NULL,'strapi-provider-upload-aws-s3-plus-cdn',NULL,'/5/9/26','2026-04-14 12:12:28.580000','2026-04-14 12:12:28.580000','2026-04-14 12:12:28.580000',1,1,NULL),(464,'jcoqemc3yb1gco3np03gwc86','10.png',NULL,NULL,280,265,'{\"thumbnail\": {\"ext\": \".png\", \"url\": \"https://d1i031whgqu7f4.cloudfront.net/thumbnail_10_50fc0f094f.png\", \"hash\": \"thumbnail_10_50fc0f094f\", \"mime\": \"image/png\", \"name\": \"thumbnail_10.png\", \"path\": null, \"size\": 18.79, \"width\": 165, \"height\": 156, \"sizeInBytes\": 18785}}','10_50fc0f094f','.png','image/png',13.88,'https://d1i031whgqu7f4.cloudfront.net/10_50fc0f094f.png',NULL,'strapi-provider-upload-aws-s3-plus-cdn',NULL,'/5/9/26','2026-04-14 12:12:28.600000','2026-04-14 12:12:28.600000','2026-04-14 12:12:28.600000',1,1,NULL),(465,'jx5ua5a8rb6fy1ode5nmpajo','11.png',NULL,NULL,280,265,'{\"thumbnail\": {\"ext\": \".png\", \"url\": \"https://d1i031whgqu7f4.cloudfront.net/thumbnail_11_83d3aa894d.png\", \"hash\": \"thumbnail_11_83d3aa894d\", \"mime\": \"image/png\", \"name\": \"thumbnail_11.png\", \"path\": null, \"size\": 27.39, \"width\": 165, \"height\": 156, \"sizeInBytes\": 27388}}','11_83d3aa894d','.png','image/png',18.55,'https://d1i031whgqu7f4.cloudfront.net/11_83d3aa894d.png',NULL,'strapi-provider-upload-aws-s3-plus-cdn',NULL,'/5/9/26','2026-04-14 12:12:28.625000','2026-04-14 12:12:28.625000','2026-04-14 12:12:28.625000',1,1,NULL),(466,'i2pw131lupglcdwu9gg8llk9','09.png',NULL,NULL,280,265,'{\"thumbnail\": {\"ext\": \".png\", \"url\": \"https://d1i031whgqu7f4.cloudfront.net/thumbnail_09_4469a1bee6.png\", \"hash\": \"thumbnail_09_4469a1bee6\", \"mime\": \"image/png\", \"name\": \"thumbnail_09.png\", \"path\": null, \"size\": 18.45, \"width\": 165, \"height\": 156, \"sizeInBytes\": 18453}}','09_4469a1bee6','.png','image/png',16.36,'https://d1i031whgqu7f4.cloudfront.net/09_4469a1bee6.png',NULL,'strapi-provider-upload-aws-s3-plus-cdn',NULL,'/5/9/26','2026-04-14 12:12:28.629000','2026-04-14 12:12:28.629000','2026-04-14 12:12:28.629000',1,1,NULL),(467,'k9uw2rc2kycxzvdjkvkyrb0t','05.png',NULL,NULL,280,265,'{\"thumbnail\": {\"ext\": \".png\", \"url\": \"https://d1i031whgqu7f4.cloudfront.net/thumbnail_05_9a3fdfd74b.png\", \"hash\": \"thumbnail_05_9a3fdfd74b\", \"mime\": \"image/png\", \"name\": \"thumbnail_05.png\", \"path\": null, \"size\": 26.65, \"width\": 165, \"height\": 156, \"sizeInBytes\": 26653}}','05_9a3fdfd74b','.png','image/png',22.26,'https://d1i031whgqu7f4.cloudfront.net/05_9a3fdfd74b.png',NULL,'strapi-provider-upload-aws-s3-plus-cdn',NULL,'/5/9/26','2026-04-14 12:12:28.639000','2026-04-14 12:12:28.639000','2026-04-14 12:12:28.639000',1,1,NULL),(468,'afg42oty1887m4hhcf928zq1','CME Bosch Car Service.webp',NULL,NULL,781,574,'{\"small\": {\"ext\": \".webp\", \"url\": \"https://d1i031whgqu7f4.cloudfront.net/small_CME_Bosch_Car_Service_99ae5e39a1.webp\", \"hash\": \"small_CME_Bosch_Car_Service_99ae5e39a1\", \"mime\": \"image/webp\", \"name\": \"small_CME Bosch Car Service.webp\", \"path\": null, \"size\": 26.01, \"width\": 500, \"height\": 367, \"sizeInBytes\": 26014}, \"medium\": {\"ext\": \".webp\", \"url\": \"https://d1i031whgqu7f4.cloudfront.net/medium_CME_Bosch_Car_Service_99ae5e39a1.webp\", \"hash\": \"medium_CME_Bosch_Car_Service_99ae5e39a1\", \"mime\": \"image/webp\", \"name\": \"medium_CME Bosch Car Service.webp\", \"path\": null, \"size\": 42.77, \"width\": 750, \"height\": 551, \"sizeInBytes\": 42774}, \"thumbnail\": {\"ext\": \".webp\", \"url\": \"https://d1i031whgqu7f4.cloudfront.net/thumbnail_CME_Bosch_Car_Service_99ae5e39a1.webp\", \"hash\": \"thumbnail_CME_Bosch_Car_Service_99ae5e39a1\", \"mime\": \"image/webp\", \"name\": \"thumbnail_CME Bosch Car Service.webp\", \"path\": null, \"size\": 7.89, \"width\": 212, \"height\": 156, \"sizeInBytes\": 7886}}','CME_Bosch_Car_Service_99ae5e39a1','.webp','image/webp',53.06,'https://d1i031whgqu7f4.cloudfront.net/CME_Bosch_Car_Service_99ae5e39a1.webp',NULL,'strapi-provider-upload-aws-s3-plus-cdn',NULL,'/','2026-04-16 06:23:13.914000','2026-04-16 06:23:13.914000','2026-04-16 06:23:13.915000',1,1,NULL),(469,'lz4mjtcp88v5vogmxy7i2blx','CME Al Qouz Warehouse (Automotive Aftermarket).webp',NULL,NULL,781,574,'{\"small\": {\"ext\": \".webp\", \"url\": \"https://d1i031whgqu7f4.cloudfront.net/small_CME_Al_Qouz_Warehouse_Automotive_Aftermarket_c6783f205b.webp\", \"hash\": \"small_CME_Al_Qouz_Warehouse_Automotive_Aftermarket_c6783f205b\", \"mime\": \"image/webp\", \"name\": \"small_CME Al Qouz Warehouse (Automotive Aftermarket).webp\", \"path\": null, \"size\": 30.14, \"width\": 500, \"height\": 367, \"sizeInBytes\": 30142}, \"medium\": {\"ext\": \".webp\", \"url\": \"https://d1i031whgqu7f4.cloudfront.net/medium_CME_Al_Qouz_Warehouse_Automotive_Aftermarket_c6783f205b.webp\", \"hash\": \"medium_CME_Al_Qouz_Warehouse_Automotive_Aftermarket_c6783f205b\", \"mime\": \"image/webp\", \"name\": \"medium_CME Al Qouz Warehouse (Automotive Aftermarket).webp\", \"path\": null, \"size\": 53.26, \"width\": 750, \"height\": 551, \"sizeInBytes\": 53264}, \"thumbnail\": {\"ext\": \".webp\", \"url\": \"https://d1i031whgqu7f4.cloudfront.net/thumbnail_CME_Al_Qouz_Warehouse_Automotive_Aftermarket_c6783f205b.webp\", \"hash\": \"thumbnail_CME_Al_Qouz_Warehouse_Automotive_Aftermarket_c6783f205b\", \"mime\": \"image/webp\", \"name\": \"thumbnail_CME Al Qouz Warehouse (Automotive Aftermarket).webp\", \"path\": null, \"size\": 7.32, \"width\": 212, \"height\": 156, \"sizeInBytes\": 7316}}','CME_Al_Qouz_Warehouse_Automotive_Aftermarket_c6783f205b','.webp','image/webp',68.03,'https://d1i031whgqu7f4.cloudfront.net/CME_Al_Qouz_Warehouse_Automotive_Aftermarket_c6783f205b.webp',NULL,'strapi-provider-upload-aws-s3-plus-cdn',NULL,'/','2026-04-16 06:27:02.289000','2026-04-16 06:27:02.289000','2026-04-16 06:27:02.289000',1,1,NULL),(470,'ao0yjz7pj6z28e6egp0dbjnt','Al Qouz Dubai Location Warehouse (Power Tools).webp',NULL,NULL,781,574,'{\"small\": {\"ext\": \".webp\", \"url\": \"https://d1i031whgqu7f4.cloudfront.net/small_Al_Qouz_Dubai_Location_Warehouse_Power_Tools_dae0090c95.webp\", \"hash\": \"small_Al_Qouz_Dubai_Location_Warehouse_Power_Tools_dae0090c95\", \"mime\": \"image/webp\", \"name\": \"small_Al Qouz Dubai Location Warehouse (Power Tools).webp\", \"path\": null, \"size\": 25.38, \"width\": 500, \"height\": 367, \"sizeInBytes\": 25380}, \"medium\": {\"ext\": \".webp\", \"url\": \"https://d1i031whgqu7f4.cloudfront.net/medium_Al_Qouz_Dubai_Location_Warehouse_Power_Tools_dae0090c95.webp\", \"hash\": \"medium_Al_Qouz_Dubai_Location_Warehouse_Power_Tools_dae0090c95\", \"mime\": \"image/webp\", \"name\": \"medium_Al Qouz Dubai Location Warehouse (Power Tools).webp\", \"path\": null, \"size\": 43.48, \"width\": 750, \"height\": 551, \"sizeInBytes\": 43478}, \"thumbnail\": {\"ext\": \".webp\", \"url\": \"https://d1i031whgqu7f4.cloudfront.net/thumbnail_Al_Qouz_Dubai_Location_Warehouse_Power_Tools_dae0090c95.webp\", \"hash\": \"thumbnail_Al_Qouz_Dubai_Location_Warehouse_Power_Tools_dae0090c95\", \"mime\": \"image/webp\", \"name\": \"thumbnail_Al Qouz Dubai Location Warehouse (Power Tools).webp\", \"path\": null, \"size\": 6.72, \"width\": 212, \"height\": 156, \"sizeInBytes\": 6716}}','Al_Qouz_Dubai_Location_Warehouse_Power_Tools_dae0090c95','.webp','image/webp',54.73,'https://d1i031whgqu7f4.cloudfront.net/Al_Qouz_Dubai_Location_Warehouse_Power_Tools_dae0090c95.webp',NULL,'strapi-provider-upload-aws-s3-plus-cdn',NULL,'/','2026-04-16 06:27:51.731000','2026-04-16 06:27:51.731000','2026-04-16 06:27:51.731000',1,1,NULL),(471,'xgty4qwg4bj3bnnce4cvosrb','CME BOSCH Diesel Service.webp',NULL,NULL,781,574,'{\"small\": {\"ext\": \".webp\", \"url\": \"https://d1i031whgqu7f4.cloudfront.net/small_CME_BOSCH_Diesel_Service_3f5a747ea2.webp\", \"hash\": \"small_CME_BOSCH_Diesel_Service_3f5a747ea2\", \"mime\": \"image/webp\", \"name\": \"small_CME BOSCH Diesel Service.webp\", \"path\": null, \"size\": 20.89, \"width\": 500, \"height\": 367, \"sizeInBytes\": 20892}, \"medium\": {\"ext\": \".webp\", \"url\": \"https://d1i031whgqu7f4.cloudfront.net/medium_CME_BOSCH_Diesel_Service_3f5a747ea2.webp\", \"hash\": \"medium_CME_BOSCH_Diesel_Service_3f5a747ea2\", \"mime\": \"image/webp\", \"name\": \"medium_CME BOSCH Diesel Service.webp\", \"path\": null, \"size\": 34.1, \"width\": 750, \"height\": 551, \"sizeInBytes\": 34104}, \"thumbnail\": {\"ext\": \".webp\", \"url\": \"https://d1i031whgqu7f4.cloudfront.net/thumbnail_CME_BOSCH_Diesel_Service_3f5a747ea2.webp\", \"hash\": \"thumbnail_CME_BOSCH_Diesel_Service_3f5a747ea2\", \"mime\": \"image/webp\", \"name\": \"thumbnail_CME BOSCH Diesel Service.webp\", \"path\": null, \"size\": 6.31, \"width\": 212, \"height\": 156, \"sizeInBytes\": 6314}}','CME_BOSCH_Diesel_Service_3f5a747ea2','.webp','image/webp',42.90,'https://d1i031whgqu7f4.cloudfront.net/CME_BOSCH_Diesel_Service_3f5a747ea2.webp',NULL,'strapi-provider-upload-aws-s3-plus-cdn',NULL,'/','2026-04-16 09:02:35.331000','2026-04-16 09:02:35.331000','2026-04-16 09:02:35.331000',1,1,NULL),(472,'e3omgx2tmbf3wcyw9yuf5l1p','CME BOSCH Diesel Service.webp',NULL,NULL,781,574,'{\"small\": {\"ext\": \".webp\", \"url\": \"https://d1i031whgqu7f4.cloudfront.net/small_CME_BOSCH_Diesel_Service_28b5b0164b.webp\", \"hash\": \"small_CME_BOSCH_Diesel_Service_28b5b0164b\", \"mime\": \"image/webp\", \"name\": \"small_CME BOSCH Diesel Service.webp\", \"path\": null, \"size\": 20.89, \"width\": 500, \"height\": 367, \"sizeInBytes\": 20892}, \"medium\": {\"ext\": \".webp\", \"url\": \"https://d1i031whgqu7f4.cloudfront.net/medium_CME_BOSCH_Diesel_Service_28b5b0164b.webp\", \"hash\": \"medium_CME_BOSCH_Diesel_Service_28b5b0164b\", \"mime\": \"image/webp\", \"name\": \"medium_CME BOSCH Diesel Service.webp\", \"path\": null, \"size\": 34.1, \"width\": 750, \"height\": 551, \"sizeInBytes\": 34104}, \"thumbnail\": {\"ext\": \".webp\", \"url\": \"https://d1i031whgqu7f4.cloudfront.net/thumbnail_CME_BOSCH_Diesel_Service_28b5b0164b.webp\", \"hash\": \"thumbnail_CME_BOSCH_Diesel_Service_28b5b0164b\", \"mime\": \"image/webp\", \"name\": \"thumbnail_CME BOSCH Diesel Service.webp\", \"path\": null, \"size\": 6.31, \"width\": 212, \"height\": 156, \"sizeInBytes\": 6314}}','CME_BOSCH_Diesel_Service_28b5b0164b','.webp','image/webp',42.90,'https://d1i031whgqu7f4.cloudfront.net/CME_BOSCH_Diesel_Service_28b5b0164b.webp',NULL,'strapi-provider-upload-aws-s3-plus-cdn',NULL,'/','2026-04-16 09:42:53.667000','2026-04-16 09:42:53.667000','2026-04-16 09:42:53.667000',1,1,NULL),(473,'qf46bqzw3sqqqz6mkured7mr','CME Branch Office - Dubai.webp',NULL,NULL,781,574,'{\"small\": {\"ext\": \".webp\", \"url\": \"https://d1i031whgqu7f4.cloudfront.net/small_CME_Branch_Office_Dubai_0a258b89b1.webp\", \"hash\": \"small_CME_Branch_Office_Dubai_0a258b89b1\", \"mime\": \"image/webp\", \"name\": \"small_CME Branch Office - Dubai.webp\", \"path\": null, \"size\": 31.74, \"width\": 500, \"height\": 367, \"sizeInBytes\": 31738}, \"medium\": {\"ext\": \".webp\", \"url\": \"https://d1i031whgqu7f4.cloudfront.net/medium_CME_Branch_Office_Dubai_0a258b89b1.webp\", \"hash\": \"medium_CME_Branch_Office_Dubai_0a258b89b1\", \"mime\": \"image/webp\", \"name\": \"medium_CME Branch Office - Dubai.webp\", \"path\": null, \"size\": 54.99, \"width\": 750, \"height\": 551, \"sizeInBytes\": 54994}, \"thumbnail\": {\"ext\": \".webp\", \"url\": \"https://d1i031whgqu7f4.cloudfront.net/thumbnail_CME_Branch_Office_Dubai_0a258b89b1.webp\", \"hash\": \"thumbnail_CME_Branch_Office_Dubai_0a258b89b1\", \"mime\": \"image/webp\", \"name\": \"thumbnail_CME Branch Office - Dubai.webp\", \"path\": null, \"size\": 8.89, \"width\": 212, \"height\": 156, \"sizeInBytes\": 8886}}','CME_Branch_Office_Dubai_0a258b89b1','.webp','image/webp',69.68,'https://d1i031whgqu7f4.cloudfront.net/CME_Branch_Office_Dubai_0a258b89b1.webp',NULL,'strapi-provider-upload-aws-s3-plus-cdn',NULL,'/','2026-04-16 09:46:45.161000','2026-04-16 09:46:45.161000','2026-04-16 09:46:45.161000',1,1,NULL),(474,'c2lvpvw4tiih3y9u3c8ah1ij','CME Branch Office - Sharjah.webp',NULL,NULL,781,574,'{\"small\": {\"ext\": \".webp\", \"url\": \"https://d1i031whgqu7f4.cloudfront.net/small_CME_Branch_Office_Sharjah_a639d7bc45.webp\", \"hash\": \"small_CME_Branch_Office_Sharjah_a639d7bc45\", \"mime\": \"image/webp\", \"name\": \"small_CME Branch Office - Sharjah.webp\", \"path\": null, \"size\": 18.69, \"width\": 500, \"height\": 367, \"sizeInBytes\": 18692}, \"medium\": {\"ext\": \".webp\", \"url\": \"https://d1i031whgqu7f4.cloudfront.net/medium_CME_Branch_Office_Sharjah_a639d7bc45.webp\", \"hash\": \"medium_CME_Branch_Office_Sharjah_a639d7bc45\", \"mime\": \"image/webp\", \"name\": \"medium_CME Branch Office - Sharjah.webp\", \"path\": null, \"size\": 35.1, \"width\": 750, \"height\": 551, \"sizeInBytes\": 35098}, \"thumbnail\": {\"ext\": \".webp\", \"url\": \"https://d1i031whgqu7f4.cloudfront.net/thumbnail_CME_Branch_Office_Sharjah_a639d7bc45.webp\", \"hash\": \"thumbnail_CME_Branch_Office_Sharjah_a639d7bc45\", \"mime\": \"image/webp\", \"name\": \"thumbnail_CME Branch Office - Sharjah.webp\", \"path\": null, \"size\": 4.16, \"width\": 212, \"height\": 156, \"sizeInBytes\": 4156}}','CME_Branch_Office_Sharjah_a639d7bc45','.webp','image/webp',51.13,'https://d1i031whgqu7f4.cloudfront.net/CME_Branch_Office_Sharjah_a639d7bc45.webp',NULL,'strapi-provider-upload-aws-s3-plus-cdn',NULL,'/','2026-04-16 09:50:25.218000','2026-04-16 09:50:25.218000','2026-04-16 09:50:25.218000',1,1,NULL),(475,'xehgdslv0j4lx7yrjoifk62n','CME Branch Office - Sharjah.webp',NULL,NULL,781,574,'{\"small\": {\"ext\": \".webp\", \"url\": \"https://d1i031whgqu7f4.cloudfront.net/small_CME_Branch_Office_Sharjah_0b95fd11e0.webp\", \"hash\": \"small_CME_Branch_Office_Sharjah_0b95fd11e0\", \"mime\": \"image/webp\", \"name\": \"small_CME Branch Office - Sharjah.webp\", \"path\": null, \"size\": 18.69, \"width\": 500, \"height\": 367, \"sizeInBytes\": 18692}, \"medium\": {\"ext\": \".webp\", \"url\": \"https://d1i031whgqu7f4.cloudfront.net/medium_CME_Branch_Office_Sharjah_0b95fd11e0.webp\", \"hash\": \"medium_CME_Branch_Office_Sharjah_0b95fd11e0\", \"mime\": \"image/webp\", \"name\": \"medium_CME Branch Office - Sharjah.webp\", \"path\": null, \"size\": 35.1, \"width\": 750, \"height\": 551, \"sizeInBytes\": 35098}, \"thumbnail\": {\"ext\": \".webp\", \"url\": \"https://d1i031whgqu7f4.cloudfront.net/thumbnail_CME_Branch_Office_Sharjah_0b95fd11e0.webp\", \"hash\": \"thumbnail_CME_Branch_Office_Sharjah_0b95fd11e0\", \"mime\": \"image/webp\", \"name\": \"thumbnail_CME Branch Office - Sharjah.webp\", \"path\": null, \"size\": 4.16, \"width\": 212, \"height\": 156, \"sizeInBytes\": 4156}}','CME_Branch_Office_Sharjah_0b95fd11e0','.webp','image/webp',51.13,'https://d1i031whgqu7f4.cloudfront.net/CME_Branch_Office_Sharjah_0b95fd11e0.webp',NULL,'strapi-provider-upload-aws-s3-plus-cdn',NULL,'/','2026-04-16 09:53:22.004000','2026-04-16 09:53:22.004000','2026-04-16 09:53:22.005000',1,1,NULL),(476,'fn5a5cr0ncg2z40ixwjugk2h','CME Head Office - Abu Dhabi.webp',NULL,NULL,781,574,'{\"small\": {\"ext\": \".webp\", \"url\": \"https://d1i031whgqu7f4.cloudfront.net/small_CME_Head_Office_Abu_Dhabi_2f19c85e4e.webp\", \"hash\": \"small_CME_Head_Office_Abu_Dhabi_2f19c85e4e\", \"mime\": \"image/webp\", \"name\": \"small_CME Head Office - Abu Dhabi.webp\", \"path\": null, \"size\": 29.37, \"width\": 500, \"height\": 367, \"sizeInBytes\": 29368}, \"medium\": {\"ext\": \".webp\", \"url\": \"https://d1i031whgqu7f4.cloudfront.net/medium_CME_Head_Office_Abu_Dhabi_2f19c85e4e.webp\", \"hash\": \"medium_CME_Head_Office_Abu_Dhabi_2f19c85e4e\", \"mime\": \"image/webp\", \"name\": \"medium_CME Head Office - Abu Dhabi.webp\", \"path\": null, \"size\": 49.72, \"width\": 750, \"height\": 551, \"sizeInBytes\": 49718}, \"thumbnail\": {\"ext\": \".webp\", \"url\": \"https://d1i031whgqu7f4.cloudfront.net/thumbnail_CME_Head_Office_Abu_Dhabi_2f19c85e4e.webp\", \"hash\": \"thumbnail_CME_Head_Office_Abu_Dhabi_2f19c85e4e\", \"mime\": \"image/webp\", \"name\": \"thumbnail_CME Head Office - Abu Dhabi.webp\", \"path\": null, \"size\": 8.14, \"width\": 212, \"height\": 156, \"sizeInBytes\": 8138}}','CME_Head_Office_Abu_Dhabi_2f19c85e4e','.webp','image/webp',61.22,'https://d1i031whgqu7f4.cloudfront.net/CME_Head_Office_Abu_Dhabi_2f19c85e4e.webp',NULL,'strapi-provider-upload-aws-s3-plus-cdn',NULL,'/','2026-04-16 09:54:38.790000','2026-04-16 09:54:38.790000','2026-04-16 09:54:38.790000',1,1,NULL),(477,'r3pjx1jyseezehi16wcva89u','CME Mafraq Warehouse rev.webp',NULL,NULL,781,574,'{\"small\": {\"ext\": \".webp\", \"url\": \"https://d1i031whgqu7f4.cloudfront.net/small_CME_Mafraq_Warehouse_rev_305e93f6d9.webp\", \"hash\": \"small_CME_Mafraq_Warehouse_rev_305e93f6d9\", \"mime\": \"image/webp\", \"name\": \"small_CME Mafraq Warehouse rev.webp\", \"path\": null, \"size\": 22.74, \"width\": 500, \"height\": 367, \"sizeInBytes\": 22738}, \"medium\": {\"ext\": \".webp\", \"url\": \"https://d1i031whgqu7f4.cloudfront.net/medium_CME_Mafraq_Warehouse_rev_305e93f6d9.webp\", \"hash\": \"medium_CME_Mafraq_Warehouse_rev_305e93f6d9\", \"mime\": \"image/webp\", \"name\": \"medium_CME Mafraq Warehouse rev.webp\", \"path\": null, \"size\": 40.39, \"width\": 750, \"height\": 551, \"sizeInBytes\": 40390}, \"thumbnail\": {\"ext\": \".webp\", \"url\": \"https://d1i031whgqu7f4.cloudfront.net/thumbnail_CME_Mafraq_Warehouse_rev_305e93f6d9.webp\", \"hash\": \"thumbnail_CME_Mafraq_Warehouse_rev_305e93f6d9\", \"mime\": \"image/webp\", \"name\": \"thumbnail_CME Mafraq Warehouse rev.webp\", \"path\": null, \"size\": 5.78, \"width\": 212, \"height\": 156, \"sizeInBytes\": 5782}}','CME_Mafraq_Warehouse_rev_305e93f6d9','.webp','image/webp',55.17,'https://d1i031whgqu7f4.cloudfront.net/CME_Mafraq_Warehouse_rev_305e93f6d9.webp',NULL,'strapi-provider-upload-aws-s3-plus-cdn',NULL,'/','2026-04-16 09:55:35.258000','2026-04-16 09:55:35.258000','2026-04-16 09:55:35.258000',1,1,NULL),(478,'a5xefw0o392h1krlzrfqys35','CME MTSC - Mafraq.webp',NULL,NULL,781,574,'{\"small\": {\"ext\": \".webp\", \"url\": \"https://d1i031whgqu7f4.cloudfront.net/small_CME_MTSC_Mafraq_e35a187650.webp\", \"hash\": \"small_CME_MTSC_Mafraq_e35a187650\", \"mime\": \"image/webp\", \"name\": \"small_CME MTSC - Mafraq.webp\", \"path\": null, \"size\": 28.01, \"width\": 500, \"height\": 367, \"sizeInBytes\": 28010}, \"medium\": {\"ext\": \".webp\", \"url\": \"https://d1i031whgqu7f4.cloudfront.net/medium_CME_MTSC_Mafraq_e35a187650.webp\", \"hash\": \"medium_CME_MTSC_Mafraq_e35a187650\", \"mime\": \"image/webp\", \"name\": \"medium_CME MTSC - Mafraq.webp\", \"path\": null, \"size\": 51.13, \"width\": 750, \"height\": 551, \"sizeInBytes\": 51132}, \"thumbnail\": {\"ext\": \".webp\", \"url\": \"https://d1i031whgqu7f4.cloudfront.net/thumbnail_CME_MTSC_Mafraq_e35a187650.webp\", \"hash\": \"thumbnail_CME_MTSC_Mafraq_e35a187650\", \"mime\": \"image/webp\", \"name\": \"thumbnail_CME MTSC - Mafraq.webp\", \"path\": null, \"size\": 6.52, \"width\": 212, \"height\": 156, \"sizeInBytes\": 6522}}','CME_MTSC_Mafraq_e35a187650','.webp','image/webp',69.70,'https://d1i031whgqu7f4.cloudfront.net/CME_MTSC_Mafraq_e35a187650.webp',NULL,'strapi-provider-upload-aws-s3-plus-cdn',NULL,'/','2026-04-16 09:56:55.156000','2026-04-16 09:56:55.156000','2026-04-16 09:56:55.156000',1,1,NULL),(479,'xqjr2y3echac0vw9maa1m7u3','CME Mussafah Warehouse rev.webp',NULL,NULL,781,574,'{\"small\": {\"ext\": \".webp\", \"url\": \"https://d1i031whgqu7f4.cloudfront.net/small_CME_Mussafah_Warehouse_rev_bbe3d62f6c.webp\", \"hash\": \"small_CME_Mussafah_Warehouse_rev_bbe3d62f6c\", \"mime\": \"image/webp\", \"name\": \"small_CME Mussafah Warehouse rev.webp\", \"path\": null, \"size\": 29.98, \"width\": 500, \"height\": 367, \"sizeInBytes\": 29976}, \"medium\": {\"ext\": \".webp\", \"url\": \"https://d1i031whgqu7f4.cloudfront.net/medium_CME_Mussafah_Warehouse_rev_bbe3d62f6c.webp\", \"hash\": \"medium_CME_Mussafah_Warehouse_rev_bbe3d62f6c\", \"mime\": \"image/webp\", \"name\": \"medium_CME Mussafah Warehouse rev.webp\", \"path\": null, \"size\": 52.54, \"width\": 750, \"height\": 551, \"sizeInBytes\": 52538}, \"thumbnail\": {\"ext\": \".webp\", \"url\": \"https://d1i031whgqu7f4.cloudfront.net/thumbnail_CME_Mussafah_Warehouse_rev_bbe3d62f6c.webp\", \"hash\": \"thumbnail_CME_Mussafah_Warehouse_rev_bbe3d62f6c\", \"mime\": \"image/webp\", \"name\": \"thumbnail_CME Mussafah Warehouse rev.webp\", \"path\": null, \"size\": 7.87, \"width\": 212, \"height\": 156, \"sizeInBytes\": 7868}}','CME_Mussafah_Warehouse_rev_bbe3d62f6c','.webp','image/webp',68.58,'https://d1i031whgqu7f4.cloudfront.net/CME_Mussafah_Warehouse_rev_bbe3d62f6c.webp',NULL,'strapi-provider-upload-aws-s3-plus-cdn',NULL,'/','2026-04-16 09:57:47.625000','2026-04-16 09:57:47.625000','2026-04-16 09:57:47.625000',1,1,NULL),(480,'b4u33l6vulzt1bqnzegjfcre','CME PT Service - Abu Dhabi.webp',NULL,NULL,781,574,'{\"small\": {\"ext\": \".webp\", \"url\": \"https://d1i031whgqu7f4.cloudfront.net/small_CME_PT_Service_Abu_Dhabi_24c55d6d1c.webp\", \"hash\": \"small_CME_PT_Service_Abu_Dhabi_24c55d6d1c\", \"mime\": \"image/webp\", \"name\": \"small_CME PT Service - Abu Dhabi.webp\", \"path\": null, \"size\": 33.62, \"width\": 500, \"height\": 367, \"sizeInBytes\": 33620}, \"medium\": {\"ext\": \".webp\", \"url\": \"https://d1i031whgqu7f4.cloudfront.net/medium_CME_PT_Service_Abu_Dhabi_24c55d6d1c.webp\", \"hash\": \"medium_CME_PT_Service_Abu_Dhabi_24c55d6d1c\", \"mime\": \"image/webp\", \"name\": \"medium_CME PT Service - Abu Dhabi.webp\", \"path\": null, \"size\": 58.54, \"width\": 750, \"height\": 551, \"sizeInBytes\": 58542}, \"thumbnail\": {\"ext\": \".webp\", \"url\": \"https://d1i031whgqu7f4.cloudfront.net/thumbnail_CME_PT_Service_Abu_Dhabi_24c55d6d1c.webp\", \"hash\": \"thumbnail_CME_PT_Service_Abu_Dhabi_24c55d6d1c\", \"mime\": \"image/webp\", \"name\": \"thumbnail_CME PT Service - Abu Dhabi.webp\", \"path\": null, \"size\": 8.59, \"width\": 212, \"height\": 156, \"sizeInBytes\": 8590}}','CME_PT_Service_Abu_Dhabi_24c55d6d1c','.webp','image/webp',73.33,'https://d1i031whgqu7f4.cloudfront.net/CME_PT_Service_Abu_Dhabi_24c55d6d1c.webp',NULL,'strapi-provider-upload-aws-s3-plus-cdn',NULL,'/','2026-04-16 10:01:02.245000','2026-04-16 10:01:02.245000','2026-04-16 10:01:02.246000',1,1,NULL),(481,'i9nx06ibyoebghspmzvaenf2','CME PT Service - Dubai Al Qouz 4.webp',NULL,NULL,781,574,'{\"small\": {\"ext\": \".webp\", \"url\": \"https://d1i031whgqu7f4.cloudfront.net/small_CME_PT_Service_Dubai_Al_Qouz_4_0f91abf8f6.webp\", \"hash\": \"small_CME_PT_Service_Dubai_Al_Qouz_4_0f91abf8f6\", \"mime\": \"image/webp\", \"name\": \"small_CME PT Service - Dubai Al Qouz 4.webp\", \"path\": null, \"size\": 21.73, \"width\": 500, \"height\": 367, \"sizeInBytes\": 21732}, \"medium\": {\"ext\": \".webp\", \"url\": \"https://d1i031whgqu7f4.cloudfront.net/medium_CME_PT_Service_Dubai_Al_Qouz_4_0f91abf8f6.webp\", \"hash\": \"medium_CME_PT_Service_Dubai_Al_Qouz_4_0f91abf8f6\", \"mime\": \"image/webp\", \"name\": \"medium_CME PT Service - Dubai Al Qouz 4.webp\", \"path\": null, \"size\": 38.16, \"width\": 750, \"height\": 551, \"sizeInBytes\": 38160}, \"thumbnail\": {\"ext\": \".webp\", \"url\": \"https://d1i031whgqu7f4.cloudfront.net/thumbnail_CME_PT_Service_Dubai_Al_Qouz_4_0f91abf8f6.webp\", \"hash\": \"thumbnail_CME_PT_Service_Dubai_Al_Qouz_4_0f91abf8f6\", \"mime\": \"image/webp\", \"name\": \"thumbnail_CME PT Service - Dubai Al Qouz 4.webp\", \"path\": null, \"size\": 6.04, \"width\": 212, \"height\": 156, \"sizeInBytes\": 6036}}','CME_PT_Service_Dubai_Al_Qouz_4_0f91abf8f6','.webp','image/webp',48.68,'https://d1i031whgqu7f4.cloudfront.net/CME_PT_Service_Dubai_Al_Qouz_4_0f91abf8f6.webp',NULL,'strapi-provider-upload-aws-s3-plus-cdn',NULL,'/','2026-04-16 10:01:44.345000','2026-04-16 10:01:44.345000','2026-04-16 10:01:44.346000',1,1,NULL),(482,'k74ue48psyjaa8rucq5hgpo4','CME Sharjah Warehouse.webp',NULL,NULL,781,574,'{\"small\": {\"ext\": \".webp\", \"url\": \"https://d1i031whgqu7f4.cloudfront.net/small_CME_Sharjah_Warehouse_369a586e76.webp\", \"hash\": \"small_CME_Sharjah_Warehouse_369a586e76\", \"mime\": \"image/webp\", \"name\": \"small_CME Sharjah Warehouse.webp\", \"path\": null, \"size\": 17.19, \"width\": 500, \"height\": 367, \"sizeInBytes\": 17192}, \"medium\": {\"ext\": \".webp\", \"url\": \"https://d1i031whgqu7f4.cloudfront.net/medium_CME_Sharjah_Warehouse_369a586e76.webp\", \"hash\": \"medium_CME_Sharjah_Warehouse_369a586e76\", \"mime\": \"image/webp\", \"name\": \"medium_CME Sharjah Warehouse.webp\", \"path\": null, \"size\": 30.01, \"width\": 750, \"height\": 551, \"sizeInBytes\": 30012}, \"thumbnail\": {\"ext\": \".webp\", \"url\": \"https://d1i031whgqu7f4.cloudfront.net/thumbnail_CME_Sharjah_Warehouse_369a586e76.webp\", \"hash\": \"thumbnail_CME_Sharjah_Warehouse_369a586e76\", \"mime\": \"image/webp\", \"name\": \"thumbnail_CME Sharjah Warehouse.webp\", \"path\": null, \"size\": 4.68, \"width\": 212, \"height\": 156, \"sizeInBytes\": 4682}}','CME_Sharjah_Warehouse_369a586e76','.webp','image/webp',43.70,'https://d1i031whgqu7f4.cloudfront.net/CME_Sharjah_Warehouse_369a586e76.webp',NULL,'strapi-provider-upload-aws-s3-plus-cdn',NULL,'/','2026-04-16 10:02:19.355000','2026-04-16 10:02:19.355000','2026-04-16 10:02:19.355000',1,1,NULL),(483,'jup7gwut8wwdiadjwy8uf5xa','CME Tyre Plus - ADNOC Bateen Station.webp',NULL,NULL,781,574,'{\"small\": {\"ext\": \".webp\", \"url\": \"https://d1i031whgqu7f4.cloudfront.net/small_CME_Tyre_Plus_ADNOC_Bateen_Station_44f3a31095.webp\", \"hash\": \"small_CME_Tyre_Plus_ADNOC_Bateen_Station_44f3a31095\", \"mime\": \"image/webp\", \"name\": \"small_CME Tyre Plus - ADNOC Bateen Station.webp\", \"path\": null, \"size\": 33.77, \"width\": 500, \"height\": 367, \"sizeInBytes\": 33768}, \"medium\": {\"ext\": \".webp\", \"url\": \"https://d1i031whgqu7f4.cloudfront.net/medium_CME_Tyre_Plus_ADNOC_Bateen_Station_44f3a31095.webp\", \"hash\": \"medium_CME_Tyre_Plus_ADNOC_Bateen_Station_44f3a31095\", \"mime\": \"image/webp\", \"name\": \"medium_CME Tyre Plus - ADNOC Bateen Station.webp\", \"path\": null, \"size\": 60.2, \"width\": 750, \"height\": 551, \"sizeInBytes\": 60198}, \"thumbnail\": {\"ext\": \".webp\", \"url\": \"https://d1i031whgqu7f4.cloudfront.net/thumbnail_CME_Tyre_Plus_ADNOC_Bateen_Station_44f3a31095.webp\", \"hash\": \"thumbnail_CME_Tyre_Plus_ADNOC_Bateen_Station_44f3a31095\", \"mime\": \"image/webp\", \"name\": \"thumbnail_CME Tyre Plus - ADNOC Bateen Station.webp\", \"path\": null, \"size\": 8.85, \"width\": 212, \"height\": 156, \"sizeInBytes\": 8852}}','CME_Tyre_Plus_ADNOC_Bateen_Station_44f3a31095','.webp','image/webp',76.45,'https://d1i031whgqu7f4.cloudfront.net/CME_Tyre_Plus_ADNOC_Bateen_Station_44f3a31095.webp',NULL,'strapi-provider-upload-aws-s3-plus-cdn',NULL,'/','2026-04-16 10:02:54.162000','2026-04-16 10:02:54.162000','2026-04-16 10:02:54.163000',1,1,NULL),(484,'j0guhx7w9euyvv1x6oe0xcaf','CME Tyre Plus - ADNOC Embassy Station.webp',NULL,NULL,781,574,'{\"small\": {\"ext\": \".webp\", \"url\": \"https://d1i031whgqu7f4.cloudfront.net/small_CME_Tyre_Plus_ADNOC_Embassy_Station_9bf4a40861.webp\", \"hash\": \"small_CME_Tyre_Plus_ADNOC_Embassy_Station_9bf4a40861\", \"mime\": \"image/webp\", \"name\": \"small_CME Tyre Plus - ADNOC Embassy Station.webp\", \"path\": null, \"size\": 34.45, \"width\": 500, \"height\": 367, \"sizeInBytes\": 34450}, \"medium\": {\"ext\": \".webp\", \"url\": \"https://d1i031whgqu7f4.cloudfront.net/medium_CME_Tyre_Plus_ADNOC_Embassy_Station_9bf4a40861.webp\", \"hash\": \"medium_CME_Tyre_Plus_ADNOC_Embassy_Station_9bf4a40861\", \"mime\": \"image/webp\", \"name\": \"medium_CME Tyre Plus - ADNOC Embassy Station.webp\", \"path\": null, \"size\": 61.28, \"width\": 750, \"height\": 551, \"sizeInBytes\": 61278}, \"thumbnail\": {\"ext\": \".webp\", \"url\": \"https://d1i031whgqu7f4.cloudfront.net/thumbnail_CME_Tyre_Plus_ADNOC_Embassy_Station_9bf4a40861.webp\", \"hash\": \"thumbnail_CME_Tyre_Plus_ADNOC_Embassy_Station_9bf4a40861\", \"mime\": \"image/webp\", \"name\": \"thumbnail_CME Tyre Plus - ADNOC Embassy Station.webp\", \"path\": null, \"size\": 8.63, \"width\": 212, \"height\": 156, \"sizeInBytes\": 8630}}','CME_Tyre_Plus_ADNOC_Embassy_Station_9bf4a40861','.webp','image/webp',78.99,'https://d1i031whgqu7f4.cloudfront.net/CME_Tyre_Plus_ADNOC_Embassy_Station_9bf4a40861.webp',NULL,'strapi-provider-upload-aws-s3-plus-cdn',NULL,'/','2026-04-16 10:03:54.545000','2026-04-16 10:03:54.545000','2026-04-16 10:03:54.545000',1,1,NULL),(485,'h8xdtai8kqievkbz7610n2id','CME Tyre Plus - ADNOC Shakhbout Station.webp',NULL,NULL,781,574,'{\"small\": {\"ext\": \".webp\", \"url\": \"https://d1i031whgqu7f4.cloudfront.net/small_CME_Tyre_Plus_ADNOC_Shakhbout_Station_c394a6c5ad.webp\", \"hash\": \"small_CME_Tyre_Plus_ADNOC_Shakhbout_Station_c394a6c5ad\", \"mime\": \"image/webp\", \"name\": \"small_CME Tyre Plus - ADNOC Shakhbout Station.webp\", \"path\": null, \"size\": 31.19, \"width\": 500, \"height\": 367, \"sizeInBytes\": 31188}, \"medium\": {\"ext\": \".webp\", \"url\": \"https://d1i031whgqu7f4.cloudfront.net/medium_CME_Tyre_Plus_ADNOC_Shakhbout_Station_c394a6c5ad.webp\", \"hash\": \"medium_CME_Tyre_Plus_ADNOC_Shakhbout_Station_c394a6c5ad\", \"mime\": \"image/webp\", \"name\": \"medium_CME Tyre Plus - ADNOC Shakhbout Station.webp\", \"path\": null, \"size\": 54.88, \"width\": 750, \"height\": 551, \"sizeInBytes\": 54884}, \"thumbnail\": {\"ext\": \".webp\", \"url\": \"https://d1i031whgqu7f4.cloudfront.net/thumbnail_CME_Tyre_Plus_ADNOC_Shakhbout_Station_c394a6c5ad.webp\", \"hash\": \"thumbnail_CME_Tyre_Plus_ADNOC_Shakhbout_Station_c394a6c5ad\", \"mime\": \"image/webp\", \"name\": \"thumbnail_CME Tyre Plus - ADNOC Shakhbout Station.webp\", \"path\": null, \"size\": 8.22, \"width\": 212, \"height\": 156, \"sizeInBytes\": 8218}}','CME_Tyre_Plus_ADNOC_Shakhbout_Station_c394a6c5ad','.webp','image/webp',70.68,'https://d1i031whgqu7f4.cloudfront.net/CME_Tyre_Plus_ADNOC_Shakhbout_Station_c394a6c5ad.webp',NULL,'strapi-provider-upload-aws-s3-plus-cdn',NULL,'/','2026-04-16 10:04:30.162000','2026-04-16 10:04:30.162000','2026-04-16 10:04:30.163000',1,1,NULL),(486,'le4o1jam5ddjkuwui61ihvvg','CME Tyre Plus - Mussafah.webp',NULL,NULL,781,574,'{\"small\": {\"ext\": \".webp\", \"url\": \"https://d1i031whgqu7f4.cloudfront.net/small_CME_Tyre_Plus_Mussafah_713f8d42c6.webp\", \"hash\": \"small_CME_Tyre_Plus_Mussafah_713f8d42c6\", \"mime\": \"image/webp\", \"name\": \"small_CME Tyre Plus - Mussafah.webp\", \"path\": null, \"size\": 28.65, \"width\": 500, \"height\": 367, \"sizeInBytes\": 28654}, \"medium\": {\"ext\": \".webp\", \"url\": \"https://d1i031whgqu7f4.cloudfront.net/medium_CME_Tyre_Plus_Mussafah_713f8d42c6.webp\", \"hash\": \"medium_CME_Tyre_Plus_Mussafah_713f8d42c6\", \"mime\": \"image/webp\", \"name\": \"medium_CME Tyre Plus - Mussafah.webp\", \"path\": null, \"size\": 51.79, \"width\": 750, \"height\": 551, \"sizeInBytes\": 51788}, \"thumbnail\": {\"ext\": \".webp\", \"url\": \"https://d1i031whgqu7f4.cloudfront.net/thumbnail_CME_Tyre_Plus_Mussafah_713f8d42c6.webp\", \"hash\": \"thumbnail_CME_Tyre_Plus_Mussafah_713f8d42c6\", \"mime\": \"image/webp\", \"name\": \"thumbnail_CME Tyre Plus - Mussafah.webp\", \"path\": null, \"size\": 7.05, \"width\": 212, \"height\": 156, \"sizeInBytes\": 7054}}','CME_Tyre_Plus_Mussafah_713f8d42c6','.webp','image/webp',69.58,'https://d1i031whgqu7f4.cloudfront.net/CME_Tyre_Plus_Mussafah_713f8d42c6.webp',NULL,'strapi-provider-upload-aws-s3-plus-cdn',NULL,'/','2026-04-16 10:05:20.334000','2026-04-16 10:05:20.334000','2026-04-16 10:05:20.335000',1,1,NULL),(487,'kllj021o14qgqzcqrzsp8esy','CME Workshop Test Equipment.webp',NULL,NULL,781,574,'{\"small\": {\"ext\": \".webp\", \"url\": \"https://d1i031whgqu7f4.cloudfront.net/small_CME_Workshop_Test_Equipment_e50ebba89d.webp\", \"hash\": \"small_CME_Workshop_Test_Equipment_e50ebba89d\", \"mime\": \"image/webp\", \"name\": \"small_CME Workshop Test Equipment.webp\", \"path\": null, \"size\": 19.93, \"width\": 500, \"height\": 367, \"sizeInBytes\": 19928}, \"medium\": {\"ext\": \".webp\", \"url\": \"https://d1i031whgqu7f4.cloudfront.net/medium_CME_Workshop_Test_Equipment_e50ebba89d.webp\", \"hash\": \"medium_CME_Workshop_Test_Equipment_e50ebba89d\", \"mime\": \"image/webp\", \"name\": \"medium_CME Workshop Test Equipment.webp\", \"path\": null, \"size\": 33.59, \"width\": 750, \"height\": 551, \"sizeInBytes\": 33594}, \"thumbnail\": {\"ext\": \".webp\", \"url\": \"https://d1i031whgqu7f4.cloudfront.net/thumbnail_CME_Workshop_Test_Equipment_e50ebba89d.webp\", \"hash\": \"thumbnail_CME_Workshop_Test_Equipment_e50ebba89d\", \"mime\": \"image/webp\", \"name\": \"thumbnail_CME Workshop Test Equipment.webp\", \"path\": null, \"size\": 5.9, \"width\": 212, \"height\": 156, \"sizeInBytes\": 5900}}','CME_Workshop_Test_Equipment_e50ebba89d','.webp','image/webp',43.38,'https://d1i031whgqu7f4.cloudfront.net/CME_Workshop_Test_Equipment_e50ebba89d.webp',NULL,'strapi-provider-upload-aws-s3-plus-cdn',NULL,'/','2026-04-16 10:06:02.657000','2026-04-16 10:06:02.657000','2026-04-16 10:06:02.657000',1,1,NULL),(488,'x71us4zb65r0r563wgduro7b','About Us Page Banner.png',NULL,NULL,1664,640,'{\"large\": {\"ext\": \".png\", \"url\": \"https://d1i031whgqu7f4.cloudfront.net/large_About_Us_Page_Banner_c16a04987a.png\", \"hash\": \"large_About_Us_Page_Banner_c16a04987a\", \"mime\": \"image/png\", \"name\": \"large_About Us Page Banner.png\", \"path\": null, \"size\": 789.34, \"width\": 1000, \"height\": 385, \"sizeInBytes\": 789340}, \"small\": {\"ext\": \".png\", \"url\": \"https://d1i031whgqu7f4.cloudfront.net/small_About_Us_Page_Banner_c16a04987a.png\", \"hash\": \"small_About_Us_Page_Banner_c16a04987a\", \"mime\": \"image/png\", \"name\": \"small_About Us Page Banner.png\", \"path\": null, \"size\": 208.92, \"width\": 500, \"height\": 192, \"sizeInBytes\": 208917}, \"medium\": {\"ext\": \".png\", \"url\": \"https://d1i031whgqu7f4.cloudfront.net/medium_About_Us_Page_Banner_c16a04987a.png\", \"hash\": \"medium_About_Us_Page_Banner_c16a04987a\", \"mime\": \"image/png\", \"name\": \"medium_About Us Page Banner.png\", \"path\": null, \"size\": 451.68, \"width\": 750, \"height\": 288, \"sizeInBytes\": 451680}, \"thumbnail\": {\"ext\": \".png\", \"url\": \"https://d1i031whgqu7f4.cloudfront.net/thumbnail_About_Us_Page_Banner_c16a04987a.png\", \"hash\": \"thumbnail_About_Us_Page_Banner_c16a04987a\", \"mime\": \"image/png\", \"name\": \"thumbnail_About Us Page Banner.png\", \"path\": null, \"size\": 55.95, \"width\": 245, \"height\": 94, \"sizeInBytes\": 55954}}','About_Us_Page_Banner_c16a04987a','.png','image/png',492.12,'https://d1i031whgqu7f4.cloudfront.net/About_Us_Page_Banner_c16a04987a.png',NULL,'strapi-provider-upload-aws-s3-plus-cdn',NULL,'/','2026-04-16 10:12:09.334000','2026-04-16 10:12:09.334000','2026-04-16 10:12:09.335000',1,1,NULL),(489,'bo4moqolbwpy3ucrjkbuo390','About us (Automotive aftermarket) Division Image.png',NULL,NULL,1024,1024,'{\"large\": {\"ext\": \".png\", \"url\": \"https://d1i031whgqu7f4.cloudfront.net/large_About_us_Automotive_aftermarket_Division_Image_bafedd8318.png\", \"hash\": \"large_About_us_Automotive_aftermarket_Division_Image_bafedd8318\", \"mime\": \"image/png\", \"name\": \"large_About us (Automotive aftermarket) Division Image.png\", \"path\": null, \"size\": 2063.77, \"width\": 1000, \"height\": 1000, \"sizeInBytes\": 2063767}, \"small\": {\"ext\": \".png\", \"url\": \"https://d1i031whgqu7f4.cloudfront.net/small_About_us_Automotive_aftermarket_Division_Image_bafedd8318.png\", \"hash\": \"small_About_us_Automotive_aftermarket_Division_Image_bafedd8318\", \"mime\": \"image/png\", \"name\": \"small_About us (Automotive aftermarket) Division Image.png\", \"path\": null, \"size\": 540.54, \"width\": 500, \"height\": 500, \"sizeInBytes\": 540537}, \"medium\": {\"ext\": \".png\", \"url\": \"https://d1i031whgqu7f4.cloudfront.net/medium_About_us_Automotive_aftermarket_Division_Image_bafedd8318.png\", \"hash\": \"medium_About_us_Automotive_aftermarket_Division_Image_bafedd8318\", \"mime\": \"image/png\", \"name\": \"medium_About us (Automotive aftermarket) Division Image.png\", \"path\": null, \"size\": 1201.09, \"width\": 750, \"height\": 750, \"sizeInBytes\": 1201090}, \"thumbnail\": {\"ext\": \".png\", \"url\": \"https://d1i031whgqu7f4.cloudfront.net/thumbnail_About_us_Automotive_aftermarket_Division_Image_bafedd8318.png\", \"hash\": \"thumbnail_About_us_Automotive_aftermarket_Division_Image_bafedd8318\", \"mime\": \"image/png\", \"name\": \"thumbnail_About us (Automotive aftermarket) Division Image.png\", \"path\": null, \"size\": 56.43, \"width\": 156, \"height\": 156, \"sizeInBytes\": 56428}}','About_us_Automotive_aftermarket_Division_Image_bafedd8318','.png','image/png',683.68,'https://d1i031whgqu7f4.cloudfront.net/About_us_Automotive_aftermarket_Division_Image_bafedd8318.png',NULL,'strapi-provider-upload-aws-s3-plus-cdn',NULL,'/','2026-04-16 10:13:26.413000','2026-04-16 10:13:26.413000','2026-04-16 10:13:26.413000',1,1,NULL),(490,'lle7mjdnmssdoqzdyj34vyqo','Automotive Aftermarket (Business Stream Banner) Homepage.png',NULL,NULL,768,1377,'{\"large\": {\"ext\": \".png\", \"url\": \"https://d1i031whgqu7f4.cloudfront.net/large_Automotive_Aftermarket_Business_Stream_Banner_Homepage_3e82a39b41.png\", \"hash\": \"large_Automotive_Aftermarket_Business_Stream_Banner_Homepage_3e82a39b41\", \"mime\": \"image/png\", \"name\": \"large_Automotive Aftermarket (Business Stream Banner) Homepage.png\", \"path\": null, \"size\": 1213.77, \"width\": 558, \"height\": 1000, \"sizeInBytes\": 1213767}, \"small\": {\"ext\": \".png\", \"url\": \"https://d1i031whgqu7f4.cloudfront.net/small_Automotive_Aftermarket_Business_Stream_Banner_Homepage_3e82a39b41.png\", \"hash\": \"small_Automotive_Aftermarket_Business_Stream_Banner_Homepage_3e82a39b41\", \"mime\": \"image/png\", \"name\": \"small_Automotive Aftermarket (Business Stream Banner) Homepage.png\", \"path\": null, \"size\": 317.32, \"width\": 279, \"height\": 500, \"sizeInBytes\": 317323}, \"medium\": {\"ext\": \".png\", \"url\": \"https://d1i031whgqu7f4.cloudfront.net/medium_Automotive_Aftermarket_Business_Stream_Banner_Homepage_3e82a39b41.png\", \"hash\": \"medium_Automotive_Aftermarket_Business_Stream_Banner_Homepage_3e82a39b41\", \"mime\": \"image/png\", \"name\": \"medium_Automotive Aftermarket (Business Stream Banner) Homepage.png\", \"path\": null, \"size\": 696.32, \"width\": 418, \"height\": 750, \"sizeInBytes\": 696323}, \"thumbnail\": {\"ext\": \".png\", \"url\": \"https://d1i031whgqu7f4.cloudfront.net/thumbnail_Automotive_Aftermarket_Business_Stream_Banner_Homepage_3e82a39b41.png\", \"hash\": \"thumbnail_Automotive_Aftermarket_Business_Stream_Banner_Homepage_3e82a39b41\", \"mime\": \"image/png\", \"name\": \"thumbnail_Automotive Aftermarket (Business Stream Banner) Homepage.png\", \"path\": null, \"size\": 34.23, \"width\": 87, \"height\": 156, \"sizeInBytes\": 34230}}','Automotive_Aftermarket_Business_Stream_Banner_Homepage_3e82a39b41','.png','image/png',650.74,'https://d1i031whgqu7f4.cloudfront.net/Automotive_Aftermarket_Business_Stream_Banner_Homepage_3e82a39b41.png',NULL,'strapi-provider-upload-aws-s3-plus-cdn',NULL,'/','2026-04-16 10:18:19.096000','2026-04-16 10:18:19.096000','2026-04-16 10:18:19.097000',1,1,NULL),(491,'ifid53e9l46i06dffzd206t4','Homepage About CME (1000x1000).png',NULL,NULL,1000,1000,'{\"small\": {\"ext\": \".png\", \"url\": \"https://d1i031whgqu7f4.cloudfront.net/small_Homepage_About_CME_1000x1000_0f35e966a1.png\", \"hash\": \"small_Homepage_About_CME_1000x1000_0f35e966a1\", \"mime\": \"image/png\", \"name\": \"small_Homepage About CME (1000x1000).png\", \"path\": null, \"size\": 457.2, \"width\": 500, \"height\": 500, \"sizeInBytes\": 457198}, \"medium\": {\"ext\": \".png\", \"url\": \"https://d1i031whgqu7f4.cloudfront.net/medium_Homepage_About_CME_1000x1000_0f35e966a1.png\", \"hash\": \"medium_Homepage_About_CME_1000x1000_0f35e966a1\", \"mime\": \"image/png\", \"name\": \"medium_Homepage About CME (1000x1000).png\", \"path\": null, \"size\": 1009.96, \"width\": 750, \"height\": 750, \"sizeInBytes\": 1009961}, \"thumbnail\": {\"ext\": \".png\", \"url\": \"https://d1i031whgqu7f4.cloudfront.net/thumbnail_Homepage_About_CME_1000x1000_0f35e966a1.png\", \"hash\": \"thumbnail_Homepage_About_CME_1000x1000_0f35e966a1\", \"mime\": \"image/png\", \"name\": \"thumbnail_Homepage About CME (1000x1000).png\", \"path\": null, \"size\": 49.73, \"width\": 156, \"height\": 156, \"sizeInBytes\": 49731}}','Homepage_About_CME_1000x1000_0f35e966a1','.png','image/png',419.66,'https://d1i031whgqu7f4.cloudfront.net/Homepage_About_CME_1000x1000_0f35e966a1.png',NULL,'strapi-provider-upload-aws-s3-plus-cdn',NULL,'/','2026-04-16 10:21:57.744000','2026-04-16 10:21:57.744000','2026-04-16 10:21:57.745000',1,1,NULL),(492,'lzb1ireoox53g68ou6uzn9gr','Image Hero Banner (Homepage) 1st Banner.jpg',NULL,NULL,1920,1080,'{\"large\": {\"ext\": \".jpg\", \"url\": \"https://d1i031whgqu7f4.cloudfront.net/large_Image_Hero_Banner_Homepage_1st_Banner_d6ba5e8a15.jpg\", \"hash\": \"large_Image_Hero_Banner_Homepage_1st_Banner_d6ba5e8a15\", \"mime\": \"image/jpeg\", \"name\": \"large_Image Hero Banner (Homepage) 1st Banner.jpg\", \"path\": null, \"size\": 90.58, \"width\": 1000, \"height\": 563, \"sizeInBytes\": 90579}, \"small\": {\"ext\": \".jpg\", \"url\": \"https://d1i031whgqu7f4.cloudfront.net/small_Image_Hero_Banner_Homepage_1st_Banner_d6ba5e8a15.jpg\", \"hash\": \"small_Image_Hero_Banner_Homepage_1st_Banner_d6ba5e8a15\", \"mime\": \"image/jpeg\", \"name\": \"small_Image Hero Banner (Homepage) 1st Banner.jpg\", \"path\": null, \"size\": 29.67, \"width\": 500, \"height\": 281, \"sizeInBytes\": 29668}, \"medium\": {\"ext\": \".jpg\", \"url\": \"https://d1i031whgqu7f4.cloudfront.net/medium_Image_Hero_Banner_Homepage_1st_Banner_d6ba5e8a15.jpg\", \"hash\": \"medium_Image_Hero_Banner_Homepage_1st_Banner_d6ba5e8a15\", \"mime\": \"image/jpeg\", \"name\": \"medium_Image Hero Banner (Homepage) 1st Banner.jpg\", \"path\": null, \"size\": 56.72, \"width\": 750, \"height\": 422, \"sizeInBytes\": 56720}, \"thumbnail\": {\"ext\": \".jpg\", \"url\": \"https://d1i031whgqu7f4.cloudfront.net/thumbnail_Image_Hero_Banner_Homepage_1st_Banner_d6ba5e8a15.jpg\", \"hash\": \"thumbnail_Image_Hero_Banner_Homepage_1st_Banner_d6ba5e8a15\", \"mime\": \"image/jpeg\", \"name\": \"thumbnail_Image Hero Banner (Homepage) 1st Banner.jpg\", \"path\": null, \"size\": 9.35, \"width\": 245, \"height\": 138, \"sizeInBytes\": 9347}}','Image_Hero_Banner_Homepage_1st_Banner_d6ba5e8a15','.jpg','image/jpeg',264.37,'https://d1i031whgqu7f4.cloudfront.net/Image_Hero_Banner_Homepage_1st_Banner_d6ba5e8a15.jpg',NULL,'strapi-provider-upload-aws-s3-plus-cdn',NULL,'/','2026-04-16 10:23:37.399000','2026-04-16 10:23:37.399000','2026-04-16 10:23:37.400000',1,1,NULL),(493,'rblbn7ygulfbl6cj0luqfwoo','Automotive Aftermarket (Business Stream Banner) Homepage.png',NULL,NULL,768,1377,'{\"large\": {\"ext\": \".png\", \"url\": \"https://d1i031whgqu7f4.cloudfront.net/large_Automotive_Aftermarket_Business_Stream_Banner_Homepage_7b609e2c87.png\", \"hash\": \"large_Automotive_Aftermarket_Business_Stream_Banner_Homepage_7b609e2c87\", \"mime\": \"image/png\", \"name\": \"large_Automotive Aftermarket (Business Stream Banner) Homepage.png\", \"path\": null, \"size\": 1213.77, \"width\": 558, \"height\": 1000, \"sizeInBytes\": 1213767}, \"small\": {\"ext\": \".png\", \"url\": \"https://d1i031whgqu7f4.cloudfront.net/small_Automotive_Aftermarket_Business_Stream_Banner_Homepage_7b609e2c87.png\", \"hash\": \"small_Automotive_Aftermarket_Business_Stream_Banner_Homepage_7b609e2c87\", \"mime\": \"image/png\", \"name\": \"small_Automotive Aftermarket (Business Stream Banner) Homepage.png\", \"path\": null, \"size\": 317.32, \"width\": 279, \"height\": 500, \"sizeInBytes\": 317323}, \"medium\": {\"ext\": \".png\", \"url\": \"https://d1i031whgqu7f4.cloudfront.net/medium_Automotive_Aftermarket_Business_Stream_Banner_Homepage_7b609e2c87.png\", \"hash\": \"medium_Automotive_Aftermarket_Business_Stream_Banner_Homepage_7b609e2c87\", \"mime\": \"image/png\", \"name\": \"medium_Automotive Aftermarket (Business Stream Banner) Homepage.png\", \"path\": null, \"size\": 696.32, \"width\": 418, \"height\": 750, \"sizeInBytes\": 696323}, \"thumbnail\": {\"ext\": \".png\", \"url\": \"https://d1i031whgqu7f4.cloudfront.net/thumbnail_Automotive_Aftermarket_Business_Stream_Banner_Homepage_7b609e2c87.png\", \"hash\": \"thumbnail_Automotive_Aftermarket_Business_Stream_Banner_Homepage_7b609e2c87\", \"mime\": \"image/png\", \"name\": \"thumbnail_Automotive Aftermarket (Business Stream Banner) Homepage.png\", \"path\": null, \"size\": 34.23, \"width\": 87, \"height\": 156, \"sizeInBytes\": 34230}}','Automotive_Aftermarket_Business_Stream_Banner_Homepage_7b609e2c87','.png','image/png',650.74,'https://d1i031whgqu7f4.cloudfront.net/Automotive_Aftermarket_Business_Stream_Banner_Homepage_7b609e2c87.png',NULL,'strapi-provider-upload-aws-s3-plus-cdn',NULL,'/','2026-04-17 12:14:00.833000','2026-04-17 12:14:00.833000','2026-04-17 12:14:00.834000',1,1,NULL);

--
-- Table structure for table `files_folder_lnk`
--

CREATE TABLE `files_folder_lnk` (
  `id` int unsigned NOT NULL AUTO_INCREMENT,
  `file_id` int unsigned DEFAULT NULL,
  `folder_id` int unsigned DEFAULT NULL,
  `file_ord` double unsigned DEFAULT NULL,
  PRIMARY KEY (`id`),
  UNIQUE KEY `files_folder_lnk_uq` (`file_id`,`folder_id`),
  KEY `files_folder_lnk_fk` (`file_id`),
  KEY `files_folder_lnk_ifk` (`folder_id`),
  KEY `files_folder_lnk_oifk` (`file_ord`),
  CONSTRAINT `files_folder_lnk_fk` FOREIGN KEY (`file_id`) REFERENCES `files` (`id`) ON DELETE CASCADE,
  CONSTRAINT `files_folder_lnk_ifk` FOREIGN KEY (`folder_id`) REFERENCES `upload_folders` (`id`) ON DELETE CASCADE
) ENGINE=InnoDB AUTO_INCREMENT=358 DEFAULT CHARSET=utf8mb4 COLLATE=utf8mb4_0900_ai_ci;

--
-- Dumping data for table `files_folder_lnk`
--

INSERT INTO `files_folder_lnk` VALUES (3,14,1,1),(4,16,1,2),(7,19,3,1),(8,20,4,1),(9,21,5,1),(10,22,6,1),(11,23,6,1),(12,24,6,1),(13,25,6,2),(14,26,6,3),(15,27,6,3),(16,28,6,4),(17,29,6,4),(18,30,6,5),(19,31,1,3),(20,32,7,1),(21,33,7,1),(22,34,7,1),(23,35,7,2),(24,36,7,2),(25,37,7,2),(26,38,8,1),(27,39,8,2),(28,40,8,3),(29,41,1,4),(32,44,10,1),(33,45,9,1),(34,46,12,1),(36,48,11,1),(37,49,12,3),(38,50,13,1),(39,51,13,1),(40,52,13,2),(41,53,13,3),(42,54,13,4),(43,55,13,5),(44,56,14,1),(47,58,14,3),(50,60,15,1),(51,61,15,2),(52,62,15,3),(53,63,15,3),(54,64,16,1),(55,65,16,2),(56,66,16,3),(57,67,16,4),(58,68,16,4),(59,69,15,4),(60,70,10,2),(61,71,10,3),(62,72,10,4),(63,73,10,5),(64,74,10,5),(65,75,10,5),(72,85,7,3),(73,86,7,4),(74,87,17,1),(75,88,17,2),(76,89,17,3),(77,90,17,4),(78,91,17,5),(79,92,17,6),(80,93,14,4),(90,117,18,1),(91,118,18,2),(92,119,18,3),(93,120,18,4),(94,121,18,5),(95,122,18,6),(96,123,18,7),(97,124,18,7),(98,126,18,8),(99,127,18,9),(100,128,18,10),(103,136,20,1),(105,204,13,6),(106,205,13,7),(110,206,2,1),(113,207,5,2),(114,216,21,1),(115,217,21,1),(116,218,21,1),(117,219,21,1),(118,220,21,2),(119,221,21,3),(120,222,22,1),(121,223,6,6),(122,224,6,7),(123,225,6,8),(124,226,6,9),(125,227,6,10),(126,228,6,11),(127,229,6,12),(128,230,6,13),(129,231,6,14),(130,232,6,15),(131,233,6,16),(132,234,6,17),(133,235,6,18),(134,236,6,19),(135,237,6,20),(136,238,6,21),(137,239,17,7),(138,240,17,8),(139,241,17,9),(144,245,18,NULL),(146,246,15,5),(147,247,15,6),(148,248,15,6),(149,249,15,7),(150,250,15,7),(151,251,15,8),(152,252,15,8),(153,253,15,9),(154,254,15,10),(155,255,23,1),(160,260,24,2),(170,268,26,1),(172,270,26,2),(174,271,27,1),(180,277,27,7),(181,278,27,8),(182,279,28,1),(183,280,28,2),(184,281,28,3),(185,282,28,4),(186,283,28,5),(187,284,29,1),(188,285,29,2),(189,286,29,3),(190,287,29,4),(191,288,29,5),(192,289,29,6),(193,290,29,7),(194,291,25,1),(195,292,25,2),(196,293,25,3),(197,294,25,3),(198,295,25,4),(199,296,25,5),(200,297,25,5),(201,298,25,6),(202,299,27,9),(203,300,27,10),(204,301,27,11),(205,302,27,12),(206,303,27,13),(208,305,24,3),(209,306,24,4),(210,307,24,5),(211,308,30,1),(212,309,30,2),(213,310,30,3),(214,311,30,4),(215,312,31,1),(216,313,14,5),(217,314,14,5),(218,315,32,1),(219,316,32,2),(220,317,32,3),(221,318,32,4),(222,319,32,5),(223,320,32,6),(224,321,32,7),(225,322,32,8),(226,323,6,22),(227,324,6,22),(228,325,6,23),(229,326,6,24),(230,328,6,25),(231,327,6,25),(232,329,6,25),(233,330,6,25),(234,331,6,26),(235,332,6,26),(236,333,6,27),(237,334,6,28),(238,335,6,29),(239,336,2,2),(240,337,20,2),(241,338,18,11),(242,353,34,1),(243,354,35,1),(244,355,35,2),(245,356,36,1),(246,357,36,1),(247,358,36,2),(248,362,19,2),(249,366,37,1),(250,367,37,2),(251,368,37,3),(252,369,37,4),(253,370,37,5),(254,371,37,6),(255,372,39,1),(256,373,39,2),(257,374,39,2),(258,375,39,3),(259,376,39,4),(260,377,39,5),(261,378,39,6),(262,379,39,7),(263,380,39,8),(264,381,40,1),(265,382,40,2),(266,383,40,3),(267,384,40,4),(268,385,40,5),(269,386,40,6),(270,387,40,7),(271,388,40,8),(272,389,41,1),(273,390,41,2),(274,391,41,3),(275,392,41,4),(276,393,41,5),(277,394,41,6),(278,395,41,7),(279,396,41,8),(281,397,38,1),(283,399,42,1),(284,400,43,1),(285,401,43,2),(286,402,43,3),(287,403,43,3),(288,404,43,3),(289,405,43,4),(290,406,43,4),(291,407,43,5),(293,408,44,1),(294,410,44,2),(295,411,44,2),(296,409,44,2),(297,412,44,2),(298,413,44,3),(299,414,44,4),(300,415,44,5),(303,416,45,1),(304,417,45,1),(305,418,45,1),(306,419,45,2),(307,420,45,3),(308,421,45,3),(309,422,45,4),(310,423,45,5),(311,424,45,5),(314,425,13,8),(315,426,47,1),(316,427,47,1),(317,428,47,1),(318,429,47,1),(319,430,47,2),(320,431,47,2),(321,432,47,2),(322,433,47,3),(323,434,47,4),(324,435,50,1),(325,436,50,2),(326,437,50,2),(327,438,50,2),(328,439,50,3),(329,440,50,4),(330,441,50,5),(331,442,50,6),(332,443,50,7),(333,444,50,8),(334,445,50,9),(335,446,50,10),(336,447,50,11),(337,448,50,12),(339,449,48,1),(340,450,48,1),(341,451,49,1),(342,452,49,2),(343,453,49,3),(344,454,50,13),(345,455,26,3),(346,456,26,4),(347,457,26,5),(348,458,26,5),(349,459,26,5),(350,460,26,5),(351,461,26,5),(352,462,26,6),(353,463,26,6),(354,464,26,6),(355,465,26,7),(356,466,26,7),(357,467,26,7);

--
-- Table structure for table `files_related_mph`
--

CREATE TABLE `files_related_mph` (
  `id` int unsigned NOT NULL AUTO_INCREMENT,
  `file_id` int unsigned DEFAULT NULL,
  `related_id` int unsigned DEFAULT NULL,
  `related_type` varchar(255) DEFAULT NULL,
  `field` varchar(255) DEFAULT NULL,
  `order` double unsigned DEFAULT NULL,
  PRIMARY KEY (`id`),
  KEY `files_related_mph_fk` (`file_id`),
  KEY `files_related_mph_oidx` (`order`),
  KEY `files_related_mph_idix` (`related_id`),
  CONSTRAINT `files_related_mph_fk` FOREIGN KEY (`file_id`) REFERENCES `files` (`id`) ON DELETE CASCADE
) ENGINE=InnoDB AUTO_INCREMENT=6806 DEFAULT CHARSET=utf8mb4 COLLATE=utf8mb4_0900_ai_ci;

--
-- Dumping data for table `files_related_mph`
--

INSERT INTO `files_related_mph` VALUES (60,16,5,'home.about-cme','image',1),(65,16,6,'home.about-cme','image',1),(71,16,7,'home.about-cme','image',1),(86,16,8,'home.about-cme','image',1),(118,16,9,'home.about-cme','image',1),(126,16,10,'home.about-cme','image',1),(142,16,11,'home.about-cme','image',1),(146,39,3,'api::branch.branch','image',1),(150,40,6,'api::branch.branch','image',1),(152,39,7,'api::branch.branch','image',1),(154,38,10,'api::branch.branch','image',1),(160,16,12,'home.about-cme','image',1),(187,49,15,'common.banner','media',1),(188,46,15,'common.banner','responsiveMedia',1),(191,49,19,'common.banner','media',1),(192,46,19,'common.banner','responsiveMedia',1),(196,39,11,'api::branch.branch','image',1),(198,40,12,'api::branch.branch','image',1),(200,38,13,'api::branch.branch','image',1),(202,38,14,'api::branch.branch','image',1),(204,38,15,'api::branch.branch','image',1),(206,38,16,'api::branch.branch','image',1),(207,38,8,'api::branch.branch','image',1),(210,40,18,'api::branch.branch','image',1),(211,40,4,'api::branch.branch','image',1),(212,40,19,'api::branch.branch','image',1),(379,39,2,'api::branch.branch','image',1),(381,39,3,'api::branch.branch','image',1),(383,39,4,'api::branch.branch','image',1),(384,40,6,'api::branch.branch','image',1),(402,54,3,'api::our-service.our-service','image',1),(406,54,4,'api::our-service.our-service','image',1),(432,39,7,'api::branch.branch','image',1),(434,39,8,'api::branch.branch','image',1),(436,40,9,'api::branch.branch','image',1),(437,19,12,'api::our-service.our-service','image',1),(438,19,15,'api::our-service.our-service','image',1),(439,58,35,'common.banner','media',1),(441,58,43,'common.banner','media',1),(443,56,24,'common.banner','media',1),(445,56,44,'common.banner','media',1),(568,69,2,'common.location-card','image',1),(590,69,5,'common.location-card','image',1),(591,69,6,'common.location-card','image',1),(592,69,7,'common.location-card','image',1),(627,69,8,'common.location-card','image',1),(628,69,9,'common.location-card','image',1),(629,69,10,'common.location-card','image',1),(630,75,26,'api::service.service','listImage',1),(632,74,28,'api::service.service','listImage',1),(634,73,30,'api::service.service','listImage',1),(636,72,32,'api::service.service','listImage',1),(638,74,33,'api::service.service','listImage',1),(646,16,2,'home.about-cme','image',1),(655,16,3,'home.about-cme','image',1),(663,16,4,'home.about-cme','image',1),(675,16,5,'home.about-cme','image',1),(691,16,6,'home.about-cme','image',1),(704,16,7,'home.about-cme','image',1),(715,16,8,'home.about-cme','image',1),(822,16,9,'home.about-cme','image',1),(840,16,10,'home.about-cme','image',1),(852,16,11,'home.about-cme','image',1),(864,16,12,'home.about-cme','image',1),(876,16,13,'home.about-cme','image',1),(888,16,14,'home.about-cme','image',1),(974,87,10,'api::branch.branch','image',1),(976,87,11,'api::branch.branch','image',1),(980,87,12,'api::branch.branch','image',1),(982,87,13,'api::branch.branch','image',1),(984,87,14,'api::branch.branch','image',1),(986,87,15,'api::branch.branch','image',1),(988,87,16,'api::branch.branch','image',1),(990,38,18,'api::branch.branch','image',1),(992,88,19,'api::branch.branch','image',1),(994,88,20,'api::branch.branch','image',1),(996,89,22,'api::branch.branch','image',1),(998,88,23,'api::branch.branch','image',1),(1000,87,24,'api::branch.branch','image',1),(1002,90,26,'api::branch.branch','image',1),(1004,91,28,'api::branch.branch','image',1),(1006,92,30,'api::branch.branch','image',1),(1008,89,33,'api::branch.branch','image',1),(1010,89,34,'api::branch.branch','image',1),(1012,89,35,'api::branch.branch','image',1),(1014,88,36,'api::branch.branch','image',1),(1016,87,37,'api::branch.branch','image',1),(1018,87,38,'api::branch.branch','image',1),(1020,91,39,'api::branch.branch','image',1),(1022,90,40,'api::branch.branch','image',1),(1024,92,41,'api::branch.branch','image',1),(1027,56,31,'common.banner','media',1),(1029,56,80,'common.banner','media',1),(1046,16,15,'home.about-cme','image',1),(1083,91,6,'service-landing.service-locations','image',1),(1087,91,8,'service-landing.service-locations','image',1),(1099,16,16,'home.about-cme','image',1),(1105,87,42,'api::branch.branch','image',1),(1131,87,43,'api::branch.branch','image',1),(1146,16,17,'home.about-cme','image',1),(1179,72,34,'api::service.service','listImage',1),(1194,16,18,'home.about-cme','image',1),(1222,16,19,'home.about-cme','image',1),(1251,91,11,'service-landing.service-locations','image',1),(1256,89,13,'service-landing.service-locations','image',1),(1257,91,14,'service-landing.service-locations','image',1),(1285,16,20,'home.about-cme','image',1),(1311,16,21,'home.about-cme','image',1),(1337,16,22,'home.about-cme','image',1),(1363,16,23,'home.about-cme','image',1),(1401,16,24,'home.about-cme','image',1),(1412,117,101,'common.banner','media',1),(1413,117,102,'common.banner','media',1),(1436,122,44,'api::branch.branch','image',1),(1437,122,45,'api::branch.branch','image',1),(1440,122,47,'api::branch.branch','image',1),(1441,122,46,'api::branch.branch','image',1),(1442,122,48,'api::branch.branch','image',1),(1479,128,1,'api::social.social','image',1),(1480,126,1,'api::social.social','icon',1),(1481,128,2,'api::social.social','image',1),(1482,126,2,'api::social.social','icon',1),(1483,127,3,'api::social.social','image',1),(1484,126,3,'api::social.social','icon',1),(1485,127,4,'api::social.social','image',1),(1486,126,4,'api::social.social','icon',1),(1490,130,49,'api::branch.branch','image',1),(1501,69,1,'common.location-card','image',1),(1502,69,3,'common.location-card','image',1),(1503,69,4,'common.location-card','image',1),(1514,69,11,'common.location-card','image',1),(1515,69,12,'common.location-card','image',1),(1516,69,13,'common.location-card','image',1),(1517,75,35,'api::service.service','listImage',1),(1528,128,1,'api::social.social','image',1),(1529,126,1,'api::social.social','icon',1),(1530,128,2,'api::social.social','image',1),(1531,126,2,'api::social.social','icon',1),(1532,127,3,'api::social.social','image',1),(1533,126,3,'api::social.social','icon',1),(1534,127,4,'api::social.social','image',1),(1535,126,4,'api::social.social','icon',1),(1563,16,25,'home.about-cme','image',1),(1587,16,26,'home.about-cme','image',1),(1637,89,50,'api::branch.branch','image',1),(1675,89,51,'api::branch.branch','image',1),(1677,91,52,'api::branch.branch','image',1),(1693,91,53,'api::branch.branch','image',1),(1710,111,22,'api::brand.brand','image',1),(1723,88,54,'api::branch.branch','image',1),(1725,130,55,'api::branch.branch','image',1),(1729,87,56,'api::branch.branch','image',1),(1734,157,36,'api::brand.brand','image',1),(1746,159,40,'api::brand.brand','image',1),(1747,159,47,'api::brand.brand','image',1),(1758,24,16,'api::brand.brand','image',1),(1759,24,53,'api::brand.brand','image',1),(1768,161,54,'api::brand.brand','image',1),(1769,161,55,'api::brand.brand','image',1),(1778,22,18,'api::brand.brand','image',1),(1779,22,63,'api::brand.brand','image',1),(1780,109,24,'api::brand.brand','image',1),(1781,109,64,'api::brand.brand','image',1),(1787,87,57,'api::branch.branch','image',1),(1789,90,58,'api::branch.branch','image',1),(1791,89,59,'api::branch.branch','image',1),(1793,92,60,'api::branch.branch','image',1),(1795,87,61,'api::branch.branch','image',1),(1839,91,62,'api::branch.branch','image',1),(1841,90,63,'api::branch.branch','image',1),(1843,89,64,'api::branch.branch','image',1),(1845,92,65,'api::branch.branch','image',1),(1847,91,66,'api::branch.branch','image',1),(1849,91,67,'api::branch.branch','image',1),(1851,89,68,'api::branch.branch','image',1),(1853,89,69,'api::branch.branch','image',1),(1855,91,70,'api::branch.branch','image',1),(1892,172,121,'common.title-desc-with-img','image',1),(1895,172,125,'common.title-desc-with-img','image',1),(1905,88,71,'api::branch.branch','image',1),(1907,87,72,'api::branch.branch','image',1),(1909,87,73,'api::branch.branch','image',1),(1911,89,74,'api::branch.branch','image',1),(1913,130,75,'api::branch.branch','image',1),(1915,92,76,'api::branch.branch','image',1),(1919,92,77,'api::branch.branch','image',1),(1925,88,78,'api::branch.branch','image',1),(1927,89,79,'api::branch.branch','image',1),(1929,130,80,'api::branch.branch','image',1),(1931,87,81,'api::branch.branch','image',1),(1933,92,82,'api::branch.branch','image',1),(1935,90,83,'api::branch.branch','image',1),(1937,91,84,'api::branch.branch','image',1),(1939,87,85,'api::branch.branch','image',1),(1941,176,100,'api::branch.branch','image',1),(1943,177,101,'api::branch.branch','image',1),(1945,178,102,'api::branch.branch','image',1),(1948,88,104,'api::branch.branch','image',1),(1950,92,105,'api::branch.branch','image',1),(1952,179,107,'api::branch.branch','image',1),(1954,180,109,'api::branch.branch','image',1),(1956,180,110,'api::branch.branch','image',1),(1958,180,111,'api::branch.branch','image',1),(1960,180,112,'api::branch.branch','image',1),(1962,180,114,'api::branch.branch','image',1),(1964,89,115,'api::branch.branch','image',1),(1966,91,116,'api::branch.branch','image',1),(1968,90,117,'api::branch.branch','image',1),(1970,179,119,'api::branch.branch','image',1),(1972,179,124,'api::branch.branch','image',1),(1974,87,126,'api::branch.branch','image',1),(2012,179,127,'api::branch.branch','image',1),(2014,179,128,'api::branch.branch','image',1),(2016,179,129,'api::branch.branch','image',1),(2018,179,130,'api::branch.branch','image',1),(2020,179,131,'api::branch.branch','image',1),(2057,154,28,'api::brand.brand','image',1),(2058,154,73,'api::brand.brand','image',1),(2070,176,132,'api::branch.branch','image',1),(2076,178,133,'api::branch.branch','image',1),(2078,177,134,'api::branch.branch','image',1),(2080,92,135,'api::branch.branch','image',1),(2083,159,56,'api::brand.brand','image',1),(2085,30,20,'api::brand.brand','image',1),(2087,158,38,'api::brand.brand','image',1),(2088,158,78,'api::brand.brand','image',1),(2089,124,14,'api::brand.brand','image',1),(2092,91,136,'api::branch.branch','image',1),(2094,91,137,'api::branch.branch','image',1),(2096,90,138,'api::branch.branch','image',1),(2098,91,139,'api::branch.branch','image',1),(2100,91,140,'api::branch.branch','image',1),(2102,92,141,'api::branch.branch','image',1),(2104,179,142,'api::branch.branch','image',1),(2107,88,143,'api::branch.branch','image',1),(2109,179,145,'api::branch.branch','image',1),(2111,88,146,'api::branch.branch','image',1),(2113,179,147,'api::branch.branch','image',1),(2115,180,148,'api::branch.branch','image',1),(2117,180,149,'api::branch.branch','image',1),(2119,179,150,'api::branch.branch','image',1),(2121,179,151,'api::branch.branch','image',1),(2123,88,152,'api::branch.branch','image',1),(2125,88,153,'api::branch.branch','image',1),(2127,88,154,'api::branch.branch','image',1),(2148,26,44,'api::brand.brand','image',1),(2149,26,80,'api::brand.brand','image',1),(2150,29,30,'api::brand.brand','image',1),(2151,29,81,'api::brand.brand','image',1),(2152,28,58,'api::brand.brand','image',1),(2153,28,82,'api::brand.brand','image',1),(2158,89,16,'service-landing.service-locations','image',1),(2159,91,17,'service-landing.service-locations','image',1),(2164,89,19,'service-landing.service-locations','image',1),(2165,91,20,'service-landing.service-locations','image',1),(2242,89,21,'service-landing.service-locations','image',1),(2243,91,22,'service-landing.service-locations','image',1),(2304,130,155,'api::branch.branch','image',1),(2306,87,156,'api::branch.branch','image',1),(2308,88,157,'api::branch.branch','image',1),(2310,92,158,'api::branch.branch','image',1),(2314,88,159,'api::branch.branch','image',1),(2316,87,160,'api::branch.branch','image',1),(2320,87,161,'api::branch.branch','image',1),(2332,90,162,'api::branch.branch','image',1),(2334,91,163,'api::branch.branch','image',1),(2372,39,164,'api::branch.branch','image',1),(2374,39,165,'api::branch.branch','image',1),(2376,39,166,'api::branch.branch','image',1),(2434,179,167,'api::branch.branch','image',1),(2448,180,168,'api::branch.branch','image',1),(2450,179,169,'api::branch.branch','image',1),(2505,16,27,'home.about-cme','image',1),(2517,87,170,'api::branch.branch','image',1),(2519,87,171,'api::branch.branch','image',1),(2521,39,172,'api::branch.branch','image',1),(2587,75,45,'api::service.service','listImage',1),(2601,222,175,'api::branch.branch','image',1),(2610,227,91,'api::brand.brand','image',1),(2611,227,92,'api::brand.brand','image',1),(2614,229,95,'api::brand.brand','image',1),(2615,229,96,'api::brand.brand','image',1),(2628,237,109,'api::brand.brand','image',1),(2629,237,110,'api::brand.brand','image',1),(2630,238,111,'api::brand.brand','image',1),(2633,239,176,'api::branch.branch','image',1),(2635,240,177,'api::branch.branch','image',1),(2637,241,178,'api::branch.branch','image',1),(2638,224,85,'api::brand.brand','image',1),(2639,224,113,'api::brand.brand','image',1),(2640,223,83,'api::brand.brand','image',1),(2641,223,114,'api::brand.brand','image',1),(2642,225,87,'api::brand.brand','image',1),(2643,225,115,'api::brand.brand','image',1),(2644,226,89,'api::brand.brand','image',1),(2645,226,116,'api::brand.brand','image',1),(2646,228,93,'api::brand.brand','image',1),(2647,228,117,'api::brand.brand','image',1),(2654,233,103,'api::brand.brand','image',1),(2655,233,121,'api::brand.brand','image',1),(2656,232,101,'api::brand.brand','image',1),(2657,232,122,'api::brand.brand','image',1),(2658,234,105,'api::brand.brand','image',1),(2659,234,123,'api::brand.brand','image',1),(2664,156,34,'api::brand.brand','image',1),(2665,156,126,'api::brand.brand','image',1),(2707,197,3,'api::power-category.power-category','image',1),(2708,197,39,'api::power-category.power-category','image',1),(2709,214,1,'api::product-category.product-category','image',1),(2710,214,40,'api::product-category.product-category','image',1),(2711,215,3,'api::product-category.product-category','image',1),(2712,215,41,'api::product-category.product-category','image',1),(2713,213,5,'api::product-category.product-category','image',1),(2714,213,42,'api::product-category.product-category','image',1),(2717,140,9,'api::product-category.product-category','image',1),(2718,140,44,'api::product-category.product-category','image',1),(2719,121,1,'api::service-category-type.service-category-type','image',1),(2720,121,25,'api::service-category-type.service-category-type','image',1),(2731,143,7,'api::service-category-type.service-category-type','image',1),(2732,143,31,'api::service-category-type.service-category-type','image',1),(2733,120,3,'api::service-category-type.service-category-type','image',1),(2734,120,32,'api::service-category-type.service-category-type','image',1),(2735,118,1,'api::tyre-category.tyre-category','image',1),(2736,118,62,'api::tyre-category.tyre-category','image',1),(2737,144,5,'api::tyre-category.tyre-category','image',1),(2738,144,63,'api::tyre-category.tyre-category','image',1),(2739,119,3,'api::tyre-category.tyre-category','image',1),(2740,119,64,'api::tyre-category.tyre-category','image',1),(2741,147,13,'api::tyre-category.tyre-category','image',1),(2742,147,65,'api::tyre-category.tyre-category','image',1),(2743,143,15,'api::tyre-category.tyre-category','image',1),(2744,143,66,'api::tyre-category.tyre-category','image',1),(2745,202,22,'api::tyre-category.tyre-category','image',1),(2746,202,67,'api::tyre-category.tyre-category','image',1),(2751,153,19,'api::tyre-category.tyre-category','image',1),(2752,153,70,'api::tyre-category.tyre-category','image',1),(2772,203,13,'api::tyre-service.tyre-service','image',1),(2816,56,26,'common.banner','media',1),(2817,89,1,'service-landing.service-locations','image',1),(2818,91,4,'service-landing.service-locations','image',1),(2819,56,177,'common.banner','media',1),(2820,89,23,'service-landing.service-locations','image',1),(2821,91,24,'service-landing.service-locations','image',1),(2826,85,1,'api::news.news','image',1),(2827,85,58,'api::news.news','image',1),(2828,86,4,'api::news.news','image',1),(2829,86,59,'api::news.news','image',1),(2830,134,19,'api::news.news','image',1),(2831,134,60,'api::news.news','image',1),(2832,175,38,'api::news.news','image',1),(2833,175,61,'api::news.news','image',1),(2834,168,21,'api::news.news','image',1),(2835,168,62,'api::news.news','image',1),(2855,75,46,'api::service.service','listImage',1),(2873,16,28,'home.about-cme','image',1),(2904,163,111,'common.banner','media',1),(2905,166,124,'common.banner','media',1),(2906,163,193,'common.banner','media',1),(2907,166,194,'common.banner','media',1),(2965,75,47,'api::service.service','listImage',1),(2985,75,48,'api::service.service','listImage',1),(3005,75,49,'api::service.service','listImage',1),(3025,75,50,'api::service.service','listImage',1),(3045,75,51,'api::service.service','listImage',1),(3065,75,52,'api::service.service','listImage',1),(3085,75,53,'api::service.service','listImage',1),(3105,75,54,'api::service.service','listImage',1),(3125,75,55,'api::service.service','listImage',1),(3145,75,56,'api::service.service','listImage',1),(3165,75,57,'api::service.service','listImage',1),(3185,75,58,'api::service.service','listImage',1),(3205,75,59,'api::service.service','listImage',1),(3225,75,60,'api::service.service','listImage',1),(3245,75,61,'api::service.service','listImage',1),(3267,75,62,'api::service.service','listImage',1),(3301,75,63,'api::service.service','listImage',1),(3339,75,64,'api::service.service','listImage',1),(3377,75,65,'api::service.service','listImage',1),(3415,75,66,'api::service.service','listImage',1),(3453,75,67,'api::service.service','listImage',1),(3455,73,68,'api::service.service','listImage',1),(3457,73,69,'api::service.service','listImage',1),(3459,73,70,'api::service.service','listImage',1),(3461,73,71,'api::service.service','listImage',1),(3463,73,72,'api::service.service','listImage',1),(3467,73,73,'api::service.service','listImage',1),(3471,73,74,'api::service.service','listImage',1),(3475,73,75,'api::service.service','listImage',1),(3479,73,76,'api::service.service','listImage',1),(3483,73,77,'api::service.service','listImage',1),(3521,75,78,'api::service.service','listImage',1),(3524,62,11,'common.title-desc-with-img','image',1),(3525,63,13,'common.title-desc-with-img','image',1),(3526,67,16,'common.title-desc-with-img','image',1),(3527,68,17,'common.title-desc-with-img','image',1),(3528,66,18,'common.title-desc-with-img','image',1),(3529,65,19,'common.title-desc-with-img','image',1),(3530,64,20,'common.title-desc-with-img','image',1),(3543,62,418,'common.title-desc-with-img','image',1),(3544,63,419,'common.title-desc-with-img','image',1),(3545,67,420,'common.title-desc-with-img','image',1),(3546,68,421,'common.title-desc-with-img','image',1),(3547,66,422,'common.title-desc-with-img','image',1),(3548,65,423,'common.title-desc-with-img','image',1),(3549,64,424,'common.title-desc-with-img','image',1),(3559,75,79,'api::service.service','listImage',1),(3563,73,80,'api::service.service','listImage',1),(3587,75,81,'api::service.service','listImage',1),(3590,72,83,'api::service.service','listImage',1),(3592,72,84,'api::service.service','listImage',1),(3596,72,85,'api::service.service','listImage',1),(3600,72,86,'api::service.service','listImage',1),(3604,72,87,'api::service.service','listImage',1),(3608,72,88,'api::service.service','listImage',1),(3612,72,89,'api::service.service','listImage',1),(3616,72,90,'api::service.service','listImage',1),(3620,72,91,'api::service.service','listImage',1),(3624,72,92,'api::service.service','listImage',1),(3628,72,93,'api::service.service','listImage',1),(3632,72,94,'api::service.service','listImage',1),(3636,72,95,'api::service.service','listImage',1),(3640,72,96,'api::service.service','listImage',1),(3644,72,97,'api::service.service','listImage',1),(3650,72,98,'api::service.service','listImage',1),(3659,72,100,'api::service.service','listImage',1),(3661,72,101,'api::service.service','listImage',1),(3665,72,103,'api::service.service','listImage',1),(3669,72,104,'api::service.service','listImage',1),(3675,72,106,'api::service.service','listImage',1),(3679,72,107,'api::service.service','listImage',1),(3683,72,108,'api::service.service','listImage',1),(3687,72,109,'api::service.service','listImage',1),(3691,72,110,'api::service.service','listImage',1),(3695,72,111,'api::service.service','listImage',1),(3699,72,112,'api::service.service','listImage',1),(3703,72,113,'api::service.service','listImage',1),(3707,72,114,'api::service.service','listImage',1),(3711,72,115,'api::service.service','listImage',1),(3715,72,116,'api::service.service','listImage',1),(3717,74,117,'api::service.service','listImage',1),(3737,75,118,'api::service.service','listImage',1),(3739,74,119,'api::service.service','listImage',1),(3742,74,120,'api::service.service','listImage',1),(3745,74,121,'api::service.service','listImage',1),(3747,74,122,'api::service.service','listImage',1),(3749,74,123,'api::service.service','listImage',1),(3751,74,124,'api::service.service','listImage',1),(3757,72,125,'api::service.service','listImage',1),(3761,72,126,'api::service.service','listImage',1),(3765,72,127,'api::service.service','listImage',1),(3795,75,128,'api::service.service','listImage',1),(3799,73,129,'api::service.service','listImage',1),(3801,74,130,'api::service.service','listImage',1),(3803,72,131,'api::service.service','listImage',1),(3805,72,132,'api::service.service','listImage',1),(3807,74,133,'api::service.service','listImage',1),(3808,255,59,'common.title-desc-img-position','image',1),(3810,255,152,'common.title-desc-img-position','image',1),(3811,73,134,'api::service.service','listImage',1),(3817,73,136,'api::service.service','listImage',1),(3821,74,139,'api::service.service','listImage',1),(3825,74,140,'api::service.service','listImage',1),(3835,74,141,'api::service.service','listImage',1),(3849,74,142,'api::service.service','listImage',1),(3863,74,143,'api::service.service','listImage',1),(3879,74,144,'api::service.service','listImage',1),(3895,74,145,'api::service.service','listImage',1),(3913,74,146,'api::service.service','listImage',1),(3931,74,147,'api::service.service','listImage',1),(3932,254,175,'common.title-desc-img-position','image',1),(3933,247,1,'common.title-desc-img-position','image',1),(3940,250,19,'common.title-desc-img-position','image',1),(3942,247,176,'common.title-desc-img-position','image',1),(3949,250,177,'common.title-desc-img-position','image',1),(3950,254,178,'common.title-desc-img-position','image',1),(3951,75,148,'api::service.service','listImage',1),(3963,72,149,'api::service.service','listImage',1),(3979,73,150,'api::service.service','listImage',1),(3989,72,151,'api::service.service','listImage',1),(3999,72,152,'api::service.service','listImage',1),(4009,72,153,'api::service.service','listImage',1),(4027,74,154,'api::service.service','listImage',1),(4033,72,155,'api::service.service','listImage',1),(4034,148,3,'api::tyre-service.tyre-service','image',1),(4035,148,36,'api::tyre-service.tyre-service','image',1),(4036,150,7,'api::tyre-service.tyre-service','image',1),(4037,150,37,'api::tyre-service.tyre-service','image',1),(4038,149,1,'api::tyre-service.tyre-service','image',1),(4039,149,38,'api::tyre-service.tyre-service','image',1),(4042,152,11,'api::tyre-service.tyre-service','image',1),(4043,152,40,'api::tyre-service.tyre-service','image',1),(4061,74,156,'api::service.service','listImage',1),(4062,279,179,'common.title-desc-img-position','image',1),(4066,283,180,'common.title-desc-img-position','image',1),(4068,279,200,'common.title-desc-img-position','image',1),(4072,283,201,'common.title-desc-img-position','image',1),(4073,72,157,'api::service.service','listImage',1),(4089,73,158,'api::service.service','listImage',1),(4107,74,159,'api::service.service','listImage',1),(4125,74,160,'api::service.service','listImage',1),(4143,74,161,'api::service.service','listImage',1),(4161,74,162,'api::service.service','listImage',1),(4165,72,163,'api::service.service','listImage',1),(4171,72,164,'api::service.service','listImage',1),(4177,72,165,'api::service.service','listImage',1),(4183,72,166,'api::service.service','listImage',1),(4184,271,133,'common.title-desc-img-position','image',1),(4190,277,159,'common.title-desc-img-position','image',1),(4191,278,171,'common.title-desc-img-position','image',1),(4193,271,229,'common.title-desc-img-position','image',1),(4199,277,230,'common.title-desc-img-position','image',1),(4200,278,231,'common.title-desc-img-position','image',1),(4201,74,167,'api::service.service','listImage',1),(4202,284,153,'common.title-desc-img-position','image',1),(4207,289,183,'common.title-desc-img-position','image',1),(4208,290,184,'common.title-desc-img-position','image',1),(4210,284,232,'common.title-desc-img-position','image',1),(4215,289,233,'common.title-desc-img-position','image',1),(4216,290,234,'common.title-desc-img-position','image',1),(4217,73,168,'api::service.service','listImage',1),(4218,268,116,'common.title-desc-img-position','image',1),(4220,268,235,'common.title-desc-img-position','image',1),(4221,72,169,'api::service.service','listImage',1),(4229,72,170,'api::service.service','listImage',1),(4230,307,77,'common.title-desc-img-position','image',1),(4231,305,81,'common.title-desc-img-position','image',1),(4232,306,98,'common.title-desc-img-position','image',1),(4234,307,239,'common.title-desc-img-position','image',1),(4235,305,240,'common.title-desc-img-position','image',1),(4236,306,241,'common.title-desc-img-position','image',1),(4237,72,171,'api::service.service','listImage',1),(4270,74,173,'api::service.service','listImage',1),(4276,74,174,'api::service.service','listImage',1),(4286,74,175,'api::service.service','listImage',1),(4296,74,176,'api::service.service','listImage',1),(4301,74,177,'api::service.service','listImage',1),(4302,308,242,'common.title-desc-img-position','image',1),(4303,309,243,'common.title-desc-img-position','image',1),(4307,308,255,'common.title-desc-img-position','image',1),(4308,309,256,'common.title-desc-img-position','image',1),(4311,74,178,'api::service.service','listImage',1),(4328,74,181,'api::service.service','listImage',1),(4336,74,182,'api::service.service','listImage',1),(4344,74,183,'api::service.service','listImage',1),(4352,74,184,'api::service.service','listImage',1),(4360,74,185,'api::service.service','listImage',1),(4370,74,186,'api::service.service','listImage',1),(4399,74,187,'api::service.service','listImage',1),(4414,74,188,'api::service.service','listImage',1),(4426,74,189,'api::service.service','listImage',1),(4438,74,190,'api::service.service','listImage',1),(4450,74,191,'api::service.service','listImage',1),(4462,74,192,'api::service.service','listImage',1),(4480,74,193,'api::service.service','listImage',1),(4481,315,267,'common.title-desc-img-position','image',1),(4482,316,270,'common.title-desc-img-position','image',1),(4486,320,281,'common.title-desc-img-position','image',1),(4487,321,282,'common.title-desc-img-position','image',1),(4488,322,283,'common.title-desc-img-position','image',1),(4490,315,289,'common.title-desc-img-position','image',1),(4491,316,290,'common.title-desc-img-position','image',1),(4495,320,291,'common.title-desc-img-position','image',1),(4496,321,292,'common.title-desc-img-position','image',1),(4497,322,293,'common.title-desc-img-position','image',1),(4498,74,194,'api::service.service','listImage',1),(4506,74,195,'api::service.service','listImage',1),(4507,312,259,'common.title-desc-img-position','image',1),(4511,312,295,'common.title-desc-img-position','image',1),(4514,74,196,'api::service.service','listImage',1),(4530,72,197,'api::service.service','listImage',1),(4546,72,198,'api::service.service','listImage',1),(4562,72,199,'api::service.service','listImage',1),(4563,298,299,'common.title-desc-img-position','image',1),(4564,297,299,'common.title-desc-img-position','image',2),(4565,296,299,'common.title-desc-img-position','image',3),(4566,295,299,'common.title-desc-img-position','image',4),(4574,298,300,'common.title-desc-img-position','image',1),(4575,297,300,'common.title-desc-img-position','image',2),(4576,296,300,'common.title-desc-img-position','image',3),(4577,295,300,'common.title-desc-img-position','image',4),(4578,72,200,'api::service.service','listImage',1),(4594,72,201,'api::service.service','listImage',1),(4595,293,657,'common.title-desc-with-img','image',1),(4596,294,658,'common.title-desc-with-img','image',1),(4597,292,659,'common.title-desc-with-img','image',1),(4598,298,302,'common.title-desc-img-position','images',1),(4599,297,302,'common.title-desc-img-position','images',2),(4600,296,302,'common.title-desc-img-position','images',3),(4601,295,302,'common.title-desc-img-position','images',4),(4602,72,202,'api::service.service','listImage',1),(4603,293,660,'common.title-desc-with-img','image',1),(4604,294,661,'common.title-desc-with-img','image',1),(4605,292,662,'common.title-desc-with-img','image',1),(4606,298,303,'common.title-desc-img-position','images',1),(4607,297,303,'common.title-desc-img-position','images',2),(4608,296,303,'common.title-desc-img-position','images',3),(4609,295,303,'common.title-desc-img-position','images',4),(4610,72,203,'api::service.service','listImage',1),(4611,313,31,'api::service-category.service-category','image',1),(4612,45,31,'api::service-category.service-category','menuImage',1),(4613,313,32,'api::service-category.service-category','image',1),(4614,45,32,'api::service-category.service-category','menuImage',1),(4615,56,227,'common.banner','media',1),(4616,89,25,'service-landing.service-locations','image',1),(4617,91,26,'service-landing.service-locations','image',1),(4618,56,228,'common.banner','media',1),(4619,89,27,'service-landing.service-locations','image',1),(4620,91,28,'service-landing.service-locations','image',1),(4624,72,204,'api::service.service','listImage',1),(4630,72,205,'api::service.service','listImage',1),(4638,72,206,'api::service.service','listImage',1),(4654,72,207,'api::service.service','listImage',1),(4670,72,208,'api::service.service','listImage',1),(4674,72,209,'api::service.service','listImage',1),(4677,329,60,'api::brand.brand','image',1),(4678,329,128,'api::brand.brand','image',1),(4679,323,99,'api::brand.brand','image',1),(4680,323,129,'api::brand.brand','image',1),(4681,324,107,'api::brand.brand','image',1),(4682,324,130,'api::brand.brand','image',1),(4683,333,131,'api::brand.brand','image',1),(4684,333,132,'api::brand.brand','image',1),(4687,332,135,'api::brand.brand','image',1),(4688,332,136,'api::brand.brand','image',1),(4689,330,133,'api::brand.brand','image',1),(4690,330,137,'api::brand.brand','image',1),(4691,331,141,'api::brand.brand','image',1),(4692,331,143,'api::brand.brand','image',1),(4693,328,138,'api::brand.brand','image',1),(4694,328,144,'api::brand.brand','image',1),(4695,335,145,'api::brand.brand','image',1),(4696,335,146,'api::brand.brand','image',1),(4699,334,147,'api::brand.brand','image',1),(4700,334,149,'api::brand.brand','image',1),(4707,326,153,'api::brand.brand','image',1),(4708,326,155,'api::brand.brand','image',1),(4711,325,156,'api::brand.brand','image',1),(4712,325,158,'api::brand.brand','image',1),(4732,75,210,'api::service.service','listImage',1),(4750,74,211,'api::service.service','listImage',1),(4768,74,212,'api::service.service','listImage',1),(4780,72,213,'api::service.service','listImage',1),(4792,72,214,'api::service.service','listImage',1),(4810,74,215,'api::service.service','listImage',1),(4822,72,216,'api::service.service','listImage',1),(4840,74,217,'api::service.service','listImage',1),(4860,75,218,'api::service.service','listImage',1),(4864,73,219,'api::service.service','listImage',1),(4880,73,220,'api::service.service','listImage',1),(4892,74,221,'api::service.service','listImage',1),(4910,74,222,'api::service.service','listImage',1),(4928,74,223,'api::service.service','listImage',1),(4938,74,224,'api::service.service','listImage',1),(4946,74,225,'api::service.service','listImage',1),(4948,88,179,'api::branch.branch','image',1),(4950,39,180,'api::branch.branch','image',1),(4952,177,181,'api::branch.branch','image',1),(4954,176,182,'api::branch.branch','image',1),(4956,178,183,'api::branch.branch','image',1),(4958,92,184,'api::branch.branch','image',1),(4960,241,185,'api::branch.branch','image',1),(4962,240,186,'api::branch.branch','image',1),(4964,179,187,'api::branch.branch','image',1),(4966,180,188,'api::branch.branch','image',1),(4968,90,189,'api::branch.branch','image',1),(4970,239,190,'api::branch.branch','image',1),(4972,179,191,'api::branch.branch','image',1),(4974,222,192,'api::branch.branch','image',1),(4976,87,193,'api::branch.branch','image',1),(4977,336,97,'api::brand.brand','image',1),(4978,336,159,'api::brand.brand','image',1),(4979,338,160,'api::brand.brand','image',1),(4980,338,161,'api::brand.brand','image',1),(5000,75,226,'api::service.service','listImage',1),(5020,75,227,'api::service.service','listImage',1),(5040,75,228,'api::service.service','listImage',1),(5062,16,29,'home.about-cme','image',1),(5092,16,30,'home.about-cme','image',1),(5136,16,31,'home.about-cme','image',1),(5166,74,236,'api::service.service','listImage',1),(5178,72,237,'api::service.service','listImage',1),(5188,74,238,'api::service.service','listImage',1),(5196,74,239,'api::service.service','listImage',1),(5197,358,41,'api::tyre-service.tyre-service','image',1),(5198,358,48,'api::tyre-service.tyre-service','image',1),(5199,356,46,'api::tyre-service.tyre-service','image',1),(5200,356,49,'api::tyre-service.tyre-service','image',1),(5201,357,44,'api::tyre-service.tyre-service','image',1),(5202,357,50,'api::tyre-service.tyre-service','image',1),(5205,151,9,'api::tyre-service.tyre-service','image',1),(5206,151,51,'api::tyre-service.tyre-service','image',1),(5209,361,5,'api::power-top-category.power-top-category','image',1),(5210,361,30,'api::power-top-category.power-top-category','image',1),(5214,195,1,'api::power-category.power-category','image',1),(5215,195,41,'api::power-category.power-category','image',1),(5216,196,13,'api::power-category.power-category','image',1),(5217,196,42,'api::power-category.power-category','image',1),(5218,201,17,'api::power-category.power-category','image',1),(5219,201,43,'api::power-category.power-category','image',1),(5220,199,11,'api::power-category.power-category','image',1),(5221,199,44,'api::power-category.power-category','image',1),(5222,200,15,'api::power-category.power-category','image',1),(5223,200,45,'api::power-category.power-category','image',1),(5234,21,8,'api::business-stream.business-stream','image',1),(5235,21,41,'api::business-stream.business-stream','image',1),(5236,20,6,'api::business-stream.business-stream','image',1),(5237,20,42,'api::business-stream.business-stream','image',1),(5240,19,3,'api::business-stream.business-stream','image',1),(5241,19,44,'api::business-stream.business-stream','image',1),(5249,74,240,'api::service.service','listImage',1),(5255,363,194,'api::branch.branch','image',1),(5257,363,195,'api::branch.branch','image',1),(5259,363,196,'api::branch.branch','image',1),(5261,363,197,'api::branch.branch','image',1),(5263,363,198,'api::branch.branch','image',1),(5265,239,199,'api::branch.branch','image',1),(5267,239,200,'api::branch.branch','image',1),(5269,364,201,'api::branch.branch','image',1),(5296,72,242,'api::service.service','listImage',1),(5297,365,52,'api::tyre-service.tyre-service','image',1),(5298,365,54,'api::tyre-service.tyre-service','image',1),(5308,72,243,'api::service.service','listImage',1),(5318,72,244,'api::service.service','listImage',1),(5328,72,245,'api::service.service','listImage',1),(5338,72,246,'api::service.service','listImage',1),(5348,72,247,'api::service.service','listImage',1),(5358,72,248,'api::service.service','listImage',1),(5368,72,249,'api::service.service','listImage',1),(5378,365,250,'api::service.service','listImage',1),(5388,365,251,'api::service.service','listImage',1),(5398,365,252,'api::service.service','listImage',1),(5408,365,253,'api::service.service','listImage',1),(5418,365,254,'api::service.service','listImage',1),(5428,365,255,'api::service.service','listImage',1),(5438,365,256,'api::service.service','listImage',1),(5469,142,5,'api::service-category-type.service-category-type','image',1),(5470,142,33,'api::service-category-type.service-category-type','image',1),(5471,140,9,'api::service-category-type.service-category-type','image',1),(5472,140,34,'api::service-category-type.service-category-type','image',1),(5473,139,7,'api::product-category.product-category','image',1),(5474,139,45,'api::product-category.product-category','image',1),(5476,380,202,'api::branch.branch','image',1),(5478,379,203,'api::branch.branch','image',1),(5480,378,204,'api::branch.branch','image',1),(5482,377,205,'api::branch.branch','image',1),(5484,376,206,'api::branch.branch','image',1),(5486,375,207,'api::branch.branch','image',1),(5488,374,208,'api::branch.branch','image',1),(5490,373,209,'api::branch.branch','image',1),(5492,372,210,'api::branch.branch','image',1),(5494,387,211,'api::branch.branch','image',1),(5496,396,213,'api::branch.branch','image',1),(5498,395,214,'api::branch.branch','image',1),(5500,394,215,'api::branch.branch','image',1),(5502,393,216,'api::branch.branch','image',1),(5504,392,217,'api::branch.branch','image',1),(5506,390,218,'api::branch.branch','image',1),(5508,397,219,'api::branch.branch','image',1),(5510,397,220,'api::branch.branch','image',1),(5512,374,221,'api::branch.branch','image',1),(5514,376,222,'api::branch.branch','image',1),(5516,374,223,'api::branch.branch','image',1),(5520,399,225,'api::branch.branch','image',1),(5522,392,226,'api::branch.branch','image',1),(5524,403,228,'api::branch.branch','image',1),(5526,404,229,'api::branch.branch','image',1),(5528,407,230,'api::branch.branch','image',1),(5530,406,231,'api::branch.branch','image',1),(5532,390,232,'api::branch.branch','image',1),(5534,405,233,'api::branch.branch','image',1),(5536,404,234,'api::branch.branch','image',1),(5538,403,235,'api::branch.branch','image',1),(5540,404,236,'api::branch.branch','image',1),(5542,407,237,'api::branch.branch','image',1),(5544,406,238,'api::branch.branch','image',1),(5546,405,239,'api::branch.branch','image',1),(5548,405,240,'api::branch.branch','image',1),(5550,405,241,'api::branch.branch','image',1),(5552,406,242,'api::branch.branch','image',1),(5554,407,243,'api::branch.branch','image',1),(5556,404,244,'api::branch.branch','image',1),(5558,403,245,'api::branch.branch','image',1),(5560,413,246,'api::branch.branch','image',1),(5562,414,247,'api::branch.branch','image',1),(5564,408,248,'api::branch.branch','image',1),(5566,417,249,'api::branch.branch','image',1),(5568,416,250,'api::branch.branch','image',1),(5570,421,251,'api::branch.branch','image',1),(5572,423,252,'api::branch.branch','image',1),(5574,420,253,'api::branch.branch','image',1),(5576,419,254,'api::branch.branch','image',1),(5578,403,255,'api::branch.branch','image',1),(5580,405,256,'api::branch.branch','image',1),(5582,406,257,'api::branch.branch','image',1),(5584,407,258,'api::branch.branch','image',1),(5586,404,259,'api::branch.branch','image',1),(5588,403,260,'api::branch.branch','image',1),(5590,403,261,'api::branch.branch','image',1),(5592,413,262,'api::branch.branch','image',1),(5594,414,263,'api::branch.branch','image',1),(5596,420,264,'api::branch.branch','image',1),(5598,408,265,'api::branch.branch','image',1),(5600,419,266,'api::branch.branch','image',1),(5602,416,267,'api::branch.branch','image',1),(5604,417,268,'api::branch.branch','image',1),(5606,400,269,'api::branch.branch','image',1),(5608,424,270,'api::branch.branch','image',1),(5610,410,271,'api::branch.branch','image',1),(5612,411,272,'api::branch.branch','image',1),(5615,416,274,'api::branch.branch','image',1),(5617,416,275,'api::branch.branch','image',1),(5619,416,276,'api::branch.branch','image',1),(5621,416,277,'api::branch.branch','image',1),(5623,416,278,'api::branch.branch','image',1),(5625,416,279,'api::branch.branch','image',1),(5739,434,257,'api::service.service','listImage',1),(5743,426,258,'api::service.service','listImage',1),(5744,271,133,'common.title-desc-img-position','images',1),(5745,302,443,'common.title-desc-with-img','image',1),(5746,303,445,'common.title-desc-with-img','image',1),(5747,299,446,'common.title-desc-with-img','image',1),(5748,301,471,'common.title-desc-with-img','image',1),(5749,300,472,'common.title-desc-with-img','image',1),(5750,277,159,'common.title-desc-img-position','images',1),(5751,278,171,'common.title-desc-img-position','images',1),(5752,428,27,'api::service.service','listImage',1),(5753,271,421,'common.title-desc-img-position','images',1),(5754,302,805,'common.title-desc-with-img','image',1),(5755,303,806,'common.title-desc-with-img','image',1),(5756,299,807,'common.title-desc-with-img','image',1),(5757,301,808,'common.title-desc-with-img','image',1),(5758,300,809,'common.title-desc-with-img','image',1),(5759,277,422,'common.title-desc-img-position','images',1),(5760,278,423,'common.title-desc-img-position','images',1),(5761,428,259,'api::service.service','listImage',1),(5771,427,260,'api::service.service','listImage',1),(5783,429,261,'api::service.service','listImage',1),(5799,73,262,'api::service.service','listImage',1),(5817,431,263,'api::service.service','listImage',1),(5818,339,1,'common.title-desc-img-position','images',1),(5819,340,166,'common.title-desc-with-img','image',1),(5820,341,167,'common.title-desc-with-img','image',1),(5821,342,258,'common.title-desc-with-img','image',1),(5822,343,259,'common.title-desc-with-img','image',1),(5823,344,260,'common.title-desc-with-img','image',1),(5824,345,261,'common.title-desc-with-img','image',1),(5825,346,19,'common.title-desc-img-position','images',1),(5826,347,175,'common.title-desc-img-position','images',1),(5827,433,5,'api::service.service','listImage',1),(5828,339,436,'common.title-desc-img-position','images',1),(5829,340,822,'common.title-desc-with-img','image',1),(5830,341,823,'common.title-desc-with-img','image',1),(5831,342,824,'common.title-desc-with-img','image',1),(5832,343,825,'common.title-desc-with-img','image',1),(5833,344,826,'common.title-desc-with-img','image',1),(5834,345,827,'common.title-desc-with-img','image',1),(5835,346,437,'common.title-desc-img-position','images',1),(5836,347,438,'common.title-desc-img-position','images',1),(5837,433,264,'api::service.service','listImage',1),(5841,430,265,'api::service.service','listImage',1),(5857,432,266,'api::service.service','listImage',1),(5859,416,280,'api::branch.branch','image',1),(5861,416,281,'api::branch.branch','image',1),(5863,416,282,'api::branch.branch','image',1),(5865,416,283,'api::branch.branch','image',1),(5867,416,284,'api::branch.branch','image',1),(5869,416,285,'api::branch.branch','image',1),(5871,416,286,'api::branch.branch','image',1),(5873,416,287,'api::branch.branch','image',1),(5875,416,288,'api::branch.branch','image',1),(5877,416,289,'api::branch.branch','image',1),(5880,416,290,'api::branch.branch','image',1),(5882,416,291,'api::branch.branch','image',1),(5883,49,20,'common.banner','media',1),(5884,8,1,'common.box-component','logo',1),(5885,8,1,'common.box-component','responsiveLogo',1),(5886,49,266,'common.banner','media',1),(5887,8,11,'common.box-component','logo',1),(5888,8,11,'common.box-component','responsiveLogo',1),(5922,16,32,'home.about-cme','image',1),(5952,16,33,'home.about-cme','image',1),(5985,435,59,'common.banner','media',1),(5986,93,3,'api::service-category.service-category','image',1),(5987,44,3,'api::service-category.service-category','menuImage',1),(5988,435,300,'common.banner','media',1),(5989,93,39,'api::service-category.service-category','image',1),(5990,44,39,'api::service-category.service-category','menuImage',1),(5997,365,386,'common.title-desc-img-position','images',1),(5998,369,760,'common.title-desc-with-img','image',1),(5999,371,761,'common.title-desc-with-img','image',1),(6000,368,387,'common.title-desc-img-position','images',1),(6001,434,241,'api::service.service','listImage',1),(6002,365,443,'common.title-desc-img-position','images',1),(6003,369,834,'common.title-desc-with-img','image',1),(6004,371,835,'common.title-desc-with-img','image',1),(6005,368,444,'common.title-desc-img-position','images',1),(6006,434,267,'api::service.service','listImage',1),(6007,312,259,'common.title-desc-img-position','images',1),(6008,426,180,'api::service.service','listImage',1),(6009,312,445,'common.title-desc-img-position','images',1),(6010,426,268,'api::service.service','listImage',1),(6018,72,269,'api::service.service','listImage',1),(6034,72,270,'api::service.service','listImage',1),(6037,308,242,'common.title-desc-img-position','images',1),(6038,309,243,'common.title-desc-img-position','images',1),(6039,310,586,'common.title-desc-with-img','image',1),(6040,311,587,'common.title-desc-with-img','image',1),(6041,427,172,'api::service.service','listImage',1),(6042,308,450,'common.title-desc-img-position','images',1),(6043,309,451,'common.title-desc-img-position','images',1),(6044,310,839,'common.title-desc-with-img','image',1),(6045,311,840,'common.title-desc-with-img','image',1),(6046,427,272,'api::service.service','listImage',1),(6047,279,179,'common.title-desc-img-position','images',1),(6048,280,509,'common.title-desc-with-img','image',1),(6049,281,510,'common.title-desc-with-img','image',1),(6050,282,511,'common.title-desc-with-img','image',1),(6051,283,180,'common.title-desc-img-position','images',1),(6052,429,31,'api::service.service','listImage',1),(6053,279,452,'common.title-desc-img-position','images',1),(6054,280,841,'common.title-desc-with-img','image',1),(6055,281,842,'common.title-desc-with-img','image',1),(6056,282,843,'common.title-desc-with-img','image',1),(6057,283,453,'common.title-desc-img-position','images',1),(6058,429,273,'api::service.service','listImage',1),(6061,315,267,'common.title-desc-img-position','images',1),(6062,316,270,'common.title-desc-img-position','images',1),(6063,317,613,'common.title-desc-with-img','image',1),(6064,318,614,'common.title-desc-with-img','image',1),(6065,319,615,'common.title-desc-with-img','image',1),(6066,320,281,'common.title-desc-img-position','images',1),(6067,321,349,'common.title-desc-img-position','images',1),(6068,322,350,'common.title-desc-img-position','images',1),(6069,431,179,'api::service.service','listImage',1),(6070,315,454,'common.title-desc-img-position','images',1),(6071,316,455,'common.title-desc-img-position','images',1),(6072,317,844,'common.title-desc-with-img','image',1),(6073,318,845,'common.title-desc-with-img','image',1),(6074,319,846,'common.title-desc-with-img','image',1),(6075,320,456,'common.title-desc-img-position','images',1),(6076,321,457,'common.title-desc-img-position','images',1),(6077,322,458,'common.title-desc-img-position','images',1),(6078,431,276,'api::service.service','listImage',1),(6079,255,59,'common.title-desc-img-position','images',1),(6080,430,29,'api::service.service','listImage',1),(6081,255,459,'common.title-desc-img-position','images',1),(6082,430,277,'api::service.service','listImage',1),(6083,284,153,'common.title-desc-img-position','images',1),(6084,285,515,'common.title-desc-with-img','image',1),(6085,286,516,'common.title-desc-with-img','image',1),(6086,287,517,'common.title-desc-with-img','image',1),(6087,288,518,'common.title-desc-with-img','image',1),(6088,289,183,'common.title-desc-img-position','images',1),(6089,290,184,'common.title-desc-img-position','images',1),(6090,432,135,'api::service.service','listImage',1),(6091,284,460,'common.title-desc-img-position','images',1),(6092,285,847,'common.title-desc-with-img','image',1),(6093,286,848,'common.title-desc-with-img','image',1),(6094,287,849,'common.title-desc-with-img','image',1),(6095,288,850,'common.title-desc-with-img','image',1),(6096,289,461,'common.title-desc-img-position','images',1),(6097,290,462,'common.title-desc-img-position','images',1),(6098,432,278,'api::service.service','listImage',1),(6102,72,279,'api::service.service','listImage',1),(6104,419,292,'api::branch.branch','image',1),(6106,421,293,'api::branch.branch','image',1),(6108,423,294,'api::branch.branch','image',1),(6110,420,295,'api::branch.branch','image',1),(6112,405,296,'api::branch.branch','image',1),(6114,406,297,'api::branch.branch','image',1),(6116,407,298,'api::branch.branch','image',1),(6118,404,299,'api::branch.branch','image',1),(6120,403,300,'api::branch.branch','image',1),(6122,413,301,'api::branch.branch','image',1),(6124,414,302,'api::branch.branch','image',1),(6126,419,303,'api::branch.branch','image',1),(6128,417,304,'api::branch.branch','image',1),(6130,416,305,'api::branch.branch','image',1),(6132,400,306,'api::branch.branch','image',1),(6134,424,307,'api::branch.branch','image',1),(6136,410,308,'api::branch.branch','image',1),(6138,411,309,'api::branch.branch','image',1),(6140,419,310,'api::branch.branch','image',1),(6142,416,311,'api::branch.branch','image',1),(6144,417,312,'api::branch.branch','image',1),(6165,11,1,'common.social-links','icon',1),(6166,13,4,'common.social-links','icon',1),(6167,12,5,'common.social-links','icon',1),(6168,10,6,'common.social-links','icon',1),(6169,15,1,'api::footer.footer','logo',1),(6170,11,87,'common.social-links','icon',1),(6171,13,88,'common.social-links','icon',1),(6172,12,89,'common.social-links','icon',1),(6173,10,90,'common.social-links','icon',1),(6174,15,25,'api::footer.footer','logo',1),(6175,307,77,'common.title-desc-img-position','images',1),(6176,305,81,'common.title-desc-img-position','images',1),(6177,306,98,'common.title-desc-img-position','images',1),(6178,451,82,'api::service.service','listImage',1),(6179,307,464,'common.title-desc-img-position','images',1),(6180,305,465,'common.title-desc-img-position','images',1),(6181,306,466,'common.title-desc-img-position','images',1),(6182,451,280,'api::service.service','listImage',1),(6198,453,281,'api::service.service','listImage',1),(6202,452,282,'api::service.service','listImage',1),(6206,449,283,'api::service.service','listImage',1),(6210,450,284,'api::service.service','listImage',1),(6225,454,109,'common.banner','media',1),(6226,437,290,'common.banner','media',1),(6227,442,288,'common.banner','media',1),(6228,441,291,'common.banner','media',1),(6229,440,292,'common.banner','media',1),(6230,454,313,'common.banner','media',1),(6231,437,314,'common.banner','media',1),(6232,442,315,'common.banner','media',1),(6233,441,316,'common.banner','media',1),(6234,440,317,'common.banner','media',1),(6236,403,313,'api::branch.branch','image',1),(6237,353,241,'common.banner','media',1),(6238,449,7,'api::service.service','listImage',1),(6239,353,318,'common.banner','media',1),(6240,449,285,'api::service.service','listImage',1),(6241,355,141,'common.banner','media',1),(6242,450,36,'api::service.service','listImage',1),(6243,355,319,'common.banner','media',1),(6244,450,286,'api::service.service','listImage',1),(6246,421,314,'api::branch.branch','image',1),(6248,423,315,'api::branch.branch','image',1),(6250,420,316,'api::branch.branch','image',1),(6252,405,317,'api::branch.branch','image',1),(6254,406,318,'api::branch.branch','image',1),(6256,407,319,'api::branch.branch','image',1),(6258,404,320,'api::branch.branch','image',1),(6260,403,321,'api::branch.branch','image',1),(6262,413,322,'api::branch.branch','image',1),(6264,414,323,'api::branch.branch','image',1),(6266,408,324,'api::branch.branch','image',1),(6268,419,325,'api::branch.branch','image',1),(6270,416,326,'api::branch.branch','image',1),(6272,417,327,'api::branch.branch','image',1),(6274,400,328,'api::branch.branch','image',1),(6276,424,329,'api::branch.branch','image',1),(6278,410,330,'api::branch.branch','image',1),(6280,411,331,'api::branch.branch','image',1),(6281,448,258,'common.banner','media',1),(6282,313,1,'api::service-category.service-category','image',1),(6283,45,1,'api::service-category.service-category','menuImage',1),(6284,448,320,'common.banner','media',1),(6285,313,41,'api::service-category.service-category','image',1),(6286,45,41,'api::service-category.service-category','menuImage',1),(6287,163,260,'common.banner','media',1),(6288,314,8,'api::service-category.service-category','image',1),(6289,207,8,'api::service-category.service-category','menuImage',1),(6290,163,321,'common.banner','media',1),(6291,314,42,'api::service-category.service-category','image',1),(6292,207,42,'api::service-category.service-category','menuImage',1),(6308,453,287,'api::service.service','listImage',1),(6309,298,299,'common.title-desc-img-position','images',1),(6310,297,299,'common.title-desc-img-position','images',2),(6311,296,299,'common.title-desc-img-position','images',3),(6312,295,299,'common.title-desc-img-position','images',4),(6313,293,523,'common.title-desc-with-img','image',1),(6314,294,524,'common.title-desc-with-img','image',1),(6315,292,525,'common.title-desc-with-img','image',1),(6316,453,99,'api::service.service','listImage',1),(6317,298,470,'common.title-desc-img-position','images',1),(6318,297,470,'common.title-desc-img-position','images',2),(6319,296,470,'common.title-desc-img-position','images',3),(6320,295,470,'common.title-desc-img-position','images',4),(6321,293,857,'common.title-desc-with-img','image',1),(6322,294,858,'common.title-desc-with-img','image',1),(6323,292,859,'common.title-desc-with-img','image',1),(6324,453,288,'api::service.service','listImage',1),(6354,452,289,'api::service.service','listImage',1),(6384,452,290,'api::service.service','listImage',1),(6414,452,291,'api::service.service','listImage',1),(6444,452,292,'api::service.service','listImage',1),(6445,268,116,'common.title-desc-img-position','images',1),(6446,455,1,'common.slider-image','image',1),(6447,456,2,'common.slider-image','image',1),(6448,462,3,'common.slider-image','image',1),(6449,458,4,'common.slider-image','image',1),(6450,467,5,'common.slider-image','image',1),(6451,463,6,'common.slider-image','image',1),(6452,460,7,'common.slider-image','image',1),(6453,461,8,'common.slider-image','image',1),(6454,466,9,'common.slider-image','image',1),(6455,464,10,'common.slider-image','image',1),(6456,465,11,'common.slider-image','image',1),(6457,457,12,'common.slider-image','image',1),(6458,459,13,'common.slider-image','image',1),(6459,452,105,'api::service.service','listImage',1),(6460,268,475,'common.title-desc-img-position','images',1),(6461,455,66,'common.slider-image','image',1),(6462,456,67,'common.slider-image','image',1),(6463,462,68,'common.slider-image','image',1),(6464,458,69,'common.slider-image','image',1),(6465,467,70,'common.slider-image','image',1),(6466,463,71,'common.slider-image','image',1),(6467,460,72,'common.slider-image','image',1),(6468,461,73,'common.slider-image','image',1),(6469,466,74,'common.slider-image','image',1),(6470,464,75,'common.slider-image','image',1),(6471,465,76,'common.slider-image','image',1),(6472,457,77,'common.slider-image','image',1),(6473,459,78,'common.slider-image','image',1),(6474,452,293,'api::service.service','listImage',1),(6476,468,332,'api::branch.branch','image',1),(6478,469,333,'api::branch.branch','image',1),(6480,470,334,'api::branch.branch','image',1),(6482,471,335,'api::branch.branch','image',1),(6484,472,336,'api::branch.branch','image',1),(6486,473,337,'api::branch.branch','image',1),(6488,474,338,'api::branch.branch','image',1),(6490,475,339,'api::branch.branch','image',1),(6492,476,340,'api::branch.branch','image',1),(6494,477,341,'api::branch.branch','image',1),(6496,478,342,'api::branch.branch','image',1),(6498,479,343,'api::branch.branch','image',1),(6500,480,344,'api::branch.branch','image',1),(6502,481,345,'api::branch.branch','image',1),(6504,482,346,'api::branch.branch','image',1),(6506,483,347,'api::branch.branch','image',1),(6508,484,348,'api::branch.branch','image',1),(6510,485,349,'api::branch.branch','image',1),(6512,486,350,'api::branch.branch','image',1),(6514,487,351,'api::branch.branch','image',1),(6529,488,56,'common.title-desc-with-img','image',1),(6530,205,58,'common.title-desc-with-img','image',1),(6531,204,59,'common.title-desc-with-img','image',1),(6532,20,8,'common.title-desc-btn-img','image',1),(6533,489,1,'common.title-desc-btn-img','image',1),(6534,19,7,'common.title-desc-btn-img','image',1),(6535,21,15,'common.title-desc-btn-img','image',1),(6536,488,863,'common.title-desc-with-img','image',1),(6537,205,864,'common.title-desc-with-img','image',1),(6538,204,865,'common.title-desc-with-img','image',1),(6539,20,84,'common.title-desc-btn-img','image',1),(6540,489,85,'common.title-desc-btn-img','image',1),(6541,19,86,'common.title-desc-btn-img','image',1),(6542,21,87,'common.title-desc-btn-img','image',1),(6572,491,34,'home.about-cme','image',1),(6620,491,35,'home.about-cme','image',1),(6650,491,36,'home.about-cme','image',1),(6661,444,107,'common.banner','media',1),(6662,446,128,'common.banner','media',1),(6663,447,283,'common.banner','media',1),(6664,445,184,'common.banner','media',1),(6665,444,342,'common.banner','media',1),(6666,446,343,'common.banner','media',1),(6667,447,344,'common.banner','media',1),(6668,445,345,'common.banner','media',1),(6669,493,1,'api::business-stream.business-stream','image',1),(6670,493,45,'api::business-stream.business-stream','image',1),(6671,492,332,'common.banner','media',1),(6672,350,232,'common.banner','media',1),(6673,351,235,'common.banner','media',1),(6674,352,236,'common.banner','media',1),(6675,491,1,'home.about-cme','image',1),(6676,115,1,'home.logos','logo',1),(6677,116,24,'home.logos','logo',1),(6678,96,52,'home.logos','logo',1),(6679,114,53,'home.logos','logo',1),(6680,113,54,'home.logos','logo',1),(6681,112,55,'home.logos','logo',1),(6682,111,56,'home.logos','logo',1),(6683,109,57,'home.logos','logo',1),(6684,105,58,'home.logos','logo',1),(6685,41,1,'common.content-with-link','image',1),(6686,492,346,'common.banner','media',1),(6687,350,347,'common.banner','media',1),(6688,351,348,'common.banner','media',1),(6689,352,349,'common.banner','media',1),(6690,491,37,'home.about-cme','image',1),(6691,115,246,'home.logos','logo',1),(6692,116,247,'home.logos','logo',1),(6693,96,248,'home.logos','logo',1),(6694,114,249,'home.logos','logo',1),(6695,113,250,'home.logos','logo',1),(6696,112,251,'home.logos','logo',1),(6697,111,252,'home.logos','logo',1),(6698,109,253,'home.logos','logo',1),(6699,105,254,'home.logos','logo',1),(6700,41,39,'common.content-with-link','image',1),(6701,476,17,'api::branch.branch','image',1),(6702,476,352,'api::branch.branch','image',1),(6703,473,1,'api::branch.branch','image',1),(6704,473,353,'api::branch.branch','image',1),(6705,486,86,'api::branch.branch','image',1),(6706,486,354,'api::branch.branch','image',1),(6707,483,88,'api::branch.branch','image',1),(6708,483,355,'api::branch.branch','image',1),(6709,484,90,'api::branch.branch','image',1),(6710,484,356,'api::branch.branch','image',1),(6711,485,29,'api::branch.branch','image',1),(6712,485,357,'api::branch.branch','image',1),(6713,480,106,'api::branch.branch','image',1),(6714,480,358,'api::branch.branch','image',1),(6715,481,108,'api::branch.branch','image',1),(6716,481,359,'api::branch.branch','image',1),(6718,487,360,'api::branch.branch','image',1),(6720,416,361,'api::branch.branch','image',1),(6722,472,362,'api::branch.branch','image',1),(6724,479,363,'api::branch.branch','image',1),(6726,470,364,'api::branch.branch','image',1),(6728,478,365,'api::branch.branch','image',1),(6730,403,366,'api::branch.branch','image',1),(6732,477,367,'api::branch.branch','image',1),(6733,419,273,'api::branch.branch','image',1),(6734,468,21,'api::branch.branch','image',1),(6735,468,368,'api::branch.branch','image',1),(6737,469,369,'api::branch.branch','image',1),(6739,474,370,'api::branch.branch','image',1),(6741,474,371,'api::branch.branch','image',1),(6743,475,372,'api::branch.branch','image',1),(6745,475,373,'api::branch.branch','image',1),(6747,474,374,'api::branch.branch','image',1),(6749,474,375,'api::branch.branch','image',1),(6751,474,376,'api::branch.branch','image',1),(6753,475,377,'api::branch.branch','image',1),(6754,475,31,'api::branch.branch','image',1),(6755,475,378,'api::branch.branch','image',1),(6756,469,5,'api::branch.branch','image',1),(6757,469,379,'api::branch.branch','image',1),(6759,474,380,'api::branch.branch','image',1),(6760,474,144,'api::branch.branch','image',1),(6761,474,381,'api::branch.branch','image',1),(6763,472,382,'api::branch.branch','image',1),(6765,416,383,'api::branch.branch','image',1),(6766,487,113,'api::branch.branch','image',1),(6767,487,384,'api::branch.branch','image',1),(6768,416,25,'api::branch.branch','image',1),(6769,416,385,'api::branch.branch','image',1),(6770,472,27,'api::branch.branch','image',1),(6771,472,386,'api::branch.branch','image',1),(6772,477,121,'api::branch.branch','image',1),(6773,477,387,'api::branch.branch','image',1),(6774,479,123,'api::branch.branch','image',1),(6775,479,388,'api::branch.branch','image',1),(6776,470,118,'api::branch.branch','image',1),(6777,470,389,'api::branch.branch','image',1),(6778,482,125,'api::branch.branch','image',1),(6779,482,390,'api::branch.branch','image',1),(6781,403,391,'api::branch.branch','image',1),(6783,478,392,'api::branch.branch','image',1),(6784,478,173,'api::branch.branch','image',1),(6785,478,393,'api::branch.branch','image',1),(6786,403,103,'api::branch.branch','image',1),(6787,403,394,'api::branch.branch','image',1),(6788,9,1,'api::header.header','logo',1),(6789,8,1,'api::header.header','colorLogo',1),(6790,9,18,'api::header.header','logo',1),(6791,8,18,'api::header.header','colorLogo',1),(6796,221,1,'api::power-top-category.power-top-category','image',1),(6797,221,33,'api::power-top-category.power-top-category','image',1),(6798,218,3,'api::power-top-category.power-top-category','image',1),(6799,218,34,'api::power-top-category.power-top-category','image',1),(6800,216,7,'api::power-top-category.power-top-category','image',1),(6801,216,35,'api::power-top-category.power-top-category','image',1),(6802,220,9,'api::power-top-category.power-top-category','image',1),(6803,220,36,'api::power-top-category.power-top-category','image',1),(6804,360,11,'api::power-top-category.power-top-category','image',1),(6805,360,37,'api::power-top-category.power-top-category','image',1);

--
-- Table structure for table `footers`
--

CREATE TABLE `footers` (
  `id` int unsigned NOT NULL AUTO_INCREMENT,
  `document_id` varchar(255) DEFAULT NULL,
  `created_at` datetime(6) DEFAULT NULL,
  `updated_at` datetime(6) DEFAULT NULL,
  `published_at` datetime(6) DEFAULT NULL,
  `created_by_id` int unsigned DEFAULT NULL,
  `updated_by_id` int unsigned DEFAULT NULL,
  `locale` varchar(255) DEFAULT NULL,
  `copyright_text` longtext,
  `description` longtext,
  PRIMARY KEY (`id`),
  KEY `footers_documents_idx` (`document_id`,`locale`,`published_at`),
  KEY `footers_created_by_id_fk` (`created_by_id`),
  KEY `footers_updated_by_id_fk` (`updated_by_id`),
  CONSTRAINT `footers_created_by_id_fk` FOREIGN KEY (`created_by_id`) REFERENCES `admin_users` (`id`) ON DELETE SET NULL,
  CONSTRAINT `footers_updated_by_id_fk` FOREIGN KEY (`updated_by_id`) REFERENCES `admin_users` (`id`) ON DELETE SET NULL
) ENGINE=InnoDB AUTO_INCREMENT=26 DEFAULT CHARSET=utf8mb4 COLLATE=utf8mb4_0900_ai_ci;

--
-- Dumping data for table `footers`
--

INSERT INTO `footers` VALUES (1,'kdzkmdya4gu6pu184qlei04d','2025-11-22 06:46:14.928000','2026-04-02 05:55:43.610000',NULL,1,1,'en','© Central Motors & Equipment 2026. All Rights Reserved.','Central Motors & Equipment'),(25,'kdzkmdya4gu6pu184qlei04d','2025-11-22 06:46:14.928000','2026-04-02 05:55:43.610000','2026-04-02 05:55:45.003000',1,1,'en','© Central Motors & Equipment 2026. All Rights Reserved.','Central Motors & Equipment');

--
-- Table structure for table `footers_cmps`
--

CREATE TABLE `footers_cmps` (
  `id` int unsigned NOT NULL AUTO_INCREMENT,
  `entity_id` int unsigned DEFAULT NULL,
  `cmp_id` int unsigned DEFAULT NULL,
  `component_type` varchar(255) DEFAULT NULL,
  `field` varchar(255) DEFAULT NULL,
  `order` double unsigned DEFAULT NULL,
  PRIMARY KEY (`id`),
  UNIQUE KEY `footers_uq` (`entity_id`,`cmp_id`,`field`,`component_type`),
  KEY `footers_field_idx` (`field`),
  KEY `footers_component_type_idx` (`component_type`),
  KEY `footers_entity_fk` (`entity_id`),
  CONSTRAINT `footers_entity_fk` FOREIGN KEY (`entity_id`) REFERENCES `footers` (`id`) ON DELETE CASCADE
) ENGINE=InnoDB AUTO_INCREMENT=409 DEFAULT CHARSET=utf8mb4 COLLATE=utf8mb4_0900_ai_ci;

--
-- Dumping data for table `footers_cmps`
--

INSERT INTO `footers_cmps` VALUES (1,1,1,'common.social-links','socialLinks',3),(2,1,11,'common.menu-item','bottomMenu',2),(3,1,12,'common.menu-item','bottomMenu',4),(4,1,1,'common.menu-item-w-sub','menu',1),(5,1,2,'common.menu-item-w-sub','menu',2),(21,1,4,'common.social-links','socialLinks',6),(22,1,5,'common.social-links','socialLinks',7),(23,1,6,'common.social-links','socialLinks',8),(401,25,87,'common.social-links','socialLinks',1),(402,25,88,'common.social-links','socialLinks',2),(403,25,89,'common.social-links','socialLinks',3),(404,25,90,'common.social-links','socialLinks',4),(405,25,306,'common.menu-item','bottomMenu',1),(406,25,307,'common.menu-item','bottomMenu',2),(407,25,58,'common.menu-item-w-sub','menu',1),(408,25,59,'common.menu-item-w-sub','menu',2);

--
-- Table structure for table `headers`
--

CREATE TABLE `headers` (
  `id` int unsigned NOT NULL AUTO_INCREMENT,
  `document_id` varchar(255) DEFAULT NULL,
  `show_multilingual` tinyint(1) DEFAULT NULL,
  `created_at` datetime(6) DEFAULT NULL,
  `updated_at` datetime(6) DEFAULT NULL,
  `published_at` datetime(6) DEFAULT NULL,
  `created_by_id` int unsigned DEFAULT NULL,
  `updated_by_id` int unsigned DEFAULT NULL,
  `locale` varchar(255) DEFAULT NULL,
  PRIMARY KEY (`id`),
  KEY `headers_documents_idx` (`document_id`,`locale`,`published_at`),
  KEY `headers_created_by_id_fk` (`created_by_id`),
  KEY `headers_updated_by_id_fk` (`updated_by_id`),
  CONSTRAINT `headers_created_by_id_fk` FOREIGN KEY (`created_by_id`) REFERENCES `admin_users` (`id`) ON DELETE SET NULL,
  CONSTRAINT `headers_updated_by_id_fk` FOREIGN KEY (`updated_by_id`) REFERENCES `admin_users` (`id`) ON DELETE SET NULL
) ENGINE=InnoDB AUTO_INCREMENT=19 DEFAULT CHARSET=utf8mb4 COLLATE=utf8mb4_0900_ai_ci;

--
-- Dumping data for table `headers`
--

INSERT INTO `headers` VALUES (1,'sp7t2jyo0s7xitjpftvi3mw1',0,'2025-11-22 06:41:06.614000','2026-04-22 11:08:28.183000',NULL,1,1,'en'),(18,'sp7t2jyo0s7xitjpftvi3mw1',0,'2025-11-22 06:41:06.614000','2026-04-22 11:08:28.183000','2026-04-22 11:08:28.956000',1,1,'en');

--
-- Table structure for table `headers_cmps`
--

CREATE TABLE `headers_cmps` (
  `id` int unsigned NOT NULL AUTO_INCREMENT,
  `entity_id` int unsigned DEFAULT NULL,
  `cmp_id` int unsigned DEFAULT NULL,
  `component_type` varchar(255) DEFAULT NULL,
  `field` varchar(255) DEFAULT NULL,
  `order` double unsigned DEFAULT NULL,
  PRIMARY KEY (`id`),
  UNIQUE KEY `headers_uq` (`entity_id`,`cmp_id`,`field`,`component_type`),
  KEY `headers_field_idx` (`field`),
  KEY `headers_component_type_idx` (`component_type`),
  KEY `headers_entity_fk` (`entity_id`),
  CONSTRAINT `headers_entity_fk` FOREIGN KEY (`entity_id`) REFERENCES `headers` (`id`) ON DELETE CASCADE
) ENGINE=InnoDB AUTO_INCREMENT=139 DEFAULT CHARSET=utf8mb4 COLLATE=utf8mb4_0900_ai_ci;

--
-- Dumping data for table `headers_cmps`
--

INSERT INTO `headers_cmps` VALUES (125,1,202,'common.menu-item','menu',1),(126,1,203,'common.menu-item','menu',2),(127,1,204,'common.menu-item','menu',3),(128,1,1,'common.menu-item-w-services','menu',4),(129,1,1,'common.menu-item','menu',5),(130,1,6,'common.menu-item','menu',6),(131,1,7,'common.menu-item','menu',7),(132,18,316,'common.menu-item','menu',1),(133,18,317,'common.menu-item','menu',2),(134,18,318,'common.menu-item','menu',3),(135,18,11,'common.menu-item-w-services','menu',4),(136,18,319,'common.menu-item','menu',5),(137,18,320,'common.menu-item','menu',6),(138,18,321,'common.menu-item','menu',7);

--
-- Table structure for table `homes`
--

CREATE TABLE `homes` (
  `id` int unsigned NOT NULL AUTO_INCREMENT,
  `document_id` varchar(255) DEFAULT NULL,
  `created_at` datetime(6) DEFAULT NULL,
  `updated_at` datetime(6) DEFAULT NULL,
  `published_at` datetime(6) DEFAULT NULL,
  `created_by_id` int unsigned DEFAULT NULL,
  `updated_by_id` int unsigned DEFAULT NULL,
  `locale` varchar(255) DEFAULT NULL,
  `is_news_enabled` tinyint(1) DEFAULT NULL,
  PRIMARY KEY (`id`),
  KEY `homes_documents_idx` (`document_id`,`locale`,`published_at`),
  KEY `homes_created_by_id_fk` (`created_by_id`),
  KEY `homes_updated_by_id_fk` (`updated_by_id`),
  CONSTRAINT `homes_created_by_id_fk` FOREIGN KEY (`created_by_id`) REFERENCES `admin_users` (`id`) ON DELETE SET NULL,
  CONSTRAINT `homes_updated_by_id_fk` FOREIGN KEY (`updated_by_id`) REFERENCES `admin_users` (`id`) ON DELETE SET NULL
) ENGINE=InnoDB AUTO_INCREMENT=55 DEFAULT CHARSET=utf8mb4 COLLATE=utf8mb4_0900_ai_ci;

--
-- Dumping data for table `homes`
--

INSERT INTO `homes` VALUES (1,'omwub2vqq79mjezdxrj80qmx','2025-11-22 05:40:07.852000','2026-04-21 07:02:06.018000',NULL,1,1,'en',1),(15,'omwub2vqq79mjezdxrj80qmx','2025-12-14 06:35:42.308000','2025-12-14 06:35:42.308000',NULL,1,1,'ar',1),(16,'omwub2vqq79mjezdxrj80qmx','2025-12-14 06:35:42.308000','2025-12-14 06:35:42.308000','2025-12-14 06:35:42.988000',1,1,'ar',1),(54,'omwub2vqq79mjezdxrj80qmx','2025-11-22 05:40:07.852000','2026-04-21 07:02:06.018000','2026-04-21 07:02:09.421000',1,1,'en',1);

--
-- Table structure for table `homes_cmps`
--

CREATE TABLE `homes_cmps` (
  `id` int unsigned NOT NULL AUTO_INCREMENT,
  `entity_id` int unsigned DEFAULT NULL,
  `cmp_id` int unsigned DEFAULT NULL,
  `component_type` varchar(255) DEFAULT NULL,
  `field` varchar(255) DEFAULT NULL,
  `order` double unsigned DEFAULT NULL,
  PRIMARY KEY (`id`),
  UNIQUE KEY `homes_uq` (`entity_id`,`cmp_id`,`field`,`component_type`),
  KEY `homes_field_idx` (`field`),
  KEY `homes_component_type_idx` (`component_type`),
  KEY `homes_entity_fk` (`entity_id`),
  CONSTRAINT `homes_entity_fk` FOREIGN KEY (`entity_id`) REFERENCES `homes` (`id`) ON DELETE CASCADE
) ENGINE=InnoDB AUTO_INCREMENT=774 DEFAULT CHARSET=utf8mb4 COLLATE=utf8mb4_0900_ai_ci;

--
-- Dumping data for table `homes_cmps`
--

INSERT INTO `homes_cmps` VALUES (87,15,40,'common.banner','banner',1),(88,16,41,'common.banner','banner',1),(90,1,1,'common.content-with-link','aboutGroup',12),(98,1,1,'home.about-cme','aboutCme',7),(99,1,1,'home.business-stream','businessStreams',8),(100,1,1,'home.trusted-section','trustedPartners',10),(101,1,1,'home.content-section','socialFeeds',9),(102,1,2,'home.content-section','ourLocations',11),(114,1,5,'home.content-section','trustedBrands',6),(535,1,88,'common.seo','seo',1),(545,1,232,'common.banner','banner',2),(565,1,235,'common.banner','banner',3),(566,1,236,'common.banner','banner',4),(687,1,332,'common.banner','banner',1),(762,54,346,'common.banner','banner',1),(763,54,347,'common.banner','banner',2),(764,54,348,'common.banner','banner',3),(765,54,349,'common.banner','banner',4),(766,54,37,'home.about-cme','aboutCme',NULL),(767,54,37,'home.business-stream','businessStreams',NULL),(768,54,124,'home.content-section','trustedBrands',NULL),(769,54,37,'home.trusted-section','trustedPartners',NULL),(770,54,125,'home.content-section','socialFeeds',NULL),(771,54,126,'home.content-section','ourLocations',NULL),(772,54,39,'common.content-with-link','aboutGroup',NULL),(773,54,183,'common.seo','seo',NULL);

--
-- Table structure for table `i18n_locale`
--

CREATE TABLE `i18n_locale` (
  `id` int unsigned NOT NULL AUTO_INCREMENT,
  `document_id` varchar(255) DEFAULT NULL,
  `name` varchar(255) DEFAULT NULL,
  `code` varchar(255) DEFAULT NULL,
  `created_at` datetime(6) DEFAULT NULL,
  `updated_at` datetime(6) DEFAULT NULL,
  `published_at` datetime(6) DEFAULT NULL,
  `created_by_id` int unsigned DEFAULT NULL,
  `updated_by_id` int unsigned DEFAULT NULL,
  `locale` varchar(255) DEFAULT NULL,
  PRIMARY KEY (`id`),
  KEY `i18n_locale_documents_idx` (`document_id`,`locale`,`published_at`),
  KEY `i18n_locale_created_by_id_fk` (`created_by_id`),
  KEY `i18n_locale_updated_by_id_fk` (`updated_by_id`),
  CONSTRAINT `i18n_locale_created_by_id_fk` FOREIGN KEY (`created_by_id`) REFERENCES `admin_users` (`id`) ON DELETE SET NULL,
  CONSTRAINT `i18n_locale_updated_by_id_fk` FOREIGN KEY (`updated_by_id`) REFERENCES `admin_users` (`id`) ON DELETE SET NULL
) ENGINE=InnoDB AUTO_INCREMENT=3 DEFAULT CHARSET=utf8mb4 COLLATE=utf8mb4_0900_ai_ci;

--
-- Dumping data for table `i18n_locale`
--

INSERT INTO `i18n_locale` VALUES (1,'sc34f0ritbxgoaf0bmfvixb5','English (en)','en','2025-11-21 05:39:29.301000','2025-11-21 05:39:29.301000','2025-11-21 05:39:29.303000',NULL,NULL,NULL),(2,'ttqlf2jrq3gjx11asw6ajbll','Arabic (ar)','ar','2025-11-28 09:33:47.290000','2025-11-28 09:33:47.290000','2025-11-28 09:33:47.291000',1,1,NULL);

--
-- Table structure for table `locations`
--

CREATE TABLE `locations` (
  `id` int unsigned NOT NULL AUTO_INCREMENT,
  `document_id` varchar(255) DEFAULT NULL,
  `created_at` datetime(6) DEFAULT NULL,
  `updated_at` datetime(6) DEFAULT NULL,
  `published_at` datetime(6) DEFAULT NULL,
  `created_by_id` int unsigned DEFAULT NULL,
  `updated_by_id` int unsigned DEFAULT NULL,
  `locale` varchar(255) DEFAULT NULL,
  `sub_title` varchar(255) DEFAULT NULL,
  `title` varchar(255) DEFAULT NULL,
  `description` longtext,
  PRIMARY KEY (`id`),
  KEY `locations_documents_idx` (`document_id`,`locale`,`published_at`),
  KEY `locations_created_by_id_fk` (`created_by_id`),
  KEY `locations_updated_by_id_fk` (`updated_by_id`),
  CONSTRAINT `locations_created_by_id_fk` FOREIGN KEY (`created_by_id`) REFERENCES `admin_users` (`id`) ON DELETE SET NULL,
  CONSTRAINT `locations_updated_by_id_fk` FOREIGN KEY (`updated_by_id`) REFERENCES `admin_users` (`id`) ON DELETE SET NULL
) ENGINE=InnoDB AUTO_INCREMENT=10 DEFAULT CHARSET=utf8mb4 COLLATE=utf8mb4_0900_ai_ci;

--
-- Dumping data for table `locations`
--

INSERT INTO `locations` VALUES (1,'qu6yjyv0cla8lq4yssqcrjaa','2025-11-27 06:26:40.295000','2026-02-05 06:47:09.587000',NULL,1,1,'en','Where to Find Us ','Explore Our Locations','<p>CME has expanded its portfolio taking in complementary brands with exclusive agency agreements for the UAE. The company functions under the major divisions: Tyres, Automotive, Services and Power Tools</p>'),(9,'qu6yjyv0cla8lq4yssqcrjaa','2025-11-27 06:26:40.295000','2026-02-05 06:47:09.587000','2026-02-05 06:47:10.232000',1,1,'en','Where to Find Us ','Explore Our Locations','<p>CME has expanded its portfolio taking in complementary brands with exclusive agency agreements for the UAE. The company functions under the major divisions: Tyres, Automotive, Services and Power Tools</p>');

--
-- Table structure for table `locations_cmps`
--

CREATE TABLE `locations_cmps` (
  `id` int unsigned NOT NULL AUTO_INCREMENT,
  `entity_id` int unsigned DEFAULT NULL,
  `cmp_id` int unsigned DEFAULT NULL,
  `component_type` varchar(255) DEFAULT NULL,
  `field` varchar(255) DEFAULT NULL,
  `order` double unsigned DEFAULT NULL,
  PRIMARY KEY (`id`),
  UNIQUE KEY `locations_uq` (`entity_id`,`cmp_id`,`field`,`component_type`),
  KEY `locations_field_idx` (`field`),
  KEY `locations_component_type_idx` (`component_type`),
  KEY `locations_entity_fk` (`entity_id`),
  CONSTRAINT `locations_entity_fk` FOREIGN KEY (`entity_id`) REFERENCES `locations` (`id`) ON DELETE CASCADE
) ENGINE=InnoDB AUTO_INCREMENT=11 DEFAULT CHARSET=utf8mb4 COLLATE=utf8mb4_0900_ai_ci;

--
-- Dumping data for table `locations_cmps`
--

INSERT INTO `locations_cmps` VALUES (1,1,41,'common.seo','seo',NULL),(10,9,63,'common.seo','seo',NULL);

--
-- Table structure for table `locations_location_types_lnk`
--

CREATE TABLE `locations_location_types_lnk` (
  `id` int unsigned NOT NULL AUTO_INCREMENT,
  `location_id` int unsigned DEFAULT NULL,
  `branch_location_id` int unsigned DEFAULT NULL,
  `branch_location_ord` double unsigned DEFAULT NULL,
  PRIMARY KEY (`id`),
  UNIQUE KEY `locations_location_types_lnk_uq` (`location_id`,`branch_location_id`),
  KEY `locations_location_types_lnk_fk` (`location_id`),
  KEY `locations_location_types_lnk_ifk` (`branch_location_id`),
  KEY `locations_location_types_lnk_ofk` (`branch_location_ord`),
  CONSTRAINT `locations_location_types_lnk_fk` FOREIGN KEY (`location_id`) REFERENCES `locations` (`id`) ON DELETE CASCADE,
  CONSTRAINT `locations_location_types_lnk_ifk` FOREIGN KEY (`branch_location_id`) REFERENCES `branch_locations` (`id`) ON DELETE CASCADE
) ENGINE=InnoDB AUTO_INCREMENT=13 DEFAULT CHARSET=utf8mb4 COLLATE=utf8mb4_0900_ai_ci;

--
-- Dumping data for table `locations_location_types_lnk`
--

INSERT INTO `locations_location_types_lnk` VALUES (1,1,4,1),(3,1,7,2),(9,1,1,3),(10,9,6,1),(11,9,8,2),(12,9,3,3);

--
-- Table structure for table `newes`
--

CREATE TABLE `newes` (
  `id` int unsigned NOT NULL AUTO_INCREMENT,
  `document_id` varchar(255) DEFAULT NULL,
  `title` varchar(255) DEFAULT NULL,
  `slug` varchar(255) DEFAULT NULL,
  `posted_date` date DEFAULT NULL,
  `small_description` longtext,
  `description` longtext,
  `is_featured` tinyint(1) DEFAULT NULL,
  `read_time` varchar(255) DEFAULT NULL,
  `created_at` datetime(6) DEFAULT NULL,
  `updated_at` datetime(6) DEFAULT NULL,
  `published_at` datetime(6) DEFAULT NULL,
  `created_by_id` int unsigned DEFAULT NULL,
  `updated_by_id` int unsigned DEFAULT NULL,
  `locale` varchar(255) DEFAULT NULL,
  PRIMARY KEY (`id`),
  KEY `newes_documents_idx` (`document_id`,`locale`,`published_at`),
  KEY `newes_created_by_id_fk` (`created_by_id`),
  KEY `newes_updated_by_id_fk` (`updated_by_id`),
  CONSTRAINT `newes_created_by_id_fk` FOREIGN KEY (`created_by_id`) REFERENCES `admin_users` (`id`) ON DELETE SET NULL,
  CONSTRAINT `newes_updated_by_id_fk` FOREIGN KEY (`updated_by_id`) REFERENCES `admin_users` (`id`) ON DELETE SET NULL
) ENGINE=InnoDB AUTO_INCREMENT=63 DEFAULT CHARSET=utf8mb4 COLLATE=utf8mb4_0900_ai_ci;

--
-- Dumping data for table `newes`
--

INSERT INTO `newes` VALUES (1,'pabl6v25u1lp2r05v1fc77ub','A HISTORIC MOMENT FOR CENTRAL MOTORS & & EQUIPMENT! & WE ARE BEYOND EXCITED TO SHARE TRULY EXTRA ORDINARY NEWS!','awards1','2026-01-08','We are beyond excited to share truly extraordinary news!\n','<p>We are beyond excited to share truly extraordinary news!</p><p>Central Motors &amp; Equipment LLC has been honored on the world stage, winning the “Highly Commended Distributor of the Year” at the prestigious Automechanika 2025 Global Awards!</p><p>This remarkable distinction was presented by Mr. Michael Johannes, Vice President Mobility &amp; Logistics at Messe Frankfurt a true industry icon and received with pride by our General Manager, Mr. Sami Messaoudi, and Country Business Director, Mr. Rajkumar Venkatapathy.<br>&nbsp;</p>',1,'5 mins','2025-12-12 05:37:33.823000','2026-03-09 10:02:33.202000',NULL,1,1,'en'),(4,'lnfso4vkopvjvx8xkw9wpukv','A HISTORIC MOMENT FOR CENTRAL MOTORS & & EQUIPMENT! & WE ARE BEYOND EXCITED TO SHARE TRULY EXTRA ORDINARY NEWS!','awards2','2026-12-08','As Knorr Bremse strategic partner in Middle East Central Motors & Equipment LLC is honored to be appointed once again as an authorized UAE & Qatar TruckServices Expert Network Distributor until 09-09-2027.','<p style=\"line-height:108%;margin-bottom:0.28cm;\"><span style=\"background-color:#ffffff;font-family:Segoe UI, sans-serif;font-size:small;\"><font style=\"font-size:10pt;\">As Knorr Bremse strategic partner in Middle East Central Motors &amp; Equipment LLC is honored to be appointed once again as an authorized UAE &amp; Qatar TruckServices Expert Network Distributor until 09-09-2027.</font></span><br><br><span style=\"background-color:#ffffff;font-family:Segoe UI, sans-serif;font-size:small;\"><font style=\"font-size:10pt;\">Thanks to Mr. Ozan Cicek, Managing Director, Knorr-Bremse Türkiye &amp; MENA, Vishal Sanghavi, Head of Aftermarket Strategy EMEA, Yarkin Gul, Sales Manager Türkiye &amp; MENA, Savaş OK, Technical Services &amp; Account Manager, Knorr-Bremse Türkiye &amp; MENA for visiting CME stand at Automechanika 2025 and presenting the certificate.</font></span><br><br><span style=\"background-color:#ffffff;font-family:Segoe UI, sans-serif;font-size:small;\"><font style=\"font-size:10pt;\">We sincerely thanks to entire Knorr Bremse team and believe that we will accomplish many things in future as we have done till today together.</font></span></p>',1,'5 mins','2025-12-12 05:38:24.512000','2026-03-09 10:02:51.165000',NULL,1,1,'en'),(19,'k3ms928e4ebxrb5xczipghke','Central Motors and Equipment proudly congratulates Fine Tools on the Grand Opening of their New Experience Center.','news-3','2025-12-12',NULL,'<p style=\"line-height:108%;margin-bottom:0.28cm;\"><span style=\"color:#212121;font-family:Aptos, serif;\">Bosch Power Tools participated in the integration of Finetools’ new branch while celebrating their 25th anniversary milestone. The new location features a dedicated Bosch experience center, allowing customers to easily explore, understand, and use Bosch tools through hands-on demonstrations. This initiative strengthens our long-standing partnership with Finetools and reinforces our shared commitment to delivering innovative solutions, superior service, and an enhanced customer experience</span><br><br>Central Motors &amp; Equipment Lightup the season with BOSCH Powertools new activation to powering the festive spirit<br>Venue: ACE Hardware DFC, Dubai</p><p>BOSCH Power Tools collaborated with ACE Dubai Festival City as part of the Light Up Season, creating an engaging in-store experience for customers. The event attracted strong footfall, with many visitors witnessing live demonstrations and exploring the BOSCH Power Tools range.<br>The activation enhanced brand visibility and customer interaction, highlighting the effectiveness of festive in-store collaborations in driving awareness and engagement.</p>',1,NULL,'2026-01-13 09:19:31.679000','2026-03-09 10:03:05.880000',NULL,1,1,'en'),(21,'pdkwlj6e27rzzp0swewcjv7n','MICHELIN GUIDE Abu Dhabi 2026 ceremony held in October 2025.','news-4','2025-10-23',NULL,'<p>The event was a spectacular celebration of Abu Dhabi\'s culinary excellence, recognizing the city\'s finest chefs and restaurants.</p><p>CME – Tyre Division team has represented the company, the success of the event is a testament to the city\'s thriving food scene, which is rapidly becoming one of the region\'s most dynamic and sought-after destinations for foodies and connoisseurs alike.</p><p>CME thanked to Michelin AIM team for inviting and to have such wonderful experience.&nbsp;</p>',0,NULL,'2026-01-13 09:23:00.970000','2026-03-09 10:03:34.718000',NULL,1,1,'en'),(38,'eoyvkw49iyjnj6ipbx9o3mse','CME Tyre Division- Michelin collaborated with EMC – Mercedes for Track Day Event','news-5','2025-10-24','Venue: Yas Marina Circuit, Abu Dhabi UAE','<p>Central Motors and Equipment Tyre Division’s Brand Michelin has collaborated with Emirates Motor Company (Alfahim Group) for Mercedes Track Day Event, where all tyres for Track Day Car for customers were sponsored by CME-Michelin.</p><p>At this high-octane event, Michelin showcased its premium tire capabilities, providing top-notch tires for the track cars. The collaboration aimed to promote Michelin\'s brand excellence, cutting-edge technology, and exceptional performance.</p><p>The event provided a unique opportunity for guests to experience the thrill of driving Mercedes-Benz cars equipped with Michelin tires, highlighting the brand\'s commitment to safety, quality, and innovation.<br>Adding to the event\'s success, the CME Tyreplus van was on-site, providing expert tire services and showcasing the convenience of mobile tire care. Guests had the opportunity to experience firsthand the quality and efficiency of Tyreplus\'s services, further solidifying Central Motors and Equipment\'s commitment to customer satisfaction.</p><p>&nbsp;</p>',NULL,NULL,'2026-01-27 09:54:57.647000','2026-03-09 10:03:19.904000',NULL,1,1,'en'),(58,'pabl6v25u1lp2r05v1fc77ub','A HISTORIC MOMENT FOR CENTRAL MOTORS & & EQUIPMENT! & WE ARE BEYOND EXCITED TO SHARE TRULY EXTRA ORDINARY NEWS!','awards1','2026-01-08','We are beyond excited to share truly extraordinary news!\n','<p>We are beyond excited to share truly extraordinary news!</p><p>Central Motors &amp; Equipment LLC has been honored on the world stage, winning the “Highly Commended Distributor of the Year” at the prestigious Automechanika 2025 Global Awards!</p><p>This remarkable distinction was presented by Mr. Michael Johannes, Vice President Mobility &amp; Logistics at Messe Frankfurt a true industry icon and received with pride by our General Manager, Mr. Sami Messaoudi, and Country Business Director, Mr. Rajkumar Venkatapathy.<br>&nbsp;</p>',1,'5 mins','2025-12-12 05:37:33.823000','2026-03-09 10:02:33.202000','2026-03-09 10:02:33.961000',1,1,'en'),(59,'lnfso4vkopvjvx8xkw9wpukv','A HISTORIC MOMENT FOR CENTRAL MOTORS & & EQUIPMENT! & WE ARE BEYOND EXCITED TO SHARE TRULY EXTRA ORDINARY NEWS!','awards2','2026-12-08','As Knorr Bremse strategic partner in Middle East Central Motors & Equipment LLC is honored to be appointed once again as an authorized UAE & Qatar TruckServices Expert Network Distributor until 09-09-2027.','<p style=\"line-height:108%;margin-bottom:0.28cm;\"><span style=\"background-color:#ffffff;font-family:Segoe UI, sans-serif;font-size:small;\"><font style=\"font-size:10pt;\">As Knorr Bremse strategic partner in Middle East Central Motors &amp; Equipment LLC is honored to be appointed once again as an authorized UAE &amp; Qatar TruckServices Expert Network Distributor until 09-09-2027.</font></span><br><br><span style=\"background-color:#ffffff;font-family:Segoe UI, sans-serif;font-size:small;\"><font style=\"font-size:10pt;\">Thanks to Mr. Ozan Cicek, Managing Director, Knorr-Bremse Türkiye &amp; MENA, Vishal Sanghavi, Head of Aftermarket Strategy EMEA, Yarkin Gul, Sales Manager Türkiye &amp; MENA, Savaş OK, Technical Services &amp; Account Manager, Knorr-Bremse Türkiye &amp; MENA for visiting CME stand at Automechanika 2025 and presenting the certificate.</font></span><br><br><span style=\"background-color:#ffffff;font-family:Segoe UI, sans-serif;font-size:small;\"><font style=\"font-size:10pt;\">We sincerely thanks to entire Knorr Bremse team and believe that we will accomplish many things in future as we have done till today together.</font></span></p>',1,'5 mins','2025-12-12 05:38:24.512000','2026-03-09 10:02:51.165000','2026-03-09 10:02:51.840000',1,1,'en'),(60,'k3ms928e4ebxrb5xczipghke','Central Motors and Equipment proudly congratulates Fine Tools on the Grand Opening of their New Experience Center.','news-3','2025-12-12',NULL,'<p style=\"line-height:108%;margin-bottom:0.28cm;\"><span style=\"color:#212121;font-family:Aptos, serif;\">Bosch Power Tools participated in the integration of Finetools’ new branch while celebrating their 25th anniversary milestone. The new location features a dedicated Bosch experience center, allowing customers to easily explore, understand, and use Bosch tools through hands-on demonstrations. This initiative strengthens our long-standing partnership with Finetools and reinforces our shared commitment to delivering innovative solutions, superior service, and an enhanced customer experience</span><br><br>Central Motors &amp; Equipment Lightup the season with BOSCH Powertools new activation to powering the festive spirit<br>Venue: ACE Hardware DFC, Dubai</p><p>BOSCH Power Tools collaborated with ACE Dubai Festival City as part of the Light Up Season, creating an engaging in-store experience for customers. The event attracted strong footfall, with many visitors witnessing live demonstrations and exploring the BOSCH Power Tools range.<br>The activation enhanced brand visibility and customer interaction, highlighting the effectiveness of festive in-store collaborations in driving awareness and engagement.</p>',1,NULL,'2026-01-13 09:19:31.679000','2026-03-09 10:03:05.880000','2026-03-09 10:03:06.449000',1,1,'en'),(61,'eoyvkw49iyjnj6ipbx9o3mse','CME Tyre Division- Michelin collaborated with EMC – Mercedes for Track Day Event','news-5','2025-10-24','Venue: Yas Marina Circuit, Abu Dhabi UAE','<p>Central Motors and Equipment Tyre Division’s Brand Michelin has collaborated with Emirates Motor Company (Alfahim Group) for Mercedes Track Day Event, where all tyres for Track Day Car for customers were sponsored by CME-Michelin.</p><p>At this high-octane event, Michelin showcased its premium tire capabilities, providing top-notch tires for the track cars. The collaboration aimed to promote Michelin\'s brand excellence, cutting-edge technology, and exceptional performance.</p><p>The event provided a unique opportunity for guests to experience the thrill of driving Mercedes-Benz cars equipped with Michelin tires, highlighting the brand\'s commitment to safety, quality, and innovation.<br>Adding to the event\'s success, the CME Tyreplus van was on-site, providing expert tire services and showcasing the convenience of mobile tire care. Guests had the opportunity to experience firsthand the quality and efficiency of Tyreplus\'s services, further solidifying Central Motors and Equipment\'s commitment to customer satisfaction.</p><p>&nbsp;</p>',NULL,NULL,'2026-01-27 09:54:57.647000','2026-03-09 10:03:19.904000','2026-03-09 10:03:20.532000',1,1,'en'),(62,'pdkwlj6e27rzzp0swewcjv7n','MICHELIN GUIDE Abu Dhabi 2026 ceremony held in October 2025.','news-4','2025-10-23',NULL,'<p>The event was a spectacular celebration of Abu Dhabi\'s culinary excellence, recognizing the city\'s finest chefs and restaurants.</p><p>CME – Tyre Division team has represented the company, the success of the event is a testament to the city\'s thriving food scene, which is rapidly becoming one of the region\'s most dynamic and sought-after destinations for foodies and connoisseurs alike.</p><p>CME thanked to Michelin AIM team for inviting and to have such wonderful experience.&nbsp;</p>',0,NULL,'2026-01-13 09:23:00.970000','2026-03-09 10:03:34.718000','2026-03-09 10:03:35.340000',1,1,'en');

--
-- Table structure for table `newes_cmps`
--

CREATE TABLE `newes_cmps` (
  `id` int unsigned NOT NULL AUTO_INCREMENT,
  `entity_id` int unsigned DEFAULT NULL,
  `cmp_id` int unsigned DEFAULT NULL,
  `component_type` varchar(255) DEFAULT NULL,
  `field` varchar(255) DEFAULT NULL,
  `order` double unsigned DEFAULT NULL,
  PRIMARY KEY (`id`),
  UNIQUE KEY `newes_uq` (`entity_id`,`cmp_id`,`field`,`component_type`),
  KEY `newes_field_idx` (`field`),
  KEY `newes_component_type_idx` (`component_type`),
  KEY `newes_entity_fk` (`entity_id`),
  CONSTRAINT `newes_entity_fk` FOREIGN KEY (`entity_id`) REFERENCES `newes` (`id`) ON DELETE CASCADE
) ENGINE=InnoDB AUTO_INCREMENT=52 DEFAULT CHARSET=utf8mb4 COLLATE=utf8mb4_0900_ai_ci;

--
-- Dumping data for table `newes_cmps`
--

INSERT INTO `newes_cmps` VALUES (1,1,35,'common.seo','seo',NULL),(3,4,37,'common.seo','seo',NULL),(43,58,76,'common.seo','seo',NULL),(45,59,77,'common.seo','seo',NULL),(46,19,78,'common.seo','seo',NULL),(47,60,79,'common.seo','seo',NULL),(48,38,80,'common.seo','seo',NULL),(49,61,81,'common.seo','seo',NULL),(50,21,82,'common.seo','seo',NULL),(51,62,83,'common.seo','seo',NULL);

--
-- Table structure for table `newes_types_lnk`
--

CREATE TABLE `newes_types_lnk` (
  `id` int unsigned NOT NULL AUTO_INCREMENT,
  `news_id` int unsigned DEFAULT NULL,
  `type_id` int unsigned DEFAULT NULL,
  `type_ord` double unsigned DEFAULT NULL,
  PRIMARY KEY (`id`),
  UNIQUE KEY `newes_types_lnk_uq` (`news_id`,`type_id`),
  KEY `newes_types_lnk_fk` (`news_id`),
  KEY `newes_types_lnk_ifk` (`type_id`),
  KEY `newes_types_lnk_ofk` (`type_ord`),
  CONSTRAINT `newes_types_lnk_fk` FOREIGN KEY (`news_id`) REFERENCES `newes` (`id`) ON DELETE CASCADE,
  CONSTRAINT `newes_types_lnk_ifk` FOREIGN KEY (`type_id`) REFERENCES `types` (`id`) ON DELETE CASCADE
) ENGINE=InnoDB AUTO_INCREMENT=40 DEFAULT CHARSET=utf8mb4 COLLATE=utf8mb4_0900_ai_ci;

--
-- Dumping data for table `newes_types_lnk`
--

INSERT INTO `newes_types_lnk` VALUES (1,21,7,1),(3,38,7,1),(5,19,1,1),(7,4,3,1),(9,1,3,1),(11,1,5,2),(14,4,5,2),(17,19,5,2),(32,58,4,1),(33,58,6,2),(34,59,4,1),(35,59,6,2),(36,60,9,1),(37,60,6,2),(38,61,8,1),(39,62,8,1);

--
-- Table structure for table `news_landings`
--

CREATE TABLE `news_landings` (
  `id` int unsigned NOT NULL AUTO_INCREMENT,
  `document_id` varchar(255) DEFAULT NULL,
  `title` varchar(255) DEFAULT NULL,
  `created_at` datetime(6) DEFAULT NULL,
  `updated_at` datetime(6) DEFAULT NULL,
  `published_at` datetime(6) DEFAULT NULL,
  `created_by_id` int unsigned DEFAULT NULL,
  `updated_by_id` int unsigned DEFAULT NULL,
  `locale` varchar(255) DEFAULT NULL,
  PRIMARY KEY (`id`),
  KEY `news_landings_documents_idx` (`document_id`,`locale`,`published_at`),
  KEY `news_landings_created_by_id_fk` (`created_by_id`),
  KEY `news_landings_updated_by_id_fk` (`updated_by_id`),
  CONSTRAINT `news_landings_created_by_id_fk` FOREIGN KEY (`created_by_id`) REFERENCES `admin_users` (`id`) ON DELETE SET NULL,
  CONSTRAINT `news_landings_updated_by_id_fk` FOREIGN KEY (`updated_by_id`) REFERENCES `admin_users` (`id`) ON DELETE SET NULL
) ENGINE=InnoDB AUTO_INCREMENT=5 DEFAULT CHARSET=utf8mb4 COLLATE=utf8mb4_0900_ai_ci;

--
-- Dumping data for table `news_landings`
--

INSERT INTO `news_landings` VALUES (1,'sgmumfmrfuzwa858hb2dn34u','test','2025-12-12 05:39:28.473000','2026-03-09 09:59:21.734000',NULL,1,1,'en'),(4,'sgmumfmrfuzwa858hb2dn34u','test','2025-12-12 05:39:28.473000','2026-03-09 09:59:21.734000','2026-03-09 09:59:22.255000',1,1,'en');

--
-- Table structure for table `news_landings_cmps`
--

CREATE TABLE `news_landings_cmps` (
  `id` int unsigned NOT NULL AUTO_INCREMENT,
  `entity_id` int unsigned DEFAULT NULL,
  `cmp_id` int unsigned DEFAULT NULL,
  `component_type` varchar(255) DEFAULT NULL,
  `field` varchar(255) DEFAULT NULL,
  `order` double unsigned DEFAULT NULL,
  PRIMARY KEY (`id`),
  UNIQUE KEY `news_landings_uq` (`entity_id`,`cmp_id`,`field`,`component_type`),
  KEY `news_landings_field_idx` (`field`),
  KEY `news_landings_component_type_idx` (`component_type`),
  KEY `news_landings_entity_fk` (`entity_id`),
  CONSTRAINT `news_landings_entity_fk` FOREIGN KEY (`entity_id`) REFERENCES `news_landings` (`id`) ON DELETE CASCADE
) ENGINE=InnoDB AUTO_INCREMENT=7 DEFAULT CHARSET=utf8mb4 COLLATE=utf8mb4_0900_ai_ci;

--
-- Dumping data for table `news_landings_cmps`
--

INSERT INTO `news_landings_cmps` VALUES (1,1,39,'common.seo','seo',NULL),(6,4,69,'common.seo','seo',NULL);

--
-- Table structure for table `power_categories`
--

CREATE TABLE `power_categories` (
  `id` int unsigned NOT NULL AUTO_INCREMENT,
  `document_id` varchar(255) DEFAULT NULL,
  `title` varchar(255) DEFAULT NULL,
  `slug` varchar(255) DEFAULT NULL,
  `created_at` datetime(6) DEFAULT NULL,
  `updated_at` datetime(6) DEFAULT NULL,
  `published_at` datetime(6) DEFAULT NULL,
  `created_by_id` int unsigned DEFAULT NULL,
  `updated_by_id` int unsigned DEFAULT NULL,
  `locale` varchar(255) DEFAULT NULL,
  `display_order` int DEFAULT NULL,
  PRIMARY KEY (`id`),
  KEY `power_categories_documents_idx` (`document_id`,`locale`,`published_at`),
  KEY `power_categories_created_by_id_fk` (`created_by_id`),
  KEY `power_categories_updated_by_id_fk` (`updated_by_id`),
  CONSTRAINT `power_categories_created_by_id_fk` FOREIGN KEY (`created_by_id`) REFERENCES `admin_users` (`id`) ON DELETE SET NULL,
  CONSTRAINT `power_categories_updated_by_id_fk` FOREIGN KEY (`updated_by_id`) REFERENCES `admin_users` (`id`) ON DELETE SET NULL
) ENGINE=InnoDB AUTO_INCREMENT=46 DEFAULT CHARSET=utf8mb4 COLLATE=utf8mb4_0900_ai_ci;

--
-- Dumping data for table `power_categories`
--

INSERT INTO `power_categories` VALUES (1,'ua7ijg1kgz5el0ue3ipnh6ku','Angle Grinders','power-tools/search?categoryKey=power-tools&subcategoryKey=angle-grinders','2026-02-05 05:41:06.602000','2026-03-19 08:55:03.740000',NULL,1,1,'en',1),(3,'h0366rc7skwy6d8uvwi242m5','Combo Kits',NULL,'2026-02-05 05:41:39.857000','2026-03-09 06:49:38.985000',NULL,1,1,'en',6),(11,'w5jlol53itgwhnof7e07b1o9','Cordless Rotary Hammers','power-tools/search?categoryKey=power-tools&subcategoryKey=rotary-hammers-demolition-hammers&page=1&limit=20&category=rotary-hammers-demolition-hammers','2026-02-05 10:56:25.760000','2026-03-19 08:59:51.177000',NULL,1,1,'en',3),(13,'kcxwsvlkmoe3ynlw89zxqvxs','Carrying Case','power-tools/search?categoryKey=power-tools&subcategoryKey=carrying-cases','2026-02-05 10:56:41.136000','2026-03-19 08:56:12.615000',NULL,1,1,'en',2),(15,'gorzvqh0p60s7sm6vh2sf4dh','High Pressure Washer','power-tools/search?categoryKey=power-tools&subcategoryKey=high-pressure-washers','2026-02-05 10:57:14.368000','2026-03-19 09:00:25.117000',NULL,1,1,'en',4),(17,'jx2ghowlp0n4pq76xxf010y1','Cordless Drills','power-tools/search?categoryKey=power-tools&subcategoryKey=cordless-tools','2026-02-05 10:57:50.132000','2026-03-19 08:59:01.884000',NULL,1,1,'en',5),(39,'h0366rc7skwy6d8uvwi242m5','Combo Kits',NULL,'2026-02-05 05:41:39.857000','2026-03-09 06:49:38.985000','2026-03-09 06:49:39.291000',1,1,'en',6),(41,'ua7ijg1kgz5el0ue3ipnh6ku','Angle Grinders','power-tools/search?categoryKey=power-tools&subcategoryKey=angle-grinders','2026-02-05 05:41:06.602000','2026-03-19 08:55:03.740000','2026-03-19 08:55:04.095000',1,1,'en',1),(42,'kcxwsvlkmoe3ynlw89zxqvxs','Carrying Case','power-tools/search?categoryKey=power-tools&subcategoryKey=carrying-cases','2026-02-05 10:56:41.136000','2026-03-19 08:56:12.615000','2026-03-19 08:56:12.923000',1,1,'en',2),(43,'jx2ghowlp0n4pq76xxf010y1','Cordless Drills','power-tools/search?categoryKey=power-tools&subcategoryKey=cordless-tools','2026-02-05 10:57:50.132000','2026-03-19 08:59:01.884000','2026-03-19 08:59:02.420000',1,1,'en',5),(44,'w5jlol53itgwhnof7e07b1o9','Cordless Rotary Hammers','power-tools/search?categoryKey=power-tools&subcategoryKey=rotary-hammers-demolition-hammers&page=1&limit=20&category=rotary-hammers-demolition-hammers','2026-02-05 10:56:25.760000','2026-03-19 08:59:51.177000','2026-03-19 08:59:51.641000',1,1,'en',3),(45,'gorzvqh0p60s7sm6vh2sf4dh','High Pressure Washer','power-tools/search?categoryKey=power-tools&subcategoryKey=high-pressure-washers','2026-02-05 10:57:14.368000','2026-03-19 09:00:25.117000','2026-03-19 09:00:25.470000',1,1,'en',4);

--
-- Table structure for table `power_tool_landings`
--

CREATE TABLE `power_tool_landings` (
  `id` int unsigned NOT NULL AUTO_INCREMENT,
  `document_id` varchar(255) DEFAULT NULL,
  `title` varchar(255) DEFAULT NULL,
  `main_title` longtext,
  `main_description` longtext,
  `created_at` datetime(6) DEFAULT NULL,
  `updated_at` datetime(6) DEFAULT NULL,
  `published_at` datetime(6) DEFAULT NULL,
  `created_by_id` int unsigned DEFAULT NULL,
  `updated_by_id` int unsigned DEFAULT NULL,
  `locale` varchar(255) DEFAULT NULL,
  PRIMARY KEY (`id`),
  KEY `power_tool_landings_documents_idx` (`document_id`,`locale`,`published_at`),
  KEY `power_tool_landings_created_by_id_fk` (`created_by_id`),
  KEY `power_tool_landings_updated_by_id_fk` (`updated_by_id`),
  CONSTRAINT `power_tool_landings_created_by_id_fk` FOREIGN KEY (`created_by_id`) REFERENCES `admin_users` (`id`) ON DELETE SET NULL,
  CONSTRAINT `power_tool_landings_updated_by_id_fk` FOREIGN KEY (`updated_by_id`) REFERENCES `admin_users` (`id`) ON DELETE SET NULL
) ENGINE=InnoDB AUTO_INCREMENT=19 DEFAULT CHARSET=utf8mb4 COLLATE=utf8mb4_0900_ai_ci;

--
-- Dumping data for table `power_tool_landings`
--

INSERT INTO `power_tool_landings` VALUES (1,'limjiv0szr0p1oto0nye2iun','Power Tools','<p><span style=\"white-space:pre-wrap;\">Wide Range of </span><br><span style=\"white-space:pre-wrap;\">Bosch Power Tools in UAE</span></p>','<p><span style=\"white-space:pre-wrap;\">Bosch power tools are renowned for their quality, durability, and innovative cordless technology. As the authorized distributor of Bosch Power Tools across Dubai, Sharjah, and the UAE, Central Motors &amp; Equipment (CME) offers a complete range of professional tools and accessories for every trade — making us your trusted destination for genuine Bosch products.</span></p>','2026-01-20 10:21:58.934000','2026-03-09 14:12:13.632000',NULL,1,1,'en'),(18,'limjiv0szr0p1oto0nye2iun','Power Tools','<p><span style=\"white-space:pre-wrap;\">Wide Range of </span><br><span style=\"white-space:pre-wrap;\">Bosch Power Tools in UAE</span></p>','<p><span style=\"white-space:pre-wrap;\">Bosch power tools are renowned for their quality, durability, and innovative cordless technology. As the authorized distributor of Bosch Power Tools across Dubai, Sharjah, and the UAE, Central Motors &amp; Equipment (CME) offers a complete range of professional tools and accessories for every trade — making us your trusted destination for genuine Bosch products.</span></p>','2026-01-20 10:21:58.934000','2026-03-09 14:12:13.632000','2026-03-09 14:12:14.516000',1,1,'en');

--
-- Table structure for table `power_tool_landings_cmps`
--

CREATE TABLE `power_tool_landings_cmps` (
  `id` int unsigned NOT NULL AUTO_INCREMENT,
  `entity_id` int unsigned DEFAULT NULL,
  `cmp_id` int unsigned DEFAULT NULL,
  `component_type` varchar(255) DEFAULT NULL,
  `field` varchar(255) DEFAULT NULL,
  `order` double unsigned DEFAULT NULL,
  PRIMARY KEY (`id`),
  UNIQUE KEY `power_tool_landings_uq` (`entity_id`,`cmp_id`,`field`,`component_type`),
  KEY `power_tool_landings_field_idx` (`field`),
  KEY `power_tool_landings_component_type_idx` (`component_type`),
  KEY `power_tool_landings_entity_fk` (`entity_id`),
  CONSTRAINT `power_tool_landings_entity_fk` FOREIGN KEY (`entity_id`) REFERENCES `power_tool_landings` (`id`) ON DELETE CASCADE
) ENGINE=InnoDB AUTO_INCREMENT=67 DEFAULT CHARSET=utf8mb4 COLLATE=utf8mb4_0900_ai_ci;

--
-- Dumping data for table `power_tool_landings_cmps`
--

INSERT INTO `power_tool_landings_cmps` VALUES (1,1,111,'common.banner','banner',1),(9,1,124,'common.banner','banner',2),(63,1,86,'home.content-section','socialFeeds',NULL),(64,18,193,'common.banner','banner',1),(65,18,194,'common.banner','banner',2),(66,18,87,'home.content-section','socialFeeds',NULL);

--
-- Table structure for table `power_tool_landings_location_types_lnk`
--

CREATE TABLE `power_tool_landings_location_types_lnk` (
  `id` int unsigned NOT NULL AUTO_INCREMENT,
  `power_tool_landing_id` int unsigned DEFAULT NULL,
  `branch_location_id` int unsigned DEFAULT NULL,
  `branch_location_ord` double unsigned DEFAULT NULL,
  PRIMARY KEY (`id`),
  UNIQUE KEY `power_tool_landings_location_types_lnk_uq` (`power_tool_landing_id`,`branch_location_id`),
  KEY `power_tool_landings_location_types_lnk_fk` (`power_tool_landing_id`),
  KEY `power_tool_landings_location_types_lnk_ifk` (`branch_location_id`),
  KEY `power_tool_landings_location_types_lnk_ofk` (`branch_location_ord`),
  CONSTRAINT `power_tool_landings_location_types_lnk_fk` FOREIGN KEY (`power_tool_landing_id`) REFERENCES `power_tool_landings` (`id`) ON DELETE CASCADE,
  CONSTRAINT `power_tool_landings_location_types_lnk_ifk` FOREIGN KEY (`branch_location_id`) REFERENCES `branch_locations` (`id`) ON DELETE CASCADE
) ENGINE=InnoDB AUTO_INCREMENT=48 DEFAULT CHARSET=utf8mb4 COLLATE=utf8mb4_0900_ai_ci;

--
-- Dumping data for table `power_tool_landings_location_types_lnk`
--

INSERT INTO `power_tool_landings_location_types_lnk` VALUES (16,1,23,1),(25,1,25,2),(26,1,27,3),(45,18,24,1),(46,18,26,2),(47,18,28,3);

--
-- Table structure for table `power_top_categories`
--

CREATE TABLE `power_top_categories` (
  `id` int unsigned NOT NULL AUTO_INCREMENT,
  `document_id` varchar(255) DEFAULT NULL,
  `title` varchar(255) DEFAULT NULL,
  `slug` varchar(255) DEFAULT NULL,
  `created_at` datetime(6) DEFAULT NULL,
  `updated_at` datetime(6) DEFAULT NULL,
  `published_at` datetime(6) DEFAULT NULL,
  `created_by_id` int unsigned DEFAULT NULL,
  `updated_by_id` int unsigned DEFAULT NULL,
  `locale` varchar(255) DEFAULT NULL,
  `display_order` int DEFAULT NULL,
  PRIMARY KEY (`id`),
  KEY `power_top_categories_documents_idx` (`document_id`,`locale`,`published_at`),
  KEY `power_top_categories_created_by_id_fk` (`created_by_id`),
  KEY `power_top_categories_updated_by_id_fk` (`updated_by_id`),
  CONSTRAINT `power_top_categories_created_by_id_fk` FOREIGN KEY (`created_by_id`) REFERENCES `admin_users` (`id`) ON DELETE SET NULL,
  CONSTRAINT `power_top_categories_updated_by_id_fk` FOREIGN KEY (`updated_by_id`) REFERENCES `admin_users` (`id`) ON DELETE SET NULL
) ENGINE=InnoDB AUTO_INCREMENT=38 DEFAULT CHARSET=utf8mb4 COLLATE=utf8mb4_0900_ai_ci;

--
-- Dumping data for table `power_top_categories`
--

INSERT INTO `power_top_categories` VALUES (1,'w6cj4twoggawvqsue2i3g7mo','Power Tools','power-tools/search?categoryKey=power-tools&subcategoryKey=power-tools-sub&page=1&limit=15&category=power-tools-sub','2026-03-06 05:41:28.228000','2026-04-24 06:54:08.571000',NULL,1,1,'en',1),(3,'ugp9u37ut5dul5b0k8t1eqeu','Measuring Technology','power-tools/search?categoryKey=power-tools&subcategoryKey=measuring-tools&page=1&limit=20&category=measuring-tools','2026-03-06 05:42:00.483000','2026-04-24 06:54:42.166000',NULL,1,1,'en',2),(5,'e73iomy9zhh9x12bjlxlob30','Accessories','/power-tools/search?categoryKey=power-tools&subcategoryKey=electric-test&page=1&limit=20&category=electric-test','2026-03-06 05:42:22.845000','2026-03-19 05:39:33.796000',NULL,1,1,'en',3),(7,'b5315qoj84bes2hn9xb3ksbs','Outdoor & Garden','power-tools/search?page=1&limit=12','2026-03-06 05:43:07.942000','2026-04-24 06:55:51.325000',NULL,1,1,'en',4),(9,'qxji5z6wjsdw5u2axncpr7ah','DIY','power-tools/search?categoryKey=power-tools&subcategoryKey=corded-impact-drills-386','2026-03-06 05:43:30.695000','2026-04-24 06:56:29.761000',NULL,1,1,'en',5),(11,'kdrfnfnw6jn2z4f8mbca42cw','Dremel','power-tools/search?categoryKey=power-tools&subcategoryKey=dremel&page=1&limit=20&category=dremel','2026-03-06 05:44:16.874000','2026-04-24 06:56:44.150000',NULL,1,1,'en',6),(30,'e73iomy9zhh9x12bjlxlob30','Accessories','/power-tools/search?categoryKey=power-tools&subcategoryKey=electric-test&page=1&limit=20&category=electric-test','2026-03-06 05:42:22.845000','2026-03-19 05:39:33.796000','2026-03-19 05:39:34.117000',1,1,'en',3),(33,'w6cj4twoggawvqsue2i3g7mo','Power Tools','power-tools/search?categoryKey=power-tools&subcategoryKey=power-tools-sub&page=1&limit=15&category=power-tools-sub','2026-03-06 05:41:28.228000','2026-04-24 06:54:08.571000','2026-04-24 06:54:09.021000',1,1,'en',1),(34,'ugp9u37ut5dul5b0k8t1eqeu','Measuring Technology','power-tools/search?categoryKey=power-tools&subcategoryKey=measuring-tools&page=1&limit=20&category=measuring-tools','2026-03-06 05:42:00.483000','2026-04-24 06:54:42.166000','2026-04-24 06:54:42.576000',1,1,'en',2),(35,'b5315qoj84bes2hn9xb3ksbs','Outdoor & Garden','power-tools/search?page=1&limit=12','2026-03-06 05:43:07.942000','2026-04-24 06:55:51.325000','2026-04-24 06:55:51.729000',1,1,'en',4),(36,'qxji5z6wjsdw5u2axncpr7ah','DIY','power-tools/search?categoryKey=power-tools&subcategoryKey=corded-impact-drills-386','2026-03-06 05:43:30.695000','2026-04-24 06:56:29.761000','2026-04-24 06:56:30.226000',1,1,'en',5),(37,'kdrfnfnw6jn2z4f8mbca42cw','Dremel','power-tools/search?categoryKey=power-tools&subcategoryKey=dremel&page=1&limit=20&category=dremel','2026-03-06 05:44:16.874000','2026-04-24 06:56:44.150000','2026-04-24 06:56:44.557000',1,1,'en',6);

--
-- Table structure for table `privacy_policies`
--

CREATE TABLE `privacy_policies` (
  `id` int unsigned NOT NULL AUTO_INCREMENT,
  `document_id` varchar(255) DEFAULT NULL,
  `title` varchar(255) DEFAULT NULL,
  `description` longtext,
  `created_at` datetime(6) DEFAULT NULL,
  `updated_at` datetime(6) DEFAULT NULL,
  `published_at` datetime(6) DEFAULT NULL,
  `created_by_id` int unsigned DEFAULT NULL,
  `updated_by_id` int unsigned DEFAULT NULL,
  `locale` varchar(255) DEFAULT NULL,
  PRIMARY KEY (`id`),
  KEY `privacy_policies_documents_idx` (`document_id`,`locale`,`published_at`),
  KEY `privacy_policies_created_by_id_fk` (`created_by_id`),
  KEY `privacy_policies_updated_by_id_fk` (`updated_by_id`),
  CONSTRAINT `privacy_policies_created_by_id_fk` FOREIGN KEY (`created_by_id`) REFERENCES `admin_users` (`id`) ON DELETE SET NULL,
  CONSTRAINT `privacy_policies_updated_by_id_fk` FOREIGN KEY (`updated_by_id`) REFERENCES `admin_users` (`id`) ON DELETE SET NULL
) ENGINE=InnoDB AUTO_INCREMENT=4 DEFAULT CHARSET=utf8mb4 COLLATE=utf8mb4_0900_ai_ci;

--
-- Dumping data for table `privacy_policies`
--

INSERT INTO `privacy_policies` VALUES (1,'k0xo3wbimlm7mvar8na0u9lt','Privacy Policy','<p>CME website of ALFAHIM offers the present website to its customers. By using it, the user agrees to abide by all the Terms and Conditions published on this page or on any other part of the website.</p><p>Terms and Conditions are permanently subject to change or modification, without previous notice, knowing that the entire website is under the regulations of the United Arab Emirates.</p><p>Some pages of the website related to services, features and benefits, and offers are subject to their respective Terms and Conditions, upon which the user should agree. However, in the case of contradiction between them and the general Terms and Conditions, the one relevant to services, features and benefits, and offers take effect.</p><h2>Recruitment Applications</h2><p>All vacancies will be announced on the website where the users can enter and fill in the recruitment application and provide the group with the personal information required. Whereas the group is aware of the privacy of such information, it treats all the data with high security and never discloses them to any third party except its own consultants, who abide by the group’s privacy and security agreements.</p><p>This website may include links of other suppliers and third parties for the users to benefit from their products or services.</p><p>However, the group is not responsible of the procedure the third parties adopt when requesting the users’ personal information. Therefore, we recommend you as a user review the privacy and security policy of each link you log in to. In fact, when you log in to third parties’ websites, you will not be subject/or under the security and privacy zone provided by ALFAHIM. Moreover, the group is not responsible of their websites’ content and does not represent the third parties or the user in any case even while they both deal together to perform a transaction.</p><p>The user does not have the right to copy or save any part of this website, unless it is for personal use only. In this case, he has to save the copies and keep all the copyrights signs, notes and notices as per the original pages.</p><p>The user is also forbidden to copy any part of this website on other web pages or save it on any other public or private electronic system for data collection reasons, without previous written permission from the group.</p><p>Apart from a text stating the opposite, all the trademarks, brands and slogans displayed on the website are considered of the group’s property and the user is forbidden to copy or use them, without previous written permission from the group.</p><ul><li>lorem ipsum dolor sit amet</li><li>lorem ipsum dolor sit amet</li><li>lorem ipsum dolor sit amet</li><li>lorem ipsum dolor sit amet</li></ul><ol><li>lorem ipsum dolor sit ametlorem ipsum dolor sit amet</li><li>lorem ipsum dolor sit amet</li><li>lorem ipsum dolor sit ametlorem ipsum dolor sit ametlorem ipsum dolor sit amet</li><li>lorem ipsum dolor sit ametlorem ipsum dolor sit ametlorem ipsum dolor sit amet</li><li>lorem ipsum dolor sit amet</li></ol><p>lorem ipsum dolor sit ametlorem ipsum dolor sit ametlorem ipsum dolor sit ametlorem ipsum dolor sit ametlorem ipsum dolor sit ametlorem ipsum dolor sit amet</p><p>lorem ipsum dolor sit ametlorem ipsum dolor sit ametlorem ipsum dolor sit ametlorem ipsum dolor sit ametlorem ipsum dolor sit ametlorem ipsum dolor sit amet</p><p>lorem ipsum dolor sit ametlorem ipsum dolor sit ametlorem ipsum dolor sit amet</p>','2026-04-02 05:28:43.320000','2026-04-02 05:43:35.688000',NULL,1,1,'en');

--
-- Table structure for table `privacy_policies_cmps`
--

CREATE TABLE `privacy_policies_cmps` (
  `id` int unsigned NOT NULL AUTO_INCREMENT,
  `entity_id` int unsigned DEFAULT NULL,
  `cmp_id` int unsigned DEFAULT NULL,
  `component_type` varchar(255) DEFAULT NULL,
  `field` varchar(255) DEFAULT NULL,
  `order` double unsigned DEFAULT NULL,
  PRIMARY KEY (`id`),
  UNIQUE KEY `privacy_policies_uq` (`entity_id`,`cmp_id`,`field`,`component_type`),
  KEY `privacy_policies_field_idx` (`field`),
  KEY `privacy_policies_component_type_idx` (`component_type`),
  KEY `privacy_policies_entity_fk` (`entity_id`),
  CONSTRAINT `privacy_policies_entity_fk` FOREIGN KEY (`entity_id`) REFERENCES `privacy_policies` (`id`) ON DELETE CASCADE
) ENGINE=InnoDB AUTO_INCREMENT=5 DEFAULT CHARSET=utf8mb4 COLLATE=utf8mb4_0900_ai_ci;

--
-- Dumping data for table `privacy_policies_cmps`
--

INSERT INTO `privacy_policies_cmps` VALUES (1,1,168,'common.seo','seo',NULL);

--
-- Table structure for table `product_categories`
--

CREATE TABLE `product_categories` (
  `id` int unsigned NOT NULL AUTO_INCREMENT,
  `document_id` varchar(255) DEFAULT NULL,
  `title` varchar(255) DEFAULT NULL,
  `slug` varchar(255) DEFAULT NULL,
  `created_at` datetime(6) DEFAULT NULL,
  `updated_at` datetime(6) DEFAULT NULL,
  `published_at` datetime(6) DEFAULT NULL,
  `created_by_id` int unsigned DEFAULT NULL,
  `updated_by_id` int unsigned DEFAULT NULL,
  `locale` varchar(255) DEFAULT NULL,
  `display_order` int DEFAULT NULL,
  PRIMARY KEY (`id`),
  KEY `product_categories_documents_idx` (`document_id`,`locale`,`published_at`),
  KEY `product_categories_created_by_id_fk` (`created_by_id`),
  KEY `product_categories_updated_by_id_fk` (`updated_by_id`),
  CONSTRAINT `product_categories_created_by_id_fk` FOREIGN KEY (`created_by_id`) REFERENCES `admin_users` (`id`) ON DELETE SET NULL,
  CONSTRAINT `product_categories_updated_by_id_fk` FOREIGN KEY (`updated_by_id`) REFERENCES `admin_users` (`id`) ON DELETE SET NULL
) ENGINE=InnoDB AUTO_INCREMENT=46 DEFAULT CHARSET=utf8mb4 COLLATE=utf8mb4_0900_ai_ci;

--
-- Dumping data for table `product_categories`
--

INSERT INTO `product_categories` VALUES (1,'tu05udnerlodd9kwxv8o7yjz','Passenger Vehicles','automotive-aftermarket/search?category=passenger-car-13','2026-01-20 12:13:26.783000','2026-03-09 06:52:33.779000',NULL,1,1,'en',1),(3,'y704u918i9ydtaxmfr96rawh','Commercial Vehicles ','automotive-aftermarket/search?category=light-commercial-vehicle-13','2026-01-20 18:13:28.855000','2026-03-09 06:52:49.481000',NULL,1,1,'en',2),(5,'k2shirleplau7xj4ndgz1e95','Industrial Vehicle & Marine','automotive-aftermarket/search?category=truck-13','2026-01-20 18:14:40.119000','2026-03-09 06:53:00.890000',NULL,1,1,'en',3),(7,'jptijdi6g46fr9hww6b9mji9','Workshop Test Equipment & Tools ','automotive-aftermarket/search?categoryKey=automotive&subcategoryKey=workshop-equipment-103','2026-01-20 18:15:35.914000','2026-03-31 04:40:46.465000',NULL,1,1,'en',4),(9,'jfxpfnc8fhxtgtm2s5aloqeh','Bosch Diesel Service ','automotive-aftermarket/search?category=diesel-systems-107','2026-01-20 18:16:03.695000','2026-03-09 06:54:06.078000',NULL,1,1,'en',5),(40,'tu05udnerlodd9kwxv8o7yjz','Passenger Vehicles','automotive-aftermarket/search?category=passenger-car-13','2026-01-20 12:13:26.783000','2026-03-09 06:52:33.779000','2026-03-09 06:52:34.081000',1,1,'en',1),(41,'y704u918i9ydtaxmfr96rawh','Commercial Vehicles ','automotive-aftermarket/search?category=light-commercial-vehicle-13','2026-01-20 18:13:28.855000','2026-03-09 06:52:49.481000','2026-03-09 06:52:49.783000',1,1,'en',2),(42,'k2shirleplau7xj4ndgz1e95','Industrial Vehicle & Marine','automotive-aftermarket/search?category=truck-13','2026-01-20 18:14:40.119000','2026-03-09 06:53:00.890000','2026-03-09 06:53:01.210000',1,1,'en',3),(44,'jfxpfnc8fhxtgtm2s5aloqeh','Bosch Diesel Service ','automotive-aftermarket/search?category=diesel-systems-107','2026-01-20 18:16:03.695000','2026-03-09 06:54:06.078000','2026-03-09 06:54:06.387000',1,1,'en',5),(45,'jptijdi6g46fr9hww6b9mji9','Workshop Test Equipment & Tools ','automotive-aftermarket/search?categoryKey=automotive&subcategoryKey=workshop-equipment-103','2026-01-20 18:15:35.914000','2026-03-31 04:40:46.465000','2026-03-31 04:40:46.759000',1,1,'en',4);

--
-- Table structure for table `service_categories`
--

CREATE TABLE `service_categories` (
  `id` int unsigned NOT NULL AUTO_INCREMENT,
  `document_id` varchar(255) DEFAULT NULL,
  `title` varchar(255) DEFAULT NULL,
  `slug` varchar(255) DEFAULT NULL,
  `description` longtext,
  `created_at` datetime(6) DEFAULT NULL,
  `updated_at` datetime(6) DEFAULT NULL,
  `published_at` datetime(6) DEFAULT NULL,
  `created_by_id` int unsigned DEFAULT NULL,
  `updated_by_id` int unsigned DEFAULT NULL,
  `locale` varchar(255) DEFAULT NULL,
  `header_services_sort_order` int DEFAULT NULL,
  PRIMARY KEY (`id`),
  KEY `service_categories_documents_idx` (`document_id`,`locale`,`published_at`),
  KEY `service_categories_created_by_id_fk` (`created_by_id`),
  KEY `service_categories_updated_by_id_fk` (`updated_by_id`),
  CONSTRAINT `service_categories_created_by_id_fk` FOREIGN KEY (`created_by_id`) REFERENCES `admin_users` (`id`) ON DELETE SET NULL,
  CONSTRAINT `service_categories_updated_by_id_fk` FOREIGN KEY (`updated_by_id`) REFERENCES `admin_users` (`id`) ON DELETE SET NULL
) ENGINE=InnoDB AUTO_INCREMENT=43 DEFAULT CHARSET=utf8mb4 COLLATE=utf8mb4_0900_ai_ci;

--
-- Dumping data for table `service_categories`
--

INSERT INTO `service_categories` VALUES (1,'o3lef0byy95ltwmijdu5pvj7','Automotive Aftermarket Services','automotive-aftermarket','Provide reliable maintenance, diagnostics, & parts solutions to keep your vehicle performing at its best.','2025-12-12 06:15:08.323000','2026-04-14 09:16:40.915000',NULL,1,1,'en',1),(3,'x5ph8rhtcpkc7lwp0ww5xj1v','Tyre Services','tyre','Ensure safety, performance, & longevity. From fitting & balancing to repairs and alignment, we provide expert care for passenger, commercial, & heavy-duty vehicles.','2025-12-12 07:04:23.558000','2026-04-01 10:16:17.594000',NULL,1,1,'en',2),(8,'b4axb05jyxple831e7n5ltxf','Power Tools Services','powertool','We offer comprehensive Power Tools Services, including maintenance, repairs, & diagnostics, to keep your tools operating efficiently & reliably for every task. ','2025-12-17 15:38:16.545000','2026-04-14 09:16:53.021000',NULL,1,1,'en',3),(31,'o3lef0byy95ltwmijdu5pvj7','Automotive Aftermarket Services','automotive-aftermarket','Provide reliable maintenance, diagnostics, & parts solutions to keep your vehicle performing at its best.','2026-03-13 05:15:21.868000','2026-03-13 05:15:21.868000',NULL,1,1,'ar',1),(32,'o3lef0byy95ltwmijdu5pvj7','Automotive Aftermarket Services','automotive-aftermarket','Provide reliable maintenance, diagnostics, & parts solutions to keep your vehicle performing at its best.','2026-03-13 05:15:21.868000','2026-03-13 05:15:21.868000','2026-03-13 05:15:22.419000',1,1,'ar',1),(39,'x5ph8rhtcpkc7lwp0ww5xj1v','Tyre Services','tyre','Ensure safety, performance, & longevity. From fitting & balancing to repairs and alignment, we provide expert care for passenger, commercial, & heavy-duty vehicles.','2025-12-12 07:04:23.558000','2026-04-01 10:16:17.594000','2026-04-01 10:16:18.490000',1,1,'en',2),(41,'o3lef0byy95ltwmijdu5pvj7','Automotive Aftermarket Services','automotive-aftermarket','Provide reliable maintenance, diagnostics, & parts solutions to keep your vehicle performing at its best.','2025-12-12 06:15:08.323000','2026-04-14 09:16:40.915000','2026-04-14 09:16:41.894000',1,1,'en',1),(42,'b4axb05jyxple831e7n5ltxf','Power Tools Services','powertool','We offer comprehensive Power Tools Services, including maintenance, repairs, & diagnostics, to keep your tools operating efficiently & reliably for every task. ','2025-12-17 15:38:16.545000','2026-04-14 09:16:53.021000','2026-04-14 09:16:54.181000',1,1,'en',3);

--
-- Table structure for table `service_categories_cmps`
--

CREATE TABLE `service_categories_cmps` (
  `id` int unsigned NOT NULL AUTO_INCREMENT,
  `entity_id` int unsigned DEFAULT NULL,
  `cmp_id` int unsigned DEFAULT NULL,
  `component_type` varchar(255) DEFAULT NULL,
  `field` varchar(255) DEFAULT NULL,
  `order` double unsigned DEFAULT NULL,
  PRIMARY KEY (`id`),
  UNIQUE KEY `service_categories_uq` (`entity_id`,`cmp_id`,`field`,`component_type`),
  KEY `service_categories_field_idx` (`field`),
  KEY `service_categories_component_type_idx` (`component_type`),
  KEY `service_categories_entity_fk` (`entity_id`),
  CONSTRAINT `service_categories_entity_fk` FOREIGN KEY (`entity_id`) REFERENCES `service_categories` (`id`) ON DELETE CASCADE
) ENGINE=InnoDB AUTO_INCREMENT=87 DEFAULT CHARSET=utf8mb4 COLLATE=utf8mb4_0900_ai_ci;

--
-- Dumping data for table `service_categories_cmps`
--

INSERT INTO `service_categories_cmps` VALUES (1,3,59,'common.banner','banner',1),(4,3,18,'common.title-with-desc','servicesList',1),(15,8,90,'common.seo','seo',3),(35,31,328,'common.title-with-desc','servicesList',NULL),(36,31,131,'common.seo','seo',NULL),(37,32,329,'common.title-with-desc','servicesList',NULL),(38,32,132,'common.seo','seo',NULL),(39,1,258,'common.banner','banner',1),(40,1,379,'common.title-with-desc','servicesList',2),(43,8,260,'common.banner','banner',1),(44,8,381,'common.title-with-desc','servicesList',2),(71,39,300,'common.banner','banner',1),(72,39,402,'common.title-with-desc','servicesList',NULL),(79,41,320,'common.banner','banner',1),(80,41,430,'common.title-with-desc','servicesList',NULL),(84,42,321,'common.banner','banner',1),(85,42,431,'common.title-with-desc','servicesList',NULL),(86,42,174,'common.seo','seo',NULL);

--
-- Table structure for table `service_category_types`
--

CREATE TABLE `service_category_types` (
  `id` int unsigned NOT NULL AUTO_INCREMENT,
  `document_id` varchar(255) DEFAULT NULL,
  `title` varchar(255) DEFAULT NULL,
  `slug` varchar(255) DEFAULT NULL,
  `created_at` datetime(6) DEFAULT NULL,
  `updated_at` datetime(6) DEFAULT NULL,
  `published_at` datetime(6) DEFAULT NULL,
  `created_by_id` int unsigned DEFAULT NULL,
  `updated_by_id` int unsigned DEFAULT NULL,
  `locale` varchar(255) DEFAULT NULL,
  `display_order` int DEFAULT NULL,
  PRIMARY KEY (`id`),
  KEY `service_category_types_documents_idx` (`document_id`,`locale`,`published_at`),
  KEY `service_category_types_created_by_id_fk` (`created_by_id`),
  KEY `service_category_types_updated_by_id_fk` (`updated_by_id`),
  CONSTRAINT `service_category_types_created_by_id_fk` FOREIGN KEY (`created_by_id`) REFERENCES `admin_users` (`id`) ON DELETE SET NULL,
  CONSTRAINT `service_category_types_updated_by_id_fk` FOREIGN KEY (`updated_by_id`) REFERENCES `admin_users` (`id`) ON DELETE SET NULL
) ENGINE=InnoDB AUTO_INCREMENT=35 DEFAULT CHARSET=utf8mb4 COLLATE=utf8mb4_0900_ai_ci;

--
-- Dumping data for table `service_category_types`
--

INSERT INTO `service_category_types` VALUES (1,'ij2obeqnotbo0ecuaaj31kdb','Passenger Vehicle','automotive-aftermarket/search?category=passenger-car-13','2026-01-20 12:15:31.677000','2026-03-09 06:54:53.152000',NULL,1,1,'en',1),(3,'pjar1kf9go5k9135zsqoqb5x','Batteries ','automotive-aftermarket/search?category=batteries-107','2026-01-20 18:16:39.651000','2026-03-09 06:57:41.439000',NULL,1,1,'en',2),(5,'zcep3z9x0lpdnkomn85lrzho','Workshop Test Equipment & Tools ','automotive-aftermarket/search?categoryKey=automotive&subcategoryKey=workshop-equipment-103','2026-01-20 18:17:26.467000','2026-03-31 04:39:39.970000',NULL,1,1,'en',4),(7,'zep4w6vz4nk6bpdqhs5qe6y9','Industrial Vehicles ','automotive-aftermarket/search?category=truck-13','2026-01-20 18:18:05.740000','2026-03-09 06:57:33.946000',NULL,1,1,'en',3),(9,'j6tiv8i5lv8tmnhga5l2x2bl','Bosch Diesel Service ','automotive-aftermarket/search?category=diesel-systems-107','2026-01-20 18:18:29.035000','2026-03-31 04:40:32.296000',NULL,1,1,'en',5),(25,'ij2obeqnotbo0ecuaaj31kdb','Passenger Vehicle','automotive-aftermarket/search?category=passenger-car-13','2026-01-20 12:15:31.677000','2026-03-09 06:54:53.152000','2026-03-09 06:54:53.451000',1,1,'en',1),(31,'zep4w6vz4nk6bpdqhs5qe6y9','Industrial Vehicles ','automotive-aftermarket/search?category=truck-13','2026-01-20 18:18:05.740000','2026-03-09 06:57:33.946000','2026-03-09 06:57:34.250000',1,1,'en',3),(32,'pjar1kf9go5k9135zsqoqb5x','Batteries ','automotive-aftermarket/search?category=batteries-107','2026-01-20 18:16:39.651000','2026-03-09 06:57:41.439000','2026-03-09 06:57:41.747000',1,1,'en',2),(33,'zcep3z9x0lpdnkomn85lrzho','Workshop Test Equipment & Tools ','automotive-aftermarket/search?categoryKey=automotive&subcategoryKey=workshop-equipment-103','2026-01-20 18:17:26.467000','2026-03-31 04:39:39.970000','2026-03-31 04:39:40.302000',1,1,'en',4),(34,'j6tiv8i5lv8tmnhga5l2x2bl','Bosch Diesel Service ','automotive-aftermarket/search?category=diesel-systems-107','2026-01-20 18:18:29.035000','2026-03-31 04:40:32.296000','2026-03-31 04:40:32.586000',1,1,'en',5);

--
-- Table structure for table `service_landings`
--

CREATE TABLE `service_landings` (
  `id` int unsigned NOT NULL AUTO_INCREMENT,
  `document_id` varchar(255) DEFAULT NULL,
  `service_heading` longtext,
  `description` longtext,
  `created_at` datetime(6) DEFAULT NULL,
  `updated_at` datetime(6) DEFAULT NULL,
  `published_at` datetime(6) DEFAULT NULL,
  `created_by_id` int unsigned DEFAULT NULL,
  `updated_by_id` int unsigned DEFAULT NULL,
  `locale` varchar(255) DEFAULT NULL,
  PRIMARY KEY (`id`),
  KEY `service_landings_documents_idx` (`document_id`,`locale`,`published_at`),
  KEY `service_landings_created_by_id_fk` (`created_by_id`),
  KEY `service_landings_updated_by_id_fk` (`updated_by_id`),
  CONSTRAINT `service_landings_created_by_id_fk` FOREIGN KEY (`created_by_id`) REFERENCES `admin_users` (`id`) ON DELETE SET NULL,
  CONSTRAINT `service_landings_updated_by_id_fk` FOREIGN KEY (`updated_by_id`) REFERENCES `admin_users` (`id`) ON DELETE SET NULL
) ENGINE=InnoDB AUTO_INCREMENT=17 DEFAULT CHARSET=utf8mb4 COLLATE=utf8mb4_0900_ai_ci;

--
-- Dumping data for table `service_landings`
--

INSERT INTO `service_landings` VALUES (1,'jlubt3a23khvmr4905tupkyy','Expert Auto & Equipment Services, All in One Place','<p>We specialize in delivering expert solutions across three key service areas: Automotive Aftermarket Services, Tyre Services, and Power Tools Services. Whether you\'re maintaining a personal vehicle, managing a fleet, or keeping your tools in top condition, our team is here to ensure performance, safety, and reliability at every turn.</p><p>With a commitment to quality, precision, and customer satisfaction, we bring industry-leading expertise and technology to every job. From diagnostics and repairs to tyre fitting and balancing, and even power tool calibration and servicing – we\'ve got you covered.</p>','2025-12-12 13:05:54.447000','2026-03-09 10:00:45.263000',NULL,1,1,'en'),(3,'jlubt3a23khvmr4905tupkyy','Expert Auto & Equipment Services, All in One Place','<p>We specialize in delivering expert solutions across three key service areas: Automotive Aftermarket Services, Tyre Services, and Power Tools Services. Whether you\'re maintaining a personal vehicle, managing a fleet, or keeping your tools in top condition, our team is here to ensure performance, safety, and reliability at every turn.</p><p>With a commitment to quality, precision, and customer satisfaction, we bring industry-leading expertise and technology to every job. From diagnostics and repairs to tyre fitting and balancing, and even power tool calibration and servicing – we\'ve got you covered.</p>','2025-12-14 06:28:59.949000','2026-03-13 05:16:04.705000',NULL,1,1,'ar'),(15,'jlubt3a23khvmr4905tupkyy','Expert Auto & Equipment Services, All in One Place','<p>We specialize in delivering expert solutions across three key service areas: Automotive Aftermarket Services, Tyre Services, and Power Tools Services. Whether you\'re maintaining a personal vehicle, managing a fleet, or keeping your tools in top condition, our team is here to ensure performance, safety, and reliability at every turn.</p><p>With a commitment to quality, precision, and customer satisfaction, we bring industry-leading expertise and technology to every job. From diagnostics and repairs to tyre fitting and balancing, and even power tool calibration and servicing – we\'ve got you covered.</p>','2025-12-12 13:05:54.447000','2026-03-09 10:00:45.263000','2026-03-09 10:00:46.413000',1,1,'en'),(16,'jlubt3a23khvmr4905tupkyy','Expert Auto & Equipment Services, All in One Place','<p>We specialize in delivering expert solutions across three key service areas: Automotive Aftermarket Services, Tyre Services, and Power Tools Services. Whether you\'re maintaining a personal vehicle, managing a fleet, or keeping your tools in top condition, our team is here to ensure performance, safety, and reliability at every turn.</p><p>With a commitment to quality, precision, and customer satisfaction, we bring industry-leading expertise and technology to every job. From diagnostics and repairs to tyre fitting and balancing, and even power tool calibration and servicing – we\'ve got you covered.</p>','2025-12-14 06:28:59.949000','2026-03-13 05:16:04.705000','2026-03-13 05:16:05.759000',1,1,'ar');

--
-- Table structure for table `service_landings_cmps`
--

CREATE TABLE `service_landings_cmps` (
  `id` int unsigned NOT NULL AUTO_INCREMENT,
  `entity_id` int unsigned DEFAULT NULL,
  `cmp_id` int unsigned DEFAULT NULL,
  `component_type` varchar(255) DEFAULT NULL,
  `field` varchar(255) DEFAULT NULL,
  `order` double unsigned DEFAULT NULL,
  PRIMARY KEY (`id`),
  UNIQUE KEY `service_landings_uq` (`entity_id`,`cmp_id`,`field`,`component_type`),
  KEY `service_landings_field_idx` (`field`),
  KEY `service_landings_component_type_idx` (`component_type`),
  KEY `service_landings_entity_fk` (`entity_id`),
  CONSTRAINT `service_landings_entity_fk` FOREIGN KEY (`entity_id`) REFERENCES `service_landings` (`id`) ON DELETE CASCADE
) ENGINE=InnoDB AUTO_INCREMENT=79 DEFAULT CHARSET=utf8mb4 COLLATE=utf8mb4_0900_ai_ci;

--
-- Dumping data for table `service_landings_cmps`
--

INSERT INTO `service_landings_cmps` VALUES (1,1,26,'common.banner','banner',3),(6,1,1,'service-landing.service-locations','serviceLocations',1),(14,1,4,'service-landing.service-locations','serviceLocations',2),(64,1,72,'common.seo','seo',1),(67,15,177,'common.banner','banner',1),(68,15,73,'common.seo','seo',NULL),(69,15,23,'service-landing.service-locations','serviceLocations',1),(70,15,24,'service-landing.service-locations','serviceLocations',2),(71,3,227,'common.banner','banner',2),(72,3,133,'common.seo','seo',1),(73,3,25,'service-landing.service-locations','serviceLocations',1),(74,3,26,'service-landing.service-locations','serviceLocations',2),(75,16,228,'common.banner','banner',1),(76,16,134,'common.seo','seo',NULL),(77,16,27,'service-landing.service-locations','serviceLocations',1),(78,16,28,'service-landing.service-locations','serviceLocations',2);

--
-- Table structure for table `service_landings_location_types_lnk`
--

CREATE TABLE `service_landings_location_types_lnk` (
  `id` int unsigned NOT NULL AUTO_INCREMENT,
  `service_landing_id` int unsigned DEFAULT NULL,
  `branch_location_id` int unsigned DEFAULT NULL,
  `branch_location_ord` double unsigned DEFAULT NULL,
  PRIMARY KEY (`id`),
  UNIQUE KEY `service_landings_location_types_lnk_uq` (`service_landing_id`,`branch_location_id`),
  KEY `service_landings_location_types_lnk_fk` (`service_landing_id`),
  KEY `service_landings_location_types_lnk_ifk` (`branch_location_id`),
  KEY `service_landings_location_types_lnk_ofk` (`branch_location_ord`),
  CONSTRAINT `service_landings_location_types_lnk_fk` FOREIGN KEY (`service_landing_id`) REFERENCES `service_landings` (`id`) ON DELETE CASCADE,
  CONSTRAINT `service_landings_location_types_lnk_ifk` FOREIGN KEY (`branch_location_id`) REFERENCES `branch_locations` (`id`) ON DELETE CASCADE
) ENGINE=InnoDB AUTO_INCREMENT=7 DEFAULT CHARSET=utf8mb4 COLLATE=utf8mb4_0900_ai_ci;

--
-- Dumping data for table `service_landings_location_types_lnk`
--

INSERT INTO `service_landings_location_types_lnk` VALUES (1,1,1,1),(2,1,4,2),(5,15,3,1),(6,15,6,2);

--
-- Table structure for table `services`
--

CREATE TABLE `services` (
  `id` int unsigned NOT NULL AUTO_INCREMENT,
  `document_id` varchar(255) DEFAULT NULL,
  `title` varchar(255) DEFAULT NULL,
  `slug` varchar(255) DEFAULT NULL,
  `created_at` datetime(6) DEFAULT NULL,
  `updated_at` datetime(6) DEFAULT NULL,
  `published_at` datetime(6) DEFAULT NULL,
  `created_by_id` int unsigned DEFAULT NULL,
  `updated_by_id` int unsigned DEFAULT NULL,
  `locale` varchar(255) DEFAULT NULL,
  `list_desc` longtext,
  `show_book_service_form` tinyint(1) DEFAULT NULL,
  `show_mobile_service_form` tinyint(1) DEFAULT NULL,
  `header_service_sort_order` int DEFAULT NULL,
  PRIMARY KEY (`id`),
  KEY `services_documents_idx` (`document_id`,`locale`,`published_at`),
  KEY `services_created_by_id_fk` (`created_by_id`),
  KEY `services_updated_by_id_fk` (`updated_by_id`),
  CONSTRAINT `services_created_by_id_fk` FOREIGN KEY (`created_by_id`) REFERENCES `admin_users` (`id`) ON DELETE SET NULL,
  CONSTRAINT `services_updated_by_id_fk` FOREIGN KEY (`updated_by_id`) REFERENCES `admin_users` (`id`) ON DELETE SET NULL
) ENGINE=InnoDB AUTO_INCREMENT=294 DEFAULT CHARSET=utf8mb4 COLLATE=utf8mb4_0900_ai_ci;

--
-- Dumping data for table `services`
--

INSERT INTO `services` VALUES (1,'g18oof4nka4jou664eq4fy0e','Spare Parts','spare-parts','2025-12-12 06:14:34.619000','2026-04-01 10:31:35.102000',NULL,1,1,'en','Bosch offers you the appropriate spare parts for your tools, such as angle grinders or drills: from the armature, to the carbon brushes, through to the batteries and chargers.',NULL,NULL,NULL),(5,'padhr29nknzix7og066ybt5x','Tyre Repair','tyre-repair','2025-12-12 08:58:03.156000','2026-04-01 08:59:56.340000',NULL,1,1,'en','At CME Alfahim, we offer comprehensive tyre repair solutions for passenger, commercial, and heavy-duty vehicles.',1,1,1),(7,'rar5hdd51s37ji0k5p2qyh9r','Spare Parts Service','spare-parts-services','2025-12-12 08:58:31.818000','2026-04-08 09:08:31.853000',NULL,1,1,'en','Bosch offers you the appropriate spare parts for your tools, such as angle grinders or drills: from the armature, to the carbon brushes, through to the batteries and chargers.',1,NULL,1),(27,'neqskd16ndcmmi3pmsoymg7w','Brake Pads','brake-pads','2025-12-21 09:02:27.135000','2026-04-01 08:57:34.152000',NULL,1,1,'en','Brake safety is critical, and CME Alfahim’s expert technicians provide thorough inspections and timely replacement of brake pads.',1,0,2),(29,'w0axm3hwjk6c18n3ih1ozmql','Tyre Rotation','tyre-rotation','2025-12-21 09:03:17.068000','2026-04-01 10:33:53.919000',NULL,1,1,'en','Tyre rotation is a simple yet effective way to extend the life of your tyres and ensure even wear. By moving tyres from one position to another, we balance wear patterns and reduce stress on individual tyres.',1,1,4),(31,'adc29g15x63wxbq22awojzno','Oil Change','oil-change','2025-12-21 09:04:35.176000','2026-04-01 10:30:45.866000',NULL,1,1,'en','Oil is the lifeblood of your car\'s engine, playing a crucial role in its performance and longevity. It lubricates engine parts, reduces friction, and helps dissipate heat, ensuring smooth operation',1,1,3),(36,'ql0tp5nnlmk95jg8x1mao3pm','Callibration Service','calibration','2026-01-22 09:48:26.624000','2026-04-08 09:09:29.713000',NULL,1,1,'en','Our calibration services:\n\nCleaning the tool\nChecking the measuring accuracy\nIf required: Adjusting of the tool\nDocumenting all measured values',1,NULL,2),(82,'yxrw888gc89ht9zwlfwa8js3','Bosch Car Service','bosch-car-service','2026-03-11 11:21:12.735000','2026-04-02 07:18:17.060000',NULL,1,1,'en','Workshop solutions for the future. For professional service on modern vehicles, Bosch provides test and workshop equipment, software and expertise perfectly coordinated from a single source.',1,NULL,1),(99,'q5mbbvo7m4ds5r1tv4asgtqf','Bosch Diesel Service','bosch-diesel-service','2026-03-11 13:09:41.051000','2026-04-14 09:20:18.349000',NULL,1,1,'en','A wide range of services, partners of the Bosch network can benefit from access to all of Bosch’s knowledge, technological expertise and comprehensive practical experience from decades of workshop support. What we offer:',1,NULL,2),(105,'s09m8y34xek7obkn7evd33xj','Workshop Test Equipment Services','workshop-test-equipment-services','2026-03-11 13:29:24.675000','2026-04-14 12:55:39.034000',NULL,1,1,'en','Central Motors & Equipment brings the latest state-of-the-art workshop equipment services',1,NULL,3),(135,'wgckx3k125zray0hj1d742zr','Wheel Alignment','wheel-alignment','2026-03-12 06:11:27.809000','2026-04-01 10:34:34.126000',NULL,1,1,'en','At CME, our expert technicians use advanced equipment to adjust your wheels to manufacturer specs, ensuring smooth and safe driving',1,0,5),(172,'p917w95opaix2r5qrhh1w6sy','Nitrogen Inflation','nitrogen-inflation','2026-03-12 09:17:53.087000','2026-04-01 10:30:01.358000',NULL,1,1,'en','Tyre inflation is undoubtedly a key element in ensuring tyre longevity. The pressure recommended by the manufacturers is different for each vehicle and must be scrupulously respected for your safety',1,0,7),(179,'rpldpoo2plpfl7d6ff7izski','Tyre Change and Balancing / Tyre Replacement','tyre-change-balancing-replacement','2026-03-12 09:38:06.789000','2026-04-01 10:32:43.722000',NULL,1,1,'en','Proper tyre fitting and balancing are crucial for your vehicle\'s maintenance. Poorly fitted tyres can lead to a rough, uneven, and potentially unsafe ride. When fitting new tyres, make sure they\'re mounted correctly, are the right type for your vehicle, and are balanced accurately to ensure a smooth, safe drive and extend tyre lifespan.',1,1,6),(180,'hu8h55oswweuqxqu25d2b8cf','AC Maintenance','ac-maintenance','2026-03-12 09:45:41.292000','2026-04-01 10:25:17.781000',NULL,1,1,'en','Maintaining your vehicle\'s air conditioning system is crucial for a comfortable driving experience, particularly during extreme temperatures. The AC system not only regulates temperature but also controls humidity, contributing to a healthier in-cab environment',1,0,8),(202,'q5mbbvo7m4ds5r1tv4asgtqf','Bosch Diesel Service','bosch-diesel-service','2026-03-13 05:14:17.482000','2026-03-13 05:14:17.482000',NULL,1,1,'ar','Brake safety is critical, and CME Alfahim’s expert technicians provide thorough inspections and timely replacement of brake pads.',1,NULL,2),(203,'q5mbbvo7m4ds5r1tv4asgtqf','Bosch Diesel Service','bosch-diesel-service','2026-03-13 05:14:17.482000','2026-03-13 05:14:17.482000','2026-03-13 05:14:18.448000',1,1,'ar','Brake safety is critical, and CME Alfahim’s expert technicians provide thorough inspections and timely replacement of brake pads.',1,NULL,2),(241,'op8tlp3ajr50zwn0gok51mty',' Battery Replacement','battery-replacement','2026-03-30 15:29:06.120000','2026-04-01 10:23:55.698000',NULL,1,1,'en','Dead battery got you stuck?  Need a reliable car battery replacement in the UAE? CME TyrePlushas you covered! We offer fast, affordable, and top-notch battery replacement services across Dubai, Abu Dhabi, and the UAE. Our pros will come to you –whether you\'re at home, work, or stranded. Get back on the road pronto!',1,1,9),(259,'neqskd16ndcmmi3pmsoymg7w','Brake Pads','brake-pads','2025-12-21 09:02:27.135000','2026-04-01 08:57:34.152000','2026-04-01 08:57:36.276000',1,1,'en','Brake safety is critical, and CME Alfahim’s expert technicians provide thorough inspections and timely replacement of brake pads.',1,0,2),(264,'padhr29nknzix7og066ybt5x','Tyre Repair','tyre-repair','2025-12-12 08:58:03.156000','2026-04-01 08:59:56.340000','2026-04-01 08:59:58.692000',1,1,'en','At CME Alfahim, we offer comprehensive tyre repair solutions for passenger, commercial, and heavy-duty vehicles.',1,1,1),(267,'op8tlp3ajr50zwn0gok51mty',' Battery Replacement','battery-replacement','2026-03-30 15:29:06.120000','2026-04-01 10:23:55.698000','2026-04-01 10:23:57.489000',1,1,'en','Dead battery got you stuck?  Need a reliable car battery replacement in the UAE? CME TyrePlushas you covered! We offer fast, affordable, and top-notch battery replacement services across Dubai, Abu Dhabi, and the UAE. Our pros will come to you –whether you\'re at home, work, or stranded. Get back on the road pronto!',1,1,9),(268,'hu8h55oswweuqxqu25d2b8cf','AC Maintenance','ac-maintenance','2026-03-12 09:45:41.292000','2026-04-01 10:25:17.781000','2026-04-01 10:25:19.317000',1,1,'en','Maintaining your vehicle\'s air conditioning system is crucial for a comfortable driving experience, particularly during extreme temperatures. The AC system not only regulates temperature but also controls humidity, contributing to a healthier in-cab environment',1,0,8),(272,'p917w95opaix2r5qrhh1w6sy','Nitrogen Inflation','nitrogen-inflation','2026-03-12 09:17:53.087000','2026-04-01 10:30:01.358000','2026-04-01 10:30:04.842000',1,1,'en','Tyre inflation is undoubtedly a key element in ensuring tyre longevity. The pressure recommended by the manufacturers is different for each vehicle and must be scrupulously respected for your safety',1,0,7),(273,'adc29g15x63wxbq22awojzno','Oil Change','oil-change','2025-12-21 09:04:35.176000','2026-04-01 10:30:45.866000','2026-04-01 10:30:47.669000',1,1,'en','Oil is the lifeblood of your car\'s engine, playing a crucial role in its performance and longevity. It lubricates engine parts, reduces friction, and helps dissipate heat, ensuring smooth operation',1,1,3),(276,'rpldpoo2plpfl7d6ff7izski','Tyre Change and Balancing / Tyre Replacement','tyre-change-balancing-replacement','2026-03-12 09:38:06.789000','2026-04-01 10:32:43.722000','2026-04-01 10:32:45.895000',1,1,'en','Proper tyre fitting and balancing are crucial for your vehicle\'s maintenance. Poorly fitted tyres can lead to a rough, uneven, and potentially unsafe ride. When fitting new tyres, make sure they\'re mounted correctly, are the right type for your vehicle, and are balanced accurately to ensure a smooth, safe drive and extend tyre lifespan.',1,1,6),(277,'w0axm3hwjk6c18n3ih1ozmql','Tyre Rotation','tyre-rotation','2025-12-21 09:03:17.068000','2026-04-01 10:33:53.919000','2026-04-01 10:33:55.392000',1,1,'en','Tyre rotation is a simple yet effective way to extend the life of your tyres and ensure even wear. By moving tyres from one position to another, we balance wear patterns and reduce stress on individual tyres.',1,1,4),(278,'wgckx3k125zray0hj1d742zr','Wheel Alignment','wheel-alignment','2026-03-12 06:11:27.809000','2026-04-01 10:34:34.126000','2026-04-01 10:34:36.052000',1,1,'en','At CME, our expert technicians use advanced equipment to adjust your wheels to manufacturer specs, ensuring smooth and safe driving',1,0,5),(280,'yxrw888gc89ht9zwlfwa8js3','Bosch Car Service','bosch-car-service','2026-03-11 11:21:12.735000','2026-04-02 07:18:17.060000','2026-04-02 07:18:18.584000',1,1,'en','Workshop solutions for the future. For professional service on modern vehicles, Bosch provides test and workshop equipment, software and expertise perfectly coordinated from a single source.',1,NULL,1),(285,'rar5hdd51s37ji0k5p2qyh9r','Spare Parts Service','spare-parts-services','2025-12-12 08:58:31.818000','2026-04-08 09:08:31.853000','2026-04-08 09:08:33.250000',1,1,'en','Bosch offers you the appropriate spare parts for your tools, such as angle grinders or drills: from the armature, to the carbon brushes, through to the batteries and chargers.',1,NULL,1),(286,'ql0tp5nnlmk95jg8x1mao3pm','Callibration Service','calibration','2026-01-22 09:48:26.624000','2026-04-08 09:09:29.713000','2026-04-08 09:09:31.124000',1,1,'en','Our calibration services:\n\nCleaning the tool\nChecking the measuring accuracy\nIf required: Adjusting of the tool\nDocumenting all measured values',1,NULL,2),(288,'q5mbbvo7m4ds5r1tv4asgtqf','Bosch Diesel Service','bosch-diesel-service','2026-03-11 13:09:41.051000','2026-04-14 09:20:18.349000','2026-04-14 09:20:20.141000',1,1,'en','A wide range of services, partners of the Bosch network can benefit from access to all of Bosch’s knowledge, technological expertise and comprehensive practical experience from decades of workshop support. What we offer:',1,NULL,2),(293,'s09m8y34xek7obkn7evd33xj','Workshop Test Equipment Services','workshop-test-equipment-services','2026-03-11 13:29:24.675000','2026-04-14 12:55:39.034000','2026-04-14 12:55:41.426000',1,1,'en','Central Motors & Equipment brings the latest state-of-the-art workshop equipment services',1,NULL,3);

--
-- Table structure for table `services_cmps`
--

CREATE TABLE `services_cmps` (
  `id` int unsigned NOT NULL AUTO_INCREMENT,
  `entity_id` int unsigned DEFAULT NULL,
  `cmp_id` int unsigned DEFAULT NULL,
  `component_type` varchar(255) DEFAULT NULL,
  `field` varchar(255) DEFAULT NULL,
  `order` double unsigned DEFAULT NULL,
  PRIMARY KEY (`id`),
  UNIQUE KEY `services_uq` (`entity_id`,`cmp_id`,`field`,`component_type`),
  KEY `services_field_idx` (`field`),
  KEY `services_component_type_idx` (`component_type`),
  KEY `services_entity_fk` (`entity_id`),
  CONSTRAINT `services_entity_fk` FOREIGN KEY (`entity_id`) REFERENCES `services` (`id`) ON DELETE CASCADE
) ENGINE=InnoDB AUTO_INCREMENT=4330 DEFAULT CHARSET=utf8mb4 COLLATE=utf8mb4_0900_ai_ci;

--
-- Dumping data for table `services_cmps`
--

INSERT INTO `services_cmps` VALUES (6,5,1,'common.title-with-desc','trustedPartner',15),(7,5,1,'common.content-block','aboutBlock',14),(50,5,9,'common.content-block','tyreRepairMatters',13),(59,5,1,'common.locations','locations',12),(70,5,1,'common.faq','faq',11),(89,27,24,'common.title-with-desc','trustedPartner',10),(105,36,141,'common.banner','banner',2),(108,36,32,'common.title-with-desc','trustedPartner',9),(109,36,20,'common.content-block','aboutBlock',1),(158,5,84,'common.seo','seo',10),(170,5,115,'common.link-item','breadCrumb',1),(171,5,116,'common.link-item','breadCrumb',2),(242,5,123,'common.link-item','breadCrumb',3),(482,5,17,'common.title-desc','bookService',8),(483,5,18,'common.title-desc','mobileService',9),(745,29,37,'common.title-desc','bookService',1),(746,29,38,'common.title-desc','mobileService',9),(893,29,184,'common.link-item','breadCrumb',1),(894,29,185,'common.link-item','breadCrumb',2),(895,29,186,'common.link-item','breadCrumb',3),(896,29,187,'common.link-item','breadCrumb',4),(912,5,192,'common.link-item','breadCrumb',4),(935,82,197,'common.link-item','breadCrumb',1),(936,82,198,'common.link-item','breadCrumb',2),(937,82,199,'common.link-item','breadCrumb',3),(938,82,200,'common.link-item','breadCrumb',4),(951,82,67,'common.title-desc','bookService',7),(952,82,68,'common.title-desc','mobileService',8),(1177,99,265,'common.link-item','breadCrumb',1),(1178,99,266,'common.link-item','breadCrumb',2),(1179,99,267,'common.link-item','breadCrumb',3),(1180,99,268,'common.link-item','breadCrumb',4),(1183,99,99,'common.title-desc','bookService',7),(1184,99,100,'common.title-desc','mobileService',8),(1229,105,281,'common.link-item','breadCrumb',1),(1230,105,282,'common.link-item','breadCrumb',2),(1231,105,283,'common.link-item','breadCrumb',3),(1232,105,284,'common.link-item','breadCrumb',4),(1234,105,107,'common.title-desc','bookService',8),(1235,105,108,'common.title-desc','mobileService',9),(1564,135,357,'common.link-item','breadCrumb',1),(1565,135,358,'common.link-item','breadCrumb',2),(1566,135,359,'common.link-item','breadCrumb',3),(1567,135,360,'common.link-item','breadCrumb',4),(1571,135,145,'common.title-desc','bookService',8),(1572,135,146,'common.title-desc','mobileService',9),(1768,31,165,'common.title-desc','bookService',8),(1769,31,166,'common.title-desc','mobileService',9),(1793,27,393,'common.link-item','breadCrumb',1),(1794,27,394,'common.link-item','breadCrumb',2),(1795,27,395,'common.link-item','breadCrumb',3),(1796,27,396,'common.link-item','breadCrumb',4),(1842,27,171,'common.title-desc','bookService',8),(1843,27,172,'common.title-desc','mobileService',9),(2001,172,449,'common.link-item','breadCrumb',1),(2002,172,450,'common.link-item','breadCrumb',2),(2003,172,451,'common.link-item','breadCrumb',3),(2004,172,452,'common.link-item','breadCrumb',4),(2008,172,193,'common.title-desc','bookService',1),(2009,172,194,'common.title-desc','mobileService',14),(2170,179,477,'common.link-item','breadCrumb',1),(2171,179,478,'common.link-item','breadCrumb',2),(2172,179,479,'common.link-item','breadCrumb',3),(2173,179,480,'common.link-item','breadCrumb',4),(2182,179,207,'common.title-desc','bookService',1),(2183,179,208,'common.title-desc','mobileService',13),(2184,180,481,'common.link-item','breadCrumb',1),(2185,180,482,'common.link-item','breadCrumb',2),(2186,180,483,'common.link-item','breadCrumb',3),(2187,180,484,'common.link-item','breadCrumb',4),(2196,180,209,'common.title-desc','bookService',1),(2197,180,210,'common.title-desc','mobileService',12),(2678,202,569,'common.link-item','breadCrumb',1),(2679,202,570,'common.link-item','breadCrumb',2),(2680,202,571,'common.link-item','breadCrumb',3),(2681,202,572,'common.link-item','breadCrumb',4),(2682,202,168,'common.content-block','serviceContent',1),(2683,202,256,'common.content-block-variant','serviceContent',2),(2684,202,129,'common.seo','seo',NULL),(2685,202,253,'common.title-desc','bookService',NULL),(2686,202,254,'common.title-desc','mobileService',NULL),(2687,203,573,'common.link-item','breadCrumb',1),(2688,203,574,'common.link-item','breadCrumb',2),(2689,203,575,'common.link-item','breadCrumb',3),(2690,203,576,'common.link-item','breadCrumb',4),(2691,203,169,'common.content-block','serviceContent',1),(2692,203,257,'common.content-block-variant','serviceContent',2),(2693,203,130,'common.seo','seo',NULL),(2694,203,255,'common.title-desc','bookService',NULL),(2695,203,256,'common.title-desc','mobileService',NULL),(2858,31,613,'common.link-item','breadCrumb',1),(2859,31,614,'common.link-item','breadCrumb',2),(2860,31,615,'common.link-item','breadCrumb',3),(2861,31,616,'common.link-item','breadCrumb',4),(3184,7,241,'common.banner','banner',1),(3185,7,681,'common.link-item','breadCrumb',1),(3186,7,682,'common.link-item','breadCrumb',2),(3187,7,683,'common.link-item','breadCrumb',3),(3188,7,684,'common.link-item','breadCrumb',4),(3233,36,701,'common.link-item','breadCrumb',1),(3234,36,702,'common.link-item','breadCrumb',2),(3235,36,703,'common.link-item','breadCrumb',3),(3236,36,704,'common.link-item','breadCrumb',4),(3388,241,739,'common.link-item','breadCrumb',1),(3389,241,740,'common.link-item','breadCrumb',2),(3390,241,741,'common.link-item','breadCrumb',3),(3391,241,742,'common.link-item','breadCrumb',4),(3395,241,319,'common.title-desc','bookService',1),(3396,241,320,'common.title-desc','mobileService',9),(3722,27,113,'common.content-block-variant','serviceContent',1),(3723,27,103,'common.content-block','serviceContent',2),(3724,27,138,'common.content-block-variant','serviceContent',3),(3727,259,823,'common.link-item','breadCrumb',1),(3728,259,824,'common.link-item','breadCrumb',2),(3729,259,825,'common.link-item','breadCrumb',3),(3730,259,826,'common.link-item','breadCrumb',4),(3731,259,355,'common.content-block-variant','serviceContent',1),(3732,259,211,'common.content-block','serviceContent',2),(3733,259,356,'common.content-block-variant','serviceContent',3),(3734,259,355,'common.title-desc','bookService',NULL),(3735,259,356,'common.title-desc','mobileService',NULL),(3830,5,1,'common.content-block-variant','serviceContent',1),(3831,5,31,'common.content-block','serviceContent',2),(3832,5,10,'common.content-block-variant','serviceContent',3),(3836,264,843,'common.link-item','breadCrumb',1),(3837,264,844,'common.link-item','breadCrumb',2),(3838,264,845,'common.link-item','breadCrumb',3),(3839,264,846,'common.link-item','breadCrumb',4),(3840,264,366,'common.content-block-variant','serviceContent',1),(3841,264,216,'common.content-block','serviceContent',2),(3842,264,367,'common.content-block-variant','serviceContent',3),(3843,264,158,'common.seo','seo',NULL),(3844,264,365,'common.title-desc','bookService',NULL),(3845,264,366,'common.title-desc','mobileService',NULL),(3886,241,320,'common.content-block-variant','serviceContent',1),(3887,241,194,'common.content-block','serviceContent',2),(3888,241,321,'common.content-block-variant','serviceContent',3),(3891,267,859,'common.link-item','breadCrumb',1),(3892,267,860,'common.link-item','breadCrumb',2),(3893,267,861,'common.link-item','breadCrumb',3),(3894,267,862,'common.link-item','breadCrumb',4),(3895,267,371,'common.content-block-variant','serviceContent',1),(3896,267,218,'common.content-block','serviceContent',2),(3897,267,372,'common.content-block-variant','serviceContent',3),(3898,267,373,'common.title-desc','bookService',NULL),(3899,267,374,'common.title-desc','mobileService',NULL),(3904,180,265,'common.title-with-desc','serviceContent',1),(3905,180,266,'common.title-with-desc','serviceContent',2),(3906,180,267,'common.title-with-desc','serviceContent',3),(3907,180,215,'common.content-block-variant','serviceContent',4),(3908,180,268,'common.title-with-desc','serviceContent',5),(3909,180,269,'common.title-with-desc','serviceContent',6),(3912,268,863,'common.link-item','breadCrumb',1),(3913,268,864,'common.link-item','breadCrumb',2),(3914,268,865,'common.link-item','breadCrumb',3),(3915,268,866,'common.link-item','breadCrumb',4),(3916,268,404,'common.title-with-desc','serviceContent',1),(3917,268,405,'common.title-with-desc','serviceContent',2),(3918,268,406,'common.title-with-desc','serviceContent',3),(3919,268,373,'common.content-block-variant','serviceContent',4),(3920,268,407,'common.title-with-desc','serviceContent',5),(3921,268,408,'common.title-with-desc','serviceContent',6),(3922,268,375,'common.title-desc','bookService',NULL),(3923,268,376,'common.title-desc','mobileService',NULL),(3974,172,199,'common.content-block-variant','serviceContent',1),(3975,172,229,'common.title-with-desc','serviceContent',2),(3976,172,230,'common.title-with-desc','serviceContent',3),(3977,172,231,'common.title-with-desc','serviceContent',4),(3978,172,200,'common.content-block-variant','serviceContent',5),(3979,172,238,'common.title-with-desc','serviceContent',6),(3980,172,239,'common.title-with-desc','serviceContent',7),(3981,172,138,'common.content-block','serviceContent',8),(3984,272,879,'common.link-item','breadCrumb',1),(3985,272,880,'common.link-item','breadCrumb',2),(3986,272,881,'common.link-item','breadCrumb',3),(3987,272,882,'common.link-item','breadCrumb',4),(3988,272,377,'common.content-block-variant','serviceContent',1),(3989,272,411,'common.title-with-desc','serviceContent',2),(3990,272,412,'common.title-with-desc','serviceContent',3),(3991,272,413,'common.title-with-desc','serviceContent',4),(3992,272,378,'common.content-block-variant','serviceContent',5),(3993,272,414,'common.title-with-desc','serviceContent',6),(3994,272,415,'common.title-with-desc','serviceContent',7),(3995,272,220,'common.content-block','serviceContent',8),(3996,272,381,'common.title-desc','bookService',NULL),(3997,272,382,'common.title-desc','mobileService',NULL),(4002,31,154,'common.content-block-variant','serviceContent',1),(4003,31,119,'common.content-block','serviceContent',2),(4004,31,155,'common.content-block-variant','serviceContent',3),(4007,273,883,'common.link-item','breadCrumb',1),(4008,273,884,'common.link-item','breadCrumb',2),(4009,273,885,'common.link-item','breadCrumb',3),(4010,273,886,'common.link-item','breadCrumb',4),(4011,273,379,'common.content-block-variant','serviceContent',1),(4012,273,221,'common.content-block','serviceContent',2),(4013,273,380,'common.content-block-variant','serviceContent',3),(4014,273,383,'common.title-desc','bookService',NULL),(4015,273,384,'common.title-desc','mobileService',NULL),(4032,179,223,'common.content-block-variant','serviceContent',1),(4033,179,226,'common.content-block-variant','serviceContent',2),(4034,179,152,'common.content-block','serviceContent',3),(4035,179,308,'common.title-with-desc','serviceContent',4),(4036,179,311,'common.title-with-desc','serviceContent',5),(4037,179,312,'common.title-with-desc','serviceContent',6),(4038,179,235,'common.content-block-variant','serviceContent',7),(4041,276,891,'common.link-item','breadCrumb',1),(4042,276,892,'common.link-item','breadCrumb',2),(4043,276,893,'common.link-item','breadCrumb',3),(4044,276,894,'common.link-item','breadCrumb',4),(4045,276,381,'common.content-block-variant','serviceContent',1),(4046,276,382,'common.content-block-variant','serviceContent',2),(4047,276,222,'common.content-block','serviceContent',3),(4048,276,417,'common.title-with-desc','serviceContent',4),(4049,276,418,'common.title-with-desc','serviceContent',5),(4050,276,419,'common.title-with-desc','serviceContent',6),(4051,276,383,'common.content-block-variant','serviceContent',7),(4052,276,385,'common.title-desc','bookService',NULL),(4053,276,386,'common.title-desc','mobileService',NULL),(4058,29,175,'common.title-with-desc','serviceContent',1),(4059,29,176,'common.title-with-desc','serviceContent',2),(4060,29,45,'common.content-block-variant','serviceContent',3),(4063,277,895,'common.link-item','breadCrumb',1),(4064,277,896,'common.link-item','breadCrumb',2),(4065,277,897,'common.link-item','breadCrumb',3),(4066,277,898,'common.link-item','breadCrumb',4),(4067,277,420,'common.title-with-desc','serviceContent',1),(4068,277,421,'common.title-with-desc','serviceContent',2),(4069,277,384,'common.content-block-variant','serviceContent',3),(4070,277,387,'common.title-desc','bookService',NULL),(4071,277,388,'common.title-desc','mobileService',NULL),(4076,135,132,'common.content-block-variant','serviceContent',1),(4077,135,121,'common.content-block','serviceContent',2),(4078,135,158,'common.content-block-variant','serviceContent',3),(4081,278,899,'common.link-item','breadCrumb',1),(4082,278,900,'common.link-item','breadCrumb',2),(4083,278,901,'common.link-item','breadCrumb',3),(4084,278,902,'common.link-item','breadCrumb',4),(4085,278,385,'common.content-block-variant','serviceContent',1),(4086,278,223,'common.content-block','serviceContent',2),(4087,278,386,'common.content-block-variant','serviceContent',3),(4088,278,389,'common.title-desc','bookService',NULL),(4089,278,390,'common.title-desc','mobileService',NULL),(4110,82,63,'common.content-block-variant','serviceContent',1),(4111,82,67,'common.content-block-variant','serviceContent',2),(4114,280,907,'common.link-item','breadCrumb',1),(4115,280,908,'common.link-item','breadCrumb',2),(4116,280,909,'common.link-item','breadCrumb',3),(4117,280,910,'common.link-item','breadCrumb',4),(4118,280,388,'common.content-block-variant','serviceContent',1),(4119,280,389,'common.content-block-variant','serviceContent',2),(4120,280,393,'common.title-desc','bookService',NULL),(4121,280,394,'common.title-desc','mobileService',NULL),(4185,7,353,'common.title-with-desc','serviceContent',1),(4186,7,403,'common.title-desc','bookService',NULL),(4187,285,318,'common.banner','banner',1),(4188,285,927,'common.link-item','breadCrumb',1),(4189,285,928,'common.link-item','breadCrumb',2),(4190,285,929,'common.link-item','breadCrumb',3),(4191,285,930,'common.link-item','breadCrumb',4),(4192,285,427,'common.title-with-desc','serviceContent',1),(4193,285,404,'common.title-desc','bookService',NULL),(4199,36,357,'common.title-with-desc','serviceContent',1),(4200,36,358,'common.title-with-desc','serviceContent',2),(4201,36,405,'common.title-desc','bookService',NULL),(4202,286,319,'common.banner','banner',1),(4203,286,931,'common.link-item','breadCrumb',1),(4204,286,932,'common.link-item','breadCrumb',2),(4205,286,933,'common.link-item','breadCrumb',3),(4206,286,934,'common.link-item','breadCrumb',4),(4207,286,428,'common.title-with-desc','serviceContent',1),(4208,286,429,'common.title-with-desc','serviceContent',2),(4209,286,406,'common.title-desc','bookService',NULL),(4230,99,253,'common.content-block-variant','serviceContent',1),(4231,99,123,'common.content-block','serviceContent',2),(4234,288,939,'common.link-item','breadCrumb',1),(4235,288,940,'common.link-item','breadCrumb',2),(4236,288,941,'common.link-item','breadCrumb',3),(4237,288,942,'common.link-item','breadCrumb',4),(4238,288,393,'common.content-block-variant','serviceContent',1),(4239,288,226,'common.content-block','serviceContent',2),(4240,288,409,'common.title-desc','bookService',NULL),(4241,288,410,'common.title-desc','mobileService',NULL),(4318,105,96,'common.content-block-variant','serviceContent',1),(4319,105,1,'common.slider','serviceContent',2),(4322,293,959,'common.link-item','breadCrumb',1),(4323,293,960,'common.link-item','breadCrumb',2),(4324,293,961,'common.link-item','breadCrumb',3),(4325,293,962,'common.link-item','breadCrumb',4),(4326,293,398,'common.content-block-variant','serviceContent',1),(4327,293,6,'common.slider','serviceContent',2),(4328,293,419,'common.title-desc','bookService',NULL),(4329,293,420,'common.title-desc','mobileService',NULL);

--
