-- Table structure for table `components_common_social_links`
--

CREATE TABLE `components_common_social_links` (
  `id` int unsigned NOT NULL AUTO_INCREMENT,
  `title` varchar(255) DEFAULT NULL,
  `link` varchar(255) DEFAULT NULL,
  `is_active` tinyint(1) DEFAULT NULL,
  PRIMARY KEY (`id`)
) ENGINE=InnoDB AUTO_INCREMENT=95 DEFAULT CHARSET=utf8mb4 COLLATE=utf8mb4_0900_ai_ci;

--
-- Dumping data for table `components_common_social_links`
--

INSERT INTO `components_common_social_links` VALUES (1,'Facebook','https://www.facebook.com/ALFAHIMCME',1),(4,'Linkedin',' https://www.linkedin.com/company/central-motors-&-equipment',1),(5,NULL,NULL,0),(6,'Instagram','https://www.instagram.com/centralmotorsandequipment/ ',1),(91,'Facebook','https://www.facebook.com/ALFAHIMCME',1),(92,'Linkedin',' https://www.linkedin.com/company/central-motors-&-equipment',1),(93,NULL,NULL,0),(94,'Instagram','https://www.instagram.com/centralmotorsandequipment/ ',1);

--
-- Table structure for table `components_common_title_desc_btn_imgs`
--

CREATE TABLE `components_common_title_desc_btn_imgs` (
  `id` int unsigned NOT NULL AUTO_INCREMENT,
  `title` varchar(255) DEFAULT NULL,
  `description` longtext,
  `image_position` varchar(255) DEFAULT NULL,
  PRIMARY KEY (`id`)
) ENGINE=InnoDB AUTO_INCREMENT=120 DEFAULT CHARSET=utf8mb4 COLLATE=utf8mb4_0900_ai_ci;

--
-- Dumping data for table `components_common_title_desc_btn_imgs`
--

INSERT INTO `components_common_title_desc_btn_imgs` VALUES (1,'Automotive Aftermarket','<p>Automotive Aftermarket (AA) synonym of “Complete solutions”, representing Bosch Automotive, Osram, Knorr-Bremse, Valeo, Cyclo, ASNU and many more, operates in the following channels to cater to the specific requirements of the clients to exceed always customer expectations:</p>','right'),(7,'Power Tools','<p>We empower professionals and DIY enthusiasts across the UAE through industry-leading brands like Bosch and Dremel. Our operations are fully supported by an advanced, countrywide after-sales service infrastructure. To meet the diverse needs of the Emirates market, we operate through four dedicated strategic channels:</p>','left'),(8,'Tyres','<p>Tyres division offers wide range of tyres in the capital of United Arab Emirates, representing world renowned brands i.e. Michelin, Tyreplus and BFGoodrich in the following:</p>','left'),(15,'Services','<p>Known for service excellence and always exceeding customer expectations, Services Division is engaged in catering to the dynamic needs of the automotive service industry with its years of experience through its facilities in both Abu Dhabi and Dubai under the following franchisee :</p>','right'),(116,'Tyres','<p>Tyres division offers wide range of tyres in the capital of United Arab Emirates, representing world renowned brands i.e. Michelin, Tyreplus and BFGoodrich in the following:</p>','left'),(117,'Automotive Aftermarket','<p>Automotive Aftermarket (AA) synonym of “Complete solutions”, representing Bosch Automotive, Osram, Knorr-Bremse, Valeo, Cyclo, ASNU and many more, operates in the following channels to cater to the specific requirements of the clients to exceed always customer expectations:</p>','right'),(118,'Power Tools','<p>We empower professionals and DIY enthusiasts across the UAE through industry-leading brands like Bosch and Dremel. Our operations are fully supported by an advanced, countrywide after-sales service infrastructure. To meet the diverse needs of the Emirates market, we operate through four dedicated strategic channels:</p>','left'),(119,'Services','<p>Known for service excellence and always exceeding customer expectations, Services Division is engaged in catering to the dynamic needs of the automotive service industry with its years of experience through its facilities in both Abu Dhabi and Dubai under the following franchisee :</p>','right');

--
-- Table structure for table `components_common_title_desc_btn_imgs_cmps`
--

CREATE TABLE `components_common_title_desc_btn_imgs_cmps` (
  `id` int unsigned NOT NULL AUTO_INCREMENT,
  `entity_id` int unsigned DEFAULT NULL,
  `cmp_id` int unsigned DEFAULT NULL,
  `component_type` varchar(255) DEFAULT NULL,
  `field` varchar(255) DEFAULT NULL,
  `order` double unsigned DEFAULT NULL,
  PRIMARY KEY (`id`),
  UNIQUE KEY `components_common_title_desc_btn_imgs_uq` (`entity_id`,`cmp_id`,`field`,`component_type`),
  KEY `components_common_title_desc_btn_imgs_field_idx` (`field`),
  KEY `components_common_title_desc_btfd575_component_type_idx` (`component_type`),
  KEY `components_common_title_desc_btn_imgs_entity_fk` (`entity_id`),
  CONSTRAINT `components_common_title_desc_btn_imgs_entity_fk` FOREIGN KEY (`entity_id`) REFERENCES `components_common_title_desc_btn_imgs` (`id`) ON DELETE CASCADE
) ENGINE=InnoDB AUTO_INCREMENT=1199 DEFAULT CHARSET=utf8mb4 COLLATE=utf8mb4_0900_ai_ci;

--
-- Dumping data for table `components_common_title_desc_btn_imgs_cmps`
--

INSERT INTO `components_common_title_desc_btn_imgs_cmps` VALUES (1,1,1,'common.tag','tags',1),(2,1,2,'common.tag','tags',2),(3,1,11,'common.link-item','button',1),(7,7,5,'common.tag','tags',1),(8,7,6,'common.tag','tags',2),(9,7,7,'common.tag','tags',4),(10,8,8,'common.tag','tags',1),(11,8,9,'common.tag','tags',2),(12,7,13,'common.link-item','button',1),(13,8,14,'common.link-item','button',1),(47,15,24,'common.tag','tags',2),(48,15,25,'common.tag','tags',3),(49,15,21,'common.link-item','button',1),(177,1,71,'common.tag','tags',4),(178,1,72,'common.tag','tags',5),(179,1,73,'common.tag','tags',6),(180,1,74,'common.tag','tags',7),(181,1,75,'common.tag','tags',8),(220,7,90,'common.tag','tags',5),(262,8,106,'common.tag','tags',4),(263,8,107,'common.tag','tags',5),(264,8,108,'common.tag','tags',6),(265,8,109,'common.tag','tags',7),(266,8,110,'common.tag','tags',8),(317,15,131,'common.tag','tags',4),(1174,116,489,'common.tag','tags',1),(1175,116,490,'common.tag','tags',2),(1176,116,491,'common.tag','tags',3),(1177,116,492,'common.tag','tags',4),(1178,116,493,'common.tag','tags',5),(1179,116,494,'common.tag','tags',6),(1180,116,495,'common.tag','tags',7),(1181,117,496,'common.tag','tags',1),(1182,117,497,'common.tag','tags',2),(1183,117,498,'common.tag','tags',3),(1184,117,499,'common.tag','tags',4),(1185,117,500,'common.tag','tags',5),(1186,117,501,'common.tag','tags',6),(1187,117,502,'common.tag','tags',7),(1188,118,503,'common.tag','tags',1),(1189,118,504,'common.tag','tags',2),(1190,118,505,'common.tag','tags',3),(1191,118,506,'common.tag','tags',4),(1192,119,507,'common.tag','tags',1),(1193,119,508,'common.tag','tags',2),(1194,119,509,'common.tag','tags',3),(1195,116,1153,'common.link-item','button',1),(1196,117,1154,'common.link-item','button',1),(1197,118,1155,'common.link-item','button',1),(1198,119,1156,'common.link-item','button',1);

--
-- Table structure for table `components_common_title_desc_img_positions`
--

CREATE TABLE `components_common_title_desc_img_positions` (
  `id` int unsigned NOT NULL AUTO_INCREMENT,
  `title` varchar(255) DEFAULT NULL,
  `description` longtext,
  `image_position` varchar(255) DEFAULT NULL,
  `show_image_border_radius` tinyint(1) DEFAULT NULL,
  `custom_img_class` varchar(255) DEFAULT NULL,
  `custom_img_parent_class` varchar(255) DEFAULT NULL,
  PRIMARY KEY (`id`)
) ENGINE=InnoDB AUTO_INCREMENT=548 DEFAULT CHARSET=utf8mb4 COLLATE=utf8mb4_0900_ai_ci;

--
-- Dumping data for table `components_common_title_desc_img_positions`
--

INSERT INTO `components_common_title_desc_img_positions` VALUES (1,NULL,'<p>A flat tyre has the potential to completely disrupt your day, however, it doesn\'t necessarily mean you\'ll be stuck off the road for an extended period! Our tyre repair services are designed to be swift, budget-friendly, and reliable, ensuring you\'re back on track in no time.</p><p>Maintaining properly inflated and intact tyres is crucial for optimal vehicle performance, which is why prompt tyre puncture repairs are essential at the first sign of trouble, such as bubbles or other issues. Given the significant cost of tyres, frequent replacements can be a considerable expense, but rest assured, we\'re here to provide comprehensive solutions for all your tyre-related problems. Whether you\'re dealing with a puncture, a flat tyre, or a slow leak, our skilled technicians are equipped to offer effective solutions that\'ll have you back driving safely and efficiently</p>','left',1,NULL,NULL),(19,'What To Expect in a Tyre Repair?','<p>It may be tempting to Google, “how to repair tyre puncture” and try to fix your bad tyre(s) yourself. However, unless know a lot about car mechanics, don’t do it! Take your car to a repair shop. But you should not search for a shop doing “tyre puncture repair near me or tyre repair near me online.” Take your car to CME TyrePlus for tyre servicing. Our technicians are professional.</p><p>We will look at your tyres to see if they can repair them. We can repair them if the damage is within the repairable puncture area. The affected area must also be ¼ of an inch in diameter or less and the damaged area is isolated. If we can repair it, we will follow these steps:</p><ul><li>Remove the tyre from the rim.</li><li>Inspect the entire tyre.</li><li>Trim and stabilize damaged cables.</li><li>Seal and patch the puncture.</li><li>Buff the puncture area from inside the tyre.</li><li>Put a vulcanizing glue on the affected area.</li><li>Patch the puncture area’s inner lining - A chemical reaction will occur immediately after the patch is placed which will permanently suture the patch to the affected area’s inner lining</li><li>Re-mount and inflate the tyre.</li><li>Check for leaks.</li></ul>','left',1,NULL,NULL),(59,NULL,'<h3>Tyre Rotation Process</h3><ul><li><strong>Visual Inspection:</strong> Checking for damage, foreign objects, and wear patterns</li><li><strong>Pressure Check:</strong> Adjusting pressures to manufacturer specs</li><li>Professional Rotation: Rotating tyres according to your vehicle\'s drive type</li><li>Torque Specification: Tightening wheel nuts to exact specs</li><li>Final Balance Check: Ensuring tyres are properly balanced post-rotation</li><li>Maintenance Record: Documenting your service for warranty and tracking</li></ul><h3>Tyre Rotation Patterns We Use</h3><p><strong>Different vehicles require different rotation patterns. Our technicians select the appropriate method based on your vehicle\'s drive system and tyre type:</strong></p><ul><li>Forward Cross (Front-Wheel Drive)</li><li>Rearward Cross (Rear-Wheel and 4x4 Vehicles)</li><li>X-Pattern (All-Wheel Drive)</li><li>Side-to-Side (Directional Tyres)<br>&nbsp;</li></ul>','left',1,NULL,NULL),(77,'CENTRAL MOTORS & EQUIPMENT','<p>Many people think that the easiest place to go is the nearest manufacturer’s dealership. CM&amp;E Bosch Car Service workshops are a real alternative, offering quality, affordable servicing, and fitting manufacturer quality parts.</p><p>The headache of finding a good workshop is removed with the national network of CM&amp;E Bosch Car Service workshops:</p><p>Use the workshop locator to find the workshop nearest to you.<br>Have the peace of mind that all CM&amp;E Bosch workshops employ experienced, qualified technicians with the right diagnostic equipment to find and correct faults, cost-effectively. &nbsp;<br>A ‘cheap’ workshop is not a guarantee of value for money in the long run. They often keep their prices down by fitting cheap parts, which may wear out or fail sooner. At CM&amp;E Bosch Car Services, the Bosch parts fitted are made to the same specification as those that we make for car manufacturers.<br>Modern cars are highly sophisticated and a significant proportion of the manufacturing costs go into the electronics and computers. As CM&amp;E Bosch Car Service workshops all have up to date diagnostic equipment, they will be able to diagnose any faults quickly and accurately, getting it right the first time.<br>All CM&amp;E Bosch Car Service workshops are established, independent workshops that we audit annually to ensure that they continue to meet the high standards that we expect.</p>','right',1,NULL,NULL),(81,'Diagnostics from Bosch','<p>Workshop solutions for the future. For professional service on modern vehicles, Bosch provides test and workshop equipment, software and expertise perfectly coordinated from a single source.</p><ul><li>ECU Diagnostic Tools</li><li>ESI[tronic] Diagnostic Software</li><li>Air Conditioning Service</li><li>Battery Service</li><li>Test Benches and Tools</li><li>Calibration of Advanced Driver Assistance Systems</li><li>Emissions Inspections</li><li>Vehicle Systems Analyzers</li><li>Bosch Augmented Reality</li><li>Bosch Connected Repair<br>&nbsp;</li></ul>','left',1,NULL,NULL),(98,'Technical services from industry experts','<p>A wide range of services, partners of the Bosch network can benefit from access to all of Bosch’s knowledge, technological expertise and comprehensive practical experience from decades of workshop support.&nbsp;</p><p>What we offer:</p><ul><li>Service Training</li><li>Technical Support</li><li>Equipment Service</li></ul>','right',1,NULL,NULL),(116,NULL,'<p>Central Motors &amp; Equipment brings the latest state-of-the-art workshop equipment services</p><ul><li>Software</li><li>ECU Diagnostics</li><li>Diagnostic Control Units</li><li>Vehicle System Analyzers</li><li>Battery Service Equipment</li><li>On board Diagnosis</li><li>Air Conditioning Service</li><li>Tyre Changing Equipment</li><li>Wheel Balancing Equipment</li><li>Wheel Alignments</li><li>Nitrogen Inflators</li><li>Emission Analyzers</li><li>Vehicle Inspection Lanes</li><li>Diesel Component Calibration</li><li>Tools &amp; Testers</li></ul>','right',1,NULL,NULL),(133,NULL,'<p>Having your car reliable when you need it isn\'t just a convenience – it\'s a necessity, especially in our scorching summers where temps soar above 50 degrees Celsius. This extreme heat takes a toll on your car brakes, wearing them out faster. That\'s where CME comes in – our premium brake pad services are specifically designed to withstand the harsh UAE climate and road conditions. We\'ll not only get you back on the road but also extend your vehicle\'s lifespan with top-quality components. Ditching the \"brake repair near me\" search? Come to CME – we\'ve built a solid reputation for giving cars the care they deserve.</p>','left',1,NULL,NULL),(153,NULL,'<p>If your vehicle pulls to one side, has uneven tyre wear, or vibrations while driving, it might be an alignment issue. At CME, our expert technicians use advanced equipment to adjust your wheels to manufacturer specs, ensuring smooth and safe driving. Our wheel alignment services across the Abu Dhabi, help improve driving efficiency and safety, extend tyre life, and enhance overall vehicle performance. Book your appointment with CME today!</p>','left',1,NULL,NULL),(159,'Why Your Car Benefits From Routine Brake Pads Repair Services','<p>Keep your ride safe and smooth with regular brake repairs. Here\'s what you get:</p><ol><li><strong>Better Fuel Efficiency:</strong> Optimal brake pads = less fuel wasted = more savings</li><li><strong>Less Frequent Replacements:</strong> Quality parts = longer lifespan = less money spent on repairs</li><li><strong>Higher Car Value:</strong> Regular maintenance = more value when you sell</li><li><strong>Quieter Rides:</strong> No more squealing brakes = more peaceful drives</li><li><strong>Pass Inspections with Ease:</strong> Stay on top of annual checks with a well-maintained brake system.</li></ol>','left',1,NULL,NULL),(171,'Why Your Car Benefits From Routine Brake Pads Repair Services','<p>Keep your ride safe and smooth with regular brake repairs. Here\'s what you get:</p><ol><li><strong>Better Fuel Efficiency:</strong> Optimal brake pads = less fuel wasted = more savings</li><li><strong>Less Frequent Replacements: </strong>Quality parts = longer lifespan = less money spent on repairs</li><li><strong>Higher Car Value: </strong>Regular maintenance = more value when you sell</li><li><strong>Quieter Rides:</strong> No more squealing brakes = more peaceful drives</li><li><strong>Pass Inspections with Ease:</strong> Stay on top of annual checks with a well-maintained brake system.</li></ol>','right',1,NULL,NULL),(175,'Why Choose CME for Tyre Repairing?','<p>For Tyre Repairing or any sort of tyre and car-related services you can count on our skilled technicians. We have the best experts in the industry to execute safe and long-lasting repairs. Any damages are assessed by us to determine if repairs are okay or if replacement methods are required.</p><p><strong>Advanced Equipment: </strong>Using state-of-the-art equipment, we execute a quick repair of every tyre puncture so that your tyres can perform at their best. Many Locations Across Abu Dhabi, UAE and with mobile tyre repair options, we\'re always near you. Whether you are stuck on the road or need a quick fix at home, we can be there.</p><p><strong>Affordable and Transparent Pricing: </strong>Tyre repair terms don\'t have to be expensive. Since TyrePlus asks for reasonable prices, you\'ll be sure that our tyre repair services in Dubai will give you excellent value for your money.</p><p><strong>Wide Range of Services: </strong>Apart from tyre repairing, we provide tyre replacement, wheel balancing, and alignment services, all to maintain your vehicle\'s good condition.</p><p><strong>Mobile Tyre Repairs:</strong> Can\'t reach the workshop? Not to worry! Our mobile car service brings tyre puncture repair to wherever you are, be it at home, in the office, or on the roadside.</p>','right',1,NULL,NULL),(179,NULL,'<p>Oil is the lifeblood of your car\'s engine, playing a crucial role in its performance and longevity. It lubricates engine parts, reduces friction, and helps dissipate heat, ensuring smooth operation. Over time, oil gets contaminated and loses its effectiveness, leading to increased wear and tear on the engine. If left unchecked, this can cause parts to score, resulting in costly repairs. Regular oil changes are essential to prevent this, keeping your engine healthy and running smoothly. Our oil change service uses top-quality oils and filters, meeting or exceeding manufacturer specs, to give your car the best care.</p>','left',1,NULL,NULL),(180,'Why Choose CME for Oil Change?','<p>At CME, we know regular oil changes are crucial for your vehicle\'s health. Here\'s why we\'re the top choice for oil change services in the UAE:</p><ul><li>Multi-Brand Engine Oil Options: Top-quality oils from trusted brands like Castrol and Mobil, tailored to your engine\'s needs</li><li>Expert Technicians: Highly trained team providing best-in-class oil change services</li><li>Convenient Locations: Multiple service centers across the UAE, in Dubai, Sharjah, and more</li><li>State-of-the-Art Equipment: Latest tools and tech for accurate, quick oil changes and engine health checks</li><li>Genuine and High-Quality Oil: Premium engine oil for peak performance</li><li>Fast and Efficient Service: Quick turnaround times to fit your busy schedule</li><li>Affordable and Transparent Pricing: Competitive prices with special offers on oil change services</li></ul>','left',1,NULL,NULL),(183,'What Our Wheel Alignment Service Includes ','<p>At CME, our wheel alignment service includes:</p><ul><li><strong>General Inspection:</strong> We use advanced equipment to check your vehicle\'s alignment and identify potential issues affecting handling or tyre wear.</li><li><strong>Precision Alignment: </strong>We adjust the wheel angles to match your manufacturer\'s specs for optimal performance.</li><li><strong>Tire Rotation:</strong> We rotate your tyres to ensure even wear and extend their lifespan.</li><li><strong>Alignment Report:</strong> You\'ll receive a detailed report outlining the condition of your wheels and the adjustments made.</li></ul>','left',1,NULL,NULL),(184,'Why choose TyrePlus for your wheel alignment services','<p>CME emphasizes the importance of correct wheel alignment for optimal vehicle performance. Our well-trained technicians use state-of-the-art equipment to deliver precise alignments for various vehicle types, ensuring optimal performance. We offer competitive rates across the UAE, with transparent pricing and no hidden charges. Our services include:</p><p><strong>Specialist Personnel:</strong> CME employs qualified technicians whose expertise allows them to carry out accurate wheel alignments of all types of vehicles and therefore deliver optimal performance.</p><p><strong>State-of-the-Art Equipment:</strong> We service vehicles using the latest alignment technology and diagnostic tools, assuring you wheel alignment with precise specifications from the manufacturer.</p><p><strong>Competitive Prices:</strong> Our wheel alignment charges are kept to a minimum without compromising the quality of the service. We\'ve taken care of hidden costs.</p><p><strong>Convenience and Accessibility:</strong> CME has several service centers in major location of Abu Dhabi making it convenient to the customer for better service.</p>','right',1,NULL,NULL),(242,'What is Nitrogen Tyre Inflation?','<p>Tyre inflation is undoubtedly a key element in ensuring tyre longevity. The pressure recommended by the manufacturers is different for each vehicle and must be scrupulously respected for your safety. But did you know that to reach the right pressure level, your tyres can be inflated with either air or nitrogen ?&nbsp;</p><p>Nitrogen tyre inflation uses pure nitrogen gas (typically 95-99% pure) instead of regular compressed air to fill your tyres. Unlike compressed air, which contains approximately 78% nitrogen, 21% oxygen, and trace amounts of water vapor and other gases, pure nitrogen inflation eliminates oxygen and moisture from inside your tyres. This seemingly simple change delivers measurable benefits for your vehicle\'s performance and safety.</p>','left',1,NULL,NULL),(243,'Our Nitrogen Inflation Process','<ul><li><strong>Complete Deflation and Purging:</strong> We fully deflate your current tyres and purge all existing air and moisture from the system.</li><li><strong>High-Purity Nitrogen Fill:</strong> Your tyres are refilled with high-purity nitrogen to your vehicle manufacturer\'s recommended pressure specifications.</li><li><strong>Pressure Verification:</strong> Each tyre receives a pressure check using calibrated gauges to ensure accuracy.</li><li><strong>Identification Markers:</strong> We apply nitrogen valve cap indicators to identify nitrogen-filled tyres for future reference.</li><li><strong>Service Documentation:</strong> You receive complete documentation of your service and recommendations for maintenance intervals<br>&nbsp;</li></ul>','left',1,NULL,NULL),(259,'Signs Your AC Needs Service','<ol><li>Weak or Warm Airflow</li><li>Unusual Noises</li><li>Unpleasant Odors</li><li>Water Leaks Inside the Cabin</li><li>Reduced Cooling Over Time</li><li>AC Takes Longer to Cool</li><li>Visible Refrigerant Leaks</li><li>Dashboard Warning Lights</li></ol>','left',1,NULL,NULL),(267,'What is the tyre change process ?','<p>A tyre change involves replacing a worn or damaged tyre with a new one. Our technicians will remove the old tyre, inspect the rim, and mount a new tyre using specialized equipment, ensuring a safe and smooth ride.</p>','left',1,NULL,NULL),(270,'What is the wheel balancing process ?','<p>Tyre balancing is a precision process that ensures the tyre-wheel assembly is evenly weighted. We use a certified balancing machine to attach small counterweights, eliminating heavy spots that cause vibration, uneven wear, and reduced fuel efficiency. This improves handling, extends tyre life, and enhances safety. Proper balancing prevents premature wear, reduces accident risk, and gives you a smoother, quieter ride. Combined with tyre changes, balancing delivers a safer, more economical driving experience.</p>','left',1,NULL,NULL),(281,'How Often do you Need to Change Tyres?','<ul><li>Replace tyres before they wear out, especially in Middle Eastern heat</li><li>Check tread, damage, and punctures regularly; replace if below 1.6 mm</li><li>Inspect tyres annually after five years; check manufacturing date for age</li><li>Replace all four tyres at once, or put two new ones on the rear axle</li><li>Use professional advice from CME to choose the right tyres</li></ul><p>Tyres are very important as they greatly affect how the car accelerates, handles, and brakes. As the tyres become old and start wearing out they start losing their performance in certain areas. It’s right before this that you need to start looking to invest in a new set of tyres. In a region like the Middle East, the extreme heat of summer can expose the fragility of&nbsp;worn old tyres making them extra prone to blowouts. It is, therefore, important to know when it’s the right time to change your tyres. Read on to know more about how often you need to change tyres, how long do tyres last and much more.</p>','left',1,NULL,NULL),(299,NULL,'<p><img src=\"https://d1i031whgqu7f4.cloudfront.net/image_602_eb6dce2f14.png\" alt=\"image 602.png\" width=\"134\" height=\"75\"></p><p>A wide range of services, partners of the Bosch network can benefit from access to all of Bosch’s knowledge, technological expertise and comprehensive practical experience from decades of workshop support. What we offer:</p>','left',1,NULL,NULL),(302,NULL,'<p><img src=\"https://d1i031whgqu7f4.cloudfront.net/image_602_eb6dce2f14.png\" alt=\"image 602.png\" width=\"134\" height=\"75\"></p><p>A wide range of services, partners of the Bosch network can benefit from access to all of Bosch’s knowledge, technological expertise and comprehensive practical experience from decades of workshop support. What we offer:</p>','left',1,NULL,NULL),(303,NULL,'<p><img src=\"https://d1i031whgqu7f4.cloudfront.net/image_602_eb6dce2f14.png\" alt=\"image 602.png\" width=\"134\" height=\"75\"></p><p>A wide range of services, partners of the Bosch network can benefit from access to all of Bosch’s knowledge, technological expertise and comprehensive practical experience from decades of workshop support. What we offer:</p>','left',1,NULL,NULL),(349,'Choosing Car Tyres - How to Do it Right?','<ul><li>UAE heat and terrain need high-quality, heat-resistant tyres</li><li>Match tyres to driving style, car type, and road conditions</li><li>Regular maintenance like tyre inflation checks and alignment extends tyre life</li><li>Choose quality over price to avoid poor performance</li></ul>','right',1,NULL,NULL),(350,'Know the Difference between Wheel Alignment and Wheel Balancing','<ul><li>Wheel alignment adjusts suspension to ensure optimal tyre positioning, improving handling and tyre life.</li><li>Wheel balancing ensures even weight distribution, reducing vibrations for a smoother ride.</li><li>Misalignment causes pulling to one side and uneven tyre wear; imbalance leads to vibrations.</li><li>Regular checks enhance safety, extend tyre life, and improve fuel efficiency.</li><li>Costs vary, but regular maintenance prevents expensive repairs.</li></ul><p>Visit&nbsp;TYREPLUS&nbsp;for professional alignment and balancing services.</p>','left',1,NULL,NULL),(386,NULL,'<p>Dead battery got you stuck? &nbsp;Need a reliable car battery replacement in the UAE? CME TyrePlushas you covered! We offer fast, affordable, and top-notch battery replacement services across Dubai, Abu Dhabi, and the UAE. Our pros will come to you –whether you\'re at home, work, or stranded. Get back on the road pronto!</p>','left',1,NULL,NULL),(387,'Why Choose CME for Car Battery Replacement','<p data-pm-slice=\"0 0 []\">With years of experience in the industry, CME is a trusted name when it comes to car battery replacement services or any other services related to car maintenance. Here’s why our customers choose us and keep coming back to us:</p><p><strong>Fast &amp; Reliable Service:</strong> We understand how important it is to get your vehicle back on the road quickly. Our team works quickly, but never compromises on the quality of service.</p><p><strong>Certified Technicians:</strong> Our technicians are certified and have extensive experience with all types of car batteries, ensuring the replacement is done correctly and efficiently.</p><p><strong>Convenient Location-Based Service:</strong> We provide car battery replacement in Dubai, Abu Dhabi, and throughout the UAE. Wherever you are, we are just a call &nbsp; &nbsp; &nbsp; &nbsp;away.</p><p><strong>Wide Range of Batteries:</strong> We offer an extensive selection of car batteries suitable for various vehicle models and needs, from budget-friendly options to premium brands.</p>','left',1,NULL,NULL),(477,'MICHELIN x AMAZON UAE CAMPAIGN TERMS & CONDITIONS','<p><strong>Buy 4 Michelin Tyres and get up to AED 600 amazon.ae, GIFTCARD + SURPRISE DISCOUNTS.</strong></p><p><strong>Terms and conditions apply*</strong></p><ul><li>This offer applies exclusively to MICHELIN tyres available from September1st till September 30th.</li><li>Amazon.ae Gift Cards (for 4 tyres): 600 AED for MICHELIN Tyres 21” and above.</li><li>Amazon.ae Gift Cards (for 4 tyres) 500 AED for MICHELIN Tyres 18” &amp; 19” &amp; 20”</li><li>Amazon.ae Gift Cards (for 4 tyres) 200 AED for MICHELIN Tyres 17”.</li><li>Voucher applicable for Minimum Purchase of 2 Tyres or 4 Tyres</li><li>Amazon.ae Gift Card Validity is 10 years.</li><li>1 YEAR Road Hazard protection is only valid for Michelin Tyres 17” and above.</li><li>This is limited offer valid only at selected TYREPLUS outlets in U.A.E.</li><li>Applicability: The offer is valid for MICHELIN Brand tyres (PC, SUV).</li><li>Applicability: The Gift Cards are valid on production date 2025 only.</li><li>Exclusivity 1: This offer cannot be combined with any other ongoing offers or promotions.</li></ul>','left',1,NULL,NULL),(488,'CENTRAL MOTORS & EQUIPMENT','<p>Many people think that the easiest place to go is the nearest manufacturer’s dealership. CM&amp;E Bosch Car Service workshops are a real alternative, offering quality, affordable servicing, and fitting manufacturer quality parts.</p><p>The headache of finding a good workshop is removed with the national network of CM&amp;E Bosch Car Service workshops:</p><p>Use the workshop locator to find the workshop nearest to you.<br>Have the peace of mind that all CM&amp;E Bosch workshops employ experienced, qualified technicians with the right diagnostic equipment to find and correct faults, cost-effectively. &nbsp;<br>A ‘cheap’ workshop is not a guarantee of value for money in the long run. They often keep their prices down by fitting cheap parts, which may wear out or fail sooner. At CM&amp;E Bosch Car Services, the Bosch parts fitted are made to the same specification as those that we make for car manufacturers.<br>Modern cars are highly sophisticated and a significant proportion of the manufacturing costs go into the electronics and computers. As CM&amp;E Bosch Car Service workshops all have up to date diagnostic equipment, they will be able to diagnose any faults quickly and accurately, getting it right the first time.<br>All CM&amp;E Bosch Car Service workshops are established, independent workshops that we audit annually to ensure that they continue to meet the high standards that we expect.</p>','right',1,NULL,NULL),(496,'Signs Your AC Needs Service','<ol><li>Weak or Warm Airflow</li><li>Unusual Noises</li><li>Unpleasant Odors</li><li>Water Leaks Inside the Cabin</li><li>Reduced Cooling Over Time</li><li>AC Takes Longer to Cool</li><li>Visible Refrigerant Leaks</li><li>Dashboard Warning Lights</li></ol>','left',1,NULL,NULL),(497,'What is Nitrogen Tyre Inflation?','<p>Tyre inflation is undoubtedly a key element in ensuring tyre longevity. The pressure recommended by the manufacturers is different for each vehicle and must be scrupulously respected for your safety. But did you know that to reach the right pressure level, your tyres can be inflated with either air or nitrogen ?&nbsp;</p><p>Nitrogen tyre inflation uses pure nitrogen gas (typically 95-99% pure) instead of regular compressed air to fill your tyres. Unlike compressed air, which contains approximately 78% nitrogen, 21% oxygen, and trace amounts of water vapor and other gases, pure nitrogen inflation eliminates oxygen and moisture from inside your tyres. This seemingly simple change delivers measurable benefits for your vehicle\'s performance and safety.</p>','left',1,NULL,NULL),(498,'Our Nitrogen Inflation Process','<ul><li><strong>Complete Deflation and Purging:</strong> We fully deflate your current tyres and purge all existing air and moisture from the system.</li><li><strong>High-Purity Nitrogen Fill:</strong> Your tyres are refilled with high-purity nitrogen to your vehicle manufacturer\'s recommended pressure specifications.</li><li><strong>Pressure Verification:</strong> Each tyre receives a pressure check using calibrated gauges to ensure accuracy.</li><li><strong>Identification Markers:</strong> We apply nitrogen valve cap indicators to identify nitrogen-filled tyres for future reference.</li><li><strong>Service Documentation:</strong> You receive complete documentation of your service and recommendations for maintenance intervals<br>&nbsp;</li></ul>','left',1,NULL,NULL),(499,'What is the tyre change process ?','<p>A tyre change involves replacing a worn or damaged tyre with a new one. Our technicians will remove the old tyre, inspect the rim, and mount a new tyre using specialized equipment, ensuring a safe and smooth ride.</p>','left',1,NULL,NULL),(500,'What is the wheel balancing process ?','<p>Tyre balancing is a precision process that ensures the tyre-wheel assembly is evenly weighted. We use a certified balancing machine to attach small counterweights, eliminating heavy spots that cause vibration, uneven wear, and reduced fuel efficiency. This improves handling, extends tyre life, and enhances safety. Proper balancing prevents premature wear, reduces accident risk, and gives you a smoother, quieter ride. Combined with tyre changes, balancing delivers a safer, more economical driving experience.</p>','left',1,NULL,NULL),(501,'How Often do you Need to Change Tyres?','<ul><li>Replace tyres before they wear out, especially in Middle Eastern heat</li><li>Check tread, damage, and punctures regularly; replace if below 1.6 mm</li><li>Inspect tyres annually after five years; check manufacturing date for age</li><li>Replace all four tyres at once, or put two new ones on the rear axle</li><li>Use professional advice from CME to choose the right tyres</li></ul><p>Tyres are very important as they greatly affect how the car accelerates, handles, and brakes. As the tyres become old and start wearing out they start losing their performance in certain areas. It’s right before this that you need to start looking to invest in a new set of tyres. In a region like the Middle East, the extreme heat of summer can expose the fragility of&nbsp;worn old tyres making them extra prone to blowouts. It is, therefore, important to know when it’s the right time to change your tyres. Read on to know more about how often you need to change tyres, how long do tyres last and much more.</p>','left',1,NULL,NULL),(502,'Choosing Car Tyres - How to Do it Right?','<ul><li>UAE heat and terrain need high-quality, heat-resistant tyres</li><li>Match tyres to driving style, car type, and road conditions</li><li>Regular maintenance like tyre inflation checks and alignment extends tyre life</li><li>Choose quality over price to avoid poor performance</li></ul>','right',1,NULL,NULL),(503,'Know the Difference between Wheel Alignment and Wheel Balancing','<ul><li>Wheel alignment adjusts suspension to ensure optimal tyre positioning, improving handling and tyre life.</li><li>Wheel balancing ensures even weight distribution, reducing vibrations for a smoother ride.</li><li>Misalignment causes pulling to one side and uneven tyre wear; imbalance leads to vibrations.</li><li>Regular checks enhance safety, extend tyre life, and improve fuel efficiency.</li><li>Costs vary, but regular maintenance prevents expensive repairs.</li></ul><p>Visit&nbsp;TYREPLUS&nbsp;for professional alignment and balancing services.</p>','left',1,NULL,NULL),(504,NULL,'<p>If your vehicle pulls to one side, has uneven tyre wear, or vibrations while driving, it might be an alignment issue. At CME, our expert technicians use advanced equipment to adjust your wheels to manufacturer specs, ensuring smooth and safe driving. Our wheel alignment services across the Abu Dhabi, help improve driving efficiency and safety, extend tyre life, and enhance overall vehicle performance. Book your appointment with CME today!</p>','left',1,NULL,NULL),(505,'What Our Wheel Alignment Service Includes ','<p>At CME, our wheel alignment service includes:</p><ul><li><strong>General Inspection:</strong> We use advanced equipment to check your vehicle\'s alignment and identify potential issues affecting handling or tyre wear.</li><li><strong>Precision Alignment: </strong>We adjust the wheel angles to match your manufacturer\'s specs for optimal performance.</li><li><strong>Tire Rotation:</strong> We rotate your tyres to ensure even wear and extend their lifespan.</li><li><strong>Alignment Report:</strong> You\'ll receive a detailed report outlining the condition of your wheels and the adjustments made.</li></ul>','left',1,NULL,NULL),(506,'Why choose TyrePlus for your wheel alignment services','<p>CME emphasizes the importance of correct wheel alignment for optimal vehicle performance. Our well-trained technicians use state-of-the-art equipment to deliver precise alignments for various vehicle types, ensuring optimal performance. We offer competitive rates across the UAE, with transparent pricing and no hidden charges. Our services include:</p><p><strong>Specialist Personnel:</strong> CME employs qualified technicians whose expertise allows them to carry out accurate wheel alignments of all types of vehicles and therefore deliver optimal performance.</p><p><strong>State-of-the-Art Equipment:</strong> We service vehicles using the latest alignment technology and diagnostic tools, assuring you wheel alignment with precise specifications from the manufacturer.</p><p><strong>Competitive Prices:</strong> Our wheel alignment charges are kept to a minimum without compromising the quality of the service. We\'ve taken care of hidden costs.</p><p><strong>Convenience and Accessibility:</strong> CME has several service centers in major location of Abu Dhabi making it convenient to the customer for better service.</p>','right',1,NULL,NULL),(507,NULL,'<h3>Tyre Rotation Process</h3><ul><li><strong>Visual Inspection:</strong> Checking for damage, foreign objects, and wear patterns</li><li><strong>Pressure Check:</strong> Adjusting pressures to manufacturer specs</li><li>Professional Rotation: Rotating tyres according to your vehicle\'s drive type</li><li>Torque Specification: Tightening wheel nuts to exact specs</li><li>Final Balance Check: Ensuring tyres are properly balanced post-rotation</li><li>Maintenance Record: Documenting your service for warranty and tracking</li></ul><h3>Tyre Rotation Patterns We Use</h3><p><strong>Different vehicles require different rotation patterns. Our technicians select the appropriate method based on your vehicle\'s drive system and tyre type:</strong></p><ul><li>Forward Cross (Front-Wheel Drive)</li><li>Rearward Cross (Rear-Wheel and 4x4 Vehicles)</li><li>X-Pattern (All-Wheel Drive)</li><li>Side-to-Side (Directional Tyres)<br>&nbsp;</li></ul>','left',1,NULL,NULL),(508,NULL,'<p>Oil is the lifeblood of your car\'s engine, playing a crucial role in its performance and longevity. It lubricates engine parts, reduces friction, and helps dissipate heat, ensuring smooth operation. Over time, oil gets contaminated and loses its effectiveness, leading to increased wear and tear on the engine. If left unchecked, this can cause parts to score, resulting in costly repairs. Regular oil changes are essential to prevent this, keeping your engine healthy and running smoothly. Our oil change service uses top-quality oils and filters, meeting or exceeding manufacturer specs, to give your car the best care.</p>','left',1,NULL,NULL),(509,'Why Choose CME for Oil Change?','<p>At CME, we know regular oil changes are crucial for your vehicle\'s health. Here\'s why we\'re the top choice for oil change services in the UAE:</p><ul><li>Multi-Brand Engine Oil Options: Top-quality oils from trusted brands like Castrol and Mobil, tailored to your engine\'s needs</li><li>Expert Technicians: Highly trained team providing best-in-class oil change services</li><li>Convenient Locations: Multiple service centers across the UAE, in Dubai, Sharjah, and more</li><li>State-of-the-Art Equipment: Latest tools and tech for accurate, quick oil changes and engine health checks</li><li>Genuine and High-Quality Oil: Premium engine oil for peak performance</li><li>Fast and Efficient Service: Quick turnaround times to fit your busy schedule</li><li>Affordable and Transparent Pricing: Competitive prices with special offers on oil change services</li></ul>','left',1,NULL,NULL),(510,NULL,'<p>Having your car reliable when you need it isn\'t just a convenience – it\'s a necessity, especially in our scorching summers where temps soar above 50 degrees Celsius. This extreme heat takes a toll on your car brakes, wearing them out faster. That\'s where CME comes in – our premium brake pad services are specifically designed to withstand the harsh UAE climate and road conditions. We\'ll not only get you back on the road but also extend your vehicle\'s lifespan with top-quality components. Ditching the \"brake repair near me\" search? Come to CME – we\'ve built a solid reputation for giving cars the care they deserve.</p>','left',1,NULL,NULL),(511,'Why Your Car Benefits From Routine Brake Pads Repair Services','<p>Keep your ride safe and smooth with regular brake repairs. Here\'s what you get:</p><ol><li><strong>Better Fuel Efficiency:</strong> Optimal brake pads = less fuel wasted = more savings</li><li><strong>Less Frequent Replacements:</strong> Quality parts = longer lifespan = less money spent on repairs</li><li><strong>Higher Car Value:</strong> Regular maintenance = more value when you sell</li><li><strong>Quieter Rides:</strong> No more squealing brakes = more peaceful drives</li><li><strong>Pass Inspections with Ease:</strong> Stay on top of annual checks with a well-maintained brake system.</li></ol>','left',1,NULL,NULL),(512,'Why Your Car Benefits From Routine Brake Pads Repair Services','<p>Keep your ride safe and smooth with regular brake repairs. Here\'s what you get:</p><ol><li><strong>Better Fuel Efficiency:</strong> Optimal brake pads = less fuel wasted = more savings</li><li><strong>Less Frequent Replacements: </strong>Quality parts = longer lifespan = less money spent on repairs</li><li><strong>Higher Car Value: </strong>Regular maintenance = more value when you sell</li><li><strong>Quieter Rides:</strong> No more squealing brakes = more peaceful drives</li><li><strong>Pass Inspections with Ease:</strong> Stay on top of annual checks with a well-maintained brake system.</li></ol>','right',1,NULL,NULL),(513,NULL,'<p>A flat tyre has the potential to completely disrupt your day, however, it doesn\'t necessarily mean you\'ll be stuck off the road for an extended period! Our tyre repair services are designed to be swift, budget-friendly, and reliable, ensuring you\'re back on track in no time.</p><p>Maintaining properly inflated and intact tyres is crucial for optimal vehicle performance, which is why prompt tyre puncture repairs are essential at the first sign of trouble, such as bubbles or other issues. Given the significant cost of tyres, frequent replacements can be a considerable expense, but rest assured, we\'re here to provide comprehensive solutions for all your tyre-related problems. Whether you\'re dealing with a puncture, a flat tyre, or a slow leak, our skilled technicians are equipped to offer effective solutions that\'ll have you back driving safely and efficiently</p>','left',1,NULL,NULL),(514,'What To Expect in a Tyre Repair?','<p>It may be tempting to Google, “how to repair tyre puncture” and try to fix your bad tyre(s) yourself. However, unless know a lot about car mechanics, don’t do it! Take your car to a repair shop. But you should not search for a shop doing “tyre puncture repair near me or tyre repair near me online.” Take your car to CME TyrePlus for tyre servicing. Our technicians are professional.</p><p>We will look at your tyres to see if they can repair them. We can repair them if the damage is within the repairable puncture area. The affected area must also be ¼ of an inch in diameter or less and the damaged area is isolated. If we can repair it, we will follow these steps:</p><ul><li>Remove the tyre from the rim.</li><li>Inspect the entire tyre.</li><li>Trim and stabilize damaged cables.</li><li>Seal and patch the puncture.</li><li>Buff the puncture area from inside the tyre.</li><li>Put a vulcanizing glue on the affected area.</li><li>Patch the puncture area’s inner lining - A chemical reaction will occur immediately after the patch is placed which will permanently suture the patch to the affected area’s inner lining</li><li>Re-mount and inflate the tyre.</li><li>Check for leaks.</li></ul>','left',1,NULL,NULL),(515,'Why Choose CME for Tyre Repairing?','<p>For Tyre Repairing or any sort of tyre and car-related services you can count on our skilled technicians. We have the best experts in the industry to execute safe and long-lasting repairs. Any damages are assessed by us to determine if repairs are okay or if replacement methods are required.</p><p><strong>Advanced Equipment: </strong>Using state-of-the-art equipment, we execute a quick repair of every tyre puncture so that your tyres can perform at their best. Many Locations Across Abu Dhabi, UAE and with mobile tyre repair options, we\'re always near you. Whether you are stuck on the road or need a quick fix at home, we can be there.</p><p><strong>Affordable and Transparent Pricing: </strong>Tyre repair terms don\'t have to be expensive. Since TyrePlus asks for reasonable prices, you\'ll be sure that our tyre repair services in Dubai will give you excellent value for your money.</p><p><strong>Wide Range of Services: </strong>Apart from tyre repairing, we provide tyre replacement, wheel balancing, and alignment services, all to maintain your vehicle\'s good condition.</p><p><strong>Mobile Tyre Repairs:</strong> Can\'t reach the workshop? Not to worry! Our mobile car service brings tyre puncture repair to wherever you are, be it at home, in the office, or on the roadside.</p>','right',1,NULL,NULL),(522,NULL,'<p>Dead battery got you stuck? &nbsp;Need a reliable car battery replacement in the UAE? CME TyrePlushas you covered! We offer fast, affordable, and top-notch battery replacement services across Dubai, Abu Dhabi, and the UAE. Our pros will come to you –whether you\'re at home, work, or stranded. Get back on the road pronto!</p>','left',1,NULL,NULL),(523,'Why Choose CME for Car Battery Replacement','<p data-pm-slice=\"0 0 []\">With years of experience in the industry, CME is a trusted name when it comes to car battery replacement services or any other services related to car maintenance. Here’s why our customers choose us and keep coming back to us:</p><p><strong>Fast &amp; Reliable Service:</strong> We understand how important it is to get your vehicle back on the road quickly. Our team works quickly, but never compromises on the quality of service.</p><p><strong>Certified Technicians:</strong> Our technicians are certified and have extensive experience with all types of car batteries, ensuring the replacement is done correctly and efficiently.</p><p><strong>Convenient Location-Based Service:</strong> We provide car battery replacement in Dubai, Abu Dhabi, and throughout the UAE. Wherever you are, we are just a call &nbsp; &nbsp; &nbsp; &nbsp;away.</p><p><strong>Wide Range of Batteries:</strong> We offer an extensive selection of car batteries suitable for various vehicle models and needs, from budget-friendly options to premium brands.</p>','left',1,NULL,NULL),(526,NULL,'<p>Having your car reliable when you need it isn\'t just a convenience – it\'s a necessity, especially in our scorching summers where temps soar above 50 degrees Celsius. This extreme heat takes a toll on your car brakes, wearing them out faster. That\'s where CME comes in – our premium brake pad services are specifically designed to withstand the harsh UAE climate and road conditions. We\'ll not only get you back on the road but also extend your vehicle\'s lifespan with top-quality components. Ditching the \"brake repair near me\" search? Come to CME – we\'ve built a solid reputation for giving cars the care they deserve.</p>','left',1,NULL,NULL),(527,'Why Your Car Benefits From Routine Brake Pads Repair Services','<p>Keep your ride safe and smooth with regular brake repairs. Here\'s what you get:</p><ol><li><strong>Better Fuel Efficiency:</strong> Optimal brake pads = less fuel wasted = more savings</li><li><strong>Less Frequent Replacements:</strong> Quality parts = longer lifespan = less money spent on repairs</li><li><strong>Higher Car Value:</strong> Regular maintenance = more value when you sell</li><li><strong>Quieter Rides:</strong> No more squealing brakes = more peaceful drives</li><li><strong>Pass Inspections with Ease:</strong> Stay on top of annual checks with a well-maintained brake system.</li></ol>','left',1,NULL,NULL),(528,'Why Your Car Benefits From Routine Brake Pads Repair Services','<p>Keep your ride safe and smooth with regular brake repairs. Here\'s what you get:</p><ol><li><strong>Better Fuel Efficiency:</strong> Optimal brake pads = less fuel wasted = more savings</li><li><strong>Less Frequent Replacements: </strong>Quality parts = longer lifespan = less money spent on repairs</li><li><strong>Higher Car Value: </strong>Regular maintenance = more value when you sell</li><li><strong>Quieter Rides:</strong> No more squealing brakes = more peaceful drives</li><li><strong>Pass Inspections with Ease:</strong> Stay on top of annual checks with a well-maintained brake system.</li></ol>','right',1,NULL,NULL),(532,NULL,'<p>Having your car reliable when you need it isn\'t just a convenience – it\'s a necessity, especially in our scorching summers where temps soar above 50 degrees Celsius. This extreme heat takes a toll on your car brakes, wearing them out faster. That\'s where CME comes in – our premium brake pad services are specifically designed to withstand the harsh UAE climate and road conditions. We\'ll not only get you back on the road but also extend your vehicle\'s lifespan with top-quality components. Ditching the \"brake repair near me\" search? Come to CME – we\'ve built a solid reputation for giving cars the care they deserve.</p>','left',1,NULL,NULL),(533,'Why Your Car Benefits From Routine Brake Pads Repair Services','<p>Keep your ride safe and smooth with regular brake repairs. Here\'s what you get:</p><ol><li><strong>Better Fuel Efficiency:</strong> Optimal brake pads = less fuel wasted = more savings</li><li><strong>Less Frequent Replacements:</strong> Quality parts = longer lifespan = less money spent on repairs</li><li><strong>Higher Car Value:</strong> Regular maintenance = more value when you sell</li><li><strong>Quieter Rides:</strong> No more squealing brakes = more peaceful drives</li><li><strong>Pass Inspections with Ease:</strong> Stay on top of annual checks with a well-maintained brake system.</li></ol>','left',1,NULL,NULL),(534,'Why Your Car Benefits From Routine Brake Pads Repair Services','<p>Keep your ride safe and smooth with regular brake repairs. Here\'s what you get:</p><ol><li><strong>Better Fuel Efficiency:</strong> Optimal brake pads = less fuel wasted = more savings</li><li><strong>Less Frequent Replacements: </strong>Quality parts = longer lifespan = less money spent on repairs</li><li><strong>Higher Car Value: </strong>Regular maintenance = more value when you sell</li><li><strong>Quieter Rides:</strong> No more squealing brakes = more peaceful drives</li><li><strong>Pass Inspections with Ease:</strong> Stay on top of annual checks with a well-maintained brake system.</li></ol>','right',1,NULL,NULL),(540,'MICHELIN x AMAZON UAE CAMPAIGN TERMS & CONDITIONS','<p><strong>Buy 4 Michelin Tyres and get up to AED 600 amazon.ae, GIFTCARD + SURPRISE DISCOUNTS.</strong></p><p><strong>Terms and conditions apply*</strong></p><ul><li>This offer applies exclusively to MICHELIN tyres available from September1st till September 30th.</li><li>Amazon.ae Gift Cards (for 4 tyres): 600 AED for MICHELIN Tyres 21” and above.</li><li>Amazon.ae Gift Cards (for 4 tyres) 500 AED for MICHELIN Tyres 18” &amp; 19” &amp; 20”</li><li>Amazon.ae Gift Cards (for 4 tyres) 200 AED for MICHELIN Tyres 17”.</li><li>Voucher applicable for Minimum Purchase of 2 Tyres or 4 Tyres</li><li>Amazon.ae Gift Card Validity is 10 years.</li><li>1 YEAR Road Hazard protection is only valid for Michelin Tyres 17” and above.</li><li>This is limited offer valid only at selected TYREPLUS outlets in U.A.E.</li><li>Applicability: The offer is valid for MICHELIN Brand tyres (PC, SUV).</li><li>Applicability: The Gift Cards are valid on production date 2025 only.</li><li>Exclusivity 1: This offer cannot be combined with any other ongoing offers or promotions.</li></ul>','left',1,NULL,NULL),(541,'CENTRAL MOTORS & EQUIPMENT','<p>Many people think that the easiest place to go is the nearest manufacturer’s dealership. CM&amp;E Bosch Car Service workshops are a real alternative, offering quality, affordable servicing, and fitting manufacturer quality parts.</p><p>The headache of finding a good workshop is removed with the national network of CM&amp;E Bosch Car Service workshops:</p><p>Use the workshop locator to find the workshop nearest to you.<br>Have the peace of mind that all CM&amp;E Bosch workshops employ experienced, qualified technicians with the right diagnostic equipment to find and correct faults, cost-effectively. &nbsp;<br>A ‘cheap’ workshop is not a guarantee of value for money in the long run. They often keep their prices down by fitting cheap parts, which may wear out or fail sooner. At CM&amp;E Bosch Car Services, the Bosch parts fitted are made to the same specification as those that we make for car manufacturers.<br>Modern cars are highly sophisticated and a significant proportion of the manufacturing costs go into the electronics and computers. As CM&amp;E Bosch Car Service workshops all have up to date diagnostic equipment, they will be able to diagnose any faults quickly and accurately, getting it right the first time.<br>All CM&amp;E Bosch Car Service workshops are established, independent workshops that we audit annually to ensure that they continue to meet the high standards that we expect.</p>','right',1,NULL,NULL),(542,'CENTRAL MOTORS & EQUIPMENT','<p>Many people think that the easiest place to go is the nearest manufacturer’s dealership. CM&amp;E Bosch Car Service workshops are a real alternative, offering quality, affordable servicing, and fitting manufacturer quality parts.</p><p>The headache of finding a good workshop is removed with the national network of CM&amp;E Bosch Car Service workshops:</p><p>Use the workshop locator to find the workshop nearest to you.<br>Have the peace of mind that all CM&amp;E Bosch workshops employ experienced, qualified technicians with the right diagnostic equipment to find and correct faults, cost-effectively. &nbsp;<br>A ‘cheap’ workshop is not a guarantee of value for money in the long run. They often keep their prices down by fitting cheap parts, which may wear out or fail sooner. At CM&amp;E Bosch Car Services, the Bosch parts fitted are made to the same specification as those that we make for car manufacturers.<br>Modern cars are highly sophisticated and a significant proportion of the manufacturing costs go into the electronics and computers. As CM&amp;E Bosch Car Service workshops all have up to date diagnostic equipment, they will be able to diagnose any faults quickly and accurately, getting it right the first time.<br>All CM&amp;E Bosch Car Service workshops are established, independent workshops that we audit annually to ensure that they continue to meet the high standards that we expect.</p>','right',1,NULL,NULL),(543,'Diagnostics from Bosch','<p>Workshop solutions for the future. For professional service on modern vehicles, Bosch provides test and workshop equipment, software and expertise perfectly coordinated from a single source.</p><ul><li>ECU Diagnostic Tools</li><li>ESI[tronic] Diagnostic Software</li><li>Air Conditioning Service</li><li>Battery Service</li><li>Test Benches and Tools</li><li>Calibration of Advanced Driver Assistance Systems</li><li>Emissions Inspections</li><li>Vehicle Systems Analyzers</li><li>Bosch Augmented Reality</li><li>Bosch Connected Repair<br>&nbsp;</li></ul>','left',1,NULL,NULL),(544,'Technical services from industry experts','<p>A wide range of services, partners of the Bosch network can benefit from access to all of Bosch’s knowledge, technological expertise and comprehensive practical experience from decades of workshop support.&nbsp;</p><p>What we offer:</p><ul><li>Service Training</li><li>Technical Support</li><li>Equipment Service</li></ul>','right',1,NULL,NULL),(546,NULL,'<p><img src=\"https://d1i031whgqu7f4.cloudfront.net/image_602_eb6dce2f14.png\" alt=\"image 602.png\" width=\"134\" height=\"75\"></p><p>A wide range of services, partners of the Bosch network can benefit from access to all of Bosch’s knowledge, technological expertise and comprehensive practical experience from decades of workshop support. What we offer:</p>','left',1,NULL,NULL),(547,NULL,'<p>Central Motors &amp; Equipment brings the latest state-of-the-art workshop equipment services</p><ul><li>Software</li><li>ECU Diagnostics</li><li>Diagnostic Control Units</li><li>Vehicle System Analyzers</li><li>Battery Service Equipment</li><li>On board Diagnosis</li><li>Air Conditioning Service</li><li>Tyre Changing Equipment</li><li>Wheel Balancing Equipment</li><li>Wheel Alignments</li><li>Nitrogen Inflators</li><li>Emission Analyzers</li><li>Vehicle Inspection Lanes</li><li>Diesel Component Calibration</li><li>Tools &amp; Testers</li></ul>','right',1,NULL,NULL);

--
-- Table structure for table `components_common_title_desc_with_imgs`
--

CREATE TABLE `components_common_title_desc_with_imgs` (
  `id` int unsigned NOT NULL AUTO_INCREMENT,
  `title` varchar(255) DEFAULT NULL,
  `description` longtext,
  PRIMARY KEY (`id`)
) ENGINE=InnoDB AUTO_INCREMENT=955 DEFAULT CHARSET=utf8mb4 COLLATE=utf8mb4_0900_ai_ci;

--
-- Dumping data for table `components_common_title_desc_with_imgs`
--

INSERT INTO `components_common_title_desc_with_imgs` VALUES (11,NULL,'<p>At CME, we know how important good tyres are for smooth handling, better fuel efficiency, and overall road safety. Whether you\'re driving through the busy streets of Abu Dhabi or taking a long trip across Al Ain, keeping your tyres in good shape ensures a safe and comfortable ride.</p><p>Tyre services include important tasks like tyre rotation, fixing punctures, nitrogen filling, and proper fitting. Rotating your tyres regularly helps them wear evenly and last longer. Fixing punctures quickly prevents bigger problems, while nitrogen filling keeps your tyre pressure stable, which improves fuel efficiency. With our complete tyre care services, you can be confident that your car is ready to handle the tough weather and road conditions in the UAE.</p><p>At Tire.ae, we offer professional tyre services across Dubai, Abu Dhabi, and other locations. Our skilled team uses the latest tools to make sure your tyres are always in top condition. Whether you need a quick tyre check or a full replacement, we’re here to help you stay safe and worry-free on the road.</p>'),(13,NULL,'<p>Established in 2002 and certified by Michelin, Tyre Plus is a one-stop shop service that provides a broad range of leading tyre brands, lubricants, batteries, suspension and braking systems.</p><p>Central Motors &amp; Equipment is proud to be the sole licensee of Tyre Plus in Abu Dhabi and Al Ain, enabling us to capitalize upon our entrepreneurship while benefiting from strong manufacturer support.</p><p>Through Central Motors &amp; Equipment-managed service centres in Abu Dhabi and Al Ain, Tyre Plus also delivers wheel alignment, air conditioning refilling and nitrogen inflation – with every service using a unique combination of local knowledge and international expertise.</p><p>Available in 15 countries and has 1,500 branches worldwide, TyrePlus is renowned for offering services that excel in technical capability and competitive pricing with the benefit of a strong brand. All Central Motors &amp; Equipment Tyre Plus centres have professionally trained staff and a comfortable customer environment.</p>'),(16,'Safer Driving','<p>Proper tyre care and timely repairs improve grip, stability, and braking, reducing the risk of accidents.</p>'),(17,'No Flat Tyres','<p><meta charset=\"utf-8\">Tyre maintenance and timely repairs help prevent flat tyres by addressing punctures and weak spots early.</p>'),(18,'Better Driving','<p>Proper tyre care improves handling, traction, and control for a smoother, safer drive.</p>'),(19,'Longer Lifespan','<p>Maintenance and timely repairs help tyres last longer by preventing uneven wear, punctures, and damage.</p>'),(20,'Better Fuel Efficiency','<p>Well-maintained tyres help your engine work more efficiently, leading to better fuel economy.</p>'),(49,NULL,NULL),(56,NULL,'<p>As one of the UAE’s foremost providers of Automotive parts and equipments, Central Motors &amp; Equipment offers a diverse range of brands, products and services to its customers. Working in both wholesale and retail markets, the company comprises of four major divisions: Tyres; Automotive Parts, Power Tools and Tyreplus Services.<br>A member of ALFAHIM automotive division, Central Motors &amp; Equipment embodies the four corporate values of its parent company: humanity, honesty, substance and foresight.<br>Since its inception, Central Motors &amp; Equipment has become exclusive distributor of Michelin in Abu Dhabi and Al Ain, and a distributor of Bosch Automotive Aftermarket &amp; Power Tools solutions across the UAE. In addition, the company represents industry leading brands such as Tyreplus, Knorr-Bremse, Dremel, Osram, Valeo, Zexel, NRF, JP Group, Cyclo, HC Cargo, Grantex, CLAS, ASNU, Sicam, Manatec, HPA, Optima, Eveready, Autopart, Bosch Diesel Service, Bosch Car Service.</p>'),(58,'Our Vision','<p>To be the best in class in all that we do for, and in, our community.</p>'),(59,'Our Mission','<p>Deliver a superior suite of products and services with limitless passion that exceeds expectations every time.</p>'),(121,NULL,'<p>Bosch power tools services for Callibration are renowned for their quality, durability, and innovative cordless technology. As the authorized distributor of Bosch Power Tools across Dubai, Sharjah, and the UAE, Central Motors &amp; Equipment (CME) offers a complete range of professional tools and accessories for every trade — making us your trusted destination for genuine Bosch products.<br><br>Ensure precision, safety, and compliance with our professional <strong data-start=\"294\" data-end=\"330\">Power Tools Calibration Services</strong>. We specialize in accurate calibration of measuring and alignment tools used in construction, engineering, and industrial environments to guarantee reliable performance and consistent results.</p><p data-start=\"525\" data-end=\"672\">Our calibration services help reduce errors, improve operational efficiency, and ensure your tools meet international quality and safety standards.<br><br>We provide calibration for a wide range of power and measurement tools, including:</p><ul><li>Laser levels &amp; line lasers</li><li>Distance meters</li><li>Torque tools</li><li>Electrical testing instruments</li><li>Measurement and alignment tools</li></ul><p>Each tool is tested using certified reference standards to ensure accuracy and repeatability.</p>'),(125,NULL,'<p>Bosch power tools services for Callibration are renowned for their quality, durability, and innovative cordless technology. As the authorized distributor of Bosch Power Tools across Dubai, Sharjah, and the UAE, Central Motors &amp; Equipment (CME) offers a complete range of professional tools and accessories for every trade — making us your trusted destination for genuine Bosch products.<br><br>Ensure precision, safety, and compliance with our professional <strong data-start=\"294\" data-end=\"330\">Power Tools Calibration Services</strong>. We specialize in accurate calibration of measuring and alignment tools used in construction, engineering, and industrial environments to guarantee reliable performance and consistent results.</p><p data-start=\"525\" data-end=\"672\">Our calibration services help reduce errors, improve operational efficiency, and ensure your tools meet international quality and safety standards.<br><br>We provide calibration for a wide range of power and measurement tools, including:</p><ul><li>Laser levels &amp; line lasers</li><li>Distance meters</li><li>Torque tools</li><li>Electrical testing instruments</li><li>Measurement and alignment tools</li></ul><p>Each tool is tested using certified reference standards to ensure accuracy and repeatability.</p>'),(166,'Safer Stops, Safer Streets','<p>Properly maintained tyres with the right air pressure can significantly reduce stopping distances, helping prevent accidents and protect pedestrians.</p>'),(167,'No Sudden Surprises','<p>A blowout on a busy Dubai highway is a nightmare scenario. Well-maintained tyres drastically reduce this risk, keeping you in control and safe from the dangers of a sudden tyre explosion.</p>'),(258,'Better Driving','<p>Tyres in good condition provide better grip, making driving safer and more controlled.</p>'),(259,'Extend Your Tyre’s Lifespan','<p>Regular repairs and maintenance extend the life of your tyres, saving you money.</p>'),(260,'Improve Fuel Efficiency','<p>Properly inflated tyres reduce friction, decreasing fuel consumption and costs.</p>'),(261,'Fewer Repair Shop Visits','<p>Regular tyre checks help identify issues early, reducing costly repairs down the line</p>'),(418,NULL,'<p>At CME, we know how important good tyres are for smooth handling, better fuel efficiency, and overall road safety. Whether you\'re driving through the busy streets of Abu Dhabi or taking a long trip across Al Ain, keeping your tyres in good shape ensures a safe and comfortable ride.</p><p>Tyre services include important tasks like tyre rotation, fixing punctures, nitrogen filling, and proper fitting. Rotating your tyres regularly helps them wear evenly and last longer. Fixing punctures quickly prevents bigger problems, while nitrogen filling keeps your tyre pressure stable, which improves fuel efficiency. With our complete tyre care services, you can be confident that your car is ready to handle the tough weather and road conditions in the UAE.</p><p>At Tire.ae, we offer professional tyre services across Dubai, Abu Dhabi, and other locations. Our skilled team uses the latest tools to make sure your tyres are always in top condition. Whether you need a quick tyre check or a full replacement, we’re here to help you stay safe and worry-free on the road.</p>'),(419,NULL,'<p>Established in 2002 and certified by Michelin, Tyre Plus is a one-stop shop service that provides a broad range of leading tyre brands, lubricants, batteries, suspension and braking systems.</p><p>Central Motors &amp; Equipment is proud to be the sole licensee of Tyre Plus in Abu Dhabi and Al Ain, enabling us to capitalize upon our entrepreneurship while benefiting from strong manufacturer support.</p><p>Through Central Motors &amp; Equipment-managed service centres in Abu Dhabi and Al Ain, Tyre Plus also delivers wheel alignment, air conditioning refilling and nitrogen inflation – with every service using a unique combination of local knowledge and international expertise.</p><p>Available in 15 countries and has 1,500 branches worldwide, TyrePlus is renowned for offering services that excel in technical capability and competitive pricing with the benefit of a strong brand. All Central Motors &amp; Equipment Tyre Plus centres have professionally trained staff and a comfortable customer environment.</p>'),(420,'Safer Driving','<p>Proper tyre care and timely repairs improve grip, stability, and braking, reducing the risk of accidents.</p>'),(421,'No Flat Tyres','<p><meta charset=\"utf-8\">Tyre maintenance and timely repairs help prevent flat tyres by addressing punctures and weak spots early.</p>'),(422,'Better Driving','<p>Proper tyre care improves handling, traction, and control for a smoother, safer drive.</p>'),(423,'Longer Lifespan','<p>Maintenance and timely repairs help tyres last longer by preventing uneven wear, punctures, and damage.</p>'),(424,'Better Fuel Efficiency','<p>Well-maintained tyres help your engine work more efficiently, leading to better fuel economy.</p>'),(443,'Brake Inspection','<p>Our regional climate is no joke – scorching temps and sandy roads take a toll on your brake pads, wearing them out fast. That\'s why our skilled mechanics and technicians start with a thorough inspection to catch any potential brake issues before they escalate. Here\'s what we check:</p><ul><li>Brake pads and shoes for damage and wear</li><li>Rotors and drums for damage</li><li>Brake lines and hoses for leaks and cracks</li><li>Brake fluid levels and condition</li><li>Overall braking system performance.<br>&nbsp;</li></ul>'),(445,'Break Pad Replacement','<p>Faulty brake pads = compromised safety. That\'s why we check for these signs:</p><ul><li>Squealing or grinding noise when braking</li><li>Reduced braking power</li><li>Brake pad warning light on the dashboard</li><li>If they\'re due for a swap, our standard brake pad replacement includes:</li><li>Removing the old pads</li><li>Inspecting rotors and calipers for damage</li><li>Fitting new, top-quality brake pads</li><li>Testing the brakes for optimal performance.</li></ul>'),(446,'Rotor Resurfacing or Replacement','<p>Your car\'s brake pads rely on rotors to get you to a stop. Over time, these rotors can get damaged or worn out, needing either resurfacing or replacement.</p><p><strong>Rotor Resurfacing:&nbsp;</strong></p><p>We remove a thin layer to restore a smooth surface.</p><p><strong>Rotor Replacement:</strong></p><p>If damage is too severe, we\'ll swap them out:- Remove the old rotors</p><ul><li>Install new, top-notch rotors</li><li>Check alignment and function for safe braking.</li></ul>'),(471,'Brake Fluid Replacement','<p>Dirty or low brake fluid? That\'s a recipe for brake failure. Over time, brake fluid gets contaminated, losing its effectiveness. Stick to your car\'s maintenance schedule and replace it when needed. Our brake fluid exchange service covers:</p><ul><li>Draining the old fluid</li><li>Flushing the reservoir and lines</li><li>Refilling with fresh, clean fluid</li><li>Bleeding the brakes for optimal pressure and air bubble removal.</li></ul>'),(472,'Full Brake System Overhaul','<p>Got complex brake issues? Our comprehensive brake system repair is here to save the day. We go all out:</p><ul><li>Thorough check of brake pads, rotors, calipers, lines, and master cylinder</li><li>Repair or replace components as needed</li><li>System-wide inspection for seamless performance</li><li>Full system test for optimal safety and performance</li></ul><p>Your safety\'s our priority – we\'ll get you stopping smoothly and driving safely.</p>'),(509,'Engine Oil Replacement','<p>Our expert team swaps out your engine oil with top-notch oils, specifically chosen for your vehicle\'s make and model. From compact cars to larger vehicles, we pick the perfect oil to keep your engine purring smoothly.</p>'),(510,'Replacement of Oil Filter','<p>We replace your oil filter as part of our oil change service, ensuring your engine stays clean and runs at peak performance by keeping contaminants out.</p>'),(511,'Check and Top-Up Fluids','<p>With every oil change, we check and top up your vehicle\'s vital fluids, including brake fluid, power steering fluid, and transmission fluid, to keep your ride running smoothly.</p>'),(515,'Increase Grip & Stability','<p>Misaligned wheels can make your vehicle pull to one side or feel unstable, but proper alignment lets your car drive straight and handle smoothly, making it easier to steer.</p>'),(516,'Longer Life for Tyres','<p>Misalignment usually leads to uneven tire wear, thus you have to replace your tires much sooner. A regular check-up for wheel alignment will prevent premature tire wear, saving you bucks.</p>'),(517,'Improve Fuel Efficiency','<p>When properly aligned, a vehicle needs less energy to move forward, which improves fuel economy and, in effect, lowers fuel consumption.</p>'),(518,'Safety Is Top Priority','<p>Misaligned wheels can compromise brake grip, cornering, and overall handling, putting you at risk. Proper alignment keeps you and your passengers safer by ensuring your car responds predictably to your inputs.</p>'),(523,'Turbo Service',NULL),(524,'Engine Service',NULL),(525,'Engine Service',NULL),(586,'What Is The Difference Between Nitrogen and Air in Tyres?','<p>Nitrogen-filled tyres maintain consistent pressure longer, reduce internal moisture/corrosion, and offer better stability, while normal air is cheaper and readily available. Nitrogen molecules are larger and leak slower (1-3 PSI loss/month for air vs. almost none for nitrogen). Nitrogen is ideal for high-speed/long-distance, while normal air is fine for daily driving</p>'),(587,'How To Find The Correct Tyre Pressure','<p>Air pressure can be easily checked with the help of a calibrated accurate air pressure gauge. An air gauge is fairly cheap and a handy device that helps you easily check your car tyre pressure yourself.&nbsp;<br>To check the air pressure, take the cap off the valve and put the gauge on the valve. The gauge will show the pressure reading. If it doesn’t match the one mentioned on your placard or owner’s manual then you might have to add or remove air until it reaches the recommended number. Once that is done check the air pressure again with the gauge to make sure your tyres are inflated correctly. At the end do not forget to place the cap back to the valve stem. Check all your tyres including the spare if your car has one. In case the spare is a space saver type, follow the recommended pressure posted on its rim.</p>'),(613,'Smooth driving','<p>Balanced wheels mean no wobble or vibrations, making long drives smoother and more comfortable.</p>'),(614,'Longer tyre life','<p>Even weight distribution reduces uneven tread wear, meaning you get the full value out of&nbsp;your new tyre.</p>'),(615,'Fuel efficiency & safety','<p>Balanced wheels keep brakes and suspension in check, boosting braking performance and reliability.</p>'),(657,'Turbo Service','<p>Proper tyre care and timely repairs improve grip, stability, and braking, reducing the risk of accidents.</p>'),(658,'Engine Service','<p>Tyre maintenance and timely repairs help prevent flat tyres by addressing punctures and weak spots early.</p>'),(659,'Engine Service','<p>Proper tyre care improves handling, traction, and control for a smoother, safer drive.</p>'),(660,'Turbo Service','<p>Proper tyre care and timely repairs improve grip, stability, and braking, reducing the risk of accidents.</p>'),(661,'Engine Service','<p>Tyre maintenance and timely repairs help prevent flat tyres by addressing punctures and weak spots early.</p>'),(662,'Engine Service','<p>Proper tyre care improves handling, traction, and control for a smoother, safer drive.</p>'),(760,'Battery Testing & Diagnostics','<p>We don\'t just jump to conclusions. Our expert technicians run a thorough diagnostic check to assess your battery\'s health, checking for corrosion, leaks, and charge performance. We\'ll give you the lowdown and recommend the best solution for your ride. Fast, reliable, and hassle-free –that\'s how we roll</p>'),(761,'Premium Car Batteries','<p>We\'ve got a massive selection of high-quality car batteries from top brands, so you\'ll find the perfect fit for your ride. From standard replacements to high-performance batteries for specialized vehicles, we\'re sorted. And with transparent, competitive pricing across Dubai, Abu Dhabi, and the UAE, you know you\'re getting the best deal for top-notch products and service.</p>'),(878,'What Is The Difference Between Nitrogen and Air in Tyres?','<p>Nitrogen-filled tyres maintain consistent pressure longer, reduce internal moisture/corrosion, and offer better stability, while normal air is cheaper and readily available. Nitrogen molecules are larger and leak slower (1-3 PSI loss/month for air vs. almost none for nitrogen). Nitrogen is ideal for high-speed/long-distance, while normal air is fine for daily driving</p>'),(879,'How To Find The Correct Tyre Pressure','<p>Air pressure can be easily checked with the help of a calibrated accurate air pressure gauge. An air gauge is fairly cheap and a handy device that helps you easily check your car tyre pressure yourself.&nbsp;<br>To check the air pressure, take the cap off the valve and put the gauge on the valve. The gauge will show the pressure reading. If it doesn’t match the one mentioned on your placard or owner’s manual then you might have to add or remove air until it reaches the recommended number. Once that is done check the air pressure again with the gauge to make sure your tyres are inflated correctly. At the end do not forget to place the cap back to the valve stem. Check all your tyres including the spare if your car has one. In case the spare is a space saver type, follow the recommended pressure posted on its rim.</p>'),(880,'Smooth driving','<p>Balanced wheels mean no wobble or vibrations, making long drives smoother and more comfortable.</p>'),(881,'Longer tyre life','<p>Even weight distribution reduces uneven tread wear, meaning you get the full value out of&nbsp;your new tyre.</p>'),(882,'Fuel efficiency & safety','<p>Balanced wheels keep brakes and suspension in check, boosting braking performance and reliability.</p>'),(883,'Increase Grip & Stability','<p>Misaligned wheels can make your vehicle pull to one side or feel unstable, but proper alignment lets your car drive straight and handle smoothly, making it easier to steer.</p>'),(884,'Longer Life for Tyres','<p>Misalignment usually leads to uneven tire wear, thus you have to replace your tires much sooner. A regular check-up for wheel alignment will prevent premature tire wear, saving you bucks.</p>'),(885,'Improve Fuel Efficiency','<p>When properly aligned, a vehicle needs less energy to move forward, which improves fuel economy and, in effect, lowers fuel consumption.</p>'),(886,'Safety Is Top Priority','<p>Misaligned wheels can compromise brake grip, cornering, and overall handling, putting you at risk. Proper alignment keeps you and your passengers safer by ensuring your car responds predictably to your inputs.</p>'),(887,'Engine Oil Replacement','<p>Our expert team swaps out your engine oil with top-notch oils, specifically chosen for your vehicle\'s make and model. From compact cars to larger vehicles, we pick the perfect oil to keep your engine purring smoothly.</p>'),(888,'Replacement of Oil Filter','<p>We replace your oil filter as part of our oil change service, ensuring your engine stays clean and runs at peak performance by keeping contaminants out.</p>'),(889,'Check and Top-Up Fluids','<p>With every oil change, we check and top up your vehicle\'s vital fluids, including brake fluid, power steering fluid, and transmission fluid, to keep your ride running smoothly.</p>'),(890,'Brake Inspection','<p>Our regional climate is no joke – scorching temps and sandy roads take a toll on your brake pads, wearing them out fast. That\'s why our skilled mechanics and technicians start with a thorough inspection to catch any potential brake issues before they escalate. Here\'s what we check:</p><ul><li>Brake pads and shoes for damage and wear</li><li>Rotors and drums for damage</li><li>Brake lines and hoses for leaks and cracks</li><li>Brake fluid levels and condition</li><li>Overall braking system performance.<br>&nbsp;</li></ul>'),(891,'Break Pad Replacement','<p>Faulty brake pads = compromised safety. That\'s why we check for these signs:</p><ul><li>Squealing or grinding noise when braking</li><li>Reduced braking power</li><li>Brake pad warning light on the dashboard</li><li>If they\'re due for a swap, our standard brake pad replacement includes:</li><li>Removing the old pads</li><li>Inspecting rotors and calipers for damage</li><li>Fitting new, top-quality brake pads</li><li>Testing the brakes for optimal performance.</li></ul>'),(892,'Rotor Resurfacing or Replacement','<p>Your car\'s brake pads rely on rotors to get you to a stop. Over time, these rotors can get damaged or worn out, needing either resurfacing or replacement.</p><p><strong>Rotor Resurfacing:&nbsp;</strong></p><p>We remove a thin layer to restore a smooth surface.</p><p><strong>Rotor Replacement:</strong></p><p>If damage is too severe, we\'ll swap them out:- Remove the old rotors</p><ul><li>Install new, top-notch rotors</li><li>Check alignment and function for safe braking.</li></ul>'),(893,'Brake Fluid Replacement','<p>Dirty or low brake fluid? That\'s a recipe for brake failure. Over time, brake fluid gets contaminated, losing its effectiveness. Stick to your car\'s maintenance schedule and replace it when needed. Our brake fluid exchange service covers:</p><ul><li>Draining the old fluid</li><li>Flushing the reservoir and lines</li><li>Refilling with fresh, clean fluid</li><li>Bleeding the brakes for optimal pressure and air bubble removal.</li></ul>'),(894,'Full Brake System Overhaul','<p>Got complex brake issues? Our comprehensive brake system repair is here to save the day. We go all out:</p><ul><li>Thorough check of brake pads, rotors, calipers, lines, and master cylinder</li><li>Repair or replace components as needed</li><li>System-wide inspection for seamless performance</li><li>Full system test for optimal safety and performance</li></ul><p>Your safety\'s our priority – we\'ll get you stopping smoothly and driving safely.</p>'),(895,'Safer Stops, Safer Streets','<p>Properly maintained tyres with the right air pressure can significantly reduce stopping distances, helping prevent accidents and protect pedestrians.</p>'),(896,'No Sudden Surprises','<p>A blowout on a busy Dubai highway is a nightmare scenario. Well-maintained tyres drastically reduce this risk, keeping you in control and safe from the dangers of a sudden tyre explosion.</p>'),(897,'Better Driving','<p>Tyres in good condition provide better grip, making driving safer and more controlled.</p>'),(898,'Extend Your Tyre’s Lifespan','<p>Regular repairs and maintenance extend the life of your tyres, saving you money.</p>'),(899,'Improve Fuel Efficiency','<p>Properly inflated tyres reduce friction, decreasing fuel consumption and costs.</p>'),(900,'Fewer Repair Shop Visits','<p>Regular tyre checks help identify issues early, reducing costly repairs down the line</p>'),(907,'Battery Testing & Diagnostics','<p>We don\'t just jump to conclusions. Our expert technicians run a thorough diagnostic check to assess your battery\'s health, checking for corrosion, leaks, and charge performance. We\'ll give you the lowdown and recommend the best solution for your ride. Fast, reliable, and hassle-free –that\'s how we roll</p>'),(908,'Premium Car Batteries','<p>We\'ve got a massive selection of high-quality car batteries from top brands, so you\'ll find the perfect fit for your ride. From standard replacements to high-performance batteries for specialized vehicles, we\'re sorted. And with transparent, competitive pricing across Dubai, Abu Dhabi, and the UAE, you know you\'re getting the best deal for top-notch products and service.</p>'),(909,'Brake Inspection','<p>Our regional climate is no joke – scorching temps and sandy roads take a toll on your brake pads, wearing them out fast. That\'s why our skilled mechanics and technicians start with a thorough inspection to catch any potential brake issues before they escalate. Here\'s what we check:</p><ul><li>Brake pads and shoes for damage and wear</li><li>Rotors and drums for damage</li><li>Brake lines and hoses for leaks and cracks</li><li>Brake fluid levels and condition</li><li>Overall braking system performance.<br>&nbsp;</li></ul>'),(910,'Break Pad Replacement','<p>Faulty brake pads = compromised safety. That\'s why we check for these signs:</p><ul><li>Squealing or grinding noise when braking</li><li>Reduced braking power</li><li>Brake pad warning light on the dashboard</li><li>If they\'re due for a swap, our standard brake pad replacement includes:</li><li>Removing the old pads</li><li>Inspecting rotors and calipers for damage</li><li>Fitting new, top-quality brake pads</li><li>Testing the brakes for optimal performance.</li></ul>'),(911,'Rotor Resurfacing or Replacement','<p>Your car\'s brake pads rely on rotors to get you to a stop. Over time, these rotors can get damaged or worn out, needing either resurfacing or replacement.</p><p><strong>Rotor Resurfacing:&nbsp;</strong></p><p>We remove a thin layer to restore a smooth surface.</p><p><strong>Rotor Replacement:</strong></p><p>If damage is too severe, we\'ll swap them out:- Remove the old rotors</p><ul><li>Install new, top-notch rotors</li><li>Check alignment and function for safe braking.</li></ul>'),(912,'Brake Fluid Replacement','<p>Dirty or low brake fluid? That\'s a recipe for brake failure. Over time, brake fluid gets contaminated, losing its effectiveness. Stick to your car\'s maintenance schedule and replace it when needed. Our brake fluid exchange service covers:</p><ul><li>Draining the old fluid</li><li>Flushing the reservoir and lines</li><li>Refilling with fresh, clean fluid</li><li>Bleeding the brakes for optimal pressure and air bubble removal.</li></ul>'),(913,'Full Brake System Overhaul','<p>Got complex brake issues? Our comprehensive brake system repair is here to save the day. We go all out:</p><ul><li>Thorough check of brake pads, rotors, calipers, lines, and master cylinder</li><li>Repair or replace components as needed</li><li>System-wide inspection for seamless performance</li><li>Full system test for optimal safety and performance</li></ul><p>Your safety\'s our priority – we\'ll get you stopping smoothly and driving safely.</p>'),(919,'Brake Inspection','<p>Our regional climate is no joke – scorching temps and sandy roads take a toll on your brake pads, wearing them out fast. That\'s why our skilled mechanics and technicians start with a thorough inspection to catch any potential brake issues before they escalate. Here\'s what we check:</p><ul><li>Brake pads and shoes for damage and wear</li><li>Rotors and drums for damage</li><li>Brake lines and hoses for leaks and cracks</li><li>Brake fluid levels and condition</li><li>Overall braking system performance.<br>&nbsp;</li></ul>'),(920,'Break Pad Replacement','<p>Faulty brake pads = compromised safety. That\'s why we check for these signs:</p><ul><li>Squealing or grinding noise when braking</li><li>Reduced braking power</li><li>Brake pad warning light on the dashboard</li><li>If they\'re due for a swap, our standard brake pad replacement includes:</li><li>Removing the old pads</li><li>Inspecting rotors and calipers for damage</li><li>Fitting new, top-quality brake pads</li><li>Testing the brakes for optimal performance.</li></ul>'),(921,'Rotor Resurfacing or Replacement','<p>Your car\'s brake pads rely on rotors to get you to a stop. Over time, these rotors can get damaged or worn out, needing either resurfacing or replacement.</p><p><strong>Rotor Resurfacing:&nbsp;</strong></p><p>We remove a thin layer to restore a smooth surface.</p><p><strong>Rotor Replacement:</strong></p><p>If damage is too severe, we\'ll swap them out:- Remove the old rotors</p><ul><li>Install new, top-notch rotors</li><li>Check alignment and function for safe braking.</li></ul>'),(922,'Brake Fluid Replacement','<p>Dirty or low brake fluid? That\'s a recipe for brake failure. Over time, brake fluid gets contaminated, losing its effectiveness. Stick to your car\'s maintenance schedule and replace it when needed. Our brake fluid exchange service covers:</p><ul><li>Draining the old fluid</li><li>Flushing the reservoir and lines</li><li>Refilling with fresh, clean fluid</li><li>Bleeding the brakes for optimal pressure and air bubble removal.</li></ul>'),(923,'Full Brake System Overhaul','<p>Got complex brake issues? Our comprehensive brake system repair is here to save the day. We go all out:</p><ul><li>Thorough check of brake pads, rotors, calipers, lines, and master cylinder</li><li>Repair or replace components as needed</li><li>System-wide inspection for seamless performance</li><li>Full system test for optimal safety and performance</li></ul><p>Your safety\'s our priority – we\'ll get you stopping smoothly and driving safely.</p>'),(936,'Turbo Service',NULL),(937,'Engine Service',NULL),(938,'Engine Service',NULL),(949,NULL,'<p>As one of the UAE’s foremost providers of Automotive parts and equipments, Central Motors &amp; Equipment offers a diverse range of brands, products and services to its customers. Working in both wholesale and retail markets, the company comprises of four major divisions: Tyres; Automotive Parts, Power Tools and Tyreplus Services.<br>A member of ALFAHIM automotive division, Central Motors &amp; Equipment embodies the four corporate values of its parent company: humanity, honesty, substance and foresight.<br>Since its inception, Central Motors &amp; Equipment has become exclusive distributor of Michelin in Abu Dhabi and Al Ain, and a distributor of Bosch Automotive Aftermarket &amp; Power Tools solutions across the UAE. In addition, the company represents industry leading brands such as Tyreplus, Knorr-Bremse, Dremel, Osram, Valeo, Zexel, NRF, JP Group, Cyclo, HC Cargo, Grantex, CLAS, ASNU, Sicam, Manatec, HPA, Optima, Eveready, Autopart, Bosch Diesel Service, Bosch Car Service.</p>'),(950,'Our Vision','<p>To be the best in class in all that we do for, and in, our community.</p>'),(951,'Our Mission','<p>Deliver a superior suite of products and services with limitless passion that exceeds expectations every time.</p>'),(954,NULL,NULL);

--
-- Table structure for table `components_common_title_descs`
--

CREATE TABLE `components_common_title_descs` (
  `id` int unsigned NOT NULL AUTO_INCREMENT,
  `title` varchar(255) DEFAULT NULL,
  `description` longtext,
  PRIMARY KEY (`id`)
) ENGINE=InnoDB AUTO_INCREMENT=495 DEFAULT CHARSET=utf8mb4 COLLATE=utf8mb4_0900_ai_ci;

--
-- Dumping data for table `components_common_title_descs`
--

INSERT INTO `components_common_title_descs` VALUES (1,'Book a Service','TyrePlus is known for quality service, technical expertise, and competitive pricing.'),(2,'Mobile Service',NULL),(17,'Service Enquiry','Tell us what you need, and our service team will assist you promptly.'),(18,'Mobile Service','Tell us what you need, and our service team will assist you promptly.'),(37,'Service Enquiry','Tell us what you need, and our service team will assist you promptly.'),(38,'Mobile Service','Tell us what you need, and our service team will assist you promptly.'),(67,'Service Enquiry','Tell us what you need, and our service team will assist you promptly.'),(68,'Mobile Service','Tell us what you need, and our service team will assist you promptly.'),(99,'Service Enquiry','Tell us what you need, and our service team will assist you promptly.'),(100,'Mobile Service','Tell us what you need, and our service team will assist you promptly.'),(107,'Service Enquiry','Tell us what you need, and our service team will assist you promptly.'),(108,'Mobile Service','Tell us what you need, and our service team will assist you promptly.'),(145,'Service Enquiry','Tell us what you need, and our service team will assist you promptly.'),(146,'Mobile Service','Tell us what you need, and our service team will assist you promptly.'),(165,'Service Enquiry','Tell us what you need, and our service team will assist you promptly.'),(166,'Mobile Service','Tell us what you need, and our service team will assist you promptly.'),(171,'Service Enquiry','Tell us what you need, and our service team will assist you promptly.'),(172,'Mobile Service','Tell us what you need, and our service team will assist you promptly.'),(193,'Service Enquiry','Tell us what you need, and our service team will assist you promptly.'),(194,'Mobile Service','Tell us what you need, and our service team will assist you promptly.'),(207,'Service Enquiry','Tell us what you need, and our service team will assist you promptly.'),(208,'Mobile Service','Tell us what you need, and our service team will assist you promptly.'),(209,'Service Enquiry','Tell us what you need, and our service team will assist you promptly.'),(210,'Mobile Service','Tell us what you need, and our service team will assist you promptly.'),(253,'Service Enquiry','Tell us what you need, and our service team will assist you promptly.'),(254,'Mobile Service','Tell us what you need, and our service team will assist you promptly.'),(255,'Service Enquiry','Tell us what you need, and our service team will assist you promptly.'),(256,'Mobile Service','Tell us what you need, and our service team will assist you promptly.'),(319,'Service Enquiry','Tell us what you need, and our service team will assist you promptly.'),(320,'Mobile Service','Tell us what you need, and our service team will assist you promptly.'),(403,'Service Enquiry','Tell us what you need, and our service team will assist you promptly.'),(431,'Service Enquiry','Tell us what you need, and our service team will assist you promptly.'),(433,'Service Enquiry','Tell us what you need, and our service team will assist you promptly.'),(434,'Mobile Service','Tell us what you need, and our service team will assist you promptly.'),(439,'Service Enquiry','Tell us what you need, and our service team will assist you promptly.'),(440,'Mobile Service','Tell us what you need, and our service team will assist you promptly.'),(441,'Service Enquiry','Tell us what you need, and our service team will assist you promptly.'),(442,'Mobile Service','Tell us what you need, and our service team will assist you promptly.'),(443,'Service Enquiry','Tell us what you need, and our service team will assist you promptly.'),(444,'Mobile Service','Tell us what you need, and our service team will assist you promptly.'),(445,'Service Enquiry','Tell us what you need, and our service team will assist you promptly.'),(446,'Mobile Service','Tell us what you need, and our service team will assist you promptly.'),(447,'Service Enquiry','Tell us what you need, and our service team will assist you promptly.'),(448,'Mobile Service','Tell us what you need, and our service team will assist you promptly.'),(449,'Service Enquiry','Tell us what you need, and our service team will assist you promptly.'),(450,'Mobile Service','Tell us what you need, and our service team will assist you promptly.'),(451,'Service Enquiry','Tell us what you need, and our service team will assist you promptly.'),(452,'Mobile Service','Tell us what you need, and our service team will assist you promptly.'),(453,'Service Enquiry','Tell us what you need, and our service team will assist you promptly.'),(454,'Mobile Service','Tell us what you need, and our service team will assist you promptly.'),(461,'Service Enquiry','Tell us what you need, and our service team will assist you promptly.'),(462,'Mobile Service','Tell us what you need, and our service team will assist you promptly.'),(465,'Book a Service','TyrePlus is known for quality service, technical expertise, and competitive pricing.'),(466,'Mobile Service',NULL),(467,'Service Enquiry','Tell us what you need, and our service team will assist you promptly.'),(468,'Mobile Service','Tell us what you need, and our service team will assist you promptly.'),(471,'Service Enquiry','Tell us what you need, and our service team will assist you promptly.'),(472,'Mobile Service','Tell us what you need, and our service team will assist you promptly.'),(473,'Service Enquiry','Tell us what you need, and our service team will assist you promptly.'),(479,'Service Enquiry','Tell us what you need, and our service team will assist you promptly.'),(482,'Service Enquiry','Tell us what you need, and our service team will assist you promptly.'),(483,'Service Enquiry','Tell us what you need, and our service team will assist you promptly.'),(484,'Mobile Service','Tell us what you need, and our service team will assist you promptly.'),(486,'Service Enquiry','Tell us what you need, and our service team will assist you promptly.'),(487,'Mobile Service','Tell us what you need, and our service team will assist you promptly.'),(490,'Service Enquiry','Tell us what you need, and our service team will assist you promptly.'),(491,'Mobile Service','Tell us what you need, and our service team will assist you promptly.'),(492,'Service Enquiry','Tell us what you need, and our service team will assist you promptly.'),(493,'Mobile Service','Tell us what you need, and our service team will assist you promptly.'),(494,'Service Enquiry','Tell us what you need, and our service team will assist you promptly.');

--
-- Table structure for table `components_common_title_with_descs`
--

CREATE TABLE `components_common_title_with_descs` (
  `id` int unsigned NOT NULL AUTO_INCREMENT,
  `title` longtext,
  `sub_title` varchar(255) DEFAULT NULL,
  `description` longtext,
  `horizontal_alignment` varchar(255) DEFAULT NULL,
  PRIMARY KEY (`id`)
) ENGINE=InnoDB AUTO_INCREMENT=474 DEFAULT CHARSET=utf8mb4 COLLATE=utf8mb4_0900_ai_ci;

--
-- Dumping data for table `components_common_title_with_descs`
--

INSERT INTO `components_common_title_with_descs` VALUES (1,'Your One-Stop Destination for Tyre Services','Your Trusted Partner Across the UAE','<p>We provides expert tyre services in Dubai, Abu Dhabi, and the UAE, offering tyre fitting, rotation, and puncture repair services. Our experienced team guarantees that your tyres are properly maintained for enhanced safety, longevity, and performance on the road.</p>',NULL),(11,'How often should I get my tyres checked or serviced?',NULL,'<p><meta charset=\"utf-8\"><span style=\"white-space:pre-wrap;\">Regularly check tyre pressure, rotate your tyres every 8,000–10,000 km, ensure proper wheel alignment, and avoid sudden braking or speeding. Routine inspections and timely repairs also help extend tyre life.</span></p>',NULL),(12,'How can I extend the lifespan of my tyres?',NULL,'<p><meta charset=\"utf-8\"><span style=\"white-space:pre-wrap;\">Regularly check tyre pressure, rotate your tyres every 8,000–10,000 km, ensure proper wheel alignment, and avoid sudden braking or speeding. Routine inspections and timely repairs also help extend tyre life.</span></p>',NULL),(13,'What are the signs that my tyres need replacement or repair?',NULL,'<p><meta charset=\"utf-8\"><span style=\"white-space:pre-wrap;\">Regularly check tyre pressure, rotate your tyres every 8,000–10,000 km, ensure proper wheel alignment, and avoid sudden braking or speeding. Routine inspections and timely repairs also help extend tyre life.</span></p>',NULL),(18,'Complete Tyre Care','Professional fitting, balancing, repairs, and maintenance to keep your tyres performing at their best.',NULL,NULL),(24,'Your Trusted Partner Across the UAE',NULL,NULL,NULL),(25,'Your Trusted Partner Across the UAE',NULL,NULL,NULL),(32,'Your one destination for Callibration Services','Your Trusted Partner Across the UAE','<p>We provides expert tyre services in Dubai, Abu Dhabi, and the UAE, offering calliberation services</p>',NULL),(38,'Your one destination for Callibration Services','Your Trusted Partner Across the UAE','<p>We provides expert tyre services in Dubai, Abu Dhabi, and the UAE, offering calliberation services</p>',NULL),(175,'What Is Tyre Rotation?',NULL,'<p>Tyre rotation is a simple yet effective way to extend the life of your tyres and ensure even wear. By moving tyres from one position to another, we balance wear patterns and reduce stress on individual tyres. Front tyres typically wear faster due to steering and braking forces, while weight distribution affects wear rates. Our technicians conduct thorough wheel tracking and rotation, moving tyres from rear to front and front to rear, ensuring proper steering and handling of your vehicle. This simple process can make a big difference in your vehicle\'s performance and tyre lifespan.</p>','left'),(176,'Enhanced Vehicle Performance & Safety',NULL,'<ul><li><strong>Extended Tyre Life: </strong>Rotate every 8,000-10,000 km to extend lifespan by up to 25%</li><li><strong>Improved Performance:</strong> Even wear ensures consistent handling, braking, and traction</li><li><strong>Enhanced Safety: </strong>Uniform wear reduces blowout risk and improves stability</li><li><strong>Better Fuel Efficiency:</strong> Evenly worn tyres reduce rolling resistance, saving fuel costs</li><li><strong>Warranty Protection:</strong> Regular rotation required by many tyre manufacturers to maintain warranty</li></ul>','left'),(200,'Your One-Stop Destination for Tyre Services','Your Trusted Partner Across the UAE','<p>We provides expert tyre services in Dubai, Abu Dhabi, and the UAE, offering tyre fitting, rotation, and puncture repair services. Our experienced team guarantees that your tyres are properly maintained for enhanced safety, longevity, and performance on the road.</p>',NULL),(201,'How often should I get my tyres checked or serviced?',NULL,'<p><meta charset=\"utf-8\"><span style=\"white-space:pre-wrap;\">Regularly check tyre pressure, rotate your tyres every 8,000–10,000 km, ensure proper wheel alignment, and avoid sudden braking or speeding. Routine inspections and timely repairs also help extend tyre life.</span></p>',NULL),(202,'How can I extend the lifespan of my tyres?',NULL,'<p><meta charset=\"utf-8\"><span style=\"white-space:pre-wrap;\">Regularly check tyre pressure, rotate your tyres every 8,000–10,000 km, ensure proper wheel alignment, and avoid sudden braking or speeding. Routine inspections and timely repairs also help extend tyre life.</span></p>',NULL),(203,'What are the signs that my tyres need replacement or repair?',NULL,'<p><meta charset=\"utf-8\"><span style=\"white-space:pre-wrap;\">Regularly check tyre pressure, rotate your tyres every 8,000–10,000 km, ensure proper wheel alignment, and avoid sudden braking or speeding. Routine inspections and timely repairs also help extend tyre life.</span></p>',NULL),(229,'Benefits of Nitrogen Inflation',NULL,'<ul><li><strong>Better Pressure Retention: </strong>Nitrogen molecules escape 3-4 times slower than regular air, keeping your tyres properly inflated longer between checks.</li><li><strong>Temperature Stability: </strong>Nitrogen provides consistent pressure despite UAE\'s extreme heat, with less variation between cool mornings and scorching afternoons when road temperatures exceed 70°C.</li><li><strong>Prevents Corrosion:</strong> Moisture-free nitrogen prevents internal wheel corrosion and protects TPMS sensors, extending wheel lifespan.</li><li><strong>Reduced Heat Buildup: </strong>Nitrogen runs cooler during extended highway driving, reducing thermal degradation and extending tyre life.</li><li><strong>Better Performance: </strong>Consistent pressure improves fuel efficiency, handling, braking, and overall safety.</li></ul>','left'),(230,'Why Choose Nitrogen Over Regular Air?',NULL,'<p>Regular compressed air contains oxygen molecules that are smaller than nitrogen molecules, allowing them to permeate through tyre rubber more quickly. This leads to faster pressure loss over time. Additionally, the moisture in compressed air can cause internal corrosion of wheels and pressure fluctuations as temperatures change. Nitrogen addresses these issues by providing a more stable, dry inflation medium.</p>','left'),(231,'Is Nitrogen Right for Your Vehicle?',NULL,'<p>Nitrogen inflation benefits all vehicles but proves particularly valuable for high-performance cars, luxury vehicles, SUVs used for long-distance highway driving, commercial vehicles requiring consistent performance, and any vehicle operating in the UAE\'s demanding climate. Vehicles with TPMS systems especially benefit from nitrogen\'s stability, as it reduces false pressure warnings caused by temperature fluctuations.</p>','left'),(238,'Maintaining Nitrogen-Filled Tyres',NULL,'<p>Even with nitrogen, regular pressure checks are a must. Check your tyre pressure monthly and before long trips - nitrogen-filled tyres just need less frequent top-ups. If you need air and nitrogen\'s not available, regular air\'s fine to top up with, but it\'ll dilute the nitrogen benefits. For optimal results, hit up CME for nitrogen top-ups and keep those tyres in top shape.</p>','left'),(239,'Nitrogen Inflation Myths vs. Facts',NULL,'<p>Think nitrogen\'s just for race cars or planes? Think again! Modern equipment makes it a practical choice for everyday vehicles. Nitrogen reduces pressure loss, but doesn\'t mean you can skip pressure checks - punctures, valve leaks, or bead issues can still cause problems. The benefits are real, though: better pressure retention and temperature stability.</p>','left'),(265,'Air Conditioning Service',NULL,'<p>Maintaining your vehicle\'s air conditioning system is crucial for a comfortable driving experience, particularly during extreme temperatures. The AC system not only regulates temperature but also controls humidity, contributing to a healthier in-cab environment. Regular maintenance is essential to ensure optimal performance. It\'s worth noting that incorrect refrigerant gas levels can lead to system failure, increased fuel consumption, and reduced efficiency.</p><p>Approximately up to 20% of air conditioning gas is lost from a car air conditioning system each year which is why we recommend you have your system checked on a regular basis Benefits</p><ul><li>Cooler drives, happier rides</li><li>Safer with a demisted windscreen</li><li>Boost your car\'s performance &amp; fuel efficiency</li><li>Breathe easy – AC checks remove airborne contaminants</li></ul>','left'),(266,'What is Car AC Maintenance?',NULL,'<p>Car AC maintenance includes a thorough inspection, cleaning, and servicing of your vehicle\'s air conditioning system. We check refrigerant levels, test system pressure, inspect for leaks or damage, clean filters, and fine-tune performance for optimal cooling. Regular maintenance prevents breakdowns and keeps your AC running strong.</p>','left'),(267,'Why AC Maintenance is Critical in the UAE',NULL,'<p>The UAE\'s scorching climate is tough on car AC systems. With temps soaring above 40°C and cabins hitting 70°C in direct sun, your AC works overtime. This leads to faster wear, quicker refrigerant loss, and potential system failures if neglected. Skipping AC maintenance isn\'t just uncomfortable – it can impact your focus, hike fuel costs, and bring pricey repairs. Regular checks keep your ride cool, safe, and comfy.</p>','left'),(268,'What Our AC Service Includes',NULL,'<ol><li>Complete system diagnostic and pressure testing</li><li>Refrigerant recovery and recharge to manufacturer specifications</li><li>Leak detection and repair</li><li>Cabin air filter inspection and replacement</li><li>Evaporator and ventilation system cleaning</li><li>Compressor operation check</li><li>Condenser cleaning and inspection</li><li>Belt and pulley inspection</li><li>Temperature output verification</li><li>Full system performance report</li></ol>','left'),(269,'Benefits of Regular AC Maintenance',NULL,'<p>Regular AC servicing ensures optimal performance in UAE\'s extreme temperatures, improving fuel efficiency by up to 10% and extending the lifespan of AC components. This maintenance also promotes healthier cabin air quality, crucial for families and individuals with allergies. Early issue detection prevents costly repairs, while a well-maintained system enhances overall driving comfort and adds value to your vehicle in the UAE market.</p>','left'),(308,'Accurate wheel balancing with CME experts',NULL,'<ul><li><strong>Precision Detection:</strong> We use advanced 6-axis wheel balancers and weighing systems to detect even the slightest imbalance.</li><li><strong>Advanced Analysis:</strong> Our sensor-driven analysis identifies problem areas.</li><li><strong>Accurate Balancing:</strong> We apply counterweights or high-quality mastic as needed to achieve perfect balance.</li><li><strong>Quality Check:</strong> We double-check the wheel\'s vibration levels against OEM specs after balancing.</li></ul>','left'),(311,'What is the typical turnaround time?',NULL,'<ul><li>For a Standard Tyre Change + Wheel Balancing –&nbsp;30‑45 minutes</li><li>Entirety of Heavy Duty / SUV Kit –&nbsp;45‑60 minutes&nbsp;</li></ul><p>We announce the exact ETA during booking, so your schedule stays intact.</p>','left'),(312,'Will I receive a balancing tag or data sheet?',NULL,'<p>A Balancing Report Card shows the cross‑wheel and in‑wheel values pre‑ and post‑balance. We “caption” each wheel with a permanent label containing the balancing points, useful for any&nbsp;future checks or repairs.</p>','left'),(328,NULL,NULL,NULL,NULL),(329,NULL,NULL,NULL,NULL),(353,NULL,NULL,'<p>Bosch offers you the appropriate spare parts for your tools, such as angle grinders or drills: from the armature, to the carbon brushes, through to the batteries and chargers.</p><p>Here you can access our spare parts catalogue and identify the parts of your requirements.</p><p>&nbsp;</p>','left'),(379,'Complete Automotive Spareparts Care',NULL,NULL,'center'),(381,'Complete Powertools Care',NULL,NULL,'left'),(402,'Complete Tyre Care','Professional fitting, balancing, repairs, and maintenance to keep your tyres performing at their best.',NULL,NULL),(430,'Complete Automotive Spareparts Care',NULL,NULL,'center'),(440,NULL,NULL,'<p>Bosch offers you the appropriate spare parts for your tools, such as angle grinders or drills: from the armature, to the carbon brushes, through to the batteries and chargers.</p><p>Here you can access our spare parts catalogue and identify the parts of your requirements.</p><p>&nbsp;</p>','left'),(443,'Air Conditioning Service',NULL,'<p>Maintaining your vehicle\'s air conditioning system is crucial for a comfortable driving experience, particularly during extreme temperatures. The AC system not only regulates temperature but also controls humidity, contributing to a healthier in-cab environment. Regular maintenance is essential to ensure optimal performance. It\'s worth noting that incorrect refrigerant gas levels can lead to system failure, increased fuel consumption, and reduced efficiency.</p><p>Approximately up to 20% of air conditioning gas is lost from a car air conditioning system each year which is why we recommend you have your system checked on a regular basis Benefits</p><ul><li>Cooler drives, happier rides</li><li>Safer with a demisted windscreen</li><li>Boost your car\'s performance &amp; fuel efficiency</li><li>Breathe easy – AC checks remove airborne contaminants</li></ul>','left'),(444,'What is Car AC Maintenance?',NULL,'<p>Car AC maintenance includes a thorough inspection, cleaning, and servicing of your vehicle\'s air conditioning system. We check refrigerant levels, test system pressure, inspect for leaks or damage, clean filters, and fine-tune performance for optimal cooling. Regular maintenance prevents breakdowns and keeps your AC running strong.</p>','left'),(445,'Why AC Maintenance is Critical in the UAE',NULL,'<p>The UAE\'s scorching climate is tough on car AC systems. With temps soaring above 40°C and cabins hitting 70°C in direct sun, your AC works overtime. This leads to faster wear, quicker refrigerant loss, and potential system failures if neglected. Skipping AC maintenance isn\'t just uncomfortable – it can impact your focus, hike fuel costs, and bring pricey repairs. Regular checks keep your ride cool, safe, and comfy.</p>','left'),(446,'What Our AC Service Includes',NULL,'<ol><li>Complete system diagnostic and pressure testing</li><li>Refrigerant recovery and recharge to manufacturer specifications</li><li>Leak detection and repair</li><li>Cabin air filter inspection and replacement</li><li>Evaporator and ventilation system cleaning</li><li>Compressor operation check</li><li>Condenser cleaning and inspection</li><li>Belt and pulley inspection</li><li>Temperature output verification</li><li>Full system performance report</li></ol>','left'),(447,'Benefits of Regular AC Maintenance',NULL,'<p>Regular AC servicing ensures optimal performance in UAE\'s extreme temperatures, improving fuel efficiency by up to 10% and extending the lifespan of AC components. This maintenance also promotes healthier cabin air quality, crucial for families and individuals with allergies. Early issue detection prevents costly repairs, while a well-maintained system enhances overall driving comfort and adds value to your vehicle in the UAE market.</p>','left'),(448,'Benefits of Nitrogen Inflation',NULL,'<ul><li><strong>Better Pressure Retention: </strong>Nitrogen molecules escape 3-4 times slower than regular air, keeping your tyres properly inflated longer between checks.</li><li><strong>Temperature Stability: </strong>Nitrogen provides consistent pressure despite UAE\'s extreme heat, with less variation between cool mornings and scorching afternoons when road temperatures exceed 70°C.</li><li><strong>Prevents Corrosion:</strong> Moisture-free nitrogen prevents internal wheel corrosion and protects TPMS sensors, extending wheel lifespan.</li><li><strong>Reduced Heat Buildup: </strong>Nitrogen runs cooler during extended highway driving, reducing thermal degradation and extending tyre life.</li><li><strong>Better Performance: </strong>Consistent pressure improves fuel efficiency, handling, braking, and overall safety.</li></ul>','left'),(449,'Why Choose Nitrogen Over Regular Air?',NULL,'<p>Regular compressed air contains oxygen molecules that are smaller than nitrogen molecules, allowing them to permeate through tyre rubber more quickly. This leads to faster pressure loss over time. Additionally, the moisture in compressed air can cause internal corrosion of wheels and pressure fluctuations as temperatures change. Nitrogen addresses these issues by providing a more stable, dry inflation medium.</p>','left'),(450,'Is Nitrogen Right for Your Vehicle?',NULL,'<p>Nitrogen inflation benefits all vehicles but proves particularly valuable for high-performance cars, luxury vehicles, SUVs used for long-distance highway driving, commercial vehicles requiring consistent performance, and any vehicle operating in the UAE\'s demanding climate. Vehicles with TPMS systems especially benefit from nitrogen\'s stability, as it reduces false pressure warnings caused by temperature fluctuations.</p>','left'),(451,'Maintaining Nitrogen-Filled Tyres',NULL,'<p>Even with nitrogen, regular pressure checks are a must. Check your tyre pressure monthly and before long trips - nitrogen-filled tyres just need less frequent top-ups. If you need air and nitrogen\'s not available, regular air\'s fine to top up with, but it\'ll dilute the nitrogen benefits. For optimal results, hit up CME for nitrogen top-ups and keep those tyres in top shape.</p>','left'),(452,'Nitrogen Inflation Myths vs. Facts',NULL,'<p>Think nitrogen\'s just for race cars or planes? Think again! Modern equipment makes it a practical choice for everyday vehicles. Nitrogen reduces pressure loss, but doesn\'t mean you can skip pressure checks - punctures, valve leaks, or bead issues can still cause problems. The benefits are real, though: better pressure retention and temperature stability.</p>','left'),(453,'Accurate wheel balancing with CME experts',NULL,'<ul><li><strong>Precision Detection:</strong> We use advanced 6-axis wheel balancers and weighing systems to detect even the slightest imbalance.</li><li><strong>Advanced Analysis:</strong> Our sensor-driven analysis identifies problem areas.</li><li><strong>Accurate Balancing:</strong> We apply counterweights or high-quality mastic as needed to achieve perfect balance.</li><li><strong>Quality Check:</strong> We double-check the wheel\'s vibration levels against OEM specs after balancing.</li></ul>','left'),(454,'What is the typical turnaround time?',NULL,'<ul><li>For a Standard Tyre Change + Wheel Balancing –&nbsp;30‑45 minutes</li><li>Entirety of Heavy Duty / SUV Kit –&nbsp;45‑60 minutes&nbsp;</li></ul><p>We announce the exact ETA during booking, so your schedule stays intact.</p>','left'),(455,'Will I receive a balancing tag or data sheet?',NULL,'<p>A Balancing Report Card shows the cross‑wheel and in‑wheel values pre‑ and post‑balance. We “caption” each wheel with a permanent label containing the balancing points, useful for any&nbsp;future checks or repairs.</p>','left'),(456,'What Is Tyre Rotation?',NULL,'<p>Tyre rotation is a simple yet effective way to extend the life of your tyres and ensure even wear. By moving tyres from one position to another, we balance wear patterns and reduce stress on individual tyres. Front tyres typically wear faster due to steering and braking forces, while weight distribution affects wear rates. Our technicians conduct thorough wheel tracking and rotation, moving tyres from rear to front and front to rear, ensuring proper steering and handling of your vehicle. This simple process can make a big difference in your vehicle\'s performance and tyre lifespan.</p>','left'),(457,'Enhanced Vehicle Performance & Safety',NULL,'<ul><li><strong>Extended Tyre Life: </strong>Rotate every 8,000-10,000 km to extend lifespan by up to 25%</li><li><strong>Improved Performance:</strong> Even wear ensures consistent handling, braking, and traction</li><li><strong>Enhanced Safety: </strong>Uniform wear reduces blowout risk and improves stability</li><li><strong>Better Fuel Efficiency:</strong> Evenly worn tyres reduce rolling resistance, saving fuel costs</li><li><strong>Warranty Protection:</strong> Regular rotation required by many tyre manufacturers to maintain warranty</li></ul>','left'),(465,'MEASURING TOOL CALIBRATION',NULL,'<p><span style=\"background-color:rgb(255,255,255);color:rgb(50,40,55);font-family:&quot;Open Sans&quot;, sans-serif;font-size:13px;\"><span style=\"--tw-backdrop-blur:;--tw-backdrop-brightness:;--tw-backdrop-contrast:;--tw-backdrop-grayscale:;--tw-backdrop-hue-rotate:;--tw-backdrop-invert:;--tw-backdrop-opacity:;--tw-backdrop-saturate:;--tw-backdrop-sepia:;--tw-blur:;--tw-border-spacing-x:0;--tw-border-spacing-y:0;--tw-brightness:;--tw-contain-layout:;--tw-contain-paint:;--tw-contain-size:;--tw-contain-style:;--tw-contrast:;--tw-drop-shadow:;--tw-gradient-from-position:;--tw-gradient-to-position:;--tw-gradient-via-position:;--tw-grayscale:;--tw-hue-rotate:;--tw-invert:;--tw-numeric-figure:;--tw-numeric-fraction:;--tw-numeric-spacing:;--tw-ordinal:;--tw-pan-x:;--tw-pan-y:;--tw-pinch-zoom:;--tw-ring-color:rgb(59 130 246 / .5);--tw-ring-inset:;--tw-ring-offset-color:#fff;--tw-ring-offset-shadow:0 0 #0000;--tw-ring-offset-width:0px;--tw-ring-shadow:0 0 #0000;--tw-rotate:0;--tw-saturate:;--tw-scale-x:1;--tw-scale-y:1;--tw-scroll-snap-strictness:proximity;--tw-sepia:;--tw-shadow-colored:0 0 #0000;--tw-shadow:0 0 #0000;--tw-skew-x:0;--tw-skew-y:0;--tw-slashed-zero:;--tw-translate-x:0;--tw-translate-y:0;-webkit-text-stroke-width:0px;border:0px solid rgb(229, 231, 235);box-sizing:border-box;font-style:normal;font-variant-caps:normal;font-variant-ligatures:normal;font-weight:500;letter-spacing:normal;orphans:2;scrollbar-color:rgb(200, 208, 215) rgb(255, 255, 255);scrollbar-width:thin;text-align:left;text-decoration-color:initial;text-decoration-style:initial;text-decoration-thickness:initial;text-indent:0px;text-transform:none;white-space:normal;widows:2;word-spacing:0px;\">We take on the job of calibrating your measuring tools so that you can work reliably.</span></span></p><p><span style=\"background-color:rgb(255,255,255);color:rgb(50,40,55);font-family:&quot;Open Sans&quot;, sans-serif;font-size:13px;\"><span style=\"--tw-backdrop-blur:;--tw-backdrop-brightness:;--tw-backdrop-contrast:;--tw-backdrop-grayscale:;--tw-backdrop-hue-rotate:;--tw-backdrop-invert:;--tw-backdrop-opacity:;--tw-backdrop-saturate:;--tw-backdrop-sepia:;--tw-blur:;--tw-border-spacing-x:0;--tw-border-spacing-y:0;--tw-brightness:;--tw-contain-layout:;--tw-contain-paint:;--tw-contain-size:;--tw-contain-style:;--tw-contrast:;--tw-drop-shadow:;--tw-gradient-from-position:;--tw-gradient-to-position:;--tw-gradient-via-position:;--tw-grayscale:;--tw-hue-rotate:;--tw-invert:;--tw-numeric-figure:;--tw-numeric-fraction:;--tw-numeric-spacing:;--tw-ordinal:;--tw-pan-x:;--tw-pan-y:;--tw-pinch-zoom:;--tw-ring-color:rgb(59 130 246 / .5);--tw-ring-inset:;--tw-ring-offset-color:#fff;--tw-ring-offset-shadow:0 0 #0000;--tw-ring-offset-width:0px;--tw-ring-shadow:0 0 #0000;--tw-rotate:0;--tw-saturate:;--tw-scale-x:1;--tw-scale-y:1;--tw-scroll-snap-strictness:proximity;--tw-sepia:;--tw-shadow-colored:0 0 #0000;--tw-shadow:0 0 #0000;--tw-skew-x:0;--tw-skew-y:0;--tw-slashed-zero:;--tw-translate-x:0;--tw-translate-y:0;-webkit-text-stroke-width:0px;border:0px solid rgb(229, 231, 235);box-sizing:border-box;font-style:normal;font-variant-caps:normal;font-variant-ligatures:normal;font-weight:500;letter-spacing:normal;orphans:2;scrollbar-color:rgb(200, 208, 215) rgb(255, 255, 255);scrollbar-width:thin;text-align:left;text-decoration-color:initial;text-decoration-style:initial;text-decoration-thickness:initial;text-indent:0px;text-transform:none;white-space:normal;widows:2;word-spacing:0px;\">The Bosch calibration service is fast, precise and reliable.</span></span></p>','left'),(468,'Our calibration services:',NULL,'<ul><li>Cleaning the tool</li><li>Checking the measuring accuracy</li><li>If required: Adjusting of the tool</li><li>Documenting all measured values</li></ul>','left'),(469,'MEASURING TOOL CALIBRATION',NULL,'<p><span style=\"background-color:rgb(255,255,255);color:rgb(50,40,55);font-family:&quot;Open Sans&quot;, sans-serif;font-size:13px;\"><span style=\"--tw-backdrop-blur:;--tw-backdrop-brightness:;--tw-backdrop-contrast:;--tw-backdrop-grayscale:;--tw-backdrop-hue-rotate:;--tw-backdrop-invert:;--tw-backdrop-opacity:;--tw-backdrop-saturate:;--tw-backdrop-sepia:;--tw-blur:;--tw-border-spacing-x:0;--tw-border-spacing-y:0;--tw-brightness:;--tw-contain-layout:;--tw-contain-paint:;--tw-contain-size:;--tw-contain-style:;--tw-contrast:;--tw-drop-shadow:;--tw-gradient-from-position:;--tw-gradient-to-position:;--tw-gradient-via-position:;--tw-grayscale:;--tw-hue-rotate:;--tw-invert:;--tw-numeric-figure:;--tw-numeric-fraction:;--tw-numeric-spacing:;--tw-ordinal:;--tw-pan-x:;--tw-pan-y:;--tw-pinch-zoom:;--tw-ring-color:rgb(59 130 246 / .5);--tw-ring-inset:;--tw-ring-offset-color:#fff;--tw-ring-offset-shadow:0 0 #0000;--tw-ring-offset-width:0px;--tw-ring-shadow:0 0 #0000;--tw-rotate:0;--tw-saturate:;--tw-scale-x:1;--tw-scale-y:1;--tw-scroll-snap-strictness:proximity;--tw-sepia:;--tw-shadow-colored:0 0 #0000;--tw-shadow:0 0 #0000;--tw-skew-x:0;--tw-skew-y:0;--tw-slashed-zero:;--tw-translate-x:0;--tw-translate-y:0;-webkit-text-stroke-width:0px;border:0px solid rgb(229, 231, 235);box-sizing:border-box;font-style:normal;font-variant-caps:normal;font-variant-ligatures:normal;font-weight:500;letter-spacing:normal;orphans:2;scrollbar-color:rgb(200, 208, 215) rgb(255, 255, 255);scrollbar-width:thin;text-align:left;text-decoration-color:initial;text-decoration-style:initial;text-decoration-thickness:initial;text-indent:0px;text-transform:none;white-space:normal;widows:2;word-spacing:0px;\">We take on the job of calibrating your measuring tools so that you can work reliably.</span></span></p><p><span style=\"background-color:rgb(255,255,255);color:rgb(50,40,55);font-family:&quot;Open Sans&quot;, sans-serif;font-size:13px;\"><span style=\"--tw-backdrop-blur:;--tw-backdrop-brightness:;--tw-backdrop-contrast:;--tw-backdrop-grayscale:;--tw-backdrop-hue-rotate:;--tw-backdrop-invert:;--tw-backdrop-opacity:;--tw-backdrop-saturate:;--tw-backdrop-sepia:;--tw-blur:;--tw-border-spacing-x:0;--tw-border-spacing-y:0;--tw-brightness:;--tw-contain-layout:;--tw-contain-paint:;--tw-contain-size:;--tw-contain-style:;--tw-contrast:;--tw-drop-shadow:;--tw-gradient-from-position:;--tw-gradient-to-position:;--tw-gradient-via-position:;--tw-grayscale:;--tw-hue-rotate:;--tw-invert:;--tw-numeric-figure:;--tw-numeric-fraction:;--tw-numeric-spacing:;--tw-ordinal:;--tw-pan-x:;--tw-pan-y:;--tw-pinch-zoom:;--tw-ring-color:rgb(59 130 246 / .5);--tw-ring-inset:;--tw-ring-offset-color:#fff;--tw-ring-offset-shadow:0 0 #0000;--tw-ring-offset-width:0px;--tw-ring-shadow:0 0 #0000;--tw-rotate:0;--tw-saturate:;--tw-scale-x:1;--tw-scale-y:1;--tw-scroll-snap-strictness:proximity;--tw-sepia:;--tw-shadow-colored:0 0 #0000;--tw-shadow:0 0 #0000;--tw-skew-x:0;--tw-skew-y:0;--tw-slashed-zero:;--tw-translate-x:0;--tw-translate-y:0;-webkit-text-stroke-width:0px;border:0px solid rgb(229, 231, 235);box-sizing:border-box;font-style:normal;font-variant-caps:normal;font-variant-ligatures:normal;font-weight:500;letter-spacing:normal;orphans:2;scrollbar-color:rgb(200, 208, 215) rgb(255, 255, 255);scrollbar-width:thin;text-align:left;text-decoration-color:initial;text-decoration-style:initial;text-decoration-thickness:initial;text-indent:0px;text-transform:none;white-space:normal;widows:2;word-spacing:0px;\">The Bosch calibration service is fast, precise and reliable.</span></span></p>','left'),(470,'Our calibration services:',NULL,'<ul><li>Cleaning the tool</li><li>Checking the measuring accuracy</li><li>If required: Adjusting of the tool</li><li>Documenting all measured values</li></ul>','left'),(473,'Complete Powertools Care',NULL,NULL,'left');

--
-- Table structure for table `components_home_about_cmes`
--

CREATE TABLE `components_home_about_cmes` (
  `id` int unsigned NOT NULL AUTO_INCREMENT,
  `title` longtext,
  `sub_title` varchar(255) DEFAULT NULL,
  `description` longtext,
  PRIMARY KEY (`id`)
) ENGINE=InnoDB AUTO_INCREMENT=45 DEFAULT CHARSET=utf8mb4 COLLATE=utf8mb4_0900_ai_ci;

--
-- Dumping data for table `components_home_about_cmes`
--

INSERT INTO `components_home_about_cmes` VALUES (1,'<p><meta charset=\"utf-8\"><span style=\"white-space:pre-wrap;\">A proud member of the<strong> ALFAHIM</strong> Group</span><br>&nbsp;</p>','Central Motors Equipment (CME)','<p><meta charset=\"utf-8\"><span style=\"white-space:pre-wrap;\">Leading provider of premium Automotive Aftermarket, Power Tools, Tyres and their services across the UAE.&nbsp;</span><br>&nbsp;</p>'),(44,'<p><meta charset=\"utf-8\"><span style=\"white-space:pre-wrap;\">A proud member of the<strong> ALFAHIM</strong> Group</span><br>&nbsp;</p>','Central Motors Equipment (CME)','<p><meta charset=\"utf-8\"><span style=\"white-space:pre-wrap;\">Leading provider of premium Automotive Aftermarket, Power Tools, Tyres and their services across the UAE.&nbsp;</span><br>&nbsp;</p>');

--
-- Table structure for table `components_home_about_cmes_cmps`
--

CREATE TABLE `components_home_about_cmes_cmps` (
  `id` int unsigned NOT NULL AUTO_INCREMENT,
  `entity_id` int unsigned DEFAULT NULL,
  `cmp_id` int unsigned DEFAULT NULL,
  `component_type` varchar(255) DEFAULT NULL,
  `field` varchar(255) DEFAULT NULL,
  `order` double unsigned DEFAULT NULL,
  PRIMARY KEY (`id`),
  UNIQUE KEY `components_home_about_cmes_uq` (`entity_id`,`cmp_id`,`field`,`component_type`),
  KEY `components_home_about_cmes_field_idx` (`field`),
  KEY `components_home_about_cmes_component_type_idx` (`component_type`),
  KEY `components_home_about_cmes_entity_fk` (`entity_id`),
  CONSTRAINT `components_home_about_cmes_entity_fk` FOREIGN KEY (`entity_id`) REFERENCES `components_home_about_cmes` (`id`) ON DELETE CASCADE
) ENGINE=InnoDB AUTO_INCREMENT=76 DEFAULT CHARSET=utf8mb4 COLLATE=utf8mb4_0900_ai_ci;

--
-- Dumping data for table `components_home_about_cmes_cmps`
--

INSERT INTO `components_home_about_cmes_cmps` VALUES (1,1,26,'common.link-item','callToAction',NULL),(75,44,1161,'common.link-item','callToAction',NULL);

--
-- Table structure for table `components_home_business_streams`
--

CREATE TABLE `components_home_business_streams` (
  `id` int unsigned NOT NULL AUTO_INCREMENT,
  `title` varchar(255) DEFAULT NULL,
  `sub_title` longtext,
  PRIMARY KEY (`id`)
) ENGINE=InnoDB AUTO_INCREMENT=45 DEFAULT CHARSET=utf8mb4 COLLATE=utf8mb4_0900_ai_ci;

--
-- Dumping data for table `components_home_business_streams`
--

INSERT INTO `components_home_business_streams` VALUES (1,'Explore our key areas  of business expertise and operations','Business Streams'),(44,'Explore our key areas  of business expertise and operations','Business Streams');

--
-- Table structure for table `components_home_business_streams_cmps`
--

CREATE TABLE `components_home_business_streams_cmps` (
  `id` int unsigned NOT NULL AUTO_INCREMENT,
  `entity_id` int unsigned DEFAULT NULL,
  `cmp_id` int unsigned DEFAULT NULL,
  `component_type` varchar(255) DEFAULT NULL,
  `field` varchar(255) DEFAULT NULL,
  `order` double unsigned DEFAULT NULL,
  PRIMARY KEY (`id`),
  UNIQUE KEY `components_home_business_streams_uq` (`entity_id`,`cmp_id`,`field`,`component_type`),
  KEY `components_home_business_streams_field_idx` (`field`),
  KEY `components_home_business_streams_component_type_idx` (`component_type`),
  KEY `components_home_business_streams_entity_fk` (`entity_id`),
  CONSTRAINT `components_home_business_streams_entity_fk` FOREIGN KEY (`entity_id`) REFERENCES `components_home_business_streams` (`id`) ON DELETE CASCADE
) ENGINE=InnoDB AUTO_INCREMENT=88 DEFAULT CHARSET=utf8mb4 COLLATE=utf8mb4_0900_ai_ci;

--
-- Dumping data for table `components_home_business_streams_cmps`
--

INSERT INTO `components_home_business_streams_cmps` VALUES (1,1,49,'common.title-desc-with-img','serviceData',NULL),(87,44,954,'common.title-desc-with-img','serviceData',NULL);

--
-- Table structure for table `components_home_content_sections`
--

CREATE TABLE `components_home_content_sections` (
  `id` int unsigned NOT NULL AUTO_INCREMENT,
  `title` varchar(255) DEFAULT NULL,
  `sub_title` varchar(255) DEFAULT NULL,
  PRIMARY KEY (`id`)
) ENGINE=InnoDB AUTO_INCREMENT=155 DEFAULT CHARSET=utf8mb4 COLLATE=utf8mb4_0900_ai_ci;

--
-- Dumping data for table `components_home_content_sections`
--

INSERT INTO `components_home_content_sections` VALUES (1,'Live from Our Socials','Catch the latest updates, stories, and moments as they happen.'),(2,'Our Locations','Locate our branches across the regions'),(5,'Trusted Brand','We partner with industry-leading brands to deliver exceptional quality and reliability'),(84,'Live from Our Socials','Catch the latest updates, stories, and moments as they happen.'),(86,'Live from Our Socials','Catch the latest updates, stories, and moments as they happen.'),(87,'Live from Our Socials','Catch the latest updates, stories, and moments as they happen.'),(88,'Live from Our Socials','Catch the latest updates, stories, and moments as they happen.'),(123,'Live from Our Socials','Catch the latest updates, stories, and moments as they happen.'),(133,'Live from Our Socials','Catch the latest updates, stories, and moments as they happen.'),(152,'Trusted Brand','We partner with industry-leading brands to deliver exceptional quality and reliability'),(153,'Live from Our Socials','Catch the latest updates, stories, and moments as they happen.'),(154,'Our Locations','Locate our branches across the regions');

--
-- Table structure for table `components_home_logos`
--

CREATE TABLE `components_home_logos` (
  `id` int unsigned NOT NULL AUTO_INCREMENT,
  `title` varchar(255) DEFAULT NULL,
  PRIMARY KEY (`id`)
) ENGINE=InnoDB AUTO_INCREMENT=318 DEFAULT CHARSET=utf8mb4 COLLATE=utf8mb4_0900_ai_ci;

--
-- Dumping data for table `components_home_logos`
--

INSERT INTO `components_home_logos` VALUES (1,NULL),(24,NULL),(52,'AZPI'),(53,'SICAM'),(54,NULL),(55,NULL),(56,NULL),(57,NULL),(58,NULL),(309,NULL),(310,NULL),(311,'AZPI'),(312,'SICAM'),(313,NULL),(314,NULL),(315,NULL),(316,NULL),(317,NULL);

--
-- Table structure for table `components_home_trusted_sections`
--

CREATE TABLE `components_home_trusted_sections` (
  `id` int unsigned NOT NULL AUTO_INCREMENT,
  `title` varchar(255) DEFAULT NULL,
  `sub_title` varchar(255) DEFAULT NULL,
  PRIMARY KEY (`id`)
) ENGINE=InnoDB AUTO_INCREMENT=45 DEFAULT CHARSET=utf8mb4 COLLATE=utf8mb4_0900_ai_ci;

--
-- Dumping data for table `components_home_trusted_sections`
--

INSERT INTO `components_home_trusted_sections` VALUES (1,'Trusted Brand',NULL),(44,'Trusted Brand',NULL);

--
-- Table structure for table `components_home_trusted_sections_cmps`
--

CREATE TABLE `components_home_trusted_sections_cmps` (
  `id` int unsigned NOT NULL AUTO_INCREMENT,
  `entity_id` int unsigned DEFAULT NULL,
  `cmp_id` int unsigned DEFAULT NULL,
  `component_type` varchar(255) DEFAULT NULL,
  `field` varchar(255) DEFAULT NULL,
  `order` double unsigned DEFAULT NULL,
  PRIMARY KEY (`id`),
  UNIQUE KEY `components_home_trusted_sections_uq` (`entity_id`,`cmp_id`,`field`,`component_type`),
  KEY `components_home_trusted_sections_field_idx` (`field`),
  KEY `components_home_trusted_sections_component_type_idx` (`component_type`),
  KEY `components_home_trusted_sections_entity_fk` (`entity_id`),
  CONSTRAINT `components_home_trusted_sections_entity_fk` FOREIGN KEY (`entity_id`) REFERENCES `components_home_trusted_sections` (`id`) ON DELETE CASCADE
) ENGINE=InnoDB AUTO_INCREMENT=629 DEFAULT CHARSET=utf8mb4 COLLATE=utf8mb4_0900_ai_ci;

--
-- Dumping data for table `components_home_trusted_sections_cmps`
--

INSERT INTO `components_home_trusted_sections_cmps` VALUES (1,1,1,'home.logos','items',1),(35,1,24,'home.logos','items',2),(92,1,52,'home.logos','items',3),(93,1,53,'home.logos','items',4),(94,1,54,'home.logos','items',5),(95,1,55,'home.logos','items',6),(96,1,56,'home.logos','items',7),(97,1,57,'home.logos','items',8),(98,1,58,'home.logos','items',9),(620,44,309,'home.logos','items',1),(621,44,310,'home.logos','items',2),(622,44,311,'home.logos','items',3),(623,44,312,'home.logos','items',4),(624,44,313,'home.logos','items',5),(625,44,314,'home.logos','items',6),(626,44,315,'home.logos','items',7),(627,44,316,'home.logos','items',8),(628,44,317,'home.logos','items',9);

--
-- Table structure for table `components_service_landing_our_services`
--

CREATE TABLE `components_service_landing_our_services` (
  `id` int unsigned NOT NULL AUTO_INCREMENT,
  `title` varchar(255) DEFAULT NULL,
  `description` longtext,
  PRIMARY KEY (`id`)
) ENGINE=InnoDB AUTO_INCREMENT=17 DEFAULT CHARSET=utf8mb4 COLLATE=utf8mb4_0900_ai_ci;

--
-- Dumping data for table `components_service_landing_our_services`
--

INSERT INTO `components_service_landing_our_services` VALUES (1,'Complete Tyre Care','Professional fitting, balancing, repairs, and maintenance to keep your tyres performing at their best.'),(4,NULL,NULL),(8,NULL,NULL),(10,'ar service',NULL),(13,'ar service',NULL),(14,NULL,NULL),(15,'Complete Tyre Care','Professional fitting, balancing, repairs, and maintenance to keep your tyres performing at their best.'),(16,NULL,NULL);

--
-- Table structure for table `components_service_landing_ser54cca_branch_location_lnk`
--

CREATE TABLE `components_service_landing_ser54cca_branch_location_lnk` (
  `id` int unsigned NOT NULL AUTO_INCREMENT,
  `service_locations_id` int unsigned DEFAULT NULL,
  `branch_location_id` int unsigned DEFAULT NULL,
  PRIMARY KEY (`id`),
  UNIQUE KEY `components_service_landing_ser54cca_branch_loca44487_uq` (`service_locations_id`,`branch_location_id`),
  KEY `components_service_landing_ser54cca_branch_loca44487_fk` (`service_locations_id`),
  KEY `components_service_landing_ser54cca_branch_loc44487_ifk` (`branch_location_id`),
  CONSTRAINT `components_service_landing_ser54cca_branch_loc44487_ifk` FOREIGN KEY (`branch_location_id`) REFERENCES `branch_locations` (`id`) ON DELETE CASCADE,
  CONSTRAINT `components_service_landing_ser54cca_branch_loca44487_fk` FOREIGN KEY (`service_locations_id`) REFERENCES `components_service_landing_service_locations` (`id`) ON DELETE CASCADE
) ENGINE=InnoDB AUTO_INCREMENT=32 DEFAULT CHARSET=utf8mb4 COLLATE=utf8mb4_0900_ai_ci;

--
-- Dumping data for table `components_service_landing_ser54cca_branch_location_lnk`
--

INSERT INTO `components_service_landing_ser54cca_branch_location_lnk` VALUES (10,1,1),(11,4,4),(30,35,3),(31,36,6);

--
-- Table structure for table `components_service_landing_service_form_blks`
--

CREATE TABLE `components_service_landing_service_form_blks` (
  `id` int unsigned NOT NULL AUTO_INCREMENT,
  `title` longtext,
  `sub_heading` varchar(255) DEFAULT NULL,
  `description` longtext,
  PRIMARY KEY (`id`)
) ENGINE=InnoDB DEFAULT CHARSET=utf8mb4 COLLATE=utf8mb4_0900_ai_ci;

--
-- Dumping data for table `components_service_landing_service_form_blks`
--


--
-- Table structure for table `components_service_landing_service_form_blks_cmps`
--

CREATE TABLE `components_service_landing_service_form_blks_cmps` (
  `id` int unsigned NOT NULL AUTO_INCREMENT,
  `entity_id` int unsigned DEFAULT NULL,
  `cmp_id` int unsigned DEFAULT NULL,
  `component_type` varchar(255) DEFAULT NULL,
  `field` varchar(255) DEFAULT NULL,
  `order` double unsigned DEFAULT NULL,
  PRIMARY KEY (`id`),
  UNIQUE KEY `components_service_landing_service_form_blks_uq` (`entity_id`,`cmp_id`,`field`,`component_type`),
  KEY `components_service_landing_service_form_blks_field_idx` (`field`),
  KEY `components_service_landing_serve2d51_component_type_idx` (`component_type`),
  KEY `components_service_landing_service_form_blks_entity_fk` (`entity_id`),
  CONSTRAINT `components_service_landing_service_form_blks_entity_fk` FOREIGN KEY (`entity_id`) REFERENCES `components_service_landing_service_form_blks` (`id`) ON DELETE CASCADE
) ENGINE=InnoDB DEFAULT CHARSET=utf8mb4 COLLATE=utf8mb4_0900_ai_ci;

--
-- Dumping data for table `components_service_landing_service_form_blks_cmps`
--


--
-- Table structure for table `components_service_landing_service_locations`
--

CREATE TABLE `components_service_landing_service_locations` (
  `id` int unsigned NOT NULL AUTO_INCREMENT,
  `title` varchar(255) DEFAULT NULL,
  `slug` varchar(255) DEFAULT NULL,
  `address` longtext,
  `embeded_map_url` longtext,
  `map_url` longtext,
  PRIMARY KEY (`id`)
) ENGINE=InnoDB AUTO_INCREMENT=37 DEFAULT CHARSET=utf8mb4 COLLATE=utf8mb4_0900_ai_ci;

--
-- Dumping data for table `components_service_landing_service_locations`
--

INSERT INTO `components_service_landing_service_locations` VALUES (1,'Bosch Car Service – Bosch Diesel Service – Dubai',NULL,'Address: 17, 14b Street, Al Quoz Industrial Area 2, Dubai - 26255\nTel: +971 4 309 0900','https://www.google.com/maps/embed?pb=!1m18!1m12!1m3!1d5634.436073124786!2d55.22934783762082!3d25.13368982406819!2m3!1f0!2f0!3f0!3m2!1i1024!2i768!4f13.1!3m3!1m2!1s0x3e5f69106833a325%3A0xb6f44bfa012414d3!2sCME%20Bosch%20Car%20Service!5e1!3m2!1sen!2sin!4v1768397496806!5m2!1sen!2sin',NULL),(4,'Central Motors and Equipment – AbuDhabi Branch',NULL,'Address: 37/1, 16 Street, M 15, Mussafah, Abu Dhabi - 71343\nTel: +971 2401 7753/ +971 2 401 7719','https://www.google.com/maps/embed?pb=!1m18!1m12!1m3!1d2834.507353749197!2d54.4850626740497!3d24.373424364575673!2m3!1f0!2f0!3f0!3m2!1i1024!2i768!4f13.1!3m3!1m2!1s0x3e5e4152bc4cc43d%3A0x1198e64599eddbd!2sCentral%20Motors%20%26%20Equipment%20-%20Abu%20Dhabi%20Branch!5e1!3m2!1sen!2sin!4v1768397377151!5m2!1sen!2sin',NULL),(25,'Bosch Car Service – Bosch Diesel Service – Dubai',NULL,'Address: 17, 14b Street, Al Quoz Industrial Area 2, Dubai - 26255\nTel: +971 4 309 0900','https://www.google.com/maps/embed?pb=!1m18!1m12!1m3!1d5634.436073124786!2d55.22934783762082!3d25.13368982406819!2m3!1f0!2f0!3f0!3m2!1i1024!2i768!4f13.1!3m3!1m2!1s0x3e5f69106833a325%3A0xb6f44bfa012414d3!2sCME%20Bosch%20Car%20Service!5e1!3m2!1sen!2sin!4v1768397496806!5m2!1sen!2sin',NULL),(26,'Central Motors and Equipment – AbuDhabi Branch',NULL,'Address: 37/1, 16 Street, M 15, Mussafah, Abu Dhabi - 71343\nTel: +971 2401 7753/ +971 2 401 7719','https://www.google.com/maps/embed?pb=!1m18!1m12!1m3!1d2834.507353749197!2d54.4850626740497!3d24.373424364575673!2m3!1f0!2f0!3f0!3m2!1i1024!2i768!4f13.1!3m3!1m2!1s0x3e5e4152bc4cc43d%3A0x1198e64599eddbd!2sCentral%20Motors%20%26%20Equipment%20-%20Abu%20Dhabi%20Branch!5e1!3m2!1sen!2sin!4v1768397377151!5m2!1sen!2sin',NULL),(27,'Bosch Car Service – Bosch Diesel Service – Dubai',NULL,'Address: 17, 14b Street, Al Quoz Industrial Area 2, Dubai - 26255\nTel: +971 4 309 0900','https://www.google.com/maps/embed?pb=!1m18!1m12!1m3!1d5634.436073124786!2d55.22934783762082!3d25.13368982406819!2m3!1f0!2f0!3f0!3m2!1i1024!2i768!4f13.1!3m3!1m2!1s0x3e5f69106833a325%3A0xb6f44bfa012414d3!2sCME%20Bosch%20Car%20Service!5e1!3m2!1sen!2sin!4v1768397496806!5m2!1sen!2sin',NULL),(28,'Central Motors and Equipment – AbuDhabi Branch',NULL,'Address: 37/1, 16 Street, M 15, Mussafah, Abu Dhabi - 71343\nTel: +971 2401 7753/ +971 2 401 7719','https://www.google.com/maps/embed?pb=!1m18!1m12!1m3!1d2834.507353749197!2d54.4850626740497!3d24.373424364575673!2m3!1f0!2f0!3f0!3m2!1i1024!2i768!4f13.1!3m3!1m2!1s0x3e5e4152bc4cc43d%3A0x1198e64599eddbd!2sCentral%20Motors%20%26%20Equipment%20-%20Abu%20Dhabi%20Branch!5e1!3m2!1sen!2sin!4v1768397377151!5m2!1sen!2sin',NULL),(35,'Bosch Car Service – Bosch Diesel Service – Dubai',NULL,'Address: 17, 14b Street, Al Quoz Industrial Area 2, Dubai - 26255\nTel: +971 4 309 0900','https://www.google.com/maps/embed?pb=!1m18!1m12!1m3!1d5634.436073124786!2d55.22934783762082!3d25.13368982406819!2m3!1f0!2f0!3f0!3m2!1i1024!2i768!4f13.1!3m3!1m2!1s0x3e5f69106833a325%3A0xb6f44bfa012414d3!2sCME%20Bosch%20Car%20Service!5e1!3m2!1sen!2sin!4v1768397496806!5m2!1sen!2sin',NULL),(36,'Central Motors and Equipment – AbuDhabi Branch',NULL,'Address: 37/1, 16 Street, M 15, Mussafah, Abu Dhabi - 71343\nTel: +971 2401 7753/ +971 2 401 7719','https://www.google.com/maps/embed?pb=!1m18!1m12!1m3!1d2834.507353749197!2d54.4850626740497!3d24.373424364575673!2m3!1f0!2f0!3f0!3m2!1i1024!2i768!4f13.1!3m3!1m2!1s0x3e5e4152bc4cc43d%3A0x1198e64599eddbd!2sCentral%20Motors%20%26%20Equipment%20-%20Abu%20Dhabi%20Branch!5e1!3m2!1sen!2sin!4v1768397377151!5m2!1sen!2sin',NULL);

--
-- Table structure for table `components_service_landing_service_locations_cmps`
--

CREATE TABLE `components_service_landing_service_locations_cmps` (
  `id` int unsigned NOT NULL AUTO_INCREMENT,
  `entity_id` int unsigned DEFAULT NULL,
  `cmp_id` int unsigned DEFAULT NULL,
  `component_type` varchar(255) DEFAULT NULL,
  `field` varchar(255) DEFAULT NULL,
  `order` double unsigned DEFAULT NULL,
  PRIMARY KEY (`id`),
  UNIQUE KEY `components_service_landing_service_locations_uq` (`entity_id`,`cmp_id`,`field`,`component_type`),
  KEY `components_service_landing_service_locations_field_idx` (`field`),
  KEY `components_service_landing_serv54cca_component_type_idx` (`component_type`),
  KEY `components_service_landing_service_locations_entity_fk` (`entity_id`),
  CONSTRAINT `components_service_landing_service_locations_entity_fk` FOREIGN KEY (`entity_id`) REFERENCES `components_service_landing_service_locations` (`id`) ON DELETE CASCADE
) ENGINE=InnoDB DEFAULT CHARSET=utf8mb4 COLLATE=utf8mb4_0900_ai_ci;

--
-- Dumping data for table `components_service_landing_service_locations_cmps`
--


--
-- Table structure for table `contact_enquiries`
--

CREATE TABLE `contact_enquiries` (
  `id` int unsigned NOT NULL AUTO_INCREMENT,
  `document_id` varchar(255) DEFAULT NULL,
  `full_name` varchar(255) DEFAULT NULL,
  `email` varchar(255) DEFAULT NULL,
  `phone_number` varchar(255) DEFAULT NULL,
  `message` longtext,
  `created_at` datetime(6) DEFAULT NULL,
  `updated_at` datetime(6) DEFAULT NULL,
  `published_at` datetime(6) DEFAULT NULL,
  `created_by_id` int unsigned DEFAULT NULL,
  `updated_by_id` int unsigned DEFAULT NULL,
  `locale` varchar(255) DEFAULT NULL,
  `enquiry_type` varchar(255) DEFAULT NULL,
  PRIMARY KEY (`id`),
  KEY `contact_enquiries_documents_idx` (`document_id`,`locale`,`published_at`),
  KEY `contact_enquiries_created_by_id_fk` (`created_by_id`),
  KEY `contact_enquiries_updated_by_id_fk` (`updated_by_id`),
  CONSTRAINT `contact_enquiries_created_by_id_fk` FOREIGN KEY (`created_by_id`) REFERENCES `admin_users` (`id`) ON DELETE SET NULL,
  CONSTRAINT `contact_enquiries_updated_by_id_fk` FOREIGN KEY (`updated_by_id`) REFERENCES `admin_users` (`id`) ON DELETE SET NULL
) ENGINE=InnoDB AUTO_INCREMENT=43 DEFAULT CHARSET=utf8mb4 COLLATE=utf8mb4_0900_ai_ci;

--
-- Dumping data for table `contact_enquiries`
--

INSERT INTO `contact_enquiries` VALUES (19,'tklk6p7iwlq2w8rep07pffsg','Neeraj N','neeraj@ispgweb.com','971506632012','Test','2026-02-25 10:53:33.472000','2026-02-25 10:53:33.472000',NULL,NULL,NULL,'en','automotive'),(20,'tklk6p7iwlq2w8rep07pffsg','Neeraj N','neeraj@ispgweb.com','971506632012','Test','2026-02-25 10:53:33.472000','2026-02-25 10:53:33.472000','2026-02-25 10:53:33.560000',NULL,NULL,'en','automotive'),(21,'tmv9rmq27mytbjq7idlt8ouz','Neeraj N','neeraj@ispgweb.com','971506632310','asfaf','2026-03-09 09:58:11.879000','2026-03-09 09:58:11.879000',NULL,NULL,NULL,'en','automotive'),(22,'tmv9rmq27mytbjq7idlt8ouz','Neeraj N','neeraj@ispgweb.com','971506632310','asfaf','2026-03-09 09:58:11.879000','2026-03-09 09:58:11.879000','2026-03-09 09:58:11.965000',NULL,NULL,'en','automotive'),(23,'j7lvxrw5l7dc07k0q9hljv4n','Nimisha Raichel Varghese','nimisha@ispgweb.com','971908989890','testr','2026-03-20 07:37:51.509000','2026-03-20 07:37:51.509000',NULL,NULL,NULL,'en','power-tools'),(24,'j7lvxrw5l7dc07k0q9hljv4n','Nimisha Raichel Varghese','nimisha@ispgweb.com','971908989890','testr','2026-03-20 07:37:51.509000','2026-03-20 07:37:51.509000','2026-03-20 07:37:51.641000',NULL,NULL,'en','power-tools'),(25,'oyf43pj8cpc6g9vm9746qx6b','Nimisha Raichel Varghese','nimisha@ispgweb.com','971999677990','test','2026-03-20 09:15:16.291000','2026-03-20 09:15:16.291000',NULL,NULL,NULL,'en','tyres'),(26,'oyf43pj8cpc6g9vm9746qx6b','Nimisha Raichel Varghese','nimisha@ispgweb.com','971999677990','test','2026-03-20 09:15:16.291000','2026-03-20 09:15:16.291000','2026-03-20 09:15:16.402000',NULL,NULL,'en','tyres'),(27,'s4fb0v8vqmihqf3ffopuyv0j','Nimisha Raichel Varghese','nimisha@ispgweb.com','971909098989','test','2026-03-27 09:16:24.850000','2026-03-27 09:16:24.850000',NULL,NULL,NULL,'en','automotive'),(28,'s4fb0v8vqmihqf3ffopuyv0j','Nimisha Raichel Varghese','nimisha@ispgweb.com','971909098989','test','2026-03-27 09:16:24.850000','2026-03-27 09:16:24.850000','2026-03-27 09:16:24.940000',NULL,NULL,'en','automotive'),(29,'ghidqgeubyii0y0dsfzixsat','Bini','bini@gmail.com','971509832340','ok','2026-04-21 10:20:33.222000','2026-04-21 10:20:33.222000',NULL,NULL,NULL,'en','automotive'),(30,'ghidqgeubyii0y0dsfzixsat','Bini','bini@gmail.com','971509832340','ok','2026-04-21 10:20:33.222000','2026-04-21 10:20:33.222000','2026-04-21 10:20:33.319000',NULL,NULL,'en','automotive'),(31,'kmw16dlkn3cck9ntv5o7sm4u','Ram','ram@mailinator.com','971557678990','ok','2026-04-21 13:37:37.335000','2026-04-21 13:37:37.335000',NULL,NULL,NULL,'en','power-tools'),(32,'kmw16dlkn3cck9ntv5o7sm4u','Ram','ram@mailinator.com','971557678990','ok','2026-04-21 13:37:37.335000','2026-04-21 13:37:37.335000','2026-04-21 13:37:37.422000',NULL,NULL,'en','power-tools'),(33,'limk9vxuv05j93wto3trnshg','Salini','salini@yopmail.com','971554678903','afsdg','2026-04-22 07:06:02.294000','2026-04-22 07:06:02.294000',NULL,NULL,NULL,'en','power-tools'),(34,'limk9vxuv05j93wto3trnshg','Salini','salini@yopmail.com','971554678903','afsdg','2026-04-22 07:06:02.294000','2026-04-22 07:06:02.294000','2026-04-22 07:06:02.405000',NULL,NULL,'en','power-tools'),(35,'oud1h5q0hrk4w77lirzivygj','Mini','mini@gmail.com','971556947582','Automotive ','2026-04-27 06:27:52.041000','2026-04-27 06:27:52.041000',NULL,NULL,NULL,'en','automotive'),(36,'oud1h5q0hrk4w77lirzivygj','Mini','mini@gmail.com','971556947582','Automotive ','2026-04-27 06:27:52.041000','2026-04-27 06:27:52.041000','2026-04-27 06:27:52.134000',NULL,NULL,'en','automotive'),(37,'oqtabf0wunormto8qkh7r5ym','Resmi Vipin','resmi.vipin@ispgweb.com','971556543453','test','2026-05-07 17:09:06.275000','2026-05-07 17:09:06.275000',NULL,NULL,NULL,'en','automotive'),(38,'oqtabf0wunormto8qkh7r5ym','Resmi Vipin','resmi.vipin@ispgweb.com','971556543453','test','2026-05-07 17:09:06.275000','2026-05-07 17:09:06.275000','2026-05-07 17:09:06.373000',NULL,NULL,'en','automotive'),(39,'yu47jvf5rkohwoii1yv6gsvh','test','test@test.com','971123456789','test','2026-05-19 09:40:38.097000','2026-05-19 09:40:38.097000',NULL,NULL,NULL,'en','automotive'),(40,'yu47jvf5rkohwoii1yv6gsvh','test','test@test.com','971123456789','test','2026-05-19 09:40:38.097000','2026-05-19 09:40:38.097000','2026-05-19 09:40:38.195000',NULL,NULL,'en','automotive'),(41,'jsd5d8lmn9ur3eq6b6sx23d3','akshay k','akshaykumar@ispgweb.com','971123456789','test mesage','2026-06-15 07:18:40.394000','2026-06-15 07:18:40.394000',NULL,NULL,NULL,'en','automotive'),(42,'jsd5d8lmn9ur3eq6b6sx23d3','akshay k','akshaykumar@ispgweb.com','971123456789','test mesage','2026-06-15 07:18:40.394000','2026-06-15 07:18:40.394000','2026-06-15 07:18:40.513000',NULL,NULL,'en','automotive');

--
-- Table structure for table `contact_uses`
--

CREATE TABLE `contact_uses` (
  `id` int unsigned NOT NULL AUTO_INCREMENT,
  `document_id` varchar(255) DEFAULT NULL,
  `form_title` varchar(255) DEFAULT NULL,
  `created_at` datetime(6) DEFAULT NULL,
  `updated_at` datetime(6) DEFAULT NULL,
  `published_at` datetime(6) DEFAULT NULL,
  `created_by_id` int unsigned DEFAULT NULL,
  `updated_by_id` int unsigned DEFAULT NULL,
  `locale` varchar(255) DEFAULT NULL,
  PRIMARY KEY (`id`),
  KEY `contact_uses_documents_idx` (`document_id`,`locale`,`published_at`),
  KEY `contact_uses_created_by_id_fk` (`created_by_id`),
  KEY `contact_uses_updated_by_id_fk` (`updated_by_id`),
  CONSTRAINT `contact_uses_created_by_id_fk` FOREIGN KEY (`created_by_id`) REFERENCES `admin_users` (`id`) ON DELETE SET NULL,
  CONSTRAINT `contact_uses_updated_by_id_fk` FOREIGN KEY (`updated_by_id`) REFERENCES `admin_users` (`id`) ON DELETE SET NULL
) ENGINE=InnoDB AUTO_INCREMENT=22 DEFAULT CHARSET=utf8mb4 COLLATE=utf8mb4_0900_ai_ci;

--
-- Dumping data for table `contact_uses`
--

INSERT INTO `contact_uses` VALUES (1,'n131z89l7hx88bwzwn5verb4','At your Service. We would like to hear from you!','2025-12-12 06:37:52.481000','2026-06-29 10:26:37.719000',NULL,1,1,'en'),(21,'n131z89l7hx88bwzwn5verb4','At your Service. We would like to hear from you!','2025-12-12 06:37:52.481000','2026-06-29 10:26:37.719000','2026-06-29 10:26:39.196000',1,1,'en');

--
-- Table structure for table `contact_uses_cmps`
--

CREATE TABLE `contact_uses_cmps` (
  `id` int unsigned NOT NULL AUTO_INCREMENT,
  `entity_id` int unsigned DEFAULT NULL,
  `cmp_id` int unsigned DEFAULT NULL,
  `component_type` varchar(255) DEFAULT NULL,
  `field` varchar(255) DEFAULT NULL,
  `order` double unsigned DEFAULT NULL,
  PRIMARY KEY (`id`),
  UNIQUE KEY `contact_uses_uq` (`entity_id`,`cmp_id`,`field`,`component_type`),
  KEY `contact_uses_field_idx` (`field`),
  KEY `contact_uses_component_type_idx` (`component_type`),
  KEY `contact_uses_entity_fk` (`entity_id`),
  CONSTRAINT `contact_uses_entity_fk` FOREIGN KEY (`entity_id`) REFERENCES `contact_uses` (`id`) ON DELETE CASCADE
) ENGINE=InnoDB AUTO_INCREMENT=87 DEFAULT CHARSET=utf8mb4 COLLATE=utf8mb4_0900_ai_ci;

--
-- Dumping data for table `contact_uses_cmps`
--

INSERT INTO `contact_uses_cmps` VALUES (1,1,20,'common.banner','banner',1),(14,1,1,'common.box-component','boxComponent',3),(35,1,66,'common.seo','seo',2),(84,21,461,'common.banner','banner',1),(85,21,15,'common.box-component','boxComponent',NULL),(86,21,255,'common.seo','seo',NULL);

--
-- Table structure for table `contact_uses_locations_lnk`
--

CREATE TABLE `contact_uses_locations_lnk` (
  `id` int unsigned NOT NULL AUTO_INCREMENT,
  `contact_us_id` int unsigned DEFAULT NULL,
  `branch_location_id` int unsigned DEFAULT NULL,
  `branch_location_ord` double unsigned DEFAULT NULL,
  PRIMARY KEY (`id`),
  UNIQUE KEY `contact_uses_locations_lnk_uq` (`contact_us_id`,`branch_location_id`),
  KEY `contact_uses_locations_lnk_fk` (`contact_us_id`),
  KEY `contact_uses_locations_lnk_ifk` (`branch_location_id`),
  KEY `contact_uses_locations_lnk_ofk` (`branch_location_ord`),
  CONSTRAINT `contact_uses_locations_lnk_fk` FOREIGN KEY (`contact_us_id`) REFERENCES `contact_uses` (`id`) ON DELETE CASCADE,
  CONSTRAINT `contact_uses_locations_lnk_ifk` FOREIGN KEY (`branch_location_id`) REFERENCES `branch_locations` (`id`) ON DELETE CASCADE
) ENGINE=InnoDB DEFAULT CHARSET=utf8mb4 COLLATE=utf8mb4_0900_ai_ci;

--
-- Dumping data for table `contact_uses_locations_lnk`
--


--
-- Table structure for table `files_folder_lnk`
--

CREATE TABLE `files_folder_lnk` (
  `id` int unsigned NOT NULL AUTO_INCREMENT,
  `file_id` int unsigned DEFAULT NULL,
  `folder_id` int unsigned DEFAULT NULL,
  `file_ord` double unsigned DEFAULT NULL,
  PRIMARY KEY (`id`),
  UNIQUE KEY `files_folder_lnk_uq` (`file_id`,`folder_id`),
  KEY `files_folder_lnk_fk` (`file_id`),
  KEY `files_folder_lnk_ifk` (`folder_id`),
  KEY `files_folder_lnk_oifk` (`file_ord`),
  CONSTRAINT `files_folder_lnk_fk` FOREIGN KEY (`file_id`) REFERENCES `files` (`id`) ON DELETE CASCADE,
  CONSTRAINT `files_folder_lnk_ifk` FOREIGN KEY (`folder_id`) REFERENCES `upload_folders` (`id`) ON DELETE CASCADE
) ENGINE=InnoDB AUTO_INCREMENT=393 DEFAULT CHARSET=utf8mb4 COLLATE=utf8mb4_0900_ai_ci;

--
-- Dumping data for table `files_folder_lnk`
--

INSERT INTO `files_folder_lnk` VALUES (3,14,1,1),(4,16,1,2),(7,19,3,1),(8,20,4,1),(9,21,5,1),(10,22,6,1),(11,23,6,1),(12,24,6,1),(13,25,6,2),(14,26,6,3),(15,27,6,3),(16,28,6,4),(17,29,6,4),(18,30,6,5),(19,31,1,3),(20,32,7,1),(21,33,7,1),(22,34,7,1),(23,35,7,2),(24,36,7,2),(25,37,7,2),(26,38,8,1),(27,39,8,2),(28,40,8,3),(29,41,1,4),(32,44,10,1),(33,45,9,1),(34,46,12,1),(36,48,11,1),(37,49,12,3),(38,50,13,1),(39,51,13,1),(40,52,13,2),(41,53,13,3),(42,54,13,4),(43,55,13,5),(44,56,14,1),(47,58,14,3),(50,60,15,1),(51,61,15,2),(52,62,15,3),(53,63,15,3),(54,64,16,1),(55,65,16,2),(56,66,16,3),(57,67,16,4),(58,68,16,4),(59,69,15,4),(60,70,10,2),(61,71,10,3),(62,72,10,4),(63,73,10,5),(64,74,10,5),(65,75,10,5),(72,85,7,3),(73,86,7,4),(74,87,17,1),(75,88,17,2),(76,89,17,3),(77,90,17,4),(78,91,17,5),(79,92,17,6),(80,93,14,4),(90,117,18,1),(91,118,18,2),(92,119,18,3),(93,120,18,4),(94,121,18,5),(95,122,18,6),(96,123,18,7),(97,124,18,7),(98,126,18,8),(99,127,18,9),(100,128,18,10),(103,136,20,1),(105,204,13,6),(106,205,13,7),(110,206,2,1),(113,207,5,2),(114,216,21,1),(115,217,21,1),(116,218,21,1),(117,219,21,1),(118,220,21,2),(119,221,21,3),(120,222,22,1),(121,223,6,6),(122,224,6,7),(123,225,6,8),(124,226,6,9),(125,227,6,10),(126,228,6,11),(127,229,6,12),(128,230,6,13),(129,231,6,14),(130,232,6,15),(131,233,6,16),(132,234,6,17),(133,235,6,18),(134,236,6,19),(135,237,6,20),(136,238,6,21),(137,239,17,7),(138,240,17,8),(139,241,17,9),(144,245,18,NULL),(146,246,15,5),(147,247,15,6),(148,248,15,6),(149,249,15,7),(150,250,15,7),(151,251,15,8),(152,252,15,8),(153,253,15,9),(154,254,15,10),(155,255,23,1),(160,260,24,2),(170,268,26,1),(172,270,26,2),(174,271,27,1),(180,277,27,7),(181,278,27,8),(182,279,28,1),(183,280,28,2),(184,281,28,3),(185,282,28,4),(186,283,28,5),(187,284,29,1),(188,285,29,2),(189,286,29,3),(190,287,29,4),(191,288,29,5),(192,289,29,6),(193,290,29,7),(194,291,25,1),(195,292,25,2),(196,293,25,3),(197,294,25,3),(198,295,25,4),(199,296,25,5),(200,297,25,5),(201,298,25,6),(202,299,27,9),(203,300,27,10),(204,301,27,11),(205,302,27,12),(206,303,27,13),(208,305,24,3),(209,306,24,4),(210,307,24,5),(211,308,30,1),(212,309,30,2),(213,310,30,3),(214,311,30,4),(215,312,31,1),(216,313,14,5),(217,314,14,5),(218,315,32,1),(219,316,32,2),(220,317,32,3),(221,318,32,4),(222,319,32,5),(223,320,32,6),(224,321,32,7),(225,322,32,8),(226,323,6,22),(227,324,6,22),(228,325,6,23),(229,326,6,24),(230,328,6,25),(231,327,6,25),(232,329,6,25),(233,330,6,25),(234,331,6,26),(235,332,6,26),(236,333,6,27),(237,334,6,28),(238,335,6,29),(239,336,2,2),(240,337,20,2),(241,338,18,11),(242,353,34,1),(243,354,35,1),(244,355,35,2),(245,356,36,1),(246,357,36,1),(247,358,36,2),(248,362,19,2),(249,366,37,1),(250,367,37,2),(251,368,37,3),(252,369,37,4),(253,370,37,5),(254,371,37,6),(255,372,39,1),(256,373,39,2),(257,374,39,2),(258,375,39,3),(259,376,39,4),(260,377,39,5),(261,378,39,6),(262,379,39,7),(263,380,39,8),(264,381,40,1),(265,382,40,2),(266,383,40,3),(267,384,40,4),(268,385,40,5),(269,386,40,6),(270,387,40,7),(271,388,40,8),(272,389,41,1),(273,390,41,2),(274,391,41,3),(275,392,41,4),(276,393,41,5),(277,394,41,6),(278,395,41,7),(279,396,41,8),(281,397,38,1),(283,399,42,1),(284,400,43,1),(285,401,43,2),(286,402,43,3),(287,403,43,3),(288,404,43,3),(289,405,43,4),(290,406,43,4),(291,407,43,5),(293,408,44,1),(294,410,44,2),(295,411,44,2),(296,409,44,2),(297,412,44,2),(298,413,44,3),(299,414,44,4),(300,415,44,5),(303,416,45,1),(304,417,45,1),(305,418,45,1),(306,419,45,2),(307,420,45,3),(308,421,45,3),(309,422,45,4),(310,423,45,5),(311,424,45,5),(314,425,13,8),(315,426,47,1),(316,427,47,1),(317,428,47,1),(318,429,47,1),(319,430,47,2),(320,431,47,2),(321,432,47,2),(322,433,47,3),(323,434,47,4),(324,435,50,1),(325,436,50,2),(326,437,50,2),(327,438,50,2),(328,439,50,3),(329,440,50,4),(330,441,50,5),(331,442,50,6),(332,443,50,7),(333,444,50,8),(334,445,50,9),(335,446,50,10),(336,447,50,11),(337,448,50,12),(339,449,48,1),(340,450,48,1),(341,451,49,1),(342,452,49,2),(343,453,49,3),(344,454,50,13),(345,455,26,3),(346,456,26,4),(347,457,26,5),(348,458,26,5),(349,459,26,5),(350,460,26,5),(351,461,26,5),(352,462,26,6),(353,463,26,6),(354,464,26,6),(355,465,26,7),(356,466,26,7),(357,467,26,7),(358,494,51,1),(359,495,51,2),(361,497,52,1),(362,498,52,2),(363,499,52,3),(364,501,21,4),(365,502,53,1),(366,503,53,2),(369,505,14,6),(370,506,13,9),(371,508,33,1),(374,511,33,3),(375,512,6,30),(376,513,6,31),(377,514,6,32),(378,516,3,2),(379,517,33,4),(380,518,13,10),(381,519,13,11),(382,520,33,5),(383,521,53,3),(384,522,54,1),(385,523,54,2),(386,524,53,4),(387,525,55,1),(388,526,55,2),(389,527,56,1),(390,528,6,33),(391,529,3,3),(392,530,11,2);

--
-- Table structure for table `files_related_mph`
--

CREATE TABLE `files_related_mph` (
  `id` int unsigned NOT NULL AUTO_INCREMENT,
  `file_id` int unsigned DEFAULT NULL,
  `related_id` int unsigned DEFAULT NULL,
  `related_type` varchar(255) DEFAULT NULL,
  `field` varchar(255) DEFAULT NULL,
  `order` double unsigned DEFAULT NULL,
  PRIMARY KEY (`id`),
  KEY `files_related_mph_fk` (`file_id`),
  KEY `files_related_mph_oidx` (`order`),
  KEY `files_related_mph_idix` (`related_id`),
  CONSTRAINT `files_related_mph_fk` FOREIGN KEY (`file_id`) REFERENCES `files` (`id`) ON DELETE CASCADE
) ENGINE=InnoDB AUTO_INCREMENT=7996 DEFAULT CHARSET=utf8mb4 COLLATE=utf8mb4_0900_ai_ci;

--
-- Dumping data for table `files_related_mph`
--

INSERT INTO `files_related_mph` VALUES (60,16,5,'home.about-cme','image',1),(65,16,6,'home.about-cme','image',1),(71,16,7,'home.about-cme','image',1),(86,16,8,'home.about-cme','image',1),(118,16,9,'home.about-cme','image',1),(126,16,10,'home.about-cme','image',1),(142,16,11,'home.about-cme','image',1),(146,39,3,'api::branch.branch','image',1),(150,40,6,'api::branch.branch','image',1),(152,39,7,'api::branch.branch','image',1),(154,38,10,'api::branch.branch','image',1),(160,16,12,'home.about-cme','image',1),(187,49,15,'common.banner','media',1),(188,46,15,'common.banner','responsiveMedia',1),(191,49,19,'common.banner','media',1),(192,46,19,'common.banner','responsiveMedia',1),(196,39,11,'api::branch.branch','image',1),(198,40,12,'api::branch.branch','image',1),(200,38,13,'api::branch.branch','image',1),(202,38,14,'api::branch.branch','image',1),(204,38,15,'api::branch.branch','image',1),(206,38,16,'api::branch.branch','image',1),(207,38,8,'api::branch.branch','image',1),(210,40,18,'api::branch.branch','image',1),(211,40,4,'api::branch.branch','image',1),(212,40,19,'api::branch.branch','image',1),(379,39,2,'api::branch.branch','image',1),(381,39,3,'api::branch.branch','image',1),(383,39,4,'api::branch.branch','image',1),(384,40,6,'api::branch.branch','image',1),(402,54,3,'api::our-service.our-service','image',1),(406,54,4,'api::our-service.our-service','image',1),(432,39,7,'api::branch.branch','image',1),(434,39,8,'api::branch.branch','image',1),(436,40,9,'api::branch.branch','image',1),(437,19,12,'api::our-service.our-service','image',1),(438,19,15,'api::our-service.our-service','image',1),(439,58,35,'common.banner','media',1),(441,58,43,'common.banner','media',1),(443,56,24,'common.banner','media',1),(445,56,44,'common.banner','media',1),(568,69,2,'common.location-card','image',1),(590,69,5,'common.location-card','image',1),(591,69,6,'common.location-card','image',1),(592,69,7,'common.location-card','image',1),(627,69,8,'common.location-card','image',1),(628,69,9,'common.location-card','image',1),(629,69,10,'common.location-card','image',1),(630,75,26,'api::service.service','listImage',1),(632,74,28,'api::service.service','listImage',1),(634,73,30,'api::service.service','listImage',1),(636,72,32,'api::service.service','listImage',1),(638,74,33,'api::service.service','listImage',1),(646,16,2,'home.about-cme','image',1),(655,16,3,'home.about-cme','image',1),(663,16,4,'home.about-cme','image',1),(675,16,5,'home.about-cme','image',1),(691,16,6,'home.about-cme','image',1),(704,16,7,'home.about-cme','image',1),(715,16,8,'home.about-cme','image',1),(822,16,9,'home.about-cme','image',1),(840,16,10,'home.about-cme','image',1),(852,16,11,'home.about-cme','image',1),(864,16,12,'home.about-cme','image',1),(876,16,13,'home.about-cme','image',1),(888,16,14,'home.about-cme','image',1),(974,87,10,'api::branch.branch','image',1),(976,87,11,'api::branch.branch','image',1),(980,87,12,'api::branch.branch','image',1),(982,87,13,'api::branch.branch','image',1),(984,87,14,'api::branch.branch','image',1),(986,87,15,'api::branch.branch','image',1),(988,87,16,'api::branch.branch','image',1),(990,38,18,'api::branch.branch','image',1),(992,88,19,'api::branch.branch','image',1),(994,88,20,'api::branch.branch','image',1),(996,89,22,'api::branch.branch','image',1),(998,88,23,'api::branch.branch','image',1),(1000,87,24,'api::branch.branch','image',1),(1002,90,26,'api::branch.branch','image',1),(1004,91,28,'api::branch.branch','image',1),(1006,92,30,'api::branch.branch','image',1),(1008,89,33,'api::branch.branch','image',1),(1010,89,34,'api::branch.branch','image',1),(1012,89,35,'api::branch.branch','image',1),(1014,88,36,'api::branch.branch','image',1),(1016,87,37,'api::branch.branch','image',1),(1018,87,38,'api::branch.branch','image',1),(1020,91,39,'api::branch.branch','image',1),(1022,90,40,'api::branch.branch','image',1),(1024,92,41,'api::branch.branch','image',1),(1027,56,31,'common.banner','media',1),(1029,56,80,'common.banner','media',1),(1046,16,15,'home.about-cme','image',1),(1083,91,6,'service-landing.service-locations','image',1),(1087,91,8,'service-landing.service-locations','image',1),(1099,16,16,'home.about-cme','image',1),(1105,87,42,'api::branch.branch','image',1),(1131,87,43,'api::branch.branch','image',1),(1146,16,17,'home.about-cme','image',1),(1179,72,34,'api::service.service','listImage',1),(1194,16,18,'home.about-cme','image',1),(1222,16,19,'home.about-cme','image',1),(1251,91,11,'service-landing.service-locations','image',1),(1256,89,13,'service-landing.service-locations','image',1),(1257,91,14,'service-landing.service-locations','image',1),(1285,16,20,'home.about-cme','image',1),(1311,16,21,'home.about-cme','image',1),(1337,16,22,'home.about-cme','image',1),(1363,16,23,'home.about-cme','image',1),(1401,16,24,'home.about-cme','image',1),(1412,117,101,'common.banner','media',1),(1413,117,102,'common.banner','media',1),(1436,122,44,'api::branch.branch','image',1),(1437,122,45,'api::branch.branch','image',1),(1440,122,47,'api::branch.branch','image',1),(1441,122,46,'api::branch.branch','image',1),(1442,122,48,'api::branch.branch','image',1),(1479,128,1,'api::social.social','image',1),(1480,126,1,'api::social.social','icon',1),(1481,128,2,'api::social.social','image',1),(1482,126,2,'api::social.social','icon',1),(1483,127,3,'api::social.social','image',1),(1484,126,3,'api::social.social','icon',1),(1485,127,4,'api::social.social','image',1),(1486,126,4,'api::social.social','icon',1),(1490,130,49,'api::branch.branch','image',1),(1501,69,1,'common.location-card','image',1),(1502,69,3,'common.location-card','image',1),(1503,69,4,'common.location-card','image',1),(1514,69,11,'common.location-card','image',1),(1515,69,12,'common.location-card','image',1),(1516,69,13,'common.location-card','image',1),(1517,75,35,'api::service.service','listImage',1),(1528,128,1,'api::social.social','image',1),(1529,126,1,'api::social.social','icon',1),(1530,128,2,'api::social.social','image',1),(1531,126,2,'api::social.social','icon',1),(1532,127,3,'api::social.social','image',1),(1533,126,3,'api::social.social','icon',1),(1534,127,4,'api::social.social','image',1),(1535,126,4,'api::social.social','icon',1),(1563,16,25,'home.about-cme','image',1),(1587,16,26,'home.about-cme','image',1),(1637,89,50,'api::branch.branch','image',1),(1675,89,51,'api::branch.branch','image',1),(1677,91,52,'api::branch.branch','image',1),(1693,91,53,'api::branch.branch','image',1),(1710,111,22,'api::brand.brand','image',1),(1723,88,54,'api::branch.branch','image',1),(1725,130,55,'api::branch.branch','image',1),(1729,87,56,'api::branch.branch','image',1),(1734,157,36,'api::brand.brand','image',1),(1746,159,40,'api::brand.brand','image',1),(1747,159,47,'api::brand.brand','image',1),(1758,24,16,'api::brand.brand','image',1),(1759,24,53,'api::brand.brand','image',1),(1768,161,54,'api::brand.brand','image',1),(1769,161,55,'api::brand.brand','image',1),(1778,22,18,'api::brand.brand','image',1),(1779,22,63,'api::brand.brand','image',1),(1787,87,57,'api::branch.branch','image',1),(1789,90,58,'api::branch.branch','image',1),(1791,89,59,'api::branch.branch','image',1),(1793,92,60,'api::branch.branch','image',1),(1795,87,61,'api::branch.branch','image',1),(1839,91,62,'api::branch.branch','image',1),(1841,90,63,'api::branch.branch','image',1),(1843,89,64,'api::branch.branch','image',1),(1845,92,65,'api::branch.branch','image',1),(1847,91,66,'api::branch.branch','image',1),(1849,91,67,'api::branch.branch','image',1),(1851,89,68,'api::branch.branch','image',1),(1853,89,69,'api::branch.branch','image',1),(1855,91,70,'api::branch.branch','image',1),(1892,172,121,'common.title-desc-with-img','image',1),(1895,172,125,'common.title-desc-with-img','image',1),(1905,88,71,'api::branch.branch','image',1),(1907,87,72,'api::branch.branch','image',1),(1909,87,73,'api::branch.branch','image',1),(1911,89,74,'api::branch.branch','image',1),(1913,130,75,'api::branch.branch','image',1),(1915,92,76,'api::branch.branch','image',1),(1919,92,77,'api::branch.branch','image',1),(1925,88,78,'api::branch.branch','image',1),(1927,89,79,'api::branch.branch','image',1),(1929,130,80,'api::branch.branch','image',1),(1931,87,81,'api::branch.branch','image',1),(1933,92,82,'api::branch.branch','image',1),(1935,90,83,'api::branch.branch','image',1),(1937,91,84,'api::branch.branch','image',1),(1939,87,85,'api::branch.branch','image',1),(1941,176,100,'api::branch.branch','image',1),(1943,177,101,'api::branch.branch','image',1),(1945,178,102,'api::branch.branch','image',1),(1948,88,104,'api::branch.branch','image',1),(1950,92,105,'api::branch.branch','image',1),(1952,179,107,'api::branch.branch','image',1),(1954,180,109,'api::branch.branch','image',1),(1956,180,110,'api::branch.branch','image',1),(1958,180,111,'api::branch.branch','image',1),(1960,180,112,'api::branch.branch','image',1),(1962,180,114,'api::branch.branch','image',1),(1964,89,115,'api::branch.branch','image',1),(1966,91,116,'api::branch.branch','image',1),(1968,90,117,'api::branch.branch','image',1),(1970,179,119,'api::branch.branch','image',1),(1972,179,124,'api::branch.branch','image',1),(1974,87,126,'api::branch.branch','image',1),(2012,179,127,'api::branch.branch','image',1),(2014,179,128,'api::branch.branch','image',1),(2016,179,129,'api::branch.branch','image',1),(2018,179,130,'api::branch.branch','image',1),(2020,179,131,'api::branch.branch','image',1),(2070,176,132,'api::branch.branch','image',1),(2076,178,133,'api::branch.branch','image',1),(2078,177,134,'api::branch.branch','image',1),(2080,92,135,'api::branch.branch','image',1),(2089,124,14,'api::brand.brand','image',1),(2092,91,136,'api::branch.branch','image',1),(2094,91,137,'api::branch.branch','image',1),(2096,90,138,'api::branch.branch','image',1),(2098,91,139,'api::branch.branch','image',1),(2100,91,140,'api::branch.branch','image',1),(2102,92,141,'api::branch.branch','image',1),(2104,179,142,'api::branch.branch','image',1),(2107,88,143,'api::branch.branch','image',1),(2109,179,145,'api::branch.branch','image',1),(2111,88,146,'api::branch.branch','image',1),(2113,179,147,'api::branch.branch','image',1),(2115,180,148,'api::branch.branch','image',1),(2117,180,149,'api::branch.branch','image',1),(2119,179,150,'api::branch.branch','image',1),(2121,179,151,'api::branch.branch','image',1),(2123,88,152,'api::branch.branch','image',1),(2125,88,153,'api::branch.branch','image',1),(2127,88,154,'api::branch.branch','image',1),(2150,29,30,'api::brand.brand','image',1),(2151,29,81,'api::brand.brand','image',1),(2158,89,16,'service-landing.service-locations','image',1),(2159,91,17,'service-landing.service-locations','image',1),(2164,89,19,'service-landing.service-locations','image',1),(2165,91,20,'service-landing.service-locations','image',1),(2242,89,21,'service-landing.service-locations','image',1),(2243,91,22,'service-landing.service-locations','image',1),(2304,130,155,'api::branch.branch','image',1),(2306,87,156,'api::branch.branch','image',1),(2308,88,157,'api::branch.branch','image',1),(2310,92,158,'api::branch.branch','image',1),(2314,88,159,'api::branch.branch','image',1),(2316,87,160,'api::branch.branch','image',1),(2320,87,161,'api::branch.branch','image',1),(2332,90,162,'api::branch.branch','image',1),(2334,91,163,'api::branch.branch','image',1),(2372,39,164,'api::branch.branch','image',1),(2374,39,165,'api::branch.branch','image',1),(2376,39,166,'api::branch.branch','image',1),(2434,179,167,'api::branch.branch','image',1),(2448,180,168,'api::branch.branch','image',1),(2450,179,169,'api::branch.branch','image',1),(2505,16,27,'home.about-cme','image',1),(2517,87,170,'api::branch.branch','image',1),(2519,87,171,'api::branch.branch','image',1),(2521,39,172,'api::branch.branch','image',1),(2587,75,45,'api::service.service','listImage',1),(2601,222,175,'api::branch.branch','image',1),(2610,227,91,'api::brand.brand','image',1),(2611,227,92,'api::brand.brand','image',1),(2630,238,111,'api::brand.brand','image',1),(2633,239,176,'api::branch.branch','image',1),(2635,240,177,'api::branch.branch','image',1),(2637,241,178,'api::branch.branch','image',1),(2656,232,101,'api::brand.brand','image',1),(2707,197,3,'api::power-category.power-category','image',1),(2708,197,39,'api::power-category.power-category','image',1),(2709,214,1,'api::product-category.product-category','image',1),(2710,214,40,'api::product-category.product-category','image',1),(2711,215,3,'api::product-category.product-category','image',1),(2712,215,41,'api::product-category.product-category','image',1),(2719,121,1,'api::service-category-type.service-category-type','image',1),(2720,121,25,'api::service-category-type.service-category-type','image',1),(2731,143,7,'api::service-category-type.service-category-type','image',1),(2732,143,31,'api::service-category-type.service-category-type','image',1),(2733,120,3,'api::service-category-type.service-category-type','image',1),(2734,120,32,'api::service-category-type.service-category-type','image',1),(2735,118,1,'api::tyre-category.tyre-category','image',1),(2736,118,62,'api::tyre-category.tyre-category','image',1),(2737,144,5,'api::tyre-category.tyre-category','image',1),(2738,144,63,'api::tyre-category.tyre-category','image',1),(2739,119,3,'api::tyre-category.tyre-category','image',1),(2740,119,64,'api::tyre-category.tyre-category','image',1),(2745,202,22,'api::tyre-category.tyre-category','image',1),(2751,153,19,'api::tyre-category.tyre-category','image',1),(2772,203,13,'api::tyre-service.tyre-service','image',1),(2820,89,23,'service-landing.service-locations','image',1),(2821,91,24,'service-landing.service-locations','image',1),(2826,85,1,'api::news.news','image',1),(2827,85,58,'api::news.news','image',1),(2828,86,4,'api::news.news','image',1),(2829,86,59,'api::news.news','image',1),(2830,134,19,'api::news.news','image',1),(2831,134,60,'api::news.news','image',1),(2832,175,38,'api::news.news','image',1),(2833,175,61,'api::news.news','image',1),(2834,168,21,'api::news.news','image',1),(2835,168,62,'api::news.news','image',1),(2855,75,46,'api::service.service','listImage',1),(2873,16,28,'home.about-cme','image',1),(2904,163,111,'common.banner','media',1),(2905,166,124,'common.banner','media',1),(2906,163,193,'common.banner','media',1),(2907,166,194,'common.banner','media',1),(2965,75,47,'api::service.service','listImage',1),(2985,75,48,'api::service.service','listImage',1),(3005,75,49,'api::service.service','listImage',1),(3025,75,50,'api::service.service','listImage',1),(3045,75,51,'api::service.service','listImage',1),(3065,75,52,'api::service.service','listImage',1),(3085,75,53,'api::service.service','listImage',1),(3105,75,54,'api::service.service','listImage',1),(3125,75,55,'api::service.service','listImage',1),(3145,75,56,'api::service.service','listImage',1),(3165,75,57,'api::service.service','listImage',1),(3185,75,58,'api::service.service','listImage',1),(3205,75,59,'api::service.service','listImage',1),(3225,75,60,'api::service.service','listImage',1),(3245,75,61,'api::service.service','listImage',1),(3267,75,62,'api::service.service','listImage',1),(3301,75,63,'api::service.service','listImage',1),(3339,75,64,'api::service.service','listImage',1),(3377,75,65,'api::service.service','listImage',1),(3415,75,66,'api::service.service','listImage',1),(3453,75,67,'api::service.service','listImage',1),(3455,73,68,'api::service.service','listImage',1),(3457,73,69,'api::service.service','listImage',1),(3459,73,70,'api::service.service','listImage',1),(3461,73,71,'api::service.service','listImage',1),(3463,73,72,'api::service.service','listImage',1),(3467,73,73,'api::service.service','listImage',1),(3471,73,74,'api::service.service','listImage',1),(3475,73,75,'api::service.service','listImage',1),(3479,73,76,'api::service.service','listImage',1),(3483,73,77,'api::service.service','listImage',1),(3521,75,78,'api::service.service','listImage',1),(3524,62,11,'common.title-desc-with-img','image',1),(3525,63,13,'common.title-desc-with-img','image',1),(3526,67,16,'common.title-desc-with-img','image',1),(3527,68,17,'common.title-desc-with-img','image',1),(3528,66,18,'common.title-desc-with-img','image',1),(3529,65,19,'common.title-desc-with-img','image',1),(3530,64,20,'common.title-desc-with-img','image',1),(3543,62,418,'common.title-desc-with-img','image',1),(3544,63,419,'common.title-desc-with-img','image',1),(3545,67,420,'common.title-desc-with-img','image',1),(3546,68,421,'common.title-desc-with-img','image',1),(3547,66,422,'common.title-desc-with-img','image',1),(3548,65,423,'common.title-desc-with-img','image',1),(3549,64,424,'common.title-desc-with-img','image',1),(3559,75,79,'api::service.service','listImage',1),(3563,73,80,'api::service.service','listImage',1),(3587,75,81,'api::service.service','listImage',1),(3590,72,83,'api::service.service','listImage',1),(3592,72,84,'api::service.service','listImage',1),(3596,72,85,'api::service.service','listImage',1),(3600,72,86,'api::service.service','listImage',1),(3604,72,87,'api::service.service','listImage',1),(3608,72,88,'api::service.service','listImage',1),(3612,72,89,'api::service.service','listImage',1),(3616,72,90,'api::service.service','listImage',1),(3620,72,91,'api::service.service','listImage',1),(3624,72,92,'api::service.service','listImage',1),(3628,72,93,'api::service.service','listImage',1),(3632,72,94,'api::service.service','listImage',1),(3636,72,95,'api::service.service','listImage',1),(3640,72,96,'api::service.service','listImage',1),(3644,72,97,'api::service.service','listImage',1),(3650,72,98,'api::service.service','listImage',1),(3659,72,100,'api::service.service','listImage',1),(3661,72,101,'api::service.service','listImage',1),(3665,72,103,'api::service.service','listImage',1),(3669,72,104,'api::service.service','listImage',1),(3675,72,106,'api::service.service','listImage',1),(3679,72,107,'api::service.service','listImage',1),(3683,72,108,'api::service.service','listImage',1),(3687,72,109,'api::service.service','listImage',1),(3691,72,110,'api::service.service','listImage',1),(3695,72,111,'api::service.service','listImage',1),(3699,72,112,'api::service.service','listImage',1),(3703,72,113,'api::service.service','listImage',1),(3707,72,114,'api::service.service','listImage',1),(3711,72,115,'api::service.service','listImage',1),(3715,72,116,'api::service.service','listImage',1),(3717,74,117,'api::service.service','listImage',1),(3737,75,118,'api::service.service','listImage',1),(3739,74,119,'api::service.service','listImage',1),(3742,74,120,'api::service.service','listImage',1),(3745,74,121,'api::service.service','listImage',1),(3747,74,122,'api::service.service','listImage',1),(3749,74,123,'api::service.service','listImage',1),(3751,74,124,'api::service.service','listImage',1),(3757,72,125,'api::service.service','listImage',1),(3761,72,126,'api::service.service','listImage',1),(3765,72,127,'api::service.service','listImage',1),(3795,75,128,'api::service.service','listImage',1),(3799,73,129,'api::service.service','listImage',1),(3801,74,130,'api::service.service','listImage',1),(3803,72,131,'api::service.service','listImage',1),(3805,72,132,'api::service.service','listImage',1),(3807,74,133,'api::service.service','listImage',1),(3808,255,59,'common.title-desc-img-position','image',1),(3810,255,152,'common.title-desc-img-position','image',1),(3811,73,134,'api::service.service','listImage',1),(3817,73,136,'api::service.service','listImage',1),(3821,74,139,'api::service.service','listImage',1),(3825,74,140,'api::service.service','listImage',1),(3835,74,141,'api::service.service','listImage',1),(3849,74,142,'api::service.service','listImage',1),(3863,74,143,'api::service.service','listImage',1),(3879,74,144,'api::service.service','listImage',1),(3895,74,145,'api::service.service','listImage',1),(3913,74,146,'api::service.service','listImage',1),(3931,74,147,'api::service.service','listImage',1),(3932,254,175,'common.title-desc-img-position','image',1),(3933,247,1,'common.title-desc-img-position','image',1),(3940,250,19,'common.title-desc-img-position','image',1),(3942,247,176,'common.title-desc-img-position','image',1),(3949,250,177,'common.title-desc-img-position','image',1),(3950,254,178,'common.title-desc-img-position','image',1),(3951,75,148,'api::service.service','listImage',1),(3963,72,149,'api::service.service','listImage',1),(3979,73,150,'api::service.service','listImage',1),(3989,72,151,'api::service.service','listImage',1),(3999,72,152,'api::service.service','listImage',1),(4009,72,153,'api::service.service','listImage',1),(4027,74,154,'api::service.service','listImage',1),(4033,72,155,'api::service.service','listImage',1),(4034,148,3,'api::tyre-service.tyre-service','image',1),(4035,148,36,'api::tyre-service.tyre-service','image',1),(4036,150,7,'api::tyre-service.tyre-service','image',1),(4037,150,37,'api::tyre-service.tyre-service','image',1),(4038,149,1,'api::tyre-service.tyre-service','image',1),(4039,149,38,'api::tyre-service.tyre-service','image',1),(4042,152,11,'api::tyre-service.tyre-service','image',1),(4043,152,40,'api::tyre-service.tyre-service','image',1),(4061,74,156,'api::service.service','listImage',1),(4062,279,179,'common.title-desc-img-position','image',1),(4066,283,180,'common.title-desc-img-position','image',1),(4068,279,200,'common.title-desc-img-position','image',1),(4072,283,201,'common.title-desc-img-position','image',1),(4073,72,157,'api::service.service','listImage',1),(4089,73,158,'api::service.service','listImage',1),(4107,74,159,'api::service.service','listImage',1),(4125,74,160,'api::service.service','listImage',1),(4143,74,161,'api::service.service','listImage',1),(4161,74,162,'api::service.service','listImage',1),(4165,72,163,'api::service.service','listImage',1),(4171,72,164,'api::service.service','listImage',1),(4177,72,165,'api::service.service','listImage',1),(4183,72,166,'api::service.service','listImage',1),(4184,271,133,'common.title-desc-img-position','image',1),(4190,277,159,'common.title-desc-img-position','image',1),(4191,278,171,'common.title-desc-img-position','image',1),(4193,271,229,'common.title-desc-img-position','image',1),(4199,277,230,'common.title-desc-img-position','image',1),(4200,278,231,'common.title-desc-img-position','image',1),(4201,74,167,'api::service.service','listImage',1),(4202,284,153,'common.title-desc-img-position','image',1),(4207,289,183,'common.title-desc-img-position','image',1),(4208,290,184,'common.title-desc-img-position','image',1),(4210,284,232,'common.title-desc-img-position','image',1),(4215,289,233,'common.title-desc-img-position','image',1),(4216,290,234,'common.title-desc-img-position','image',1),(4217,73,168,'api::service.service','listImage',1),(4218,268,116,'common.title-desc-img-position','image',1),(4220,268,235,'common.title-desc-img-position','image',1),(4221,72,169,'api::service.service','listImage',1),(4229,72,170,'api::service.service','listImage',1),(4230,307,77,'common.title-desc-img-position','image',1),(4231,305,81,'common.title-desc-img-position','image',1),(4232,306,98,'common.title-desc-img-position','image',1),(4234,307,239,'common.title-desc-img-position','image',1),(4235,305,240,'common.title-desc-img-position','image',1),(4236,306,241,'common.title-desc-img-position','image',1),(4237,72,171,'api::service.service','listImage',1),(4270,74,173,'api::service.service','listImage',1),(4276,74,174,'api::service.service','listImage',1),(4286,74,175,'api::service.service','listImage',1),(4296,74,176,'api::service.service','listImage',1),(4301,74,177,'api::service.service','listImage',1),(4302,308,242,'common.title-desc-img-position','image',1),(4303,309,243,'common.title-desc-img-position','image',1),(4307,308,255,'common.title-desc-img-position','image',1),(4308,309,256,'common.title-desc-img-position','image',1),(4311,74,178,'api::service.service','listImage',1),(4328,74,181,'api::service.service','listImage',1),(4336,74,182,'api::service.service','listImage',1),(4344,74,183,'api::service.service','listImage',1),(4352,74,184,'api::service.service','listImage',1),(4360,74,185,'api::service.service','listImage',1),(4370,74,186,'api::service.service','listImage',1),(4399,74,187,'api::service.service','listImage',1),(4414,74,188,'api::service.service','listImage',1),(4426,74,189,'api::service.service','listImage',1),(4438,74,190,'api::service.service','listImage',1),(4450,74,191,'api::service.service','listImage',1),(4462,74,192,'api::service.service','listImage',1),(4480,74,193,'api::service.service','listImage',1),(4481,315,267,'common.title-desc-img-position','image',1),(4482,316,270,'common.title-desc-img-position','image',1),(4486,320,281,'common.title-desc-img-position','image',1),(4487,321,282,'common.title-desc-img-position','image',1),(4488,322,283,'common.title-desc-img-position','image',1),(4490,315,289,'common.title-desc-img-position','image',1),(4491,316,290,'common.title-desc-img-position','image',1),(4495,320,291,'common.title-desc-img-position','image',1),(4496,321,292,'common.title-desc-img-position','image',1),(4497,322,293,'common.title-desc-img-position','image',1),(4498,74,194,'api::service.service','listImage',1),(4506,74,195,'api::service.service','listImage',1),(4507,312,259,'common.title-desc-img-position','image',1),(4511,312,295,'common.title-desc-img-position','image',1),(4514,74,196,'api::service.service','listImage',1),(4530,72,197,'api::service.service','listImage',1),(4546,72,198,'api::service.service','listImage',1),(4562,72,199,'api::service.service','listImage',1),(4563,298,299,'common.title-desc-img-position','image',1),(4564,297,299,'common.title-desc-img-position','image',2),(4565,296,299,'common.title-desc-img-position','image',3),(4566,295,299,'common.title-desc-img-position','image',4),(4574,298,300,'common.title-desc-img-position','image',1),(4575,297,300,'common.title-desc-img-position','image',2),(4576,296,300,'common.title-desc-img-position','image',3),(4577,295,300,'common.title-desc-img-position','image',4),(4578,72,200,'api::service.service','listImage',1),(4594,72,201,'api::service.service','listImage',1),(4595,293,657,'common.title-desc-with-img','image',1),(4596,294,658,'common.title-desc-with-img','image',1),(4597,292,659,'common.title-desc-with-img','image',1),(4598,298,302,'common.title-desc-img-position','images',1),(4599,297,302,'common.title-desc-img-position','images',2),(4600,296,302,'common.title-desc-img-position','images',3),(4601,295,302,'common.title-desc-img-position','images',4),(4602,72,202,'api::service.service','listImage',1),(4603,293,660,'common.title-desc-with-img','image',1),(4604,294,661,'common.title-desc-with-img','image',1),(4605,292,662,'common.title-desc-with-img','image',1),(4606,298,303,'common.title-desc-img-position','images',1),(4607,297,303,'common.title-desc-img-position','images',2),(4608,296,303,'common.title-desc-img-position','images',3),(4609,295,303,'common.title-desc-img-position','images',4),(4610,72,203,'api::service.service','listImage',1),(4611,313,31,'api::service-category.service-category','image',1),(4612,45,31,'api::service-category.service-category','menuImage',1),(4613,313,32,'api::service-category.service-category','image',1),(4614,45,32,'api::service-category.service-category','menuImage',1),(4615,56,227,'common.banner','media',1),(4616,89,25,'service-landing.service-locations','image',1),(4617,91,26,'service-landing.service-locations','image',1),(4618,56,228,'common.banner','media',1),(4619,89,27,'service-landing.service-locations','image',1),(4620,91,28,'service-landing.service-locations','image',1),(4624,72,204,'api::service.service','listImage',1),(4630,72,205,'api::service.service','listImage',1),(4638,72,206,'api::service.service','listImage',1),(4654,72,207,'api::service.service','listImage',1),(4670,72,208,'api::service.service','listImage',1),(4674,72,209,'api::service.service','listImage',1),(4732,75,210,'api::service.service','listImage',1),(4750,74,211,'api::service.service','listImage',1),(4768,74,212,'api::service.service','listImage',1),(4780,72,213,'api::service.service','listImage',1),(4792,72,214,'api::service.service','listImage',1),(4810,74,215,'api::service.service','listImage',1),(4822,72,216,'api::service.service','listImage',1),(4840,74,217,'api::service.service','listImage',1),(4860,75,218,'api::service.service','listImage',1),(4864,73,219,'api::service.service','listImage',1),(4880,73,220,'api::service.service','listImage',1),(4892,74,221,'api::service.service','listImage',1),(4910,74,222,'api::service.service','listImage',1),(4928,74,223,'api::service.service','listImage',1),(4938,74,224,'api::service.service','listImage',1),(4946,74,225,'api::service.service','listImage',1),(4948,88,179,'api::branch.branch','image',1),(4950,39,180,'api::branch.branch','image',1),(4952,177,181,'api::branch.branch','image',1),(4954,176,182,'api::branch.branch','image',1),(4956,178,183,'api::branch.branch','image',1),(4958,92,184,'api::branch.branch','image',1),(4960,241,185,'api::branch.branch','image',1),(4962,240,186,'api::branch.branch','image',1),(4964,179,187,'api::branch.branch','image',1),(4966,180,188,'api::branch.branch','image',1),(4968,90,189,'api::branch.branch','image',1),(4970,239,190,'api::branch.branch','image',1),(4972,179,191,'api::branch.branch','image',1),(4974,222,192,'api::branch.branch','image',1),(4976,87,193,'api::branch.branch','image',1),(5000,75,226,'api::service.service','listImage',1),(5020,75,227,'api::service.service','listImage',1),(5040,75,228,'api::service.service','listImage',1),(5062,16,29,'home.about-cme','image',1),(5092,16,30,'home.about-cme','image',1),(5136,16,31,'home.about-cme','image',1),(5166,74,236,'api::service.service','listImage',1),(5178,72,237,'api::service.service','listImage',1),(5188,74,238,'api::service.service','listImage',1),(5196,74,239,'api::service.service','listImage',1),(5197,358,41,'api::tyre-service.tyre-service','image',1),(5198,358,48,'api::tyre-service.tyre-service','image',1),(5199,356,46,'api::tyre-service.tyre-service','image',1),(5200,356,49,'api::tyre-service.tyre-service','image',1),(5201,357,44,'api::tyre-service.tyre-service','image',1),(5202,357,50,'api::tyre-service.tyre-service','image',1),(5205,151,9,'api::tyre-service.tyre-service','image',1),(5206,151,51,'api::tyre-service.tyre-service','image',1),(5216,196,13,'api::power-category.power-category','image',1),(5217,196,42,'api::power-category.power-category','image',1),(5218,201,17,'api::power-category.power-category','image',1),(5219,201,43,'api::power-category.power-category','image',1),(5220,199,11,'api::power-category.power-category','image',1),(5221,199,44,'api::power-category.power-category','image',1),(5222,200,15,'api::power-category.power-category','image',1),(5223,200,45,'api::power-category.power-category','image',1),(5234,21,8,'api::business-stream.business-stream','image',1),(5235,21,41,'api::business-stream.business-stream','image',1),(5236,20,6,'api::business-stream.business-stream','image',1),(5237,20,42,'api::business-stream.business-stream','image',1),(5249,74,240,'api::service.service','listImage',1),(5255,363,194,'api::branch.branch','image',1),(5257,363,195,'api::branch.branch','image',1),(5259,363,196,'api::branch.branch','image',1),(5261,363,197,'api::branch.branch','image',1),(5263,363,198,'api::branch.branch','image',1),(5265,239,199,'api::branch.branch','image',1),(5267,239,200,'api::branch.branch','image',1),(5269,364,201,'api::branch.branch','image',1),(5296,72,242,'api::service.service','listImage',1),(5297,365,52,'api::tyre-service.tyre-service','image',1),(5298,365,54,'api::tyre-service.tyre-service','image',1),(5308,72,243,'api::service.service','listImage',1),(5318,72,244,'api::service.service','listImage',1),(5328,72,245,'api::service.service','listImage',1),(5338,72,246,'api::service.service','listImage',1),(5348,72,247,'api::service.service','listImage',1),(5358,72,248,'api::service.service','listImage',1),(5368,72,249,'api::service.service','listImage',1),(5378,365,250,'api::service.service','listImage',1),(5388,365,251,'api::service.service','listImage',1),(5398,365,252,'api::service.service','listImage',1),(5408,365,253,'api::service.service','listImage',1),(5418,365,254,'api::service.service','listImage',1),(5428,365,255,'api::service.service','listImage',1),(5438,365,256,'api::service.service','listImage',1),(5469,142,5,'api::service-category-type.service-category-type','image',1),(5470,142,33,'api::service-category-type.service-category-type','image',1),(5471,140,9,'api::service-category-type.service-category-type','image',1),(5472,140,34,'api::service-category-type.service-category-type','image',1),(5476,380,202,'api::branch.branch','image',1),(5478,379,203,'api::branch.branch','image',1),(5480,378,204,'api::branch.branch','image',1),(5482,377,205,'api::branch.branch','image',1),(5484,376,206,'api::branch.branch','image',1),(5486,375,207,'api::branch.branch','image',1),(5488,374,208,'api::branch.branch','image',1),(5490,373,209,'api::branch.branch','image',1),(5492,372,210,'api::branch.branch','image',1),(5494,387,211,'api::branch.branch','image',1),(5496,396,213,'api::branch.branch','image',1),(5498,395,214,'api::branch.branch','image',1),(5500,394,215,'api::branch.branch','image',1),(5502,393,216,'api::branch.branch','image',1),(5504,392,217,'api::branch.branch','image',1),(5506,390,218,'api::branch.branch','image',1),(5508,397,219,'api::branch.branch','image',1),(5510,397,220,'api::branch.branch','image',1),(5512,374,221,'api::branch.branch','image',1),(5514,376,222,'api::branch.branch','image',1),(5516,374,223,'api::branch.branch','image',1),(5520,399,225,'api::branch.branch','image',1),(5522,392,226,'api::branch.branch','image',1),(5524,403,228,'api::branch.branch','image',1),(5526,404,229,'api::branch.branch','image',1),(5528,407,230,'api::branch.branch','image',1),(5530,406,231,'api::branch.branch','image',1),(5532,390,232,'api::branch.branch','image',1),(5534,405,233,'api::branch.branch','image',1),(5536,404,234,'api::branch.branch','image',1),(5538,403,235,'api::branch.branch','image',1),(5540,404,236,'api::branch.branch','image',1),(5542,407,237,'api::branch.branch','image',1),(5544,406,238,'api::branch.branch','image',1),(5546,405,239,'api::branch.branch','image',1),(5548,405,240,'api::branch.branch','image',1),(5550,405,241,'api::branch.branch','image',1),(5552,406,242,'api::branch.branch','image',1),(5554,407,243,'api::branch.branch','image',1),(5556,404,244,'api::branch.branch','image',1),(5558,403,245,'api::branch.branch','image',1),(5560,413,246,'api::branch.branch','image',1),(5562,414,247,'api::branch.branch','image',1),(5564,408,248,'api::branch.branch','image',1),(5566,417,249,'api::branch.branch','image',1),(5568,416,250,'api::branch.branch','image',1),(5570,421,251,'api::branch.branch','image',1),(5572,423,252,'api::branch.branch','image',1),(5574,420,253,'api::branch.branch','image',1),(5576,419,254,'api::branch.branch','image',1),(5578,403,255,'api::branch.branch','image',1),(5580,405,256,'api::branch.branch','image',1),(5582,406,257,'api::branch.branch','image',1),(5584,407,258,'api::branch.branch','image',1),(5586,404,259,'api::branch.branch','image',1),(5588,403,260,'api::branch.branch','image',1),(5590,403,261,'api::branch.branch','image',1),(5592,413,262,'api::branch.branch','image',1),(5594,414,263,'api::branch.branch','image',1),(5596,420,264,'api::branch.branch','image',1),(5598,408,265,'api::branch.branch','image',1),(5600,419,266,'api::branch.branch','image',1),(5602,416,267,'api::branch.branch','image',1),(5604,417,268,'api::branch.branch','image',1),(5606,400,269,'api::branch.branch','image',1),(5608,424,270,'api::branch.branch','image',1),(5610,410,271,'api::branch.branch','image',1),(5612,411,272,'api::branch.branch','image',1),(5615,416,274,'api::branch.branch','image',1),(5617,416,275,'api::branch.branch','image',1),(5619,416,276,'api::branch.branch','image',1),(5621,416,277,'api::branch.branch','image',1),(5623,416,278,'api::branch.branch','image',1),(5625,416,279,'api::branch.branch','image',1),(5739,434,257,'api::service.service','listImage',1),(5743,426,258,'api::service.service','listImage',1),(5761,428,259,'api::service.service','listImage',1),(5771,427,260,'api::service.service','listImage',1),(5783,429,261,'api::service.service','listImage',1),(5799,73,262,'api::service.service','listImage',1),(5817,431,263,'api::service.service','listImage',1),(5837,433,264,'api::service.service','listImage',1),(5841,430,265,'api::service.service','listImage',1),(5857,432,266,'api::service.service','listImage',1),(5859,416,280,'api::branch.branch','image',1),(5861,416,281,'api::branch.branch','image',1),(5863,416,282,'api::branch.branch','image',1),(5865,416,283,'api::branch.branch','image',1),(5867,416,284,'api::branch.branch','image',1),(5869,416,285,'api::branch.branch','image',1),(5871,416,286,'api::branch.branch','image',1),(5873,416,287,'api::branch.branch','image',1),(5875,416,288,'api::branch.branch','image',1),(5877,416,289,'api::branch.branch','image',1),(5880,416,290,'api::branch.branch','image',1),(5882,416,291,'api::branch.branch','image',1),(5922,16,32,'home.about-cme','image',1),(5952,16,33,'home.about-cme','image',1),(5985,435,59,'common.banner','media',1),(5986,93,3,'api::service-category.service-category','image',1),(5987,44,3,'api::service-category.service-category','menuImage',1),(5988,435,300,'common.banner','media',1),(5989,93,39,'api::service-category.service-category','image',1),(5990,44,39,'api::service-category.service-category','menuImage',1),(6006,434,267,'api::service.service','listImage',1),(6010,426,268,'api::service.service','listImage',1),(6018,72,269,'api::service.service','listImage',1),(6034,72,270,'api::service.service','listImage',1),(6046,427,272,'api::service.service','listImage',1),(6058,429,273,'api::service.service','listImage',1),(6078,431,276,'api::service.service','listImage',1),(6082,430,277,'api::service.service','listImage',1),(6098,432,278,'api::service.service','listImage',1),(6102,72,279,'api::service.service','listImage',1),(6104,419,292,'api::branch.branch','image',1),(6106,421,293,'api::branch.branch','image',1),(6108,423,294,'api::branch.branch','image',1),(6110,420,295,'api::branch.branch','image',1),(6112,405,296,'api::branch.branch','image',1),(6114,406,297,'api::branch.branch','image',1),(6116,407,298,'api::branch.branch','image',1),(6118,404,299,'api::branch.branch','image',1),(6120,403,300,'api::branch.branch','image',1),(6122,413,301,'api::branch.branch','image',1),(6124,414,302,'api::branch.branch','image',1),(6126,419,303,'api::branch.branch','image',1),(6128,417,304,'api::branch.branch','image',1),(6130,416,305,'api::branch.branch','image',1),(6132,400,306,'api::branch.branch','image',1),(6134,424,307,'api::branch.branch','image',1),(6136,410,308,'api::branch.branch','image',1),(6138,411,309,'api::branch.branch','image',1),(6140,419,310,'api::branch.branch','image',1),(6142,416,311,'api::branch.branch','image',1),(6144,417,312,'api::branch.branch','image',1),(6182,451,280,'api::service.service','listImage',1),(6198,453,281,'api::service.service','listImage',1),(6202,452,282,'api::service.service','listImage',1),(6206,449,283,'api::service.service','listImage',1),(6210,450,284,'api::service.service','listImage',1),(6236,403,313,'api::branch.branch','image',1),(6240,449,285,'api::service.service','listImage',1),(6244,450,286,'api::service.service','listImage',1),(6246,421,314,'api::branch.branch','image',1),(6248,423,315,'api::branch.branch','image',1),(6250,420,316,'api::branch.branch','image',1),(6252,405,317,'api::branch.branch','image',1),(6254,406,318,'api::branch.branch','image',1),(6256,407,319,'api::branch.branch','image',1),(6258,404,320,'api::branch.branch','image',1),(6260,403,321,'api::branch.branch','image',1),(6262,413,322,'api::branch.branch','image',1),(6264,414,323,'api::branch.branch','image',1),(6266,408,324,'api::branch.branch','image',1),(6268,419,325,'api::branch.branch','image',1),(6270,416,326,'api::branch.branch','image',1),(6272,417,327,'api::branch.branch','image',1),(6274,400,328,'api::branch.branch','image',1),(6276,424,329,'api::branch.branch','image',1),(6278,410,330,'api::branch.branch','image',1),(6280,411,331,'api::branch.branch','image',1),(6281,448,258,'common.banner','media',1),(6282,313,1,'api::service-category.service-category','image',1),(6283,45,1,'api::service-category.service-category','menuImage',1),(6284,448,320,'common.banner','media',1),(6285,313,41,'api::service-category.service-category','image',1),(6286,45,41,'api::service-category.service-category','menuImage',1),(6308,453,287,'api::service.service','listImage',1),(6324,453,288,'api::service.service','listImage',1),(6354,452,289,'api::service.service','listImage',1),(6384,452,290,'api::service.service','listImage',1),(6414,452,291,'api::service.service','listImage',1),(6444,452,292,'api::service.service','listImage',1),(6474,452,293,'api::service.service','listImage',1),(6476,468,332,'api::branch.branch','image',1),(6478,469,333,'api::branch.branch','image',1),(6480,470,334,'api::branch.branch','image',1),(6482,471,335,'api::branch.branch','image',1),(6484,472,336,'api::branch.branch','image',1),(6486,473,337,'api::branch.branch','image',1),(6488,474,338,'api::branch.branch','image',1),(6490,475,339,'api::branch.branch','image',1),(6492,476,340,'api::branch.branch','image',1),(6494,477,341,'api::branch.branch','image',1),(6496,478,342,'api::branch.branch','image',1),(6498,479,343,'api::branch.branch','image',1),(6500,480,344,'api::branch.branch','image',1),(6502,481,345,'api::branch.branch','image',1),(6504,482,346,'api::branch.branch','image',1),(6506,483,347,'api::branch.branch','image',1),(6508,484,348,'api::branch.branch','image',1),(6510,485,349,'api::branch.branch','image',1),(6512,486,350,'api::branch.branch','image',1),(6514,487,351,'api::branch.branch','image',1),(6572,491,34,'home.about-cme','image',1),(6620,491,35,'home.about-cme','image',1),(6650,491,36,'home.about-cme','image',1),(6661,444,107,'common.banner','media',1),(6662,446,128,'common.banner','media',1),(6663,447,283,'common.banner','media',1),(6664,445,184,'common.banner','media',1),(6665,444,342,'common.banner','media',1),(6666,446,343,'common.banner','media',1),(6667,447,344,'common.banner','media',1),(6668,445,345,'common.banner','media',1),(6669,493,1,'api::business-stream.business-stream','image',1),(6670,493,45,'api::business-stream.business-stream','image',1),(6690,491,37,'home.about-cme','image',1),(6701,476,17,'api::branch.branch','image',1),(6702,476,352,'api::branch.branch','image',1),(6703,473,1,'api::branch.branch','image',1),(6704,473,353,'api::branch.branch','image',1),(6705,486,86,'api::branch.branch','image',1),(6706,486,354,'api::branch.branch','image',1),(6707,483,88,'api::branch.branch','image',1),(6708,483,355,'api::branch.branch','image',1),(6709,484,90,'api::branch.branch','image',1),(6710,484,356,'api::branch.branch','image',1),(6711,485,29,'api::branch.branch','image',1),(6712,485,357,'api::branch.branch','image',1),(6713,480,106,'api::branch.branch','image',1),(6714,480,358,'api::branch.branch','image',1),(6715,481,108,'api::branch.branch','image',1),(6716,481,359,'api::branch.branch','image',1),(6718,487,360,'api::branch.branch','image',1),(6720,416,361,'api::branch.branch','image',1),(6722,472,362,'api::branch.branch','image',1),(6724,479,363,'api::branch.branch','image',1),(6726,470,364,'api::branch.branch','image',1),(6728,478,365,'api::branch.branch','image',1),(6730,403,366,'api::branch.branch','image',1),(6732,477,367,'api::branch.branch','image',1),(6735,468,368,'api::branch.branch','image',1),(6737,469,369,'api::branch.branch','image',1),(6739,474,370,'api::branch.branch','image',1),(6741,474,371,'api::branch.branch','image',1),(6743,475,372,'api::branch.branch','image',1),(6745,475,373,'api::branch.branch','image',1),(6747,474,374,'api::branch.branch','image',1),(6749,474,375,'api::branch.branch','image',1),(6751,474,376,'api::branch.branch','image',1),(6753,475,377,'api::branch.branch','image',1),(6755,475,378,'api::branch.branch','image',1),(6756,469,5,'api::branch.branch','image',1),(6757,469,379,'api::branch.branch','image',1),(6759,474,380,'api::branch.branch','image',1),(6761,474,381,'api::branch.branch','image',1),(6763,472,382,'api::branch.branch','image',1),(6765,416,383,'api::branch.branch','image',1),(6767,487,384,'api::branch.branch','image',1),(6769,416,385,'api::branch.branch','image',1),(6771,472,386,'api::branch.branch','image',1),(6772,477,121,'api::branch.branch','image',1),(6773,477,387,'api::branch.branch','image',1),(6774,479,123,'api::branch.branch','image',1),(6775,479,388,'api::branch.branch','image',1),(6776,470,118,'api::branch.branch','image',1),(6777,470,389,'api::branch.branch','image',1),(6779,482,390,'api::branch.branch','image',1),(6781,403,391,'api::branch.branch','image',1),(6783,478,392,'api::branch.branch','image',1),(6784,478,173,'api::branch.branch','image',1),(6785,478,393,'api::branch.branch','image',1),(6786,403,103,'api::branch.branch','image',1),(6787,403,394,'api::branch.branch','image',1),(6788,9,1,'api::header.header','logo',1),(6789,8,1,'api::header.header','colorLogo',1),(6790,9,18,'api::header.header','logo',1),(6791,8,18,'api::header.header','colorLogo',1),(6796,221,1,'api::power-top-category.power-top-category','image',1),(6797,221,33,'api::power-top-category.power-top-category','image',1),(6798,218,3,'api::power-top-category.power-top-category','image',1),(6799,218,34,'api::power-top-category.power-top-category','image',1),(6800,216,7,'api::power-top-category.power-top-category','image',1),(6804,360,11,'api::power-top-category.power-top-category','image',1),(6805,360,37,'api::power-top-category.power-top-category','image',1),(6838,361,5,'api::power-top-category.power-top-category','image',1),(6839,361,39,'api::power-top-category.power-top-category','image',1),(6854,147,13,'api::tyre-category.tyre-category','image',1),(6855,147,71,'api::tyre-category.tyre-category','image',1),(6939,475,395,'api::branch.branch','image',1),(6941,474,396,'api::branch.branch','image',1),(6943,482,397,'api::branch.branch','image',1),(6945,482,398,'api::branch.branch','image',1),(6946,11,1,'common.social-links','icon',1),(6947,13,4,'common.social-links','icon',1),(6948,12,5,'common.social-links','icon',1),(6949,10,6,'common.social-links','icon',1),(6950,15,1,'api::footer.footer','logo',1),(6951,11,91,'common.social-links','icon',1),(6952,13,92,'common.social-links','icon',1),(6953,12,93,'common.social-links','icon',1),(6954,10,94,'common.social-links','icon',1),(6955,15,26,'api::footer.footer','logo',1),(6958,501,9,'api::power-top-category.power-top-category','image',1),(6959,501,41,'api::power-top-category.power-top-category','image',1),(6964,89,29,'service-landing.service-locations','image',1),(6965,91,30,'service-landing.service-locations','image',1),(6970,89,31,'service-landing.service-locations','image',1),(6971,91,32,'service-landing.service-locations','image',1),(6972,195,1,'api::power-category.power-category','image',1),(6973,195,46,'api::power-category.power-category','image',1),(6978,89,33,'service-landing.service-locations','image',1),(6979,91,34,'service-landing.service-locations','image',1),(6980,56,26,'common.banner','media',1),(6981,89,1,'service-landing.service-locations','image',1),(6982,91,4,'service-landing.service-locations','image',1),(6983,56,389,'common.banner','media',1),(6984,89,35,'service-landing.service-locations','image',1),(6985,91,36,'service-landing.service-locations','image',1),(6987,474,399,'api::branch.branch','image',1),(6989,474,400,'api::branch.branch','image',1),(6990,353,241,'common.banner','media',1),(6991,449,7,'api::service.service','listImage',1),(6992,353,390,'common.banner','media',1),(6993,449,294,'api::service.service','listImage',1),(6995,450,36,'api::service.service','listImage',1),(6997,450,295,'api::service.service','listImage',1),(6998,475,31,'api::branch.branch','image',1),(6999,475,401,'api::branch.branch','image',1),(7000,474,144,'api::branch.branch','image',1),(7001,474,402,'api::branch.branch','image',1),(7002,482,125,'api::branch.branch','image',1),(7003,482,403,'api::branch.branch','image',1),(7038,140,9,'api::product-category.product-category','image',1),(7039,140,63,'api::product-category.product-category','image',1),(7040,500,47,'api::product-category.product-category','image',1),(7041,500,64,'api::product-category.product-category','image',1),(7042,139,7,'api::product-category.product-category','image',1),(7043,139,65,'api::product-category.product-category','image',1),(7050,213,5,'api::product-category.product-category','image',1),(7051,213,69,'api::product-category.product-category','image',1),(7052,143,60,'api::product-category.product-category','image',1),(7053,143,70,'api::product-category.product-category','image',1),(7060,30,20,'api::brand.brand','image',1),(7076,326,153,'api::brand.brand','image',1),(7088,143,15,'api::tyre-category.tyre-category','image',1),(7089,143,72,'api::tyre-category.tyre-category','image',1),(7101,451,297,'api::service.service','listImage',1),(7111,434,298,'api::service.service','listImage',1),(7112,312,259,'common.title-desc-img-position','images',1),(7113,426,180,'api::service.service','listImage',1),(7114,312,496,'common.title-desc-img-position','images',1),(7115,426,299,'api::service.service','listImage',1),(7116,308,242,'common.title-desc-img-position','images',1),(7117,309,243,'common.title-desc-img-position','images',1),(7118,310,586,'common.title-desc-with-img','image',1),(7119,311,587,'common.title-desc-with-img','image',1),(7120,427,172,'api::service.service','listImage',1),(7121,308,497,'common.title-desc-img-position','images',1),(7122,309,498,'common.title-desc-img-position','images',1),(7123,310,878,'common.title-desc-with-img','image',1),(7124,311,879,'common.title-desc-with-img','image',1),(7125,427,300,'api::service.service','listImage',1),(7126,315,267,'common.title-desc-img-position','images',1),(7127,316,270,'common.title-desc-img-position','images',1),(7128,317,613,'common.title-desc-with-img','image',1),(7129,318,614,'common.title-desc-with-img','image',1),(7130,319,615,'common.title-desc-with-img','image',1),(7131,320,281,'common.title-desc-img-position','images',1),(7132,321,349,'common.title-desc-img-position','images',1),(7133,322,350,'common.title-desc-img-position','images',1),(7134,431,179,'api::service.service','listImage',1),(7135,315,499,'common.title-desc-img-position','images',1),(7136,316,500,'common.title-desc-img-position','images',1),(7137,317,880,'common.title-desc-with-img','image',1),(7138,318,881,'common.title-desc-with-img','image',1),(7139,319,882,'common.title-desc-with-img','image',1),(7140,320,501,'common.title-desc-img-position','images',1),(7141,321,502,'common.title-desc-img-position','images',1),(7142,322,503,'common.title-desc-img-position','images',1),(7143,431,301,'api::service.service','listImage',1),(7144,284,153,'common.title-desc-img-position','images',1),(7145,285,515,'common.title-desc-with-img','image',1),(7146,286,516,'common.title-desc-with-img','image',1),(7147,287,517,'common.title-desc-with-img','image',1),(7148,288,518,'common.title-desc-with-img','image',1),(7149,289,183,'common.title-desc-img-position','images',1),(7150,290,184,'common.title-desc-img-position','images',1),(7151,432,135,'api::service.service','listImage',1),(7152,284,504,'common.title-desc-img-position','images',1),(7153,285,883,'common.title-desc-with-img','image',1),(7154,286,884,'common.title-desc-with-img','image',1),(7155,287,885,'common.title-desc-with-img','image',1),(7156,288,886,'common.title-desc-with-img','image',1),(7157,289,505,'common.title-desc-img-position','images',1),(7158,290,506,'common.title-desc-img-position','images',1),(7159,432,302,'api::service.service','listImage',1),(7160,255,59,'common.title-desc-img-position','images',1),(7161,430,29,'api::service.service','listImage',1),(7162,255,507,'common.title-desc-img-position','images',1),(7163,430,303,'api::service.service','listImage',1),(7164,279,179,'common.title-desc-img-position','images',1),(7165,280,509,'common.title-desc-with-img','image',1),(7166,281,510,'common.title-desc-with-img','image',1),(7167,282,511,'common.title-desc-with-img','image',1),(7168,283,180,'common.title-desc-img-position','images',1),(7169,429,31,'api::service.service','listImage',1),(7170,279,508,'common.title-desc-img-position','images',1),(7171,280,887,'common.title-desc-with-img','image',1),(7172,281,888,'common.title-desc-with-img','image',1),(7173,282,889,'common.title-desc-with-img','image',1),(7174,283,509,'common.title-desc-img-position','images',1),(7175,429,304,'api::service.service','listImage',1),(7176,271,133,'common.title-desc-img-position','images',1),(7177,302,443,'common.title-desc-with-img','image',1),(7178,303,445,'common.title-desc-with-img','image',1),(7179,299,446,'common.title-desc-with-img','image',1),(7180,301,471,'common.title-desc-with-img','image',1),(7181,300,472,'common.title-desc-with-img','image',1),(7182,277,159,'common.title-desc-img-position','images',1),(7183,278,171,'common.title-desc-img-position','images',1),(7184,428,27,'api::service.service','listImage',1),(7185,271,510,'common.title-desc-img-position','images',1),(7186,302,890,'common.title-desc-with-img','image',1),(7187,303,891,'common.title-desc-with-img','image',1),(7188,299,892,'common.title-desc-with-img','image',1),(7189,301,893,'common.title-desc-with-img','image',1),(7190,300,894,'common.title-desc-with-img','image',1),(7191,277,511,'common.title-desc-img-position','images',1),(7192,278,512,'common.title-desc-img-position','images',1),(7193,428,305,'api::service.service','listImage',1),(7194,339,1,'common.title-desc-img-position','images',1),(7195,340,166,'common.title-desc-with-img','image',1),(7196,341,167,'common.title-desc-with-img','image',1),(7197,342,258,'common.title-desc-with-img','image',1),(7198,343,259,'common.title-desc-with-img','image',1),(7199,344,260,'common.title-desc-with-img','image',1),(7200,345,261,'common.title-desc-with-img','image',1),(7201,346,19,'common.title-desc-img-position','images',1),(7202,347,175,'common.title-desc-img-position','images',1),(7203,433,5,'api::service.service','listImage',1),(7204,339,513,'common.title-desc-img-position','images',1),(7205,340,895,'common.title-desc-with-img','image',1),(7206,341,896,'common.title-desc-with-img','image',1),(7207,342,897,'common.title-desc-with-img','image',1),(7208,343,898,'common.title-desc-with-img','image',1),(7209,344,899,'common.title-desc-with-img','image',1),(7210,345,900,'common.title-desc-with-img','image',1),(7211,346,514,'common.title-desc-img-position','images',1),(7212,347,515,'common.title-desc-img-position','images',1),(7213,433,306,'api::service.service','listImage',1),(7223,434,307,'api::service.service','listImage',1),(7228,434,308,'api::service.service','listImage',1),(7237,365,386,'common.title-desc-img-position','images',1),(7238,369,760,'common.title-desc-with-img','image',1),(7239,371,761,'common.title-desc-with-img','image',1),(7240,368,387,'common.title-desc-img-position','images',1),(7241,369,241,'api::service.service','listImage',1),(7242,365,522,'common.title-desc-img-position','images',1),(7243,369,907,'common.title-desc-with-img','image',1),(7244,371,908,'common.title-desc-with-img','image',1),(7245,368,523,'common.title-desc-img-position','images',1),(7246,369,310,'api::service.service','listImage',1),(7281,109,24,'api::brand.brand','image',1),(7282,109,193,'api::brand.brand','image',1),(7291,228,93,'api::brand.brand','image',1),(7292,228,198,'api::brand.brand','image',1),(7293,226,89,'api::brand.brand','image',1),(7294,226,199,'api::brand.brand','image',1),(7297,334,147,'api::brand.brand','image',1),(7298,334,201,'api::brand.brand','image',1),(7299,159,56,'api::brand.brand','image',1),(7300,159,202,'api::brand.brand','image',1),(7305,229,95,'api::brand.brand','image',1),(7306,229,205,'api::brand.brand','image',1),(7307,224,85,'api::brand.brand','image',1),(7309,336,97,'api::brand.brand','image',1),(7310,336,207,'api::brand.brand','image',1),(7311,331,141,'api::brand.brand','image',1),(7312,331,208,'api::brand.brand','image',1),(7315,323,99,'api::brand.brand','image',1),(7316,323,210,'api::brand.brand','image',1),(7317,158,38,'api::brand.brand','image',1),(7318,158,211,'api::brand.brand','image',1),(7319,328,138,'api::brand.brand','image',1),(7320,328,212,'api::brand.brand','image',1),(7321,325,156,'api::brand.brand','image',1),(7322,325,213,'api::brand.brand','image',1),(7325,234,105,'api::brand.brand','image',1),(7326,234,215,'api::brand.brand','image',1),(7327,324,107,'api::brand.brand','image',1),(7328,324,216,'api::brand.brand','image',1),(7329,330,133,'api::brand.brand','image',1),(7330,330,217,'api::brand.brand','image',1),(7331,335,145,'api::brand.brand','image',1),(7332,335,218,'api::brand.brand','image',1),(7333,237,109,'api::brand.brand','image',1),(7335,28,58,'api::brand.brand','image',1),(7337,338,160,'api::brand.brand','image',1),(7338,338,221,'api::brand.brand','image',1),(7339,156,34,'api::brand.brand','image',1),(7340,156,222,'api::brand.brand','image',1),(7341,154,28,'api::brand.brand','image',1),(7342,154,223,'api::brand.brand','image',1),(7343,332,135,'api::brand.brand','image',1),(7344,332,224,'api::brand.brand','image',1),(7345,333,131,'api::brand.brand','image',1),(7346,333,225,'api::brand.brand','image',1),(7363,454,109,'common.banner','media',1),(7364,437,290,'common.banner','media',1),(7365,442,288,'common.banner','media',1),(7366,441,291,'common.banner','media',1),(7367,440,292,'common.banner','media',1),(7368,454,399,'common.banner','media',1),(7369,437,400,'common.banner','media',1),(7370,442,401,'common.banner','media',1),(7371,441,402,'common.banner','media',1),(7372,440,403,'common.banner','media',1),(7405,428,312,'api::service.service','listImage',1),(7406,271,526,'common.title-desc-img-position','images',1),(7407,302,909,'common.title-desc-with-img','image',1),(7408,303,910,'common.title-desc-with-img','image',1),(7409,299,911,'common.title-desc-with-img','image',1),(7410,301,912,'common.title-desc-with-img','image',1),(7411,300,913,'common.title-desc-with-img','image',1),(7412,277,527,'common.title-desc-img-position','images',1),(7413,278,528,'common.title-desc-img-position','images',1),(7414,428,311,'api::service.service','listImage',1),(7415,271,532,'common.title-desc-img-position','images',1),(7416,302,919,'common.title-desc-with-img','image',1),(7417,303,920,'common.title-desc-with-img','image',1),(7418,299,921,'common.title-desc-with-img','image',1),(7419,301,922,'common.title-desc-with-img','image',1),(7420,300,923,'common.title-desc-with-img','image',1),(7421,277,533,'common.title-desc-img-position','images',1),(7422,278,534,'common.title-desc-img-position','images',1),(7423,428,313,'api::service.service','listImage',1),(7445,491,38,'home.about-cme','image',1),(7475,491,39,'home.about-cme','image',1),(7507,491,40,'home.about-cme','image',1),(7606,454,365,'common.banner','media',1),(7607,495,477,'common.title-desc-img-position','images',1),(7608,494,477,'common.title-desc-img-position','images',2),(7609,454,427,'common.banner','media',1),(7610,495,540,'common.title-desc-img-position','images',1),(7611,494,540,'common.title-desc-img-position','images',2),(7617,449,315,'api::service.service','listImage',1),(7621,449,316,'api::service.service','listImage',1),(7625,449,317,'api::service.service','listImage',1),(7629,449,318,'api::service.service','listImage',1),(7633,449,319,'api::service.service','listImage',1),(7639,449,321,'api::service.service','listImage',1),(7644,514,44,'api::brand.brand','image',1),(7645,514,228,'api::brand.brand','image',1),(7649,450,322,'api::service.service','listImage',1),(7650,355,434,'common.banner','media',1),(7651,450,320,'api::service.service','listImage',1),(7652,355,437,'common.banner','media',1),(7653,450,323,'api::service.service','listImage',1),(7654,468,21,'api::branch.branch','image',1),(7655,468,404,'api::branch.branch','image',1),(7656,419,273,'api::branch.branch','image',1),(7657,419,405,'api::branch.branch','image',1),(7658,307,488,'common.title-desc-img-position','images',1),(7659,451,296,'api::service.service','listImage',1),(7660,307,541,'common.title-desc-img-position','images',1),(7661,451,324,'api::service.service','listImage',1),(7665,449,325,'api::service.service','listImage',1),(7666,307,77,'common.title-desc-img-position','images',1),(7667,305,81,'common.title-desc-img-position','images',1),(7668,306,98,'common.title-desc-img-position','images',1),(7669,451,82,'api::service.service','listImage',1),(7670,307,542,'common.title-desc-img-position','images',1),(7671,305,543,'common.title-desc-img-position','images',1),(7672,306,544,'common.title-desc-img-position','images',1),(7673,451,326,'api::service.service','listImage',1),(7689,453,327,'api::service.service','listImage',1),(7690,298,299,'common.title-desc-img-position','images',1),(7691,297,299,'common.title-desc-img-position','images',2),(7692,296,299,'common.title-desc-img-position','images',3),(7693,295,299,'common.title-desc-img-position','images',4),(7694,293,523,'common.title-desc-with-img','image',1),(7695,294,524,'common.title-desc-with-img','image',1),(7696,292,525,'common.title-desc-with-img','image',1),(7697,453,99,'api::service.service','listImage',1),(7698,298,546,'common.title-desc-img-position','images',1),(7699,297,546,'common.title-desc-img-position','images',2),(7700,296,546,'common.title-desc-img-position','images',3),(7701,295,546,'common.title-desc-img-position','images',4),(7702,293,936,'common.title-desc-with-img','image',1),(7703,294,937,'common.title-desc-with-img','image',1),(7704,292,938,'common.title-desc-with-img','image',1),(7705,453,328,'api::service.service','listImage',1),(7706,268,116,'common.title-desc-img-position','images',1),(7707,455,1,'common.slider-image','image',1),(7708,456,2,'common.slider-image','image',1),(7709,462,3,'common.slider-image','image',1),(7710,458,4,'common.slider-image','image',1),(7711,467,5,'common.slider-image','image',1),(7712,463,6,'common.slider-image','image',1),(7713,460,7,'common.slider-image','image',1),(7714,461,8,'common.slider-image','image',1),(7715,466,9,'common.slider-image','image',1),(7716,464,10,'common.slider-image','image',1),(7717,465,11,'common.slider-image','image',1),(7718,457,12,'common.slider-image','image',1),(7719,459,13,'common.slider-image','image',1),(7720,452,105,'api::service.service','listImage',1),(7721,268,547,'common.title-desc-img-position','images',1),(7722,455,83,'common.slider-image','image',1),(7723,456,84,'common.slider-image','image',1),(7724,462,85,'common.slider-image','image',1),(7725,458,86,'common.slider-image','image',1),(7726,467,87,'common.slider-image','image',1),(7727,463,88,'common.slider-image','image',1),(7728,460,89,'common.slider-image','image',1),(7729,461,90,'common.slider-image','image',1),(7730,466,91,'common.slider-image','image',1),(7731,464,92,'common.slider-image','image',1),(7732,465,93,'common.slider-image','image',1),(7733,457,94,'common.slider-image','image',1),(7734,459,95,'common.slider-image','image',1),(7735,452,329,'api::service.service','listImage',1),(7737,472,406,'api::branch.branch','image',1),(7739,416,407,'api::branch.branch','image',1),(7741,487,408,'api::branch.branch','image',1),(7742,416,25,'api::branch.branch','image',1),(7743,416,409,'api::branch.branch','image',1),(7744,472,27,'api::branch.branch','image',1),(7745,472,410,'api::branch.branch','image',1),(7747,487,411,'api::branch.branch','image',1),(7749,487,412,'api::branch.branch','image',1),(7750,487,113,'api::branch.branch','image',1),(7751,487,413,'api::branch.branch','image',1),(7766,513,83,'api::brand.brand','image',1),(7767,513,229,'api::brand.brand','image',1),(7770,512,87,'api::brand.brand','image',1),(7771,512,231,'api::brand.brand','image',1),(7774,233,103,'api::brand.brand','image',1),(7775,233,233,'api::brand.brand','image',1),(7804,163,260,'common.banner','media',1),(7805,520,8,'api::service-category.service-category','image',1),(7806,511,8,'api::service-category.service-category','menuImage',1),(7807,163,441,'common.banner','media',1),(7808,520,50,'api::service-category.service-category','image',1),(7809,511,50,'api::service-category.service-category','menuImage',1),(7831,491,41,'home.about-cme','image',1),(7856,523,56,'common.title-desc-with-img','image',1),(7857,205,58,'common.title-desc-with-img','image',1),(7858,204,59,'common.title-desc-with-img','image',1),(7859,20,8,'common.title-desc-btn-img','image',1),(7860,489,1,'common.title-desc-btn-img','image',1),(7861,519,7,'common.title-desc-btn-img','image',1),(7862,21,15,'common.title-desc-btn-img','image',1),(7863,523,949,'common.title-desc-with-img','image',1),(7864,205,950,'common.title-desc-with-img','image',1),(7865,204,951,'common.title-desc-with-img','image',1),(7866,20,116,'common.title-desc-btn-img','image',1),(7867,489,117,'common.title-desc-btn-img','image',1),(7868,519,118,'common.title-desc-btn-img','image',1),(7869,21,119,'common.title-desc-btn-img','image',1),(7891,491,42,'home.about-cme','image',1),(7923,525,43,'home.about-cme','image',1),(7934,524,332,'common.banner','media',1),(7935,350,232,'common.banner','media',1),(7936,502,235,'common.banner','media',1),(7937,352,236,'common.banner','media',1),(7938,503,235,'common.banner','responsiveMedia',1),(7939,526,1,'home.about-cme','image',1),(7940,115,1,'home.logos','logo',1),(7941,116,24,'home.logos','logo',1),(7942,96,52,'home.logos','logo',1),(7943,114,53,'home.logos','logo',1),(7944,113,54,'home.logos','logo',1),(7945,112,55,'home.logos','logo',1),(7946,111,56,'home.logos','logo',1),(7947,109,57,'home.logos','logo',1),(7948,105,58,'home.logos','logo',1),(7949,41,1,'common.content-with-link','image',1),(7950,524,454,'common.banner','media',1),(7951,350,455,'common.banner','media',1),(7952,502,456,'common.banner','media',1),(7953,352,457,'common.banner','media',1),(7954,503,456,'common.banner','responsiveMedia',1),(7955,526,44,'home.about-cme','image',1),(7956,115,309,'home.logos','logo',1),(7957,116,310,'home.logos','logo',1),(7958,96,311,'home.logos','logo',1),(7959,114,312,'home.logos','logo',1),(7960,113,313,'home.logos','logo',1),(7961,112,314,'home.logos','logo',1),(7962,111,315,'home.logos','logo',1),(7963,109,316,'home.logos','logo',1),(7964,105,317,'home.logos','logo',1),(7965,41,46,'common.content-with-link','image',1),(7966,353,428,'common.banner','media',1),(7967,527,314,'api::service.service','listImage',1),(7968,353,458,'common.banner','media',1),(7969,527,330,'api::service.service','listImage',1),(7972,529,3,'api::business-stream.business-stream','image',1),(7973,529,47,'api::business-stream.business-stream','image',1),(7986,49,20,'common.banner','media',1),(7987,530,1,'common.box-component','logo',1),(7988,530,1,'common.box-component','responsiveLogo',1),(7989,49,461,'common.banner','media',1),(7990,530,15,'common.box-component','logo',1),(7991,530,15,'common.box-component','responsiveLogo',1),(7992,528,234,'api::brand.brand','image',1),(7993,528,236,'api::brand.brand','image',1),(7994,329,60,'api::brand.brand','image',1),(7995,329,237,'api::brand.brand','image',1);

--
-- Table structure for table `footers`
--

CREATE TABLE `footers` (
  `id` int unsigned NOT NULL AUTO_INCREMENT,
  `document_id` varchar(255) DEFAULT NULL,
  `created_at` datetime(6) DEFAULT NULL,
  `updated_at` datetime(6) DEFAULT NULL,
  `published_at` datetime(6) DEFAULT NULL,
  `created_by_id` int unsigned DEFAULT NULL,
  `updated_by_id` int unsigned DEFAULT NULL,
  `locale` varchar(255) DEFAULT NULL,
  `copyright_text` longtext,
  `description` longtext,
  PRIMARY KEY (`id`),
  KEY `footers_documents_idx` (`document_id`,`locale`,`published_at`),
  KEY `footers_created_by_id_fk` (`created_by_id`),
  KEY `footers_updated_by_id_fk` (`updated_by_id`),
  CONSTRAINT `footers_created_by_id_fk` FOREIGN KEY (`created_by_id`) REFERENCES `admin_users` (`id`) ON DELETE SET NULL,
  CONSTRAINT `footers_updated_by_id_fk` FOREIGN KEY (`updated_by_id`) REFERENCES `admin_users` (`id`) ON DELETE SET NULL
) ENGINE=InnoDB AUTO_INCREMENT=27 DEFAULT CHARSET=utf8mb4 COLLATE=utf8mb4_0900_ai_ci;

--
-- Dumping data for table `footers`
--

INSERT INTO `footers` VALUES (1,'kdzkmdya4gu6pu184qlei04d','2025-11-22 06:46:14.928000','2026-05-19 10:34:16.164000',NULL,1,1,'en','© Central Motors & Equipment 2026. All Rights Reserved.','Central Motors & Equipment'),(26,'kdzkmdya4gu6pu184qlei04d','2025-11-22 06:46:14.928000','2026-05-19 10:34:16.164000','2026-05-19 10:34:17.520000',1,1,'en','© Central Motors & Equipment 2026. All Rights Reserved.','Central Motors & Equipment');

--
-- Table structure for table `footers_cmps`
--

CREATE TABLE `footers_cmps` (
  `id` int unsigned NOT NULL AUTO_INCREMENT,
  `entity_id` int unsigned DEFAULT NULL,
  `cmp_id` int unsigned DEFAULT NULL,
  `component_type` varchar(255) DEFAULT NULL,
  `field` varchar(255) DEFAULT NULL,
  `order` double unsigned DEFAULT NULL,
  PRIMARY KEY (`id`),
  UNIQUE KEY `footers_uq` (`entity_id`,`cmp_id`,`field`,`component_type`),
  KEY `footers_field_idx` (`field`),
  KEY `footers_component_type_idx` (`component_type`),
  KEY `footers_entity_fk` (`entity_id`),
  CONSTRAINT `footers_entity_fk` FOREIGN KEY (`entity_id`) REFERENCES `footers` (`id`) ON DELETE CASCADE
) ENGINE=InnoDB AUTO_INCREMENT=425 DEFAULT CHARSET=utf8mb4 COLLATE=utf8mb4_0900_ai_ci;

--
-- Dumping data for table `footers_cmps`
--

INSERT INTO `footers_cmps` VALUES (1,1,1,'common.social-links','socialLinks',3),(2,1,11,'common.menu-item','bottomMenu',2),(3,1,12,'common.menu-item','bottomMenu',4),(4,1,1,'common.menu-item-w-sub','menu',1),(5,1,2,'common.menu-item-w-sub','menu',2),(21,1,4,'common.social-links','socialLinks',6),(22,1,5,'common.social-links','socialLinks',7),(23,1,6,'common.social-links','socialLinks',8),(417,26,91,'common.social-links','socialLinks',1),(418,26,92,'common.social-links','socialLinks',2),(419,26,93,'common.social-links','socialLinks',3),(420,26,94,'common.social-links','socialLinks',4),(421,26,322,'common.menu-item','bottomMenu',1),(422,26,323,'common.menu-item','bottomMenu',2),(423,26,60,'common.menu-item-w-sub','menu',1),(424,26,61,'common.menu-item-w-sub','menu',2);

--
-- Table structure for table `headers`
--

CREATE TABLE `headers` (
  `id` int unsigned NOT NULL AUTO_INCREMENT,
  `document_id` varchar(255) DEFAULT NULL,
  `show_multilingual` tinyint(1) DEFAULT NULL,
  `created_at` datetime(6) DEFAULT NULL,
  `updated_at` datetime(6) DEFAULT NULL,
  `published_at` datetime(6) DEFAULT NULL,
  `created_by_id` int unsigned DEFAULT NULL,
  `updated_by_id` int unsigned DEFAULT NULL,
  `locale` varchar(255) DEFAULT NULL,
  PRIMARY KEY (`id`),
  KEY `headers_documents_idx` (`document_id`,`locale`,`published_at`),
  KEY `headers_created_by_id_fk` (`created_by_id`),
  KEY `headers_updated_by_id_fk` (`updated_by_id`),
  CONSTRAINT `headers_created_by_id_fk` FOREIGN KEY (`created_by_id`) REFERENCES `admin_users` (`id`) ON DELETE SET NULL,
  CONSTRAINT `headers_updated_by_id_fk` FOREIGN KEY (`updated_by_id`) REFERENCES `admin_users` (`id`) ON DELETE SET NULL
) ENGINE=InnoDB AUTO_INCREMENT=19 DEFAULT CHARSET=utf8mb4 COLLATE=utf8mb4_0900_ai_ci;

--
-- Dumping data for table `headers`
--

INSERT INTO `headers` VALUES (1,'sp7t2jyo0s7xitjpftvi3mw1',0,'2025-11-22 06:41:06.614000','2026-04-22 11:08:28.183000',NULL,1,1,'en'),(18,'sp7t2jyo0s7xitjpftvi3mw1',0,'2025-11-22 06:41:06.614000','2026-04-22 11:08:28.183000','2026-04-22 11:08:28.956000',1,1,'en');

--
-- Table structure for table `headers_cmps`
--

CREATE TABLE `headers_cmps` (
  `id` int unsigned NOT NULL AUTO_INCREMENT,
  `entity_id` int unsigned DEFAULT NULL,
  `cmp_id` int unsigned DEFAULT NULL,
  `component_type` varchar(255) DEFAULT NULL,
  `field` varchar(255) DEFAULT NULL,
  `order` double unsigned DEFAULT NULL,
  PRIMARY KEY (`id`),
  UNIQUE KEY `headers_uq` (`entity_id`,`cmp_id`,`field`,`component_type`),
  KEY `headers_field_idx` (`field`),
  KEY `headers_component_type_idx` (`component_type`),
  KEY `headers_entity_fk` (`entity_id`),
  CONSTRAINT `headers_entity_fk` FOREIGN KEY (`entity_id`) REFERENCES `headers` (`id`) ON DELETE CASCADE
) ENGINE=InnoDB AUTO_INCREMENT=139 DEFAULT CHARSET=utf8mb4 COLLATE=utf8mb4_0900_ai_ci;

--
-- Dumping data for table `headers_cmps`
--

INSERT INTO `headers_cmps` VALUES (125,1,202,'common.menu-item','menu',1),(126,1,203,'common.menu-item','menu',2),(127,1,204,'common.menu-item','menu',3),(128,1,1,'common.menu-item-w-services','menu',4),(129,1,1,'common.menu-item','menu',5),(130,1,6,'common.menu-item','menu',6),(131,1,7,'common.menu-item','menu',7),(132,18,316,'common.menu-item','menu',1),(133,18,317,'common.menu-item','menu',2),(134,18,318,'common.menu-item','menu',3),(135,18,11,'common.menu-item-w-services','menu',4),(136,18,319,'common.menu-item','menu',5),(137,18,320,'common.menu-item','menu',6),(138,18,321,'common.menu-item','menu',7);

--
-- Table structure for table `homes`
--

CREATE TABLE `homes` (
  `id` int unsigned NOT NULL AUTO_INCREMENT,
  `document_id` varchar(255) DEFAULT NULL,
  `created_at` datetime(6) DEFAULT NULL,
  `updated_at` datetime(6) DEFAULT NULL,
  `published_at` datetime(6) DEFAULT NULL,
  `created_by_id` int unsigned DEFAULT NULL,
  `updated_by_id` int unsigned DEFAULT NULL,
  `locale` varchar(255) DEFAULT NULL,
  `is_news_enabled` tinyint(1) DEFAULT NULL,
  PRIMARY KEY (`id`),
  KEY `homes_documents_idx` (`document_id`,`locale`,`published_at`),
  KEY `homes_created_by_id_fk` (`created_by_id`),
  KEY `homes_updated_by_id_fk` (`updated_by_id`),
  CONSTRAINT `homes_created_by_id_fk` FOREIGN KEY (`created_by_id`) REFERENCES `admin_users` (`id`) ON DELETE SET NULL,
  CONSTRAINT `homes_updated_by_id_fk` FOREIGN KEY (`updated_by_id`) REFERENCES `admin_users` (`id`) ON DELETE SET NULL
) ENGINE=InnoDB AUTO_INCREMENT=62 DEFAULT CHARSET=utf8mb4 COLLATE=utf8mb4_0900_ai_ci;

--
-- Dumping data for table `homes`
--

INSERT INTO `homes` VALUES (1,'omwub2vqq79mjezdxrj80qmx','2025-11-22 05:40:07.852000','2026-06-25 09:57:04.884000',NULL,1,1,'en',1),(15,'omwub2vqq79mjezdxrj80qmx','2025-12-14 06:35:42.308000','2025-12-14 06:35:42.308000',NULL,1,1,'ar',1),(16,'omwub2vqq79mjezdxrj80qmx','2025-12-14 06:35:42.308000','2025-12-14 06:35:42.308000','2025-12-14 06:35:42.988000',1,1,'ar',1),(61,'omwub2vqq79mjezdxrj80qmx','2025-11-22 05:40:07.852000','2026-06-25 09:57:04.884000','2026-06-25 09:57:08.129000',1,1,'en',1);

--
-- Table structure for table `homes_cmps`
--

CREATE TABLE `homes_cmps` (
  `id` int unsigned NOT NULL AUTO_INCREMENT,
  `entity_id` int unsigned DEFAULT NULL,
  `cmp_id` int unsigned DEFAULT NULL,
  `component_type` varchar(255) DEFAULT NULL,
  `field` varchar(255) DEFAULT NULL,
  `order` double unsigned DEFAULT NULL,
  PRIMARY KEY (`id`),
  UNIQUE KEY `homes_uq` (`entity_id`,`cmp_id`,`field`,`component_type`),
  KEY `homes_field_idx` (`field`),
  KEY `homes_component_type_idx` (`component_type`),
  KEY `homes_entity_fk` (`entity_id`),
  CONSTRAINT `homes_entity_fk` FOREIGN KEY (`entity_id`) REFERENCES `homes` (`id`) ON DELETE CASCADE
) ENGINE=InnoDB AUTO_INCREMENT=942 DEFAULT CHARSET=utf8mb4 COLLATE=utf8mb4_0900_ai_ci;

--
-- Dumping data for table `homes_cmps`
--

INSERT INTO `homes_cmps` VALUES (87,15,40,'common.banner','banner',1),(88,16,41,'common.banner','banner',1),(90,1,1,'common.content-with-link','aboutGroup',12),(98,1,1,'home.about-cme','aboutCme',7),(99,1,1,'home.business-stream','businessStreams',8),(100,1,1,'home.trusted-section','trustedPartners',10),(101,1,1,'home.content-section','socialFeeds',9),(102,1,2,'home.content-section','ourLocations',11),(114,1,5,'home.content-section','trustedBrands',6),(535,1,88,'common.seo','seo',1),(545,1,232,'common.banner','banner',2),(565,1,235,'common.banner','banner',3),(566,1,236,'common.banner','banner',4),(687,1,332,'common.banner','banner',1),(930,61,454,'common.banner','banner',1),(931,61,455,'common.banner','banner',2),(932,61,456,'common.banner','banner',3),(933,61,457,'common.banner','banner',4),(934,61,44,'home.about-cme','aboutCme',NULL),(935,61,44,'home.business-stream','businessStreams',NULL),(936,61,152,'home.content-section','trustedBrands',NULL),(937,61,44,'home.trusted-section','trustedPartners',NULL),(938,61,153,'home.content-section','socialFeeds',NULL),(939,61,154,'home.content-section','ourLocations',NULL),(940,61,46,'common.content-with-link','aboutGroup',NULL),(941,61,252,'common.seo','seo',NULL);

--
-- Table structure for table `i18n_locale`
--

CREATE TABLE `i18n_locale` (
  `id` int unsigned NOT NULL AUTO_INCREMENT,
  `document_id` varchar(255) DEFAULT NULL,
  `name` varchar(255) DEFAULT NULL,
  `code` varchar(255) DEFAULT NULL,
  `created_at` datetime(6) DEFAULT NULL,
  `updated_at` datetime(6) DEFAULT NULL,
  `published_at` datetime(6) DEFAULT NULL,
  `created_by_id` int unsigned DEFAULT NULL,
  `updated_by_id` int unsigned DEFAULT NULL,
  `locale` varchar(255) DEFAULT NULL,
  PRIMARY KEY (`id`),
  KEY `i18n_locale_documents_idx` (`document_id`,`locale`,`published_at`),
  KEY `i18n_locale_created_by_id_fk` (`created_by_id`),
  KEY `i18n_locale_updated_by_id_fk` (`updated_by_id`),
  CONSTRAINT `i18n_locale_created_by_id_fk` FOREIGN KEY (`created_by_id`) REFERENCES `admin_users` (`id`) ON DELETE SET NULL,
  CONSTRAINT `i18n_locale_updated_by_id_fk` FOREIGN KEY (`updated_by_id`) REFERENCES `admin_users` (`id`) ON DELETE SET NULL
) ENGINE=InnoDB AUTO_INCREMENT=3 DEFAULT CHARSET=utf8mb4 COLLATE=utf8mb4_0900_ai_ci;

--
-- Dumping data for table `i18n_locale`
--

INSERT INTO `i18n_locale` VALUES (1,'sc34f0ritbxgoaf0bmfvixb5','English (en)','en','2025-11-21 05:39:29.301000','2025-11-21 05:39:29.301000','2025-11-21 05:39:29.303000',NULL,NULL,NULL),(2,'ttqlf2jrq3gjx11asw6ajbll','Arabic (ar)','ar','2025-11-28 09:33:47.290000','2025-11-28 09:33:47.290000','2025-11-28 09:33:47.291000',1,1,NULL);

--
-- Table structure for table `locations`
--

CREATE TABLE `locations` (
  `id` int unsigned NOT NULL AUTO_INCREMENT,
  `document_id` varchar(255) DEFAULT NULL,
  `created_at` datetime(6) DEFAULT NULL,
  `updated_at` datetime(6) DEFAULT NULL,
  `published_at` datetime(6) DEFAULT NULL,
  `created_by_id` int unsigned DEFAULT NULL,
  `updated_by_id` int unsigned DEFAULT NULL,
  `locale` varchar(255) DEFAULT NULL,
  `sub_title` varchar(255) DEFAULT NULL,
  `title` varchar(255) DEFAULT NULL,
  `description` longtext,
  PRIMARY KEY (`id`),
  KEY `locations_documents_idx` (`document_id`,`locale`,`published_at`),
  KEY `locations_created_by_id_fk` (`created_by_id`),
  KEY `locations_updated_by_id_fk` (`updated_by_id`),
  CONSTRAINT `locations_created_by_id_fk` FOREIGN KEY (`created_by_id`) REFERENCES `admin_users` (`id`) ON DELETE SET NULL,
  CONSTRAINT `locations_updated_by_id_fk` FOREIGN KEY (`updated_by_id`) REFERENCES `admin_users` (`id`) ON DELETE SET NULL
) ENGINE=InnoDB AUTO_INCREMENT=10 DEFAULT CHARSET=utf8mb4 COLLATE=utf8mb4_0900_ai_ci;

--
-- Dumping data for table `locations`
--

INSERT INTO `locations` VALUES (1,'qu6yjyv0cla8lq4yssqcrjaa','2025-11-27 06:26:40.295000','2026-02-05 06:47:09.587000',NULL,1,1,'en','Where to Find Us ','Explore Our Locations','<p>CME has expanded its portfolio taking in complementary brands with exclusive agency agreements for the UAE. The company functions under the major divisions: Tyres, Automotive, Services and Power Tools</p>'),(9,'qu6yjyv0cla8lq4yssqcrjaa','2025-11-27 06:26:40.295000','2026-02-05 06:47:09.587000','2026-02-05 06:47:10.232000',1,1,'en','Where to Find Us ','Explore Our Locations','<p>CME has expanded its portfolio taking in complementary brands with exclusive agency agreements for the UAE. The company functions under the major divisions: Tyres, Automotive, Services and Power Tools</p>');

--
-- Table structure for table `locations_cmps`
--

CREATE TABLE `locations_cmps` (
  `id` int unsigned NOT NULL AUTO_INCREMENT,
  `entity_id` int unsigned DEFAULT NULL,
  `cmp_id` int unsigned DEFAULT NULL,
  `component_type` varchar(255) DEFAULT NULL,
  `field` varchar(255) DEFAULT NULL,
  `order` double unsigned DEFAULT NULL,
  PRIMARY KEY (`id`),
  UNIQUE KEY `locations_uq` (`entity_id`,`cmp_id`,`field`,`component_type`),
  KEY `locations_field_idx` (`field`),
  KEY `locations_component_type_idx` (`component_type`),
  KEY `locations_entity_fk` (`entity_id`),
  CONSTRAINT `locations_entity_fk` FOREIGN KEY (`entity_id`) REFERENCES `locations` (`id`) ON DELETE CASCADE
) ENGINE=InnoDB AUTO_INCREMENT=11 DEFAULT CHARSET=utf8mb4 COLLATE=utf8mb4_0900_ai_ci;

--
-- Dumping data for table `locations_cmps`
--

INSERT INTO `locations_cmps` VALUES (1,1,41,'common.seo','seo',NULL),(10,9,63,'common.seo','seo',NULL);

--
-- Table structure for table `locations_location_types_lnk`
--

CREATE TABLE `locations_location_types_lnk` (
  `id` int unsigned NOT NULL AUTO_INCREMENT,
  `location_id` int unsigned DEFAULT NULL,
  `branch_location_id` int unsigned DEFAULT NULL,
  `branch_location_ord` double unsigned DEFAULT NULL,
  PRIMARY KEY (`id`),
  UNIQUE KEY `locations_location_types_lnk_uq` (`location_id`,`branch_location_id`),
  KEY `locations_location_types_lnk_fk` (`location_id`),
  KEY `locations_location_types_lnk_ifk` (`branch_location_id`),
  KEY `locations_location_types_lnk_ofk` (`branch_location_ord`),
  CONSTRAINT `locations_location_types_lnk_fk` FOREIGN KEY (`location_id`) REFERENCES `locations` (`id`) ON DELETE CASCADE,
  CONSTRAINT `locations_location_types_lnk_ifk` FOREIGN KEY (`branch_location_id`) REFERENCES `branch_locations` (`id`) ON DELETE CASCADE
) ENGINE=InnoDB AUTO_INCREMENT=13 DEFAULT CHARSET=utf8mb4 COLLATE=utf8mb4_0900_ai_ci;

--
-- Dumping data for table `locations_location_types_lnk`
--

INSERT INTO `locations_location_types_lnk` VALUES (1,1,4,1),(3,1,7,2),(9,1,1,3),(10,9,6,1),(11,9,35,2),(12,9,3,3);

--
-- Table structure for table `newes`
--

CREATE TABLE `newes` (
  `id` int unsigned NOT NULL AUTO_INCREMENT,
  `document_id` varchar(255) DEFAULT NULL,
  `title` varchar(255) DEFAULT NULL,
  `slug` varchar(255) DEFAULT NULL,
  `posted_date` date DEFAULT NULL,
  `small_description` longtext,
  `description` longtext,
  `is_featured` tinyint(1) DEFAULT NULL,
  `read_time` varchar(255) DEFAULT NULL,
  `created_at` datetime(6) DEFAULT NULL,
  `updated_at` datetime(6) DEFAULT NULL,
  `published_at` datetime(6) DEFAULT NULL,
  `created_by_id` int unsigned DEFAULT NULL,
  `updated_by_id` int unsigned DEFAULT NULL,
  `locale` varchar(255) DEFAULT NULL,
  PRIMARY KEY (`id`),
  KEY `newes_documents_idx` (`document_id`,`locale`,`published_at`),
  KEY `newes_created_by_id_fk` (`created_by_id`),
  KEY `newes_updated_by_id_fk` (`updated_by_id`),
  CONSTRAINT `newes_created_by_id_fk` FOREIGN KEY (`created_by_id`) REFERENCES `admin_users` (`id`) ON DELETE SET NULL,
  CONSTRAINT `newes_updated_by_id_fk` FOREIGN KEY (`updated_by_id`) REFERENCES `admin_users` (`id`) ON DELETE SET NULL
) ENGINE=InnoDB AUTO_INCREMENT=63 DEFAULT CHARSET=utf8mb4 COLLATE=utf8mb4_0900_ai_ci;

--
-- Dumping data for table `newes`
--

INSERT INTO `newes` VALUES (1,'pabl6v25u1lp2r05v1fc77ub','A HISTORIC MOMENT FOR CENTRAL MOTORS & & EQUIPMENT! & WE ARE BEYOND EXCITED TO SHARE TRULY EXTRA ORDINARY NEWS!','awards1','2026-01-08','We are beyond excited to share truly extraordinary news!\n','<p>We are beyond excited to share truly extraordinary news!</p><p>Central Motors &amp; Equipment LLC has been honored on the world stage, winning the “Highly Commended Distributor of the Year” at the prestigious Automechanika 2025 Global Awards!</p><p>This remarkable distinction was presented by Mr. Michael Johannes, Vice President Mobility &amp; Logistics at Messe Frankfurt a true industry icon and received with pride by our General Manager, Mr. Sami Messaoudi, and Country Business Director, Mr. Rajkumar Venkatapathy.<br>&nbsp;</p>',1,'5 mins','2025-12-12 05:37:33.823000','2026-03-09 10:02:33.202000',NULL,1,1,'en'),(4,'lnfso4vkopvjvx8xkw9wpukv','A HISTORIC MOMENT FOR CENTRAL MOTORS & & EQUIPMENT! & WE ARE BEYOND EXCITED TO SHARE TRULY EXTRA ORDINARY NEWS!','awards2','2026-12-08','As Knorr Bremse strategic partner in Middle East Central Motors & Equipment LLC is honored to be appointed once again as an authorized UAE & Qatar TruckServices Expert Network Distributor until 09-09-2027.','<p style=\"line-height:108%;margin-bottom:0.28cm;\"><span style=\"background-color:#ffffff;font-family:Segoe UI, sans-serif;font-size:small;\"><font style=\"font-size:10pt;\">As Knorr Bremse strategic partner in Middle East Central Motors &amp; Equipment LLC is honored to be appointed once again as an authorized UAE &amp; Qatar TruckServices Expert Network Distributor until 09-09-2027.</font></span><br><br><span style=\"background-color:#ffffff;font-family:Segoe UI, sans-serif;font-size:small;\"><font style=\"font-size:10pt;\">Thanks to Mr. Ozan Cicek, Managing Director, Knorr-Bremse Türkiye &amp; MENA, Vishal Sanghavi, Head of Aftermarket Strategy EMEA, Yarkin Gul, Sales Manager Türkiye &amp; MENA, Savaş OK, Technical Services &amp; Account Manager, Knorr-Bremse Türkiye &amp; MENA for visiting CME stand at Automechanika 2025 and presenting the certificate.</font></span><br><br><span style=\"background-color:#ffffff;font-family:Segoe UI, sans-serif;font-size:small;\"><font style=\"font-size:10pt;\">We sincerely thanks to entire Knorr Bremse team and believe that we will accomplish many things in future as we have done till today together.</font></span></p>',1,'5 mins','2025-12-12 05:38:24.512000','2026-03-09 10:02:51.165000',NULL,1,1,'en'),(19,'k3ms928e4ebxrb5xczipghke','Central Motors and Equipment proudly congratulates Fine Tools on the Grand Opening of their New Experience Center.','news-3','2025-12-12',NULL,'<p style=\"line-height:108%;margin-bottom:0.28cm;\"><span style=\"color:#212121;font-family:Aptos, serif;\">Bosch Power Tools participated in the integration of Finetools’ new branch while celebrating their 25th anniversary milestone. The new location features a dedicated Bosch experience center, allowing customers to easily explore, understand, and use Bosch tools through hands-on demonstrations. This initiative strengthens our long-standing partnership with Finetools and reinforces our shared commitment to delivering innovative solutions, superior service, and an enhanced customer experience</span><br><br>Central Motors &amp; Equipment Lightup the season with BOSCH Powertools new activation to powering the festive spirit<br>Venue: ACE Hardware DFC, Dubai</p><p>BOSCH Power Tools collaborated with ACE Dubai Festival City as part of the Light Up Season, creating an engaging in-store experience for customers. The event attracted strong footfall, with many visitors witnessing live demonstrations and exploring the BOSCH Power Tools range.<br>The activation enhanced brand visibility and customer interaction, highlighting the effectiveness of festive in-store collaborations in driving awareness and engagement.</p>',1,NULL,'2026-01-13 09:19:31.679000','2026-03-09 10:03:05.880000',NULL,1,1,'en'),(21,'pdkwlj6e27rzzp0swewcjv7n','MICHELIN GUIDE Abu Dhabi 2026 ceremony held in October 2025.','news-4','2025-10-23',NULL,'<p>The event was a spectacular celebration of Abu Dhabi\'s culinary excellence, recognizing the city\'s finest chefs and restaurants.</p><p>CME – Tyre Division team has represented the company, the success of the event is a testament to the city\'s thriving food scene, which is rapidly becoming one of the region\'s most dynamic and sought-after destinations for foodies and connoisseurs alike.</p><p>CME thanked to Michelin AIM team for inviting and to have such wonderful experience.&nbsp;</p>',0,NULL,'2026-01-13 09:23:00.970000','2026-03-09 10:03:34.718000',NULL,1,1,'en'),(38,'eoyvkw49iyjnj6ipbx9o3mse','CME Tyre Division- Michelin collaborated with EMC – Mercedes for Track Day Event','news-5','2025-10-24','Venue: Yas Marina Circuit, Abu Dhabi UAE','<p>Central Motors and Equipment Tyre Division’s Brand Michelin has collaborated with Emirates Motor Company (Alfahim Group) for Mercedes Track Day Event, where all tyres for Track Day Car for customers were sponsored by CME-Michelin.</p><p>At this high-octane event, Michelin showcased its premium tire capabilities, providing top-notch tires for the track cars. The collaboration aimed to promote Michelin\'s brand excellence, cutting-edge technology, and exceptional performance.</p><p>The event provided a unique opportunity for guests to experience the thrill of driving Mercedes-Benz cars equipped with Michelin tires, highlighting the brand\'s commitment to safety, quality, and innovation.<br>Adding to the event\'s success, the CME Tyreplus van was on-site, providing expert tire services and showcasing the convenience of mobile tire care. Guests had the opportunity to experience firsthand the quality and efficiency of Tyreplus\'s services, further solidifying Central Motors and Equipment\'s commitment to customer satisfaction.</p><p>&nbsp;</p>',NULL,NULL,'2026-01-27 09:54:57.647000','2026-03-09 10:03:19.904000',NULL,1,1,'en'),(58,'pabl6v25u1lp2r05v1fc77ub','A HISTORIC MOMENT FOR CENTRAL MOTORS & & EQUIPMENT! & WE ARE BEYOND EXCITED TO SHARE TRULY EXTRA ORDINARY NEWS!','awards1','2026-01-08','We are beyond excited to share truly extraordinary news!\n','<p>We are beyond excited to share truly extraordinary news!</p><p>Central Motors &amp; Equipment LLC has been honored on the world stage, winning the “Highly Commended Distributor of the Year” at the prestigious Automechanika 2025 Global Awards!</p><p>This remarkable distinction was presented by Mr. Michael Johannes, Vice President Mobility &amp; Logistics at Messe Frankfurt a true industry icon and received with pride by our General Manager, Mr. Sami Messaoudi, and Country Business Director, Mr. Rajkumar Venkatapathy.<br>&nbsp;</p>',1,'5 mins','2025-12-12 05:37:33.823000','2026-03-09 10:02:33.202000','2026-03-09 10:02:33.961000',1,1,'en'),(59,'lnfso4vkopvjvx8xkw9wpukv','A HISTORIC MOMENT FOR CENTRAL MOTORS & & EQUIPMENT! & WE ARE BEYOND EXCITED TO SHARE TRULY EXTRA ORDINARY NEWS!','awards2','2026-12-08','As Knorr Bremse strategic partner in Middle East Central Motors & Equipment LLC is honored to be appointed once again as an authorized UAE & Qatar TruckServices Expert Network Distributor until 09-09-2027.','<p style=\"line-height:108%;margin-bottom:0.28cm;\"><span style=\"background-color:#ffffff;font-family:Segoe UI, sans-serif;font-size:small;\"><font style=\"font-size:10pt;\">As Knorr Bremse strategic partner in Middle East Central Motors &amp; Equipment LLC is honored to be appointed once again as an authorized UAE &amp; Qatar TruckServices Expert Network Distributor until 09-09-2027.</font></span><br><br><span style=\"background-color:#ffffff;font-family:Segoe UI, sans-serif;font-size:small;\"><font style=\"font-size:10pt;\">Thanks to Mr. Ozan Cicek, Managing Director, Knorr-Bremse Türkiye &amp; MENA, Vishal Sanghavi, Head of Aftermarket Strategy EMEA, Yarkin Gul, Sales Manager Türkiye &amp; MENA, Savaş OK, Technical Services &amp; Account Manager, Knorr-Bremse Türkiye &amp; MENA for visiting CME stand at Automechanika 2025 and presenting the certificate.</font></span><br><br><span style=\"background-color:#ffffff;font-family:Segoe UI, sans-serif;font-size:small;\"><font style=\"font-size:10pt;\">We sincerely thanks to entire Knorr Bremse team and believe that we will accomplish many things in future as we have done till today together.</font></span></p>',1,'5 mins','2025-12-12 05:38:24.512000','2026-03-09 10:02:51.165000','2026-03-09 10:02:51.840000',1,1,'en'),(60,'k3ms928e4ebxrb5xczipghke','Central Motors and Equipment proudly congratulates Fine Tools on the Grand Opening of their New Experience Center.','news-3','2025-12-12',NULL,'<p style=\"line-height:108%;margin-bottom:0.28cm;\"><span style=\"color:#212121;font-family:Aptos, serif;\">Bosch Power Tools participated in the integration of Finetools’ new branch while celebrating their 25th anniversary milestone. The new location features a dedicated Bosch experience center, allowing customers to easily explore, understand, and use Bosch tools through hands-on demonstrations. This initiative strengthens our long-standing partnership with Finetools and reinforces our shared commitment to delivering innovative solutions, superior service, and an enhanced customer experience</span><br><br>Central Motors &amp; Equipment Lightup the season with BOSCH Powertools new activation to powering the festive spirit<br>Venue: ACE Hardware DFC, Dubai</p><p>BOSCH Power Tools collaborated with ACE Dubai Festival City as part of the Light Up Season, creating an engaging in-store experience for customers. The event attracted strong footfall, with many visitors witnessing live demonstrations and exploring the BOSCH Power Tools range.<br>The activation enhanced brand visibility and customer interaction, highlighting the effectiveness of festive in-store collaborations in driving awareness and engagement.</p>',1,NULL,'2026-01-13 09:19:31.679000','2026-03-09 10:03:05.880000','2026-03-09 10:03:06.449000',1,1,'en'),(61,'eoyvkw49iyjnj6ipbx9o3mse','CME Tyre Division- Michelin collaborated with EMC – Mercedes for Track Day Event','news-5','2025-10-24','Venue: Yas Marina Circuit, Abu Dhabi UAE','<p>Central Motors and Equipment Tyre Division’s Brand Michelin has collaborated with Emirates Motor Company (Alfahim Group) for Mercedes Track Day Event, where all tyres for Track Day Car for customers were sponsored by CME-Michelin.</p><p>At this high-octane event, Michelin showcased its premium tire capabilities, providing top-notch tires for the track cars. The collaboration aimed to promote Michelin\'s brand excellence, cutting-edge technology, and exceptional performance.</p><p>The event provided a unique opportunity for guests to experience the thrill of driving Mercedes-Benz cars equipped with Michelin tires, highlighting the brand\'s commitment to safety, quality, and innovation.<br>Adding to the event\'s success, the CME Tyreplus van was on-site, providing expert tire services and showcasing the convenience of mobile tire care. Guests had the opportunity to experience firsthand the quality and efficiency of Tyreplus\'s services, further solidifying Central Motors and Equipment\'s commitment to customer satisfaction.</p><p>&nbsp;</p>',NULL,NULL,'2026-01-27 09:54:57.647000','2026-03-09 10:03:19.904000','2026-03-09 10:03:20.532000',1,1,'en'),(62,'pdkwlj6e27rzzp0swewcjv7n','MICHELIN GUIDE Abu Dhabi 2026 ceremony held in October 2025.','news-4','2025-10-23',NULL,'<p>The event was a spectacular celebration of Abu Dhabi\'s culinary excellence, recognizing the city\'s finest chefs and restaurants.</p><p>CME – Tyre Division team has represented the company, the success of the event is a testament to the city\'s thriving food scene, which is rapidly becoming one of the region\'s most dynamic and sought-after destinations for foodies and connoisseurs alike.</p><p>CME thanked to Michelin AIM team for inviting and to have such wonderful experience.&nbsp;</p>',0,NULL,'2026-01-13 09:23:00.970000','2026-03-09 10:03:34.718000','2026-03-09 10:03:35.340000',1,1,'en');

--
-- Table structure for table `newes_cmps`
--

CREATE TABLE `newes_cmps` (
  `id` int unsigned NOT NULL AUTO_INCREMENT,
  `entity_id` int unsigned DEFAULT NULL,
  `cmp_id` int unsigned DEFAULT NULL,
  `component_type` varchar(255) DEFAULT NULL,
  `field` varchar(255) DEFAULT NULL,
  `order` double unsigned DEFAULT NULL,
  PRIMARY KEY (`id`),
  UNIQUE KEY `newes_uq` (`entity_id`,`cmp_id`,`field`,`component_type`),
  KEY `newes_field_idx` (`field`),
  KEY `newes_component_type_idx` (`component_type`),
  KEY `newes_entity_fk` (`entity_id`),
  CONSTRAINT `newes_entity_fk` FOREIGN KEY (`entity_id`) REFERENCES `newes` (`id`) ON DELETE CASCADE
) ENGINE=InnoDB AUTO_INCREMENT=52 DEFAULT CHARSET=utf8mb4 COLLATE=utf8mb4_0900_ai_ci;

--
-- Dumping data for table `newes_cmps`
--

INSERT INTO `newes_cmps` VALUES (1,1,35,'common.seo','seo',NULL),(3,4,37,'common.seo','seo',NULL),(43,58,76,'common.seo','seo',NULL),(45,59,77,'common.seo','seo',NULL),(46,19,78,'common.seo','seo',NULL),(47,60,79,'common.seo','seo',NULL),(48,38,80,'common.seo','seo',NULL),(49,61,81,'common.seo','seo',NULL),(50,21,82,'common.seo','seo',NULL),(51,62,83,'common.seo','seo',NULL);

--
-- Table structure for table `newes_types_lnk`
--

CREATE TABLE `newes_types_lnk` (
  `id` int unsigned NOT NULL AUTO_INCREMENT,
  `news_id` int unsigned DEFAULT NULL,
  `type_id` int unsigned DEFAULT NULL,
  `type_ord` double unsigned DEFAULT NULL,
  PRIMARY KEY (`id`),
  UNIQUE KEY `newes_types_lnk_uq` (`news_id`,`type_id`),
  KEY `newes_types_lnk_fk` (`news_id`),
  KEY `newes_types_lnk_ifk` (`type_id`),
  KEY `newes_types_lnk_ofk` (`type_ord`),
  CONSTRAINT `newes_types_lnk_fk` FOREIGN KEY (`news_id`) REFERENCES `newes` (`id`) ON DELETE CASCADE,
  CONSTRAINT `newes_types_lnk_ifk` FOREIGN KEY (`type_id`) REFERENCES `types` (`id`) ON DELETE CASCADE
) ENGINE=InnoDB AUTO_INCREMENT=40 DEFAULT CHARSET=utf8mb4 COLLATE=utf8mb4_0900_ai_ci;

--
-- Dumping data for table `newes_types_lnk`
--

INSERT INTO `newes_types_lnk` VALUES (1,21,7,1),(3,38,7,1),(5,19,1,1),(7,4,3,1),(9,1,3,1),(11,1,5,2),(14,4,5,2),(17,19,5,2),(32,58,4,1),(33,58,6,2),(34,59,4,1),(35,59,6,2),(36,60,9,1),(37,60,6,2),(38,61,8,1),(39,62,8,1);

--
-- Table structure for table `news_landings`
--

CREATE TABLE `news_landings` (
  `id` int unsigned NOT NULL AUTO_INCREMENT,
  `document_id` varchar(255) DEFAULT NULL,
  `title` varchar(255) DEFAULT NULL,
  `created_at` datetime(6) DEFAULT NULL,
  `updated_at` datetime(6) DEFAULT NULL,
  `published_at` datetime(6) DEFAULT NULL,
  `created_by_id` int unsigned DEFAULT NULL,
  `updated_by_id` int unsigned DEFAULT NULL,
  `locale` varchar(255) DEFAULT NULL,
  PRIMARY KEY (`id`),
  KEY `news_landings_documents_idx` (`document_id`,`locale`,`published_at`),
  KEY `news_landings_created_by_id_fk` (`created_by_id`),
  KEY `news_landings_updated_by_id_fk` (`updated_by_id`),
  CONSTRAINT `news_landings_created_by_id_fk` FOREIGN KEY (`created_by_id`) REFERENCES `admin_users` (`id`) ON DELETE SET NULL,
  CONSTRAINT `news_landings_updated_by_id_fk` FOREIGN KEY (`updated_by_id`) REFERENCES `admin_users` (`id`) ON DELETE SET NULL
) ENGINE=InnoDB AUTO_INCREMENT=5 DEFAULT CHARSET=utf8mb4 COLLATE=utf8mb4_0900_ai_ci;

--
-- Dumping data for table `news_landings`
--

INSERT INTO `news_landings` VALUES (1,'sgmumfmrfuzwa858hb2dn34u','test','2025-12-12 05:39:28.473000','2026-03-09 09:59:21.734000',NULL,1,1,'en'),(4,'sgmumfmrfuzwa858hb2dn34u','test','2025-12-12 05:39:28.473000','2026-03-09 09:59:21.734000','2026-03-09 09:59:22.255000',1,1,'en');

--
-- Table structure for table `news_landings_cmps`
--

CREATE TABLE `news_landings_cmps` (
  `id` int unsigned NOT NULL AUTO_INCREMENT,
  `entity_id` int unsigned DEFAULT NULL,
  `cmp_id` int unsigned DEFAULT NULL,
  `component_type` varchar(255) DEFAULT NULL,
  `field` varchar(255) DEFAULT NULL,
  `order` double unsigned DEFAULT NULL,
  PRIMARY KEY (`id`),
  UNIQUE KEY `news_landings_uq` (`entity_id`,`cmp_id`,`field`,`component_type`),
  KEY `news_landings_field_idx` (`field`),
  KEY `news_landings_component_type_idx` (`component_type`),
  KEY `news_landings_entity_fk` (`entity_id`),
  CONSTRAINT `news_landings_entity_fk` FOREIGN KEY (`entity_id`) REFERENCES `news_landings` (`id`) ON DELETE CASCADE
) ENGINE=InnoDB AUTO_INCREMENT=7 DEFAULT CHARSET=utf8mb4 COLLATE=utf8mb4_0900_ai_ci;

--
-- Dumping data for table `news_landings_cmps`
--

INSERT INTO `news_landings_cmps` VALUES (1,1,39,'common.seo','seo',NULL),(6,4,69,'common.seo','seo',NULL);

--
-- Table structure for table `offers`
--

CREATE TABLE `offers` (
  `id` int unsigned NOT NULL AUTO_INCREMENT,
  `document_id` varchar(255) DEFAULT NULL,
  `title` varchar(255) DEFAULT NULL,
  `slug` varchar(255) DEFAULT NULL,
  `created_at` datetime(6) DEFAULT NULL,
  `updated_at` datetime(6) DEFAULT NULL,
  `published_at` datetime(6) DEFAULT NULL,
  `created_by_id` int unsigned DEFAULT NULL,
  `updated_by_id` int unsigned DEFAULT NULL,
  `locale` varchar(255) DEFAULT NULL,
  PRIMARY KEY (`id`),
  KEY `offers_documents_idx` (`document_id`,`locale`,`published_at`),
  KEY `offers_created_by_id_fk` (`created_by_id`),
  KEY `offers_updated_by_id_fk` (`updated_by_id`),
  CONSTRAINT `offers_created_by_id_fk` FOREIGN KEY (`created_by_id`) REFERENCES `admin_users` (`id`) ON DELETE SET NULL,
  CONSTRAINT `offers_updated_by_id_fk` FOREIGN KEY (`updated_by_id`) REFERENCES `admin_users` (`id`) ON DELETE SET NULL
) ENGINE=InnoDB AUTO_INCREMENT=21 DEFAULT CHARSET=utf8mb4 COLLATE=utf8mb4_0900_ai_ci;

--
-- Dumping data for table `offers`
--

INSERT INTO `offers` VALUES (1,'dp23kr32unwsa6m1n2moq69c','MICHELIN x AMAZON UAE CAMPAIGN TERMS & CONDITIONS','michelin-amazon-campaign','2026-04-29 09:09:46.983000','2026-06-17 10:24:29.722000',NULL,1,1,'en'),(20,'dp23kr32unwsa6m1n2moq69c','MICHELIN x AMAZON UAE CAMPAIGN TERMS & CONDITIONS','michelin-amazon-campaign','2026-04-29 09:09:46.983000','2026-06-17 10:24:29.722000','2026-06-17 10:24:31.027000',1,1,'en');

--
-- Table structure for table `offers_cmps`
--

CREATE TABLE `offers_cmps` (
  `id` int unsigned NOT NULL AUTO_INCREMENT,
  `entity_id` int unsigned DEFAULT NULL,
  `cmp_id` int unsigned DEFAULT NULL,
  `component_type` varchar(255) DEFAULT NULL,
  `field` varchar(255) DEFAULT NULL,
  `order` double unsigned DEFAULT NULL,
  PRIMARY KEY (`id`),
  UNIQUE KEY `offers_uq` (`entity_id`,`cmp_id`,`field`,`component_type`),
  KEY `offers_field_idx` (`field`),
  KEY `offers_component_type_idx` (`component_type`),
  KEY `offers_entity_fk` (`entity_id`),
  CONSTRAINT `offers_entity_fk` FOREIGN KEY (`entity_id`) REFERENCES `offers` (`id`) ON DELETE CASCADE
) ENGINE=InnoDB AUTO_INCREMENT=119 DEFAULT CHARSET=utf8mb4 COLLATE=utf8mb4_0900_ai_ci;

--
-- Dumping data for table `offers_cmps`
--

INSERT INTO `offers_cmps` VALUES (1,1,187,'common.seo','seo',1),(3,1,365,'common.banner','banner',1),(114,1,399,'common.content-block-variant','offerContent',1),(116,20,427,'common.banner','banner',1),(117,20,451,'common.content-block-variant','offerContent',1),(118,20,241,'common.seo','seo',NULL);

--
-- Table structure for table `offers_service_types_lnk`
--

CREATE TABLE `offers_service_types_lnk` (
  `id` int unsigned NOT NULL AUTO_INCREMENT,
  `offer_id` int unsigned DEFAULT NULL,
  `service_category_id` int unsigned DEFAULT NULL,
  `service_category_ord` double unsigned DEFAULT NULL,
  PRIMARY KEY (`id`),
  UNIQUE KEY `offers_service_types_lnk_uq` (`offer_id`,`service_category_id`),
  KEY `offers_service_types_lnk_fk` (`offer_id`),
  KEY `offers_service_types_lnk_ifk` (`service_category_id`),
  KEY `offers_service_types_lnk_ofk` (`service_category_ord`),
  CONSTRAINT `offers_service_types_lnk_fk` FOREIGN KEY (`offer_id`) REFERENCES `offers` (`id`) ON DELETE CASCADE,
  CONSTRAINT `offers_service_types_lnk_ifk` FOREIGN KEY (`service_category_id`) REFERENCES `service_categories` (`id`) ON DELETE CASCADE
) ENGINE=InnoDB AUTO_INCREMENT=9 DEFAULT CHARSET=utf8mb4 COLLATE=utf8mb4_0900_ai_ci;

--
-- Dumping data for table `offers_service_types_lnk`
--


--
-- Table structure for table `power_categories`
--

CREATE TABLE `power_categories` (
  `id` int unsigned NOT NULL AUTO_INCREMENT,
  `document_id` varchar(255) DEFAULT NULL,
  `title` varchar(255) DEFAULT NULL,
  `slug` varchar(255) DEFAULT NULL,
  `created_at` datetime(6) DEFAULT NULL,
  `updated_at` datetime(6) DEFAULT NULL,
  `published_at` datetime(6) DEFAULT NULL,
  `created_by_id` int unsigned DEFAULT NULL,
  `updated_by_id` int unsigned DEFAULT NULL,
  `locale` varchar(255) DEFAULT NULL,
  `display_order` int DEFAULT NULL,
  PRIMARY KEY (`id`),
  KEY `power_categories_documents_idx` (`document_id`,`locale`,`published_at`),
  KEY `power_categories_created_by_id_fk` (`created_by_id`),
  KEY `power_categories_updated_by_id_fk` (`updated_by_id`),
  CONSTRAINT `power_categories_created_by_id_fk` FOREIGN KEY (`created_by_id`) REFERENCES `admin_users` (`id`) ON DELETE SET NULL,
  CONSTRAINT `power_categories_updated_by_id_fk` FOREIGN KEY (`updated_by_id`) REFERENCES `admin_users` (`id`) ON DELETE SET NULL
) ENGINE=InnoDB AUTO_INCREMENT=47 DEFAULT CHARSET=utf8mb4 COLLATE=utf8mb4_0900_ai_ci;

--
-- Dumping data for table `power_categories`
--

INSERT INTO `power_categories` VALUES (1,'ua7ijg1kgz5el0ue3ipnh6ku','Angle Grinders','power-tools/search?categoryKey=power-tools&subcategoryKey=angle-grinders-metalworking','2026-02-05 05:41:06.602000','2026-06-09 10:48:19.335000',NULL,1,1,'en',1),(3,'h0366rc7skwy6d8uvwi242m5','Combo Kits',NULL,'2026-02-05 05:41:39.857000','2026-03-09 06:49:38.985000',NULL,1,1,'en',6),(11,'w5jlol53itgwhnof7e07b1o9','Cordless Rotary Hammers','power-tools/search?categoryKey=power-tools&subcategoryKey=rotary-hammers-demolition-hammers&page=1&limit=20&category=rotary-hammers-demolition-hammers','2026-02-05 10:56:25.760000','2026-03-19 08:59:51.177000',NULL,1,1,'en',3),(13,'kcxwsvlkmoe3ynlw89zxqvxs','Carrying Case','power-tools/search?categoryKey=power-tools&subcategoryKey=carrying-cases','2026-02-05 10:56:41.136000','2026-03-19 08:56:12.615000',NULL,1,1,'en',2),(15,'gorzvqh0p60s7sm6vh2sf4dh','High Pressure Washer','power-tools/search?categoryKey=power-tools&subcategoryKey=high-pressure-washers','2026-02-05 10:57:14.368000','2026-03-19 09:00:25.117000',NULL,1,1,'en',4),(17,'jx2ghowlp0n4pq76xxf010y1','Cordless Drills','power-tools/search?categoryKey=power-tools&subcategoryKey=cordless-tools','2026-02-05 10:57:50.132000','2026-03-19 08:59:01.884000',NULL,1,1,'en',5),(39,'h0366rc7skwy6d8uvwi242m5','Combo Kits',NULL,'2026-02-05 05:41:39.857000','2026-03-09 06:49:38.985000','2026-03-09 06:49:39.291000',1,1,'en',6),(42,'kcxwsvlkmoe3ynlw89zxqvxs','Carrying Case','power-tools/search?categoryKey=power-tools&subcategoryKey=carrying-cases','2026-02-05 10:56:41.136000','2026-03-19 08:56:12.615000','2026-03-19 08:56:12.923000',1,1,'en',2),(43,'jx2ghowlp0n4pq76xxf010y1','Cordless Drills','power-tools/search?categoryKey=power-tools&subcategoryKey=cordless-tools','2026-02-05 10:57:50.132000','2026-03-19 08:59:01.884000','2026-03-19 08:59:02.420000',1,1,'en',5),(44,'w5jlol53itgwhnof7e07b1o9','Cordless Rotary Hammers','power-tools/search?categoryKey=power-tools&subcategoryKey=rotary-hammers-demolition-hammers&page=1&limit=20&category=rotary-hammers-demolition-hammers','2026-02-05 10:56:25.760000','2026-03-19 08:59:51.177000','2026-03-19 08:59:51.641000',1,1,'en',3),(45,'gorzvqh0p60s7sm6vh2sf4dh','High Pressure Washer','power-tools/search?categoryKey=power-tools&subcategoryKey=high-pressure-washers','2026-02-05 10:57:14.368000','2026-03-19 09:00:25.117000','2026-03-19 09:00:25.470000',1,1,'en',4),(46,'ua7ijg1kgz5el0ue3ipnh6ku','Angle Grinders','power-tools/search?categoryKey=power-tools&subcategoryKey=angle-grinders-metalworking','2026-02-05 05:41:06.602000','2026-06-09 10:48:19.335000','2026-06-09 10:48:19.678000',1,1,'en',1);

--
-- Table structure for table `power_tool_landings`
--

CREATE TABLE `power_tool_landings` (
  `id` int unsigned NOT NULL AUTO_INCREMENT,
  `document_id` varchar(255) DEFAULT NULL,
  `title` varchar(255) DEFAULT NULL,
  `main_title` longtext,
  `main_description` longtext,
  `created_at` datetime(6) DEFAULT NULL,
  `updated_at` datetime(6) DEFAULT NULL,
  `published_at` datetime(6) DEFAULT NULL,
  `created_by_id` int unsigned DEFAULT NULL,
  `updated_by_id` int unsigned DEFAULT NULL,
  `locale` varchar(255) DEFAULT NULL,
  PRIMARY KEY (`id`),
  KEY `power_tool_landings_documents_idx` (`document_id`,`locale`,`published_at`),
  KEY `power_tool_landings_created_by_id_fk` (`created_by_id`),
  KEY `power_tool_landings_updated_by_id_fk` (`updated_by_id`),
  CONSTRAINT `power_tool_landings_created_by_id_fk` FOREIGN KEY (`created_by_id`) REFERENCES `admin_users` (`id`) ON DELETE SET NULL,
  CONSTRAINT `power_tool_landings_updated_by_id_fk` FOREIGN KEY (`updated_by_id`) REFERENCES `admin_users` (`id`) ON DELETE SET NULL
) ENGINE=InnoDB AUTO_INCREMENT=19 DEFAULT CHARSET=utf8mb4 COLLATE=utf8mb4_0900_ai_ci;

--
-- Dumping data for table `power_tool_landings`
--

INSERT INTO `power_tool_landings` VALUES (1,'limjiv0szr0p1oto0nye2iun','Power Tools','<p><span style=\"white-space:pre-wrap;\">Wide Range of </span><br><span style=\"white-space:pre-wrap;\">Bosch Power Tools in UAE</span></p>','<p><span style=\"white-space:pre-wrap;\">Bosch power tools are renowned for their quality, durability, and innovative cordless technology. As the authorized distributor of Bosch Power Tools across Dubai, Sharjah, and the UAE, Central Motors &amp; Equipment (CME) offers a complete range of professional tools and accessories for every trade — making us your trusted destination for genuine Bosch products.</span></p>','2026-01-20 10:21:58.934000','2026-03-09 14:12:13.632000',NULL,1,1,'en'),(18,'limjiv0szr0p1oto0nye2iun','Power Tools','<p><span style=\"white-space:pre-wrap;\">Wide Range of </span><br><span style=\"white-space:pre-wrap;\">Bosch Power Tools in UAE</span></p>','<p><span style=\"white-space:pre-wrap;\">Bosch power tools are renowned for their quality, durability, and innovative cordless technology. As the authorized distributor of Bosch Power Tools across Dubai, Sharjah, and the UAE, Central Motors &amp; Equipment (CME) offers a complete range of professional tools and accessories for every trade — making us your trusted destination for genuine Bosch products.</span></p>','2026-01-20 10:21:58.934000','2026-03-09 14:12:13.632000','2026-03-09 14:12:14.516000',1,1,'en');

--
-- Table structure for table `power_tool_landings_cmps`
--

CREATE TABLE `power_tool_landings_cmps` (
  `id` int unsigned NOT NULL AUTO_INCREMENT,
  `entity_id` int unsigned DEFAULT NULL,
  `cmp_id` int unsigned DEFAULT NULL,
  `component_type` varchar(255) DEFAULT NULL,
  `field` varchar(255) DEFAULT NULL,
  `order` double unsigned DEFAULT NULL,
  PRIMARY KEY (`id`),
  UNIQUE KEY `power_tool_landings_uq` (`entity_id`,`cmp_id`,`field`,`component_type`),
  KEY `power_tool_landings_field_idx` (`field`),
  KEY `power_tool_landings_component_type_idx` (`component_type`),
  KEY `power_tool_landings_entity_fk` (`entity_id`),
  CONSTRAINT `power_tool_landings_entity_fk` FOREIGN KEY (`entity_id`) REFERENCES `power_tool_landings` (`id`) ON DELETE CASCADE
) ENGINE=InnoDB AUTO_INCREMENT=67 DEFAULT CHARSET=utf8mb4 COLLATE=utf8mb4_0900_ai_ci;

--
-- Dumping data for table `power_tool_landings_cmps`
--

INSERT INTO `power_tool_landings_cmps` VALUES (1,1,111,'common.banner','banner',1),(9,1,124,'common.banner','banner',2),(63,1,86,'home.content-section','socialFeeds',NULL),(64,18,193,'common.banner','banner',1),(65,18,194,'common.banner','banner',2),(66,18,87,'home.content-section','socialFeeds',NULL);

--
-- Table structure for table `power_tool_landings_location_types_lnk`
--

CREATE TABLE `power_tool_landings_location_types_lnk` (
  `id` int unsigned NOT NULL AUTO_INCREMENT,
  `power_tool_landing_id` int unsigned DEFAULT NULL,
  `branch_location_id` int unsigned DEFAULT NULL,
  `branch_location_ord` double unsigned DEFAULT NULL,
  PRIMARY KEY (`id`),
  UNIQUE KEY `power_tool_landings_location_types_lnk_uq` (`power_tool_landing_id`,`branch_location_id`),
  KEY `power_tool_landings_location_types_lnk_fk` (`power_tool_landing_id`),
  KEY `power_tool_landings_location_types_lnk_ifk` (`branch_location_id`),
  KEY `power_tool_landings_location_types_lnk_ofk` (`branch_location_ord`),
  CONSTRAINT `power_tool_landings_location_types_lnk_fk` FOREIGN KEY (`power_tool_landing_id`) REFERENCES `power_tool_landings` (`id`) ON DELETE CASCADE,
  CONSTRAINT `power_tool_landings_location_types_lnk_ifk` FOREIGN KEY (`branch_location_id`) REFERENCES `branch_locations` (`id`) ON DELETE CASCADE
) ENGINE=InnoDB AUTO_INCREMENT=48 DEFAULT CHARSET=utf8mb4 COLLATE=utf8mb4_0900_ai_ci;

--
-- Dumping data for table `power_tool_landings_location_types_lnk`
--

INSERT INTO `power_tool_landings_location_types_lnk` VALUES (16,1,23,1),(25,1,25,2),(26,1,27,3),(45,18,24,1),(46,18,26,2),(47,18,34,3);

--
-- Table structure for table `power_top_categories`
--

CREATE TABLE `power_top_categories` (
  `id` int unsigned NOT NULL AUTO_INCREMENT,
  `document_id` varchar(255) DEFAULT NULL,
  `title` varchar(255) DEFAULT NULL,
  `slug` varchar(255) DEFAULT NULL,
  `created_at` datetime(6) DEFAULT NULL,
  `updated_at` datetime(6) DEFAULT NULL,
  `published_at` datetime(6) DEFAULT NULL,
  `created_by_id` int unsigned DEFAULT NULL,
  `updated_by_id` int unsigned DEFAULT NULL,
  `locale` varchar(255) DEFAULT NULL,
  `display_order` int DEFAULT NULL,
  PRIMARY KEY (`id`),
  KEY `power_top_categories_documents_idx` (`document_id`,`locale`,`published_at`),
  KEY `power_top_categories_created_by_id_fk` (`created_by_id`),
  KEY `power_top_categories_updated_by_id_fk` (`updated_by_id`),
  CONSTRAINT `power_top_categories_created_by_id_fk` FOREIGN KEY (`created_by_id`) REFERENCES `admin_users` (`id`) ON DELETE SET NULL,
  CONSTRAINT `power_top_categories_updated_by_id_fk` FOREIGN KEY (`updated_by_id`) REFERENCES `admin_users` (`id`) ON DELETE SET NULL
) ENGINE=InnoDB AUTO_INCREMENT=42 DEFAULT CHARSET=utf8mb4 COLLATE=utf8mb4_0900_ai_ci;

--
-- Dumping data for table `power_top_categories`
--

INSERT INTO `power_top_categories` VALUES (1,'w6cj4twoggawvqsue2i3g7mo','Power Tools','power-tools/search?categoryKey=power-tools&subcategoryKey=power-tools-sub&page=1&limit=15&category=power-tools-sub','2026-03-06 05:41:28.228000','2026-04-24 06:54:08.571000',NULL,1,1,'en',1),(3,'ugp9u37ut5dul5b0k8t1eqeu','Measuring Technology','power-tools/search?categoryKey=power-tools&subcategoryKey=measuring-tools&page=1&limit=20&category=measuring-tools','2026-03-06 05:42:00.483000','2026-04-24 06:54:42.166000',NULL,1,1,'en',2),(5,'e73iomy9zhh9x12bjlxlob30','Accessories','power-tools/search?categoryKey=power-tools&subcategoryKey=accessories&page=1&limit=20&category=accessories','2026-03-06 05:42:22.845000','2026-04-29 09:10:23.223000',NULL,1,1,'en',3),(7,'b5315qoj84bes2hn9xb3ksbs','Outdoor & Garden','power-tools/search?page=1&limit=12','2026-03-06 05:43:07.942000','2026-04-24 06:55:51.325000',NULL,1,1,'en',4),(9,'qxji5z6wjsdw5u2axncpr7ah','DIY, Outdoor & Garden',NULL,'2026-03-06 05:43:30.695000','2026-06-09 08:58:47.638000',NULL,1,1,'en',5),(11,'kdrfnfnw6jn2z4f8mbca42cw','Dremel','power-tools/search?categoryKey=power-tools&subcategoryKey=dremel&page=1&limit=20&category=dremel','2026-03-06 05:44:16.874000','2026-04-24 06:56:44.150000',NULL,1,1,'en',6),(33,'w6cj4twoggawvqsue2i3g7mo','Power Tools','power-tools/search?categoryKey=power-tools&subcategoryKey=power-tools-sub&page=1&limit=15&category=power-tools-sub','2026-03-06 05:41:28.228000','2026-04-24 06:54:08.571000','2026-04-24 06:54:09.021000',1,1,'en',1),(34,'ugp9u37ut5dul5b0k8t1eqeu','Measuring Technology','power-tools/search?categoryKey=power-tools&subcategoryKey=measuring-tools&page=1&limit=20&category=measuring-tools','2026-03-06 05:42:00.483000','2026-04-24 06:54:42.166000','2026-04-24 06:54:42.576000',1,1,'en',2),(37,'kdrfnfnw6jn2z4f8mbca42cw','Dremel','power-tools/search?categoryKey=power-tools&subcategoryKey=dremel&page=1&limit=20&category=dremel','2026-03-06 05:44:16.874000','2026-04-24 06:56:44.150000','2026-04-24 06:56:44.557000',1,1,'en',6),(39,'e73iomy9zhh9x12bjlxlob30','Accessories','power-tools/search?categoryKey=power-tools&subcategoryKey=accessories&page=1&limit=20&category=accessories','2026-03-06 05:42:22.845000','2026-04-29 09:10:23.223000','2026-04-29 09:10:23.543000',1,1,'en',3),(41,'qxji5z6wjsdw5u2axncpr7ah','DIY, Outdoor & Garden',NULL,'2026-03-06 05:43:30.695000','2026-06-09 08:58:47.638000','2026-06-09 08:58:47.953000',1,1,'en',5);

--
-- Table structure for table `privacy_policies`
--

CREATE TABLE `privacy_policies` (
  `id` int unsigned NOT NULL AUTO_INCREMENT,
  `document_id` varchar(255) DEFAULT NULL,
  `title` varchar(255) DEFAULT NULL,
  `description` longtext,
  `created_at` datetime(6) DEFAULT NULL,
  `updated_at` datetime(6) DEFAULT NULL,
  `published_at` datetime(6) DEFAULT NULL,
  `created_by_id` int unsigned DEFAULT NULL,
  `updated_by_id` int unsigned DEFAULT NULL,
  `locale` varchar(255) DEFAULT NULL,
  PRIMARY KEY (`id`),
  KEY `privacy_policies_documents_idx` (`document_id`,`locale`,`published_at`),
  KEY `privacy_policies_created_by_id_fk` (`created_by_id`),
  KEY `privacy_policies_updated_by_id_fk` (`updated_by_id`),
  CONSTRAINT `privacy_policies_created_by_id_fk` FOREIGN KEY (`created_by_id`) REFERENCES `admin_users` (`id`) ON DELETE SET NULL,
  CONSTRAINT `privacy_policies_updated_by_id_fk` FOREIGN KEY (`updated_by_id`) REFERENCES `admin_users` (`id`) ON DELETE SET NULL
) ENGINE=InnoDB AUTO_INCREMENT=11 DEFAULT CHARSET=utf8mb4 COLLATE=utf8mb4_0900_ai_ci;

--
-- Dumping data for table `privacy_policies`
--

INSERT INTO `privacy_policies` VALUES (1,'k0xo3wbimlm7mvar8na0u9lt','Privacy Policy','<h3>1.Introduction</h3><p>CME is committed to protecting the privacy, confidentiality, and security of personal data entrusted to us. This Privacy Policy explains how CME collects, uses, discloses, and safeguards personal data submitted through our website, digital platforms, or other communication channels, whether for recruitment, service requests, inquiries, or any other interaction with CME.</p><p>All processing of personal data is carried out in accordance with the UAE Federal Decree‑Law No. 45 of 2021 on the Protection of Personal Data (“PDPL”) and any applicable implementing regulations.</p><p>By submitting personal data to CME, you acknowledge that such data may be processed in accordance with this Privacy Policy and applicable law.</p><p>&nbsp;</p><h3>2. Categories and Sources of Personal Data</h3><p>CME may collect personal data directly from Users, including but not limited to: (i) information submitted through purchase requests, application forms, service requests, or inquiry forms; (ii) resumes, qualifications, employment history, and other recruitment‑related information; (iii) identification details, contact information, and professional credentials; (iv) technical and usage data collected automatically through website interactions (see Section 7).</p><p>CME may also receive personal data from third‑party service providers, recruitment partners, or publicly available sources where permitted by law.</p><p>&nbsp;</p><h3>3. Purposes of Processing</h3><p>CME processes personal data strictly for lawful and legitimate purposes, including: (i) responding to orders, service requests, inquiries, or support needs submitted by Users; (ii) evaluating and administering recruitment applications; (iii) providing or improving CME’s services, including client engagement, project coordination, and service delivery; (iv) communicating with Users regarding their orders, submissions, requests, or interactions with CME; (v) Internal reporting, analytics, and operational management; (vi) compliance with legal, regulatory, or governmental requirements; (vii) establishing, exercising, or defending legal claims; (viii) considering candidates for future opportunities, unless the User objects or withdraws consent where consent is the lawful basis.</p><p>CME does not process personal data for purposes incompatible with the original purpose of collection unless required or permitted by law.</p><p>&nbsp;</p><h3>4. Lawful Basis for Processing</h3><p>Depending on the context, CME processes personal data on one or more of the following lawful bases: (i) performance of a contract or steps taken at the User’s request prior to entering a contract; (ii) compliance with legal or regulatory obligations; (iii) CME’s legitimate interests, provided such interests do not override the User’s rights; (iv) consent, where expressly required under the PDPL.</p><p>Where consent is relied upon, Users may withdraw consent at any time without affecting the lawfulness of prior processing.</p><p>&nbsp;</p><h3>5. Disclosure to Authorized Third Parties</h3><p>CME may disclose personal data to carefully selected third parties strictly on a need‑to‑know basis, including: (i) professional advisers, consultants, or service providers supporting CME’s operations, recruitment, or service delivery; (ii) technology providers offering hosting, analytics, communication, or security services; (iii) governmental or regulatory authorities where disclosure is legally required.</p><p>All third parties engaged by CME are contractually bound by confidentiality and data‑protection obligations consistent with the PDPL. CME does not sell, rent, trade, or otherwise disclose personal data to unauthorized third parties.</p><p>&nbsp;</p><h3>6. Data Retention</h3><p>Personal data is retained only for as long as necessary to fulfil the purposes for which it was collected, or as required by applicable law, regulatory obligations, or legitimate business needs. Where retention is no longer justified, CME will securely delete or anonymise the data.</p><p>&nbsp;</p><h3>7. Website Privacy &amp; Cookies</h3><p>When Users interact with CME’s website, certain technical information may be collected automatically, including: (i) IP address, device identifiers, and browser type; (ii) operating system and device configuration; (ii) pages visited, session duration, and usage analytics; (iii) cookie‑based or similar tracking information.</p><p>Such processing is governed by CME’s Website Privacy Notice and Cookie Notice, where applicable. Users may manage cookie preferences in accordance with applicable law.</p><p>By submitting electronic forms or communications through the website, Users acknowledge that CME may respond electronically in connection with their requests or interactions.</p><p>&nbsp;</p><h3>8. Data Subject Rights under the PDPL</h3><p>Subject to the PDPL and any applicable exemptions, Users have the right to request: (i) access to their personal data; (ii) correction or deletion of inaccurate or unlawfully processed data; (iii) restriction of processing; (iv) withdrawal of consent where consent is the lawful basis; (v) objection to certain processing activities; (vi) transfer (portability) of their personal data, where applicable.</p><p>CME will assess and respond to such requests in accordance with legal requirements, taking into account statutory exceptions, retention obligations, and legitimate business interests.</p><p>Requests may be submitted through CME’s designated data‑protection contact channels.</p><p>&nbsp;</p><h3>9. Security Measures</h3><p>CME implements appropriate technical and organizational measures to protect personal data against unauthorized access, alteration, disclosure, or destruction. While CME strives to maintain robust security, no method of transmission or storage is entirely risk‑free, and Users acknowledge such inherent limitations.</p><p>&nbsp;</p><h3>10. Updates to This Policy</h3><p>CME may update this Privacy Policy from time to time to reflect legal, operational, or technological developments. The updated version will be published on CME’s website with the effective date indicated.</p><p>&nbsp;</p><p>&nbsp;</p>','2026-04-02 05:28:43.320000','2026-05-19 11:19:43.713000',NULL,1,1,'en'),(10,'k0xo3wbimlm7mvar8na0u9lt','Privacy Policy','<h3>1.Introduction</h3><p>CME is committed to protecting the privacy, confidentiality, and security of personal data entrusted to us. This Privacy Policy explains how CME collects, uses, discloses, and safeguards personal data submitted through our website, digital platforms, or other communication channels, whether for recruitment, service requests, inquiries, or any other interaction with CME.</p><p>All processing of personal data is carried out in accordance with the UAE Federal Decree‑Law No. 45 of 2021 on the Protection of Personal Data (“PDPL”) and any applicable implementing regulations.</p><p>By submitting personal data to CME, you acknowledge that such data may be processed in accordance with this Privacy Policy and applicable law.</p><p>&nbsp;</p><h3>2. Categories and Sources of Personal Data</h3><p>CME may collect personal data directly from Users, including but not limited to: (i) information submitted through purchase requests, application forms, service requests, or inquiry forms; (ii) resumes, qualifications, employment history, and other recruitment‑related information; (iii) identification details, contact information, and professional credentials; (iv) technical and usage data collected automatically through website interactions (see Section 7).</p><p>CME may also receive personal data from third‑party service providers, recruitment partners, or publicly available sources where permitted by law.</p><p>&nbsp;</p><h3>3. Purposes of Processing</h3><p>CME processes personal data strictly for lawful and legitimate purposes, including: (i) responding to orders, service requests, inquiries, or support needs submitted by Users; (ii) evaluating and administering recruitment applications; (iii) providing or improving CME’s services, including client engagement, project coordination, and service delivery; (iv) communicating with Users regarding their orders, submissions, requests, or interactions with CME; (v) Internal reporting, analytics, and operational management; (vi) compliance with legal, regulatory, or governmental requirements; (vii) establishing, exercising, or defending legal claims; (viii) considering candidates for future opportunities, unless the User objects or withdraws consent where consent is the lawful basis.</p><p>CME does not process personal data for purposes incompatible with the original purpose of collection unless required or permitted by law.</p><p>&nbsp;</p><h3>4. Lawful Basis for Processing</h3><p>Depending on the context, CME processes personal data on one or more of the following lawful bases: (i) performance of a contract or steps taken at the User’s request prior to entering a contract; (ii) compliance with legal or regulatory obligations; (iii) CME’s legitimate interests, provided such interests do not override the User’s rights; (iv) consent, where expressly required under the PDPL.</p><p>Where consent is relied upon, Users may withdraw consent at any time without affecting the lawfulness of prior processing.</p><p>&nbsp;</p><h3>5. Disclosure to Authorized Third Parties</h3><p>CME may disclose personal data to carefully selected third parties strictly on a need‑to‑know basis, including: (i) professional advisers, consultants, or service providers supporting CME’s operations, recruitment, or service delivery; (ii) technology providers offering hosting, analytics, communication, or security services; (iii) governmental or regulatory authorities where disclosure is legally required.</p><p>All third parties engaged by CME are contractually bound by confidentiality and data‑protection obligations consistent with the PDPL. CME does not sell, rent, trade, or otherwise disclose personal data to unauthorized third parties.</p><p>&nbsp;</p><h3>6. Data Retention</h3><p>Personal data is retained only for as long as necessary to fulfil the purposes for which it was collected, or as required by applicable law, regulatory obligations, or legitimate business needs. Where retention is no longer justified, CME will securely delete or anonymise the data.</p><p>&nbsp;</p><h3>7. Website Privacy &amp; Cookies</h3><p>When Users interact with CME’s website, certain technical information may be collected automatically, including: (i) IP address, device identifiers, and browser type; (ii) operating system and device configuration; (ii) pages visited, session duration, and usage analytics; (iii) cookie‑based or similar tracking information.</p><p>Such processing is governed by CME’s Website Privacy Notice and Cookie Notice, where applicable. Users may manage cookie preferences in accordance with applicable law.</p><p>By submitting electronic forms or communications through the website, Users acknowledge that CME may respond electronically in connection with their requests or interactions.</p><p>&nbsp;</p><h3>8. Data Subject Rights under the PDPL</h3><p>Subject to the PDPL and any applicable exemptions, Users have the right to request: (i) access to their personal data; (ii) correction or deletion of inaccurate or unlawfully processed data; (iii) restriction of processing; (iv) withdrawal of consent where consent is the lawful basis; (v) objection to certain processing activities; (vi) transfer (portability) of their personal data, where applicable.</p><p>CME will assess and respond to such requests in accordance with legal requirements, taking into account statutory exceptions, retention obligations, and legitimate business interests.</p><p>Requests may be submitted through CME’s designated data‑protection contact channels.</p><p>&nbsp;</p><h3>9. Security Measures</h3><p>CME implements appropriate technical and organizational measures to protect personal data against unauthorized access, alteration, disclosure, or destruction. While CME strives to maintain robust security, no method of transmission or storage is entirely risk‑free, and Users acknowledge such inherent limitations.</p><p>&nbsp;</p><h3>10. Updates to This Policy</h3><p>CME may update this Privacy Policy from time to time to reflect legal, operational, or technological developments. The updated version will be published on CME’s website with the effective date indicated.</p><p>&nbsp;</p><p>&nbsp;</p>','2026-04-02 05:28:43.320000','2026-05-19 11:19:43.713000','2026-05-19 11:19:44.231000',1,1,'en');

--
-- Table structure for table `privacy_policies_cmps`
--

CREATE TABLE `privacy_policies_cmps` (
  `id` int unsigned NOT NULL AUTO_INCREMENT,
  `entity_id` int unsigned DEFAULT NULL,
  `cmp_id` int unsigned DEFAULT NULL,
  `component_type` varchar(255) DEFAULT NULL,
  `field` varchar(255) DEFAULT NULL,
  `order` double unsigned DEFAULT NULL,
  PRIMARY KEY (`id`),
  UNIQUE KEY `privacy_policies_uq` (`entity_id`,`cmp_id`,`field`,`component_type`),
  KEY `privacy_policies_field_idx` (`field`),
  KEY `privacy_policies_component_type_idx` (`component_type`),
  KEY `privacy_policies_entity_fk` (`entity_id`),
  CONSTRAINT `privacy_policies_entity_fk` FOREIGN KEY (`entity_id`) REFERENCES `privacy_policies` (`id`) ON DELETE CASCADE
) ENGINE=InnoDB AUTO_INCREMENT=19 DEFAULT CHARSET=utf8mb4 COLLATE=utf8mb4_0900_ai_ci;

--
-- Dumping data for table `privacy_policies_cmps`
--

INSERT INTO `privacy_policies_cmps` VALUES (1,1,168,'common.seo','seo',NULL),(18,10,212,'common.seo','seo',NULL);

--
-- Table structure for table `product_categories`
--

CREATE TABLE `product_categories` (
  `id` int unsigned NOT NULL AUTO_INCREMENT,
  `document_id` varchar(255) DEFAULT NULL,
  `title` varchar(255) DEFAULT NULL,
  `slug` varchar(255) DEFAULT NULL,
  `created_at` datetime(6) DEFAULT NULL,
  `updated_at` datetime(6) DEFAULT NULL,
  `published_at` datetime(6) DEFAULT NULL,
  `created_by_id` int unsigned DEFAULT NULL,
  `updated_by_id` int unsigned DEFAULT NULL,
  `locale` varchar(255) DEFAULT NULL,
  `display_order` int DEFAULT NULL,
  PRIMARY KEY (`id`),
  KEY `product_categories_documents_idx` (`document_id`,`locale`,`published_at`),
  KEY `product_categories_created_by_id_fk` (`created_by_id`),
  KEY `product_categories_updated_by_id_fk` (`updated_by_id`),
  CONSTRAINT `product_categories_created_by_id_fk` FOREIGN KEY (`created_by_id`) REFERENCES `admin_users` (`id`) ON DELETE SET NULL,
  CONSTRAINT `product_categories_updated_by_id_fk` FOREIGN KEY (`updated_by_id`) REFERENCES `admin_users` (`id`) ON DELETE SET NULL
) ENGINE=InnoDB AUTO_INCREMENT=71 DEFAULT CHARSET=utf8mb4 COLLATE=utf8mb4_0900_ai_ci;

--
-- Dumping data for table `product_categories`
--

INSERT INTO `product_categories` VALUES (1,'tu05udnerlodd9kwxv8o7yjz','Passenger Vehicles','automotive-aftermarket/search?category=passenger-car-13','2026-01-20 12:13:26.783000','2026-03-09 06:52:33.779000',NULL,1,1,'en',1),(3,'y704u918i9ydtaxmfr96rawh','Commercial Vehicles ','automotive-aftermarket/search?category=light-commercial-vehicle-13','2026-01-20 18:13:28.855000','2026-03-09 06:52:49.481000',NULL,1,1,'en',2),(5,'k2shirleplau7xj4ndgz1e95','Leisure & Marine','automotive-aftermarket/search?category=leisure-amp-marine-13','2026-01-20 18:14:40.119000','2026-06-15 06:48:48.256000',NULL,1,1,'en',4),(7,'jptijdi6g46fr9hww6b9mji9','Workshop Test Equipment & Tools ','automotive-aftermarket/search?categoryKey=automotive&subcategoryKey=workshop-equipment-103','2026-01-20 18:15:35.914000','2026-06-15 06:46:26.938000',NULL,1,1,'en',5),(9,'jfxpfnc8fhxtgtm2s5aloqeh','Bosch Diesel Service ','automotive-aftermarket/search?category=diesel-systems-107','2026-01-20 18:16:03.695000','2026-06-15 06:46:02.404000',NULL,1,1,'en',7),(40,'tu05udnerlodd9kwxv8o7yjz','Passenger Vehicles','automotive-aftermarket/search?category=passenger-car-13','2026-01-20 12:13:26.783000','2026-03-09 06:52:33.779000','2026-03-09 06:52:34.081000',1,1,'en',1),(41,'y704u918i9ydtaxmfr96rawh','Commercial Vehicles ','automotive-aftermarket/search?category=light-commercial-vehicle-13','2026-01-20 18:13:28.855000','2026-03-09 06:52:49.481000','2026-03-09 06:52:49.783000',1,1,'en',2),(47,'ul5dm7xf23l85q8o810nyx48','Additives','automotive-aftermarket/search?categoryKey=automotive&subcategoryKey=additives-13&page=1&limit=12&category=additives-13','2026-04-30 11:28:31.342000','2026-06-15 06:46:13.603000',NULL,1,1,'en',6),(60,'j34sdqpf0fyeb6q1mscitlim','Industrial Vehicles','automotive-aftermarket/search?category=truck-13','2026-06-15 06:43:55.242000','2026-06-15 06:48:58.205000',NULL,1,1,'en',3),(63,'jfxpfnc8fhxtgtm2s5aloqeh','Bosch Diesel Service ','automotive-aftermarket/search?category=diesel-systems-107','2026-01-20 18:16:03.695000','2026-06-15 06:46:02.404000','2026-06-15 06:46:02.742000',1,1,'en',7),(64,'ul5dm7xf23l85q8o810nyx48','Additives','automotive-aftermarket/search?categoryKey=automotive&subcategoryKey=additives-13&page=1&limit=12&category=additives-13','2026-04-30 11:28:31.342000','2026-06-15 06:46:13.603000','2026-06-15 06:46:13.929000',1,1,'en',6),(65,'jptijdi6g46fr9hww6b9mji9','Workshop Test Equipment & Tools ','automotive-aftermarket/search?categoryKey=automotive&subcategoryKey=workshop-equipment-103','2026-01-20 18:15:35.914000','2026-06-15 06:46:26.938000','2026-06-15 06:46:27.245000',1,1,'en',5),(69,'k2shirleplau7xj4ndgz1e95','Leisure & Marine','automotive-aftermarket/search?category=leisure-amp-marine-13','2026-01-20 18:14:40.119000','2026-06-15 06:48:48.256000','2026-06-15 06:48:48.574000',1,1,'en',4),(70,'j34sdqpf0fyeb6q1mscitlim','Industrial Vehicles','automotive-aftermarket/search?category=truck-13','2026-06-15 06:43:55.242000','2026-06-15 06:48:58.205000','2026-06-15 06:48:58.539000',1,1,'en',3);

--
-- Table structure for table `service_categories`
--

CREATE TABLE `service_categories` (
  `id` int unsigned NOT NULL AUTO_INCREMENT,
  `document_id` varchar(255) DEFAULT NULL,
  `title` varchar(255) DEFAULT NULL,
  `slug` varchar(255) DEFAULT NULL,
  `description` longtext,
  `created_at` datetime(6) DEFAULT NULL,
  `updated_at` datetime(6) DEFAULT NULL,
  `published_at` datetime(6) DEFAULT NULL,
  `created_by_id` int unsigned DEFAULT NULL,
  `updated_by_id` int unsigned DEFAULT NULL,
  `locale` varchar(255) DEFAULT NULL,
  `header_services_sort_order` int DEFAULT NULL,
  PRIMARY KEY (`id`),
  KEY `service_categories_documents_idx` (`document_id`,`locale`,`published_at`),
  KEY `service_categories_created_by_id_fk` (`created_by_id`),
  KEY `service_categories_updated_by_id_fk` (`updated_by_id`),
  CONSTRAINT `service_categories_created_by_id_fk` FOREIGN KEY (`created_by_id`) REFERENCES `admin_users` (`id`) ON DELETE SET NULL,
  CONSTRAINT `service_categories_updated_by_id_fk` FOREIGN KEY (`updated_by_id`) REFERENCES `admin_users` (`id`) ON DELETE SET NULL
) ENGINE=InnoDB AUTO_INCREMENT=51 DEFAULT CHARSET=utf8mb4 COLLATE=utf8mb4_0900_ai_ci;

--
-- Dumping data for table `service_categories`
--

INSERT INTO `service_categories` VALUES (1,'o3lef0byy95ltwmijdu5pvj7','Automotive Aftermarket Services','automotive-aftermarket','Provide reliable maintenance, diagnostics, & parts solutions to keep your vehicle performing at its best.','2025-12-12 06:15:08.323000','2026-04-14 09:16:40.915000',NULL,1,1,'en',1),(3,'x5ph8rhtcpkc7lwp0ww5xj1v','Tyre Services','tyre','Ensure safety, performance, & longevity. From fitting & balancing to repairs and alignment, we provide expert care for passenger, commercial, & heavy-duty vehicles.','2025-12-12 07:04:23.558000','2026-04-01 10:16:17.594000',NULL,1,1,'en',2),(8,'b4axb05jyxple831e7n5ltxf','Power Tools After Sales','powertool','We offer comprehensive Power Tools Services, including maintenance, repairs, & diagnostics, to keep your tools operating efficiently & reliably for every task. ','2025-12-17 15:38:16.545000','2026-06-23 12:48:00.895000',NULL,1,1,'en',3),(31,'o3lef0byy95ltwmijdu5pvj7','Automotive Aftermarket Services','automotive-aftermarket','Provide reliable maintenance, diagnostics, & parts solutions to keep your vehicle performing at its best.','2026-03-13 05:15:21.868000','2026-03-13 05:15:21.868000',NULL,1,1,'ar',1),(32,'o3lef0byy95ltwmijdu5pvj7','Automotive Aftermarket Services','automotive-aftermarket','Provide reliable maintenance, diagnostics, & parts solutions to keep your vehicle performing at its best.','2026-03-13 05:15:21.868000','2026-03-13 05:15:21.868000','2026-03-13 05:15:22.419000',1,1,'ar',1),(39,'x5ph8rhtcpkc7lwp0ww5xj1v','Tyre Services','tyre','Ensure safety, performance, & longevity. From fitting & balancing to repairs and alignment, we provide expert care for passenger, commercial, & heavy-duty vehicles.','2025-12-12 07:04:23.558000','2026-04-01 10:16:17.594000','2026-04-01 10:16:18.490000',1,1,'en',2),(41,'o3lef0byy95ltwmijdu5pvj7','Automotive Aftermarket Services','automotive-aftermarket','Provide reliable maintenance, diagnostics, & parts solutions to keep your vehicle performing at its best.','2025-12-12 06:15:08.323000','2026-04-14 09:16:40.915000','2026-04-14 09:16:41.894000',1,1,'en',1),(50,'b4axb05jyxple831e7n5ltxf','Power Tools After Sales','powertool','We offer comprehensive Power Tools Services, including maintenance, repairs, & diagnostics, to keep your tools operating efficiently & reliably for every task. ','2025-12-17 15:38:16.545000','2026-06-23 12:48:00.895000','2026-06-23 12:48:02.730000',1,1,'en',3);

--
-- Table structure for table `service_categories_cmps`
--

CREATE TABLE `service_categories_cmps` (
  `id` int unsigned NOT NULL AUTO_INCREMENT,
  `entity_id` int unsigned DEFAULT NULL,
  `cmp_id` int unsigned DEFAULT NULL,
  `component_type` varchar(255) DEFAULT NULL,
  `field` varchar(255) DEFAULT NULL,
  `order` double unsigned DEFAULT NULL,
  PRIMARY KEY (`id`),
  UNIQUE KEY `service_categories_uq` (`entity_id`,`cmp_id`,`field`,`component_type`),
  KEY `service_categories_field_idx` (`field`),
  KEY `service_categories_component_type_idx` (`component_type`),
  KEY `service_categories_entity_fk` (`entity_id`),
  CONSTRAINT `service_categories_entity_fk` FOREIGN KEY (`entity_id`) REFERENCES `service_categories` (`id`) ON DELETE CASCADE
) ENGINE=InnoDB AUTO_INCREMENT=135 DEFAULT CHARSET=utf8mb4 COLLATE=utf8mb4_0900_ai_ci;

--
-- Dumping data for table `service_categories_cmps`
--

INSERT INTO `service_categories_cmps` VALUES (1,3,59,'common.banner','banner',1),(4,3,18,'common.title-with-desc','servicesList',1),(15,8,90,'common.seo','seo',3),(35,31,328,'common.title-with-desc','servicesList',NULL),(36,31,131,'common.seo','seo',NULL),(37,32,329,'common.title-with-desc','servicesList',NULL),(38,32,132,'common.seo','seo',NULL),(39,1,258,'common.banner','banner',1),(40,1,379,'common.title-with-desc','servicesList',2),(43,8,260,'common.banner','banner',1),(44,8,381,'common.title-with-desc','servicesList',2),(71,39,300,'common.banner','banner',1),(72,39,402,'common.title-with-desc','servicesList',NULL),(79,41,320,'common.banner','banner',1),(80,41,430,'common.title-with-desc','servicesList',NULL),(132,50,441,'common.banner','banner',1),(133,50,473,'common.title-with-desc','servicesList',NULL),(134,50,246,'common.seo','seo',NULL);

--
-- Table structure for table `service_category_types`
--

CREATE TABLE `service_category_types` (
  `id` int unsigned NOT NULL AUTO_INCREMENT,
  `document_id` varchar(255) DEFAULT NULL,
  `title` varchar(255) DEFAULT NULL,
  `slug` varchar(255) DEFAULT NULL,
  `created_at` datetime(6) DEFAULT NULL,
  `updated_at` datetime(6) DEFAULT NULL,
  `published_at` datetime(6) DEFAULT NULL,
  `created_by_id` int unsigned DEFAULT NULL,
  `updated_by_id` int unsigned DEFAULT NULL,
  `locale` varchar(255) DEFAULT NULL,
  `display_order` int DEFAULT NULL,
  PRIMARY KEY (`id`),
  KEY `service_category_types_documents_idx` (`document_id`,`locale`,`published_at`),
  KEY `service_category_types_created_by_id_fk` (`created_by_id`),
  KEY `service_category_types_updated_by_id_fk` (`updated_by_id`),
  CONSTRAINT `service_category_types_created_by_id_fk` FOREIGN KEY (`created_by_id`) REFERENCES `admin_users` (`id`) ON DELETE SET NULL,
  CONSTRAINT `service_category_types_updated_by_id_fk` FOREIGN KEY (`updated_by_id`) REFERENCES `admin_users` (`id`) ON DELETE SET NULL
) ENGINE=InnoDB AUTO_INCREMENT=35 DEFAULT CHARSET=utf8mb4 COLLATE=utf8mb4_0900_ai_ci;

--
-- Dumping data for table `service_category_types`
--

INSERT INTO `service_category_types` VALUES (1,'ij2obeqnotbo0ecuaaj31kdb','Passenger Vehicle','automotive-aftermarket/search?category=passenger-car-13','2026-01-20 12:15:31.677000','2026-03-09 06:54:53.152000',NULL,1,1,'en',1),(3,'pjar1kf9go5k9135zsqoqb5x','Batteries ','automotive-aftermarket/search?category=batteries-107','2026-01-20 18:16:39.651000','2026-03-09 06:57:41.439000',NULL,1,1,'en',2),(5,'zcep3z9x0lpdnkomn85lrzho','Workshop Test Equipment & Tools ','automotive-aftermarket/search?categoryKey=automotive&subcategoryKey=workshop-equipment-103','2026-01-20 18:17:26.467000','2026-03-31 04:39:39.970000',NULL,1,1,'en',4),(7,'zep4w6vz4nk6bpdqhs5qe6y9','Industrial Vehicles ','automotive-aftermarket/search?category=truck-13','2026-01-20 18:18:05.740000','2026-03-09 06:57:33.946000',NULL,1,1,'en',3),(9,'j6tiv8i5lv8tmnhga5l2x2bl','Bosch Diesel Service ','automotive-aftermarket/search?category=diesel-systems-107','2026-01-20 18:18:29.035000','2026-03-31 04:40:32.296000',NULL,1,1,'en',5),(25,'ij2obeqnotbo0ecuaaj31kdb','Passenger Vehicle','automotive-aftermarket/search?category=passenger-car-13','2026-01-20 12:15:31.677000','2026-03-09 06:54:53.152000','2026-03-09 06:54:53.451000',1,1,'en',1),(31,'zep4w6vz4nk6bpdqhs5qe6y9','Industrial Vehicles ','automotive-aftermarket/search?category=truck-13','2026-01-20 18:18:05.740000','2026-03-09 06:57:33.946000','2026-03-09 06:57:34.250000',1,1,'en',3),(32,'pjar1kf9go5k9135zsqoqb5x','Batteries ','automotive-aftermarket/search?category=batteries-107','2026-01-20 18:16:39.651000','2026-03-09 06:57:41.439000','2026-03-09 06:57:41.747000',1,1,'en',2),(33,'zcep3z9x0lpdnkomn85lrzho','Workshop Test Equipment & Tools ','automotive-aftermarket/search?categoryKey=automotive&subcategoryKey=workshop-equipment-103','2026-01-20 18:17:26.467000','2026-03-31 04:39:39.970000','2026-03-31 04:39:40.302000',1,1,'en',4),(34,'j6tiv8i5lv8tmnhga5l2x2bl','Bosch Diesel Service ','automotive-aftermarket/search?category=diesel-systems-107','2026-01-20 18:18:29.035000','2026-03-31 04:40:32.296000','2026-03-31 04:40:32.586000',1,1,'en',5);

--
-- Table structure for table `service_landings`
--

CREATE TABLE `service_landings` (
  `id` int unsigned NOT NULL AUTO_INCREMENT,
  `document_id` varchar(255) DEFAULT NULL,
  `service_heading` longtext,
  `description` longtext,
  `created_at` datetime(6) DEFAULT NULL,
  `updated_at` datetime(6) DEFAULT NULL,
  `published_at` datetime(6) DEFAULT NULL,
  `created_by_id` int unsigned DEFAULT NULL,
  `updated_by_id` int unsigned DEFAULT NULL,
  `locale` varchar(255) DEFAULT NULL,
  PRIMARY KEY (`id`),
  KEY `service_landings_documents_idx` (`document_id`,`locale`,`published_at`),
  KEY `service_landings_created_by_id_fk` (`created_by_id`),
  KEY `service_landings_updated_by_id_fk` (`updated_by_id`),
  CONSTRAINT `service_landings_created_by_id_fk` FOREIGN KEY (`created_by_id`) REFERENCES `admin_users` (`id`) ON DELETE SET NULL,
  CONSTRAINT `service_landings_updated_by_id_fk` FOREIGN KEY (`updated_by_id`) REFERENCES `admin_users` (`id`) ON DELETE SET NULL
) ENGINE=InnoDB AUTO_INCREMENT=21 DEFAULT CHARSET=utf8mb4 COLLATE=utf8mb4_0900_ai_ci;

--
-- Dumping data for table `service_landings`
--

INSERT INTO `service_landings` VALUES (1,'jlubt3a23khvmr4905tupkyy','Expert Auto & Equipment Services, All in One Place','<p>We specialize in delivering expert solutions across three key service areas: Automotive Aftermarket Services, Tyre Services, and Power Tools Services. Whether you\'re maintaining a personal vehicle, managing a fleet, or keeping your tools in top condition, our team is here to ensure performance, safety, and reliability at every turn.</p><p>With a commitment to quality, precision, and customer satisfaction, we bring industry-leading expertise and technology to every job. From diagnostics and repairs to tyre fitting and balancing, and even power tool calibration and servicing – we\'ve got you covered.</p>','2025-12-12 13:05:54.447000','2026-06-09 10:52:57.987000',NULL,1,1,'en'),(3,'jlubt3a23khvmr4905tupkyy','Expert Auto & Equipment Services, All in One Place','<p>We specialize in delivering expert solutions across three key service areas: Automotive Aftermarket Services, Tyre Services, and Power Tools Services. Whether you\'re maintaining a personal vehicle, managing a fleet, or keeping your tools in top condition, our team is here to ensure performance, safety, and reliability at every turn.</p><p>With a commitment to quality, precision, and customer satisfaction, we bring industry-leading expertise and technology to every job. From diagnostics and repairs to tyre fitting and balancing, and even power tool calibration and servicing – we\'ve got you covered.</p>','2025-12-14 06:28:59.949000','2026-03-13 05:16:04.705000',NULL,1,1,'ar'),(16,'jlubt3a23khvmr4905tupkyy','Expert Auto & Equipment Services, All in One Place','<p>We specialize in delivering expert solutions across three key service areas: Automotive Aftermarket Services, Tyre Services, and Power Tools Services. Whether you\'re maintaining a personal vehicle, managing a fleet, or keeping your tools in top condition, our team is here to ensure performance, safety, and reliability at every turn.</p><p>With a commitment to quality, precision, and customer satisfaction, we bring industry-leading expertise and technology to every job. From diagnostics and repairs to tyre fitting and balancing, and even power tool calibration and servicing – we\'ve got you covered.</p>','2025-12-14 06:28:59.949000','2026-03-13 05:16:04.705000','2026-03-13 05:16:05.759000',1,1,'ar'),(20,'jlubt3a23khvmr4905tupkyy','Expert Auto & Equipment Services, All in One Place','<p>We specialize in delivering expert solutions across three key service areas: Automotive Aftermarket Services, Tyre Services, and Power Tools Services. Whether you\'re maintaining a personal vehicle, managing a fleet, or keeping your tools in top condition, our team is here to ensure performance, safety, and reliability at every turn.</p><p>With a commitment to quality, precision, and customer satisfaction, we bring industry-leading expertise and technology to every job. From diagnostics and repairs to tyre fitting and balancing, and even power tool calibration and servicing – we\'ve got you covered.</p>','2025-12-12 13:05:54.447000','2026-06-09 10:52:57.987000','2026-06-09 10:52:59.322000',1,1,'en');

--
-- Table structure for table `service_landings_cmps`
--

CREATE TABLE `service_landings_cmps` (
  `id` int unsigned NOT NULL AUTO_INCREMENT,
  `entity_id` int unsigned DEFAULT NULL,
  `cmp_id` int unsigned DEFAULT NULL,
  `component_type` varchar(255) DEFAULT NULL,
  `field` varchar(255) DEFAULT NULL,
  `order` double unsigned DEFAULT NULL,
  PRIMARY KEY (`id`),
  UNIQUE KEY `service_landings_uq` (`entity_id`,`cmp_id`,`field`,`component_type`),
  KEY `service_landings_field_idx` (`field`),
  KEY `service_landings_component_type_idx` (`component_type`),
  KEY `service_landings_entity_fk` (`entity_id`),
  CONSTRAINT `service_landings_entity_fk` FOREIGN KEY (`entity_id`) REFERENCES `service_landings` (`id`) ON DELETE CASCADE
) ENGINE=InnoDB AUTO_INCREMENT=111 DEFAULT CHARSET=utf8mb4 COLLATE=utf8mb4_0900_ai_ci;

--
-- Dumping data for table `service_landings_cmps`
--

INSERT INTO `service_landings_cmps` VALUES (1,1,26,'common.banner','banner',2),(6,1,1,'service-landing.service-locations','serviceLocations',1),(14,1,4,'service-landing.service-locations','serviceLocations',2),(64,1,72,'common.seo','seo',4),(71,3,227,'common.banner','banner',2),(72,3,133,'common.seo','seo',1),(73,3,25,'service-landing.service-locations','serviceLocations',1),(74,3,26,'service-landing.service-locations','serviceLocations',2),(75,16,228,'common.banner','banner',1),(76,16,134,'common.seo','seo',NULL),(77,16,27,'service-landing.service-locations','serviceLocations',1),(78,16,28,'service-landing.service-locations','serviceLocations',2),(107,20,389,'common.banner','banner',1),(108,20,217,'common.seo','seo',NULL),(109,20,35,'service-landing.service-locations','serviceLocations',1),(110,20,36,'service-landing.service-locations','serviceLocations',2);

--
-- Table structure for table `service_landings_location_types_lnk`
--

CREATE TABLE `service_landings_location_types_lnk` (
  `id` int unsigned NOT NULL AUTO_INCREMENT,
  `service_landing_id` int unsigned DEFAULT NULL,
  `branch_location_id` int unsigned DEFAULT NULL,
  `branch_location_ord` double unsigned DEFAULT NULL,
  PRIMARY KEY (`id`),
  UNIQUE KEY `service_landings_location_types_lnk_uq` (`service_landing_id`,`branch_location_id`),
  KEY `service_landings_location_types_lnk_fk` (`service_landing_id`),
  KEY `service_landings_location_types_lnk_ifk` (`branch_location_id`),
  KEY `service_landings_location_types_lnk_ofk` (`branch_location_ord`),
  CONSTRAINT `service_landings_location_types_lnk_fk` FOREIGN KEY (`service_landing_id`) REFERENCES `service_landings` (`id`) ON DELETE CASCADE,
  CONSTRAINT `service_landings_location_types_lnk_ifk` FOREIGN KEY (`branch_location_id`) REFERENCES `branch_locations` (`id`) ON DELETE CASCADE
) ENGINE=InnoDB AUTO_INCREMENT=20 DEFAULT CHARSET=utf8mb4 COLLATE=utf8mb4_0900_ai_ci;

--
-- Dumping data for table `service_landings_location_types_lnk`
--

INSERT INTO `service_landings_location_types_lnk` VALUES (1,1,1,1),(2,1,4,2),(13,1,7,3),(17,20,3,1),(18,20,6,2),(19,20,35,3);

--
-- Table structure for table `services`
--

CREATE TABLE `services` (
  `id` int unsigned NOT NULL AUTO_INCREMENT,
  `document_id` varchar(255) DEFAULT NULL,
  `title` varchar(255) DEFAULT NULL,
  `slug` varchar(255) DEFAULT NULL,
  `created_at` datetime(6) DEFAULT NULL,
  `updated_at` datetime(6) DEFAULT NULL,
  `published_at` datetime(6) DEFAULT NULL,
  `created_by_id` int unsigned DEFAULT NULL,
  `updated_by_id` int unsigned DEFAULT NULL,
  `locale` varchar(255) DEFAULT NULL,
  `list_desc` longtext,
  `show_book_service_form` tinyint(1) DEFAULT NULL,
  `show_mobile_service_form` tinyint(1) DEFAULT NULL,
  `header_service_sort_order` int DEFAULT NULL,
  `hide_from_category_dropdown` tinyint(1) DEFAULT NULL,
  PRIMARY KEY (`id`),
  KEY `services_documents_idx` (`document_id`,`locale`,`published_at`),
  KEY `services_created_by_id_fk` (`created_by_id`),
  KEY `services_updated_by_id_fk` (`updated_by_id`),
  CONSTRAINT `services_created_by_id_fk` FOREIGN KEY (`created_by_id`) REFERENCES `admin_users` (`id`) ON DELETE SET NULL,
  CONSTRAINT `services_updated_by_id_fk` FOREIGN KEY (`updated_by_id`) REFERENCES `admin_users` (`id`) ON DELETE SET NULL
) ENGINE=InnoDB AUTO_INCREMENT=331 DEFAULT CHARSET=utf8mb4 COLLATE=utf8mb4_0900_ai_ci;

--
-- Dumping data for table `services`
--

INSERT INTO `services` VALUES (1,'g18oof4nka4jou664eq4fy0e','Spare Parts','spare-parts','2025-12-12 06:14:34.619000','2026-04-01 10:31:35.102000',NULL,1,1,'en','Bosch offers you the appropriate spare parts for your tools, such as angle grinders or drills: from the armature, to the carbon brushes, through to the batteries and chargers.',NULL,NULL,NULL,NULL),(5,'padhr29nknzix7og066ybt5x','Tyre Repair','tyre-repair','2025-12-12 08:58:03.156000','2026-06-15 10:19:24.357000',NULL,1,1,'en','At CME Alfahim, we offer comprehensive tyre repair solutions for passenger, commercial, and heavy-duty vehicles.',1,1,2,NULL),(7,'rar5hdd51s37ji0k5p2qyh9r','Spare Parts Service','spare-parts-services','2025-12-12 08:58:31.818000','2026-06-09 11:30:47.321000',NULL,1,1,'en','Bosch offers you the appropriate spare parts for your tools, such as angle grinders or drills: from the armature, to the carbon brushes, through to the batteries and chargers.',1,NULL,1,NULL),(27,'neqskd16ndcmmi3pmsoymg7w','Brake Pads','brake-pads','2025-12-21 09:02:27.135000','2026-06-15 10:19:00.003000',NULL,1,1,'en','Brake safety is critical, and CME Alfahim’s expert technicians provide thorough inspections and timely replacement of brake pads.',1,0,3,NULL),(29,'w0axm3hwjk6c18n3ih1ozmql','Tyre Rotation','tyre-rotation','2025-12-21 09:03:17.068000','2026-06-15 10:18:21.941000',NULL,1,1,'en','Tyre rotation is a simple yet effective way to extend the life of your tyres and ensure even wear. By moving tyres from one position to another, we balance wear patterns and reduce stress on individual tyres.',1,1,5,NULL),(31,'adc29g15x63wxbq22awojzno','Oil Change','oil-change','2025-12-21 09:04:35.176000','2026-06-15 10:18:37.944000',NULL,1,1,'en','Oil is the lifeblood of your car\'s engine, playing a crucial role in its performance and longevity. It lubricates engine parts, reduces friction, and helps dissipate heat, ensuring smooth operation',1,1,4,NULL),(82,'yxrw888gc89ht9zwlfwa8js3','Bosch Car Service','bosch-car-service','2026-03-11 11:21:12.735000','2026-06-18 06:16:09.806000',NULL,1,1,'en','Workshop solutions for the future. For professional service on modern vehicles, Bosch provides test and workshop equipment, software and expertise perfectly coordinated from a single source.',1,NULL,1,NULL),(99,'q5mbbvo7m4ds5r1tv4asgtqf','Bosch Diesel Service','bosch-diesel-service','2026-03-11 13:09:41.051000','2026-06-18 06:18:24.459000',NULL,1,1,'en','A wide range of services, partners of the Bosch network can benefit from access to all of Bosch’s knowledge, technological expertise and comprehensive practical experience from decades of workshop support. What we offer:',1,NULL,2,NULL),(105,'s09m8y34xek7obkn7evd33xj','Workshop Test Equipment Services','workshop-test-equipment-services','2026-03-11 13:29:24.675000','2026-06-18 06:18:55.307000',NULL,1,1,'en','Central Motors & Equipment brings the latest state-of-the-art workshop equipment services',1,NULL,3,NULL),(135,'wgckx3k125zray0hj1d742zr','Wheel Alignment','wheel-alignment','2026-03-12 06:11:27.809000','2026-06-15 10:18:03.692000',NULL,1,1,'en','At CME, our expert technicians use advanced equipment to adjust your wheels to manufacturer specs, ensuring smooth and safe driving',1,0,6,NULL),(172,'p917w95opaix2r5qrhh1w6sy','Nitrogen Inflation','nitrogen-inflation','2026-03-12 09:17:53.087000','2026-06-15 10:17:21.790000',NULL,1,1,'en','Tyre inflation is undoubtedly a key element in ensuring tyre longevity. The pressure recommended by the manufacturers is different for each vehicle and must be scrupulously respected for your safety',1,0,8,NULL),(179,'rpldpoo2plpfl7d6ff7izski','Tyre Change and Balancing / Tyre Replacement','tyre-change-balancing-replacement','2026-03-12 09:38:06.789000','2026-06-15 10:17:45.328000',NULL,1,1,'en','Proper tyre fitting and balancing are crucial for your vehicle\'s maintenance. Poorly fitted tyres can lead to a rough, uneven, and potentially unsafe ride. When fitting new tyres, make sure they\'re mounted correctly, are the right type for your vehicle, and are balanced accurately to ensure a smooth, safe drive and extend tyre lifespan.',1,1,7,NULL),(180,'hu8h55oswweuqxqu25d2b8cf','AC Maintenance','ac-maintenance','2026-03-12 09:45:41.292000','2026-06-15 10:16:59.257000',NULL,1,1,'en','Maintaining your vehicle\'s air conditioning system is crucial for a comfortable driving experience, particularly during extreme temperatures. The AC system not only regulates temperature but also controls humidity, contributing to a healthier in-cab environment',1,0,9,NULL),(202,'q5mbbvo7m4ds5r1tv4asgtqf','Bosch Diesel Service','bosch-diesel-service','2026-03-13 05:14:17.482000','2026-03-13 05:14:17.482000',NULL,1,1,'ar','Brake safety is critical, and CME Alfahim’s expert technicians provide thorough inspections and timely replacement of brake pads.',1,NULL,2,NULL),(203,'q5mbbvo7m4ds5r1tv4asgtqf','Bosch Diesel Service','bosch-diesel-service','2026-03-13 05:14:17.482000','2026-03-13 05:14:17.482000','2026-03-13 05:14:18.448000',1,1,'ar','Brake safety is critical, and CME Alfahim’s expert technicians provide thorough inspections and timely replacement of brake pads.',1,NULL,2,NULL),(241,'op8tlp3ajr50zwn0gok51mty',' Battery Replacement','battery-replacement','2026-03-30 15:29:06.120000','2026-06-15 10:44:33.888000',NULL,1,1,'en','Dead battery got you stuck?  Need a reliable car battery replacement in the UAE? CME TyrePlushas you covered! We offer fast, affordable, and top-notch battery replacement services across Dubai, Abu Dhabi, and the UAE. Our pros will come to you –whether you\'re at home, work, or stranded. Get back on the road pronto!',1,1,10,NULL),(294,'rar5hdd51s37ji0k5p2qyh9r','Spare Parts Service','spare-parts-services','2025-12-12 08:58:31.818000','2026-06-09 11:30:47.321000','2026-06-09 11:30:49.126000',1,1,'en','Bosch offers you the appropriate spare parts for your tools, such as angle grinders or drills: from the armature, to the carbon brushes, through to the batteries and chargers.',1,NULL,1,NULL),(296,'qsjkl1ddovpq5sb5ezs9t4j4','Bosch Car Service','tyre-bosch-car-service','2026-06-15 10:12:56.593000','2026-06-18 05:52:15.224000',NULL,1,1,'en','Workshop solutions for the future. For professional service on modern vehicles, Bosch provides test and workshop equipment, software and expertise perfectly coordinated from a single source.',1,NULL,1,NULL),(299,'hu8h55oswweuqxqu25d2b8cf','AC Maintenance','ac-maintenance','2026-03-12 09:45:41.292000','2026-06-15 10:16:59.257000','2026-06-15 10:17:01.149000',1,1,'en','Maintaining your vehicle\'s air conditioning system is crucial for a comfortable driving experience, particularly during extreme temperatures. The AC system not only regulates temperature but also controls humidity, contributing to a healthier in-cab environment',1,0,9,NULL),(300,'p917w95opaix2r5qrhh1w6sy','Nitrogen Inflation','nitrogen-inflation','2026-03-12 09:17:53.087000','2026-06-15 10:17:21.790000','2026-06-15 10:17:23.904000',1,1,'en','Tyre inflation is undoubtedly a key element in ensuring tyre longevity. The pressure recommended by the manufacturers is different for each vehicle and must be scrupulously respected for your safety',1,0,8,NULL),(301,'rpldpoo2plpfl7d6ff7izski','Tyre Change and Balancing / Tyre Replacement','tyre-change-balancing-replacement','2026-03-12 09:38:06.789000','2026-06-15 10:17:45.328000','2026-06-15 10:17:47.664000',1,1,'en','Proper tyre fitting and balancing are crucial for your vehicle\'s maintenance. Poorly fitted tyres can lead to a rough, uneven, and potentially unsafe ride. When fitting new tyres, make sure they\'re mounted correctly, are the right type for your vehicle, and are balanced accurately to ensure a smooth, safe drive and extend tyre lifespan.',1,1,7,NULL),(302,'wgckx3k125zray0hj1d742zr','Wheel Alignment','wheel-alignment','2026-03-12 06:11:27.809000','2026-06-15 10:18:03.692000','2026-06-15 10:18:05.710000',1,1,'en','At CME, our expert technicians use advanced equipment to adjust your wheels to manufacturer specs, ensuring smooth and safe driving',1,0,6,NULL),(303,'w0axm3hwjk6c18n3ih1ozmql','Tyre Rotation','tyre-rotation','2025-12-21 09:03:17.068000','2026-06-15 10:18:21.941000','2026-06-15 10:18:23.516000',1,1,'en','Tyre rotation is a simple yet effective way to extend the life of your tyres and ensure even wear. By moving tyres from one position to another, we balance wear patterns and reduce stress on individual tyres.',1,1,5,NULL),(304,'adc29g15x63wxbq22awojzno','Oil Change','oil-change','2025-12-21 09:04:35.176000','2026-06-15 10:18:37.944000','2026-06-15 10:18:39.878000',1,1,'en','Oil is the lifeblood of your car\'s engine, playing a crucial role in its performance and longevity. It lubricates engine parts, reduces friction, and helps dissipate heat, ensuring smooth operation',1,1,4,NULL),(305,'neqskd16ndcmmi3pmsoymg7w','Brake Pads','brake-pads','2025-12-21 09:02:27.135000','2026-06-15 10:19:00.003000','2026-06-15 10:19:02.680000',1,1,'en','Brake safety is critical, and CME Alfahim’s expert technicians provide thorough inspections and timely replacement of brake pads.',1,0,3,NULL),(306,'padhr29nknzix7og066ybt5x','Tyre Repair','tyre-repair','2025-12-12 08:58:03.156000','2026-06-15 10:19:24.357000','2026-06-15 10:19:26.813000',1,1,'en','At CME Alfahim, we offer comprehensive tyre repair solutions for passenger, commercial, and heavy-duty vehicles.',1,1,2,NULL),(310,'op8tlp3ajr50zwn0gok51mty',' Battery Replacement','battery-replacement','2026-03-30 15:29:06.120000','2026-06-15 10:44:33.888000','2026-06-15 10:44:35.720000',1,1,'en','Dead battery got you stuck?  Need a reliable car battery replacement in the UAE? CME TyrePlushas you covered! We offer fast, affordable, and top-notch battery replacement services across Dubai, Abu Dhabi, and the UAE. Our pros will come to you –whether you\'re at home, work, or stranded. Get back on the road pronto!',1,1,10,NULL),(311,'sdtjhauxkpu7rcywqhjzmlan','Other Services','other-services','2026-06-17 05:04:29.647000','2026-06-17 05:05:51.356000',NULL,1,1,'en','Brake safety is critical, and CME Alfahim’s expert technicians provide thorough inspections and timely replacement of brake pads.',1,0,11,NULL),(313,'sdtjhauxkpu7rcywqhjzmlan','Other Services','other-services','2026-06-17 05:04:29.647000','2026-06-17 05:05:51.356000','2026-06-17 05:05:53.758000',1,1,'en','Brake safety is critical, and CME Alfahim’s expert technicians provide thorough inspections and timely replacement of brake pads.',1,0,11,NULL),(314,'n24bznfqrb4vuyyb3mc3d6lm','Bosch – Repair Request Form','bosch-repair-request-form','2026-06-17 10:58:42.293000','2026-06-29 08:57:32.318000',NULL,1,1,'en','Bosch offers you the appropriate spare parts for your tools, such as angle grinders or drills: from the armature, to the carbon brushes, through to the batteries and chargers.',0,NULL,3,1),(320,'tvqxlo25o6dt1ze0m2ht4v0g','Caliibration Services','calibration','2026-06-17 11:05:48.038000','2026-06-17 12:24:14.983000',NULL,1,1,'en','Our calibration services:\n\nCleaning the tool\nChecking the measuring accuracy\nIf required: Adjusting of the tool\nDocumenting all measured values',1,NULL,2,NULL),(323,'tvqxlo25o6dt1ze0m2ht4v0g','Caliibration Services','calibration','2026-06-17 11:05:48.038000','2026-06-17 12:24:14.983000','2026-06-17 12:24:16.344000',1,1,'en','Our calibration services:\n\nCleaning the tool\nChecking the measuring accuracy\nIf required: Adjusting of the tool\nDocumenting all measured values',1,NULL,2,NULL),(324,'qsjkl1ddovpq5sb5ezs9t4j4','Bosch Car Service','tyre-bosch-car-service','2026-06-15 10:12:56.593000','2026-06-18 05:52:15.224000','2026-06-18 05:52:16.878000',1,1,'en','Workshop solutions for the future. For professional service on modern vehicles, Bosch provides test and workshop equipment, software and expertise perfectly coordinated from a single source.',1,NULL,1,NULL),(326,'yxrw888gc89ht9zwlfwa8js3','Bosch Car Service','bosch-car-service','2026-03-11 11:21:12.735000','2026-06-18 06:16:09.806000','2026-06-18 06:16:11.680000',1,1,'en','Workshop solutions for the future. For professional service on modern vehicles, Bosch provides test and workshop equipment, software and expertise perfectly coordinated from a single source.',1,NULL,1,NULL),(328,'q5mbbvo7m4ds5r1tv4asgtqf','Bosch Diesel Service','bosch-diesel-service','2026-03-11 13:09:41.051000','2026-06-18 06:18:24.459000','2026-06-18 06:18:26.733000',1,1,'en','A wide range of services, partners of the Bosch network can benefit from access to all of Bosch’s knowledge, technological expertise and comprehensive practical experience from decades of workshop support. What we offer:',1,NULL,2,NULL),(329,'s09m8y34xek7obkn7evd33xj','Workshop Test Equipment Services','workshop-test-equipment-services','2026-03-11 13:29:24.675000','2026-06-18 06:18:55.307000','2026-06-18 06:18:57.654000',1,1,'en','Central Motors & Equipment brings the latest state-of-the-art workshop equipment services',1,NULL,3,NULL),(330,'n24bznfqrb4vuyyb3mc3d6lm','Bosch – Repair Request Form','bosch-repair-request-form','2026-06-17 10:58:42.293000','2026-06-29 08:57:32.318000','2026-06-29 08:57:33.975000',1,1,'en','Bosch offers you the appropriate spare parts for your tools, such as angle grinders or drills: from the armature, to the carbon brushes, through to the batteries and chargers.',0,NULL,3,1);

--
-- Table structure for table `services_branches_lnk`
--

CREATE TABLE `services_branches_lnk` (
  `id` int unsigned NOT NULL AUTO_INCREMENT,
  `service_id` int unsigned DEFAULT NULL,
  `branch_id` int unsigned DEFAULT NULL,
  `branch_ord` double unsigned DEFAULT NULL,
  PRIMARY KEY (`id`),
  UNIQUE KEY `services_branches_lnk_uq` (`service_id`,`branch_id`),
  KEY `services_branches_lnk_fk` (`service_id`),
  KEY `services_branches_lnk_ifk` (`branch_id`),
  KEY `services_branches_lnk_ofk` (`branch_ord`),
  CONSTRAINT `services_branches_lnk_fk` FOREIGN KEY (`service_id`) REFERENCES `services` (`id`) ON DELETE CASCADE,
  CONSTRAINT `services_branches_lnk_ifk` FOREIGN KEY (`branch_id`) REFERENCES `branches` (`id`) ON DELETE CASCADE
) ENGINE=InnoDB AUTO_INCREMENT=9 DEFAULT CHARSET=utf8mb4 COLLATE=utf8mb4_0900_ai_ci;

--
-- Dumping data for table `services_branches_lnk`
--

INSERT INTO `services_branches_lnk` VALUES (1,82,25,1),(2,326,409,1),(5,99,27,1),(6,328,410,1),(7,105,113,1),(8,329,413,1);

--
-- Table structure for table `services_cmps`
--

CREATE TABLE `services_cmps` (
  `id` int unsigned NOT NULL AUTO_INCREMENT,
  `entity_id` int unsigned DEFAULT NULL,
  `cmp_id` int unsigned DEFAULT NULL,
  `component_type` varchar(255) DEFAULT NULL,
  `field` varchar(255) DEFAULT NULL,
  `order` double unsigned DEFAULT NULL,
  PRIMARY KEY (`id`),
  UNIQUE KEY `services_uq` (`entity_id`,`cmp_id`,`field`,`component_type`),
  KEY `services_field_idx` (`field`),
  KEY `services_component_type_idx` (`component_type`),
  KEY `services_entity_fk` (`entity_id`),
  CONSTRAINT `services_entity_fk` FOREIGN KEY (`entity_id`) REFERENCES `services` (`id`) ON DELETE CASCADE
) ENGINE=InnoDB AUTO_INCREMENT=4878 DEFAULT CHARSET=utf8mb4 COLLATE=utf8mb4_0900_ai_ci;

--
-- Dumping data for table `services_cmps`
--

INSERT INTO `services_cmps` VALUES (6,5,1,'common.title-with-desc','trustedPartner',15),(7,5,1,'common.content-block','aboutBlock',14),(50,5,9,'common.content-block','tyreRepairMatters',13),(59,5,1,'common.locations','locations',12),(70,5,1,'common.faq','faq',11),(89,27,24,'common.title-with-desc','trustedPartner',10),(158,5,84,'common.seo','seo',10),(170,5,115,'common.link-item','breadCrumb',1),(171,5,116,'common.link-item','breadCrumb',2),(242,5,123,'common.link-item','breadCrumb',3),(482,5,17,'common.title-desc','bookService',8),(483,5,18,'common.title-desc','mobileService',9),(745,29,37,'common.title-desc','bookService',1),(746,29,38,'common.title-desc','mobileService',9),(893,29,184,'common.link-item','breadCrumb',1),(894,29,185,'common.link-item','breadCrumb',2),(895,29,186,'common.link-item','breadCrumb',3),(896,29,187,'common.link-item','breadCrumb',4),(912,5,192,'common.link-item','breadCrumb',4),(935,82,197,'common.link-item','breadCrumb',1),(936,82,198,'common.link-item','breadCrumb',2),(937,82,199,'common.link-item','breadCrumb',3),(938,82,200,'common.link-item','breadCrumb',4),(951,82,67,'common.title-desc','bookService',7),(952,82,68,'common.title-desc','mobileService',8),(1177,99,265,'common.link-item','breadCrumb',1),(1178,99,266,'common.link-item','breadCrumb',2),(1179,99,267,'common.link-item','breadCrumb',3),(1180,99,268,'common.link-item','breadCrumb',4),(1183,99,99,'common.title-desc','bookService',7),(1184,99,100,'common.title-desc','mobileService',8),(1229,105,281,'common.link-item','breadCrumb',1),(1230,105,282,'common.link-item','breadCrumb',2),(1231,105,283,'common.link-item','breadCrumb',3),(1232,105,284,'common.link-item','breadCrumb',4),(1234,105,107,'common.title-desc','bookService',7),(1235,105,108,'common.title-desc','mobileService',8),(1564,135,357,'common.link-item','breadCrumb',1),(1565,135,358,'common.link-item','breadCrumb',2),(1566,135,359,'common.link-item','breadCrumb',3),(1567,135,360,'common.link-item','breadCrumb',4),(1571,135,145,'common.title-desc','bookService',8),(1572,135,146,'common.title-desc','mobileService',9),(1768,31,165,'common.title-desc','bookService',8),(1769,31,166,'common.title-desc','mobileService',9),(1793,27,393,'common.link-item','breadCrumb',1),(1794,27,394,'common.link-item','breadCrumb',2),(1795,27,395,'common.link-item','breadCrumb',3),(1796,27,396,'common.link-item','breadCrumb',4),(1842,27,171,'common.title-desc','bookService',8),(1843,27,172,'common.title-desc','mobileService',9),(2001,172,449,'common.link-item','breadCrumb',1),(2002,172,450,'common.link-item','breadCrumb',2),(2003,172,451,'common.link-item','breadCrumb',3),(2004,172,452,'common.link-item','breadCrumb',4),(2008,172,193,'common.title-desc','bookService',1),(2009,172,194,'common.title-desc','mobileService',14),(2170,179,477,'common.link-item','breadCrumb',1),(2171,179,478,'common.link-item','breadCrumb',2),(2172,179,479,'common.link-item','breadCrumb',3),(2173,179,480,'common.link-item','breadCrumb',4),(2182,179,207,'common.title-desc','bookService',1),(2183,179,208,'common.title-desc','mobileService',13),(2184,180,481,'common.link-item','breadCrumb',1),(2185,180,482,'common.link-item','breadCrumb',2),(2186,180,483,'common.link-item','breadCrumb',3),(2187,180,484,'common.link-item','breadCrumb',4),(2196,180,209,'common.title-desc','bookService',1),(2197,180,210,'common.title-desc','mobileService',12),(2678,202,569,'common.link-item','breadCrumb',1),(2679,202,570,'common.link-item','breadCrumb',2),(2680,202,571,'common.link-item','breadCrumb',3),(2681,202,572,'common.link-item','breadCrumb',4),(2682,202,168,'common.content-block','serviceContent',1),(2683,202,256,'common.content-block-variant','serviceContent',2),(2684,202,129,'common.seo','seo',NULL),(2685,202,253,'common.title-desc','bookService',NULL),(2686,202,254,'common.title-desc','mobileService',NULL),(2687,203,573,'common.link-item','breadCrumb',1),(2688,203,574,'common.link-item','breadCrumb',2),(2689,203,575,'common.link-item','breadCrumb',3),(2690,203,576,'common.link-item','breadCrumb',4),(2691,203,169,'common.content-block','serviceContent',1),(2692,203,257,'common.content-block-variant','serviceContent',2),(2693,203,130,'common.seo','seo',NULL),(2694,203,255,'common.title-desc','bookService',NULL),(2695,203,256,'common.title-desc','mobileService',NULL),(2858,31,613,'common.link-item','breadCrumb',1),(2859,31,614,'common.link-item','breadCrumb',2),(2860,31,615,'common.link-item','breadCrumb',3),(2861,31,616,'common.link-item','breadCrumb',4),(3184,7,241,'common.banner','banner',1),(3185,7,681,'common.link-item','breadCrumb',1),(3186,7,682,'common.link-item','breadCrumb',2),(3187,7,683,'common.link-item','breadCrumb',3),(3188,7,684,'common.link-item','breadCrumb',4),(3388,241,739,'common.link-item','breadCrumb',1),(3389,241,740,'common.link-item','breadCrumb',2),(3390,241,741,'common.link-item','breadCrumb',3),(3391,241,742,'common.link-item','breadCrumb',4),(3395,241,319,'common.title-desc','bookService',1),(3396,241,320,'common.title-desc','mobileService',9),(4186,7,403,'common.title-desc','bookService',2),(4335,7,353,'common.title-with-desc','serviceContent',1),(4337,294,390,'common.banner','banner',1),(4338,294,981,'common.link-item','breadCrumb',1),(4339,294,982,'common.link-item','breadCrumb',2),(4340,294,983,'common.link-item','breadCrumb',3),(4341,294,984,'common.link-item','breadCrumb',4),(4342,294,440,'common.title-with-desc','serviceContent',1),(4343,294,431,'common.title-desc','bookService',NULL),(4360,296,997,'common.link-item','breadCrumb',1),(4361,296,998,'common.link-item','breadCrumb',2),(4362,296,999,'common.link-item','breadCrumb',3),(4363,296,1000,'common.link-item','breadCrumb',4),(4366,296,433,'common.title-desc','bookService',2),(4367,296,434,'common.title-desc','mobileService',5),(4406,180,265,'common.title-with-desc','serviceContent',1),(4407,180,266,'common.title-with-desc','serviceContent',2),(4408,180,267,'common.title-with-desc','serviceContent',3),(4409,180,215,'common.content-block-variant','serviceContent',4),(4410,180,268,'common.title-with-desc','serviceContent',5),(4411,180,269,'common.title-with-desc','serviceContent',6),(4414,299,1009,'common.link-item','breadCrumb',1),(4415,299,1010,'common.link-item','breadCrumb',2),(4416,299,1011,'common.link-item','breadCrumb',3),(4417,299,1012,'common.link-item','breadCrumb',4),(4418,299,443,'common.title-with-desc','serviceContent',1),(4419,299,444,'common.title-with-desc','serviceContent',2),(4420,299,445,'common.title-with-desc','serviceContent',3),(4421,299,415,'common.content-block-variant','serviceContent',4),(4422,299,446,'common.title-with-desc','serviceContent',5),(4423,299,447,'common.title-with-desc','serviceContent',6),(4424,299,439,'common.title-desc','bookService',NULL),(4425,299,440,'common.title-desc','mobileService',NULL),(4430,172,199,'common.content-block-variant','serviceContent',1),(4431,172,229,'common.title-with-desc','serviceContent',2),(4432,172,230,'common.title-with-desc','serviceContent',3),(4433,172,231,'common.title-with-desc','serviceContent',4),(4434,172,200,'common.content-block-variant','serviceContent',5),(4435,172,238,'common.title-with-desc','serviceContent',6),(4436,172,239,'common.title-with-desc','serviceContent',7),(4437,172,138,'common.content-block','serviceContent',8),(4440,300,1013,'common.link-item','breadCrumb',1),(4441,300,1014,'common.link-item','breadCrumb',2),(4442,300,1015,'common.link-item','breadCrumb',3),(4443,300,1016,'common.link-item','breadCrumb',4),(4444,300,416,'common.content-block-variant','serviceContent',1),(4445,300,448,'common.title-with-desc','serviceContent',2),(4446,300,449,'common.title-with-desc','serviceContent',3),(4447,300,450,'common.title-with-desc','serviceContent',4),(4448,300,417,'common.content-block-variant','serviceContent',5),(4449,300,451,'common.title-with-desc','serviceContent',6),(4450,300,452,'common.title-with-desc','serviceContent',7),(4451,300,228,'common.content-block','serviceContent',8),(4452,300,441,'common.title-desc','bookService',NULL),(4453,300,442,'common.title-desc','mobileService',NULL),(4458,179,223,'common.content-block-variant','serviceContent',1),(4459,179,226,'common.content-block-variant','serviceContent',2),(4460,179,152,'common.content-block','serviceContent',3),(4461,179,308,'common.title-with-desc','serviceContent',4),(4462,179,311,'common.title-with-desc','serviceContent',5),(4463,179,312,'common.title-with-desc','serviceContent',6),(4464,179,235,'common.content-block-variant','serviceContent',7),(4467,301,1017,'common.link-item','breadCrumb',1),(4468,301,1018,'common.link-item','breadCrumb',2),(4469,301,1019,'common.link-item','breadCrumb',3),(4470,301,1020,'common.link-item','breadCrumb',4),(4471,301,418,'common.content-block-variant','serviceContent',1),(4472,301,419,'common.content-block-variant','serviceContent',2),(4473,301,229,'common.content-block','serviceContent',3),(4474,301,453,'common.title-with-desc','serviceContent',4),(4475,301,454,'common.title-with-desc','serviceContent',5),(4476,301,455,'common.title-with-desc','serviceContent',6),(4477,301,420,'common.content-block-variant','serviceContent',7),(4478,301,443,'common.title-desc','bookService',NULL),(4479,301,444,'common.title-desc','mobileService',NULL),(4484,135,132,'common.content-block-variant','serviceContent',1),(4485,135,121,'common.content-block','serviceContent',2),(4486,135,158,'common.content-block-variant','serviceContent',3),(4489,302,1021,'common.link-item','breadCrumb',1),(4490,302,1022,'common.link-item','breadCrumb',2),(4491,302,1023,'common.link-item','breadCrumb',3),(4492,302,1024,'common.link-item','breadCrumb',4),(4493,302,421,'common.content-block-variant','serviceContent',1),(4494,302,230,'common.content-block','serviceContent',2),(4495,302,422,'common.content-block-variant','serviceContent',3),(4496,302,445,'common.title-desc','bookService',NULL),(4497,302,446,'common.title-desc','mobileService',NULL),(4502,29,175,'common.title-with-desc','serviceContent',1),(4503,29,176,'common.title-with-desc','serviceContent',2),(4504,29,45,'common.content-block-variant','serviceContent',3),(4507,303,1025,'common.link-item','breadCrumb',1),(4508,303,1026,'common.link-item','breadCrumb',2),(4509,303,1027,'common.link-item','breadCrumb',3),(4510,303,1028,'common.link-item','breadCrumb',4),(4511,303,456,'common.title-with-desc','serviceContent',1),(4512,303,457,'common.title-with-desc','serviceContent',2),(4513,303,423,'common.content-block-variant','serviceContent',3),(4514,303,447,'common.title-desc','bookService',NULL),(4515,303,448,'common.title-desc','mobileService',NULL),(4520,31,154,'common.content-block-variant','serviceContent',1),(4521,31,119,'common.content-block','serviceContent',2),(4522,31,155,'common.content-block-variant','serviceContent',3),(4525,304,1029,'common.link-item','breadCrumb',1),(4526,304,1030,'common.link-item','breadCrumb',2),(4527,304,1031,'common.link-item','breadCrumb',3),(4528,304,1032,'common.link-item','breadCrumb',4),(4529,304,424,'common.content-block-variant','serviceContent',1),(4530,304,231,'common.content-block','serviceContent',2),(4531,304,425,'common.content-block-variant','serviceContent',3),(4532,304,449,'common.title-desc','bookService',NULL),(4533,304,450,'common.title-desc','mobileService',NULL),(4538,27,113,'common.content-block-variant','serviceContent',1),(4539,27,103,'common.content-block','serviceContent',2),(4540,27,138,'common.content-block-variant','serviceContent',3),(4543,305,1033,'common.link-item','breadCrumb',1),(4544,305,1034,'common.link-item','breadCrumb',2),(4545,305,1035,'common.link-item','breadCrumb',3),(4546,305,1036,'common.link-item','breadCrumb',4),(4547,305,426,'common.content-block-variant','serviceContent',1),(4548,305,232,'common.content-block','serviceContent',2),(4549,305,427,'common.content-block-variant','serviceContent',3),(4550,305,451,'common.title-desc','bookService',NULL),(4551,305,452,'common.title-desc','mobileService',NULL),(4556,5,1,'common.content-block-variant','serviceContent',1),(4557,5,31,'common.content-block','serviceContent',2),(4558,5,10,'common.content-block-variant','serviceContent',3),(4562,306,1037,'common.link-item','breadCrumb',1),(4563,306,1038,'common.link-item','breadCrumb',2),(4564,306,1039,'common.link-item','breadCrumb',3),(4565,306,1040,'common.link-item','breadCrumb',4),(4566,306,428,'common.content-block-variant','serviceContent',1),(4567,306,233,'common.content-block','serviceContent',2),(4568,306,429,'common.content-block-variant','serviceContent',3),(4569,306,221,'common.seo','seo',NULL),(4570,306,453,'common.title-desc','bookService',NULL),(4571,306,454,'common.title-desc','mobileService',NULL),(4621,241,320,'common.content-block-variant','serviceContent',1),(4622,241,194,'common.content-block','serviceContent',2),(4623,241,321,'common.content-block-variant','serviceContent',3),(4626,310,1053,'common.link-item','breadCrumb',1),(4627,310,1054,'common.link-item','breadCrumb',2),(4628,310,1055,'common.link-item','breadCrumb',3),(4629,310,1056,'common.link-item','breadCrumb',4),(4630,310,436,'common.content-block-variant','serviceContent',1),(4631,310,237,'common.content-block','serviceContent',2),(4632,310,437,'common.content-block-variant','serviceContent',3),(4633,310,461,'common.title-desc','bookService',NULL),(4634,310,462,'common.title-desc','mobileService',NULL),(4635,311,1057,'common.link-item','breadCrumb',1),(4636,311,1058,'common.link-item','breadCrumb',2),(4637,311,1059,'common.link-item','breadCrumb',3),(4638,311,1060,'common.link-item','breadCrumb',4),(4642,311,467,'common.title-desc','bookService',2),(4643,311,468,'common.title-desc','mobileService',5),(4666,311,440,'common.content-block-variant','serviceContent',1),(4667,311,238,'common.content-block','serviceContent',2),(4668,311,441,'common.content-block-variant','serviceContent',3),(4671,313,1065,'common.link-item','breadCrumb',1),(4672,313,1066,'common.link-item','breadCrumb',2),(4673,313,1067,'common.link-item','breadCrumb',3),(4674,313,1068,'common.link-item','breadCrumb',4),(4675,313,444,'common.content-block-variant','serviceContent',1),(4676,313,240,'common.content-block','serviceContent',2),(4677,313,445,'common.content-block-variant','serviceContent',3),(4678,313,471,'common.title-desc','bookService',NULL),(4679,313,472,'common.title-desc','mobileService',NULL),(4680,314,428,'common.banner','banner',1),(4686,314,473,'common.title-desc','bookService',7),(4692,314,463,'common.title-with-desc','serviceContent',4),(4714,314,1091,'common.link-item','breadCrumb',1),(4715,314,1092,'common.link-item','breadCrumb',2),(4716,314,1093,'common.link-item','breadCrumb',3),(4717,314,1094,'common.link-item','breadCrumb',4),(4725,320,434,'common.banner','banner',1),(4726,320,1099,'common.link-item','breadCrumb',1),(4727,320,1100,'common.link-item','breadCrumb',2),(4728,320,1101,'common.link-item','breadCrumb',3),(4729,320,1102,'common.link-item','breadCrumb',4),(4731,320,479,'common.title-desc','bookService',6),(4765,320,465,'common.title-with-desc','serviceContent',1),(4766,320,468,'common.title-with-desc','serviceContent',2),(4768,323,437,'common.banner','banner',1),(4769,323,1111,'common.link-item','breadCrumb',1),(4770,323,1112,'common.link-item','breadCrumb',2),(4771,323,1113,'common.link-item','breadCrumb',3),(4772,323,1114,'common.link-item','breadCrumb',4),(4773,323,469,'common.title-with-desc','serviceContent',1),(4774,323,470,'common.title-with-desc','serviceContent',2),(4775,323,482,'common.title-desc','bookService',NULL),(4780,296,409,'common.content-block-variant','serviceContent',1),(4783,324,1115,'common.link-item','breadCrumb',1),(4784,324,1116,'common.link-item','breadCrumb',2),(4785,324,1117,'common.link-item','breadCrumb',3),(4786,324,1118,'common.link-item','breadCrumb',4),(4787,324,452,'common.content-block-variant','serviceContent',1),(4788,324,483,'common.title-desc','bookService',NULL),(4789,324,484,'common.title-desc','mobileService',NULL),(4806,82,63,'common.content-block-variant','serviceContent',1),(4807,82,67,'common.content-block-variant','serviceContent',2),(4810,326,1123,'common.link-item','breadCrumb',1),(4811,326,1124,'common.link-item','breadCrumb',2),(4812,326,1125,'common.link-item','breadCrumb',3),(4813,326,1126,'common.link-item','breadCrumb',4),(4814,326,453,'common.content-block-variant','serviceContent',1),(4815,326,454,'common.content-block-variant','serviceContent',2),(4816,326,486,'common.title-desc','bookService',NULL),(4817,326,487,'common.title-desc','mobileService',NULL),(4838,99,253,'common.content-block-variant','serviceContent',1),(4839,99,123,'common.content-block','serviceContent',2),(4842,328,1131,'common.link-item','breadCrumb',1),(4843,328,1132,'common.link-item','breadCrumb',2),(4844,328,1133,'common.link-item','breadCrumb',3),(4845,328,1134,'common.link-item','breadCrumb',4),(4846,328,456,'common.content-block-variant','serviceContent',1),(4847,328,242,'common.content-block','serviceContent',2),(4848,328,490,'common.title-desc','bookService',NULL),(4849,328,491,'common.title-desc','mobileService',NULL),(4854,105,96,'common.content-block-variant','serviceContent',1),(4855,105,1,'common.slider','serviceContent',2),(4858,329,1135,'common.link-item','breadCrumb',1),(4859,329,1136,'common.link-item','breadCrumb',2),(4860,329,1137,'common.link-item','breadCrumb',3),(4861,329,1138,'common.link-item','breadCrumb',4),(4862,329,457,'common.content-block-variant','serviceContent',1),(4863,329,9,'common.slider','serviceContent',2),(4864,329,492,'common.title-desc','bookService',NULL),(4865,329,493,'common.title-desc','mobileService',NULL),(4872,330,458,'common.banner','banner',1),(4873,330,1163,'common.link-item','breadCrumb',1),(4874,330,1164,'common.link-item','breadCrumb',2),(4875,330,1165,'common.link-item','breadCrumb',3),(4876,330,1166,'common.link-item','breadCrumb',4),(4877,330,494,'common.title-desc','bookService',NULL);

--
-- Table structure for table `services_location_types_lnk`
--

CREATE TABLE `services_location_types_lnk` (
  `id` int unsigned NOT NULL AUTO_INCREMENT,
  `service_id` int unsigned DEFAULT NULL,
  `branch_location_id` int unsigned DEFAULT NULL,
  `branch_location_ord` double unsigned DEFAULT NULL,
  PRIMARY KEY (`id`),
  UNIQUE KEY `services_location_types_lnk_uq` (`service_id`,`branch_location_id`),
  KEY `services_location_types_lnk_fk` (`service_id`),
  KEY `services_location_types_lnk_ifk` (`branch_location_id`),
  KEY `services_location_types_lnk_ofk` (`branch_location_ord`),
  CONSTRAINT `services_location_types_lnk_fk` FOREIGN KEY (`service_id`) REFERENCES `services` (`id`) ON DELETE CASCADE,
  CONSTRAINT `services_location_types_lnk_ifk` FOREIGN KEY (`branch_location_id`) REFERENCES `branch_locations` (`id`) ON DELETE CASCADE
) ENGINE=InnoDB AUTO_INCREMENT=129 DEFAULT CHARSET=utf8mb4 COLLATE=utf8mb4_0900_ai_ci;

--
-- Dumping data for table `services_location_types_lnk`
--

INSERT INTO `services_location_types_lnk` VALUES (1,5,1,1),(2,5,4,2),(49,29,1,1),(50,29,4,2),(85,135,1,1),(86,135,4,2),(123,302,3,1),(124,302,6,2),(125,303,3,1),(126,303,6,2),(127,306,3,1),(128,306,6,2);

--
-- Table structure for table `services_service_type_lnk`
--

CREATE TABLE `services_service_type_lnk` (
  `id` int unsigned NOT NULL AUTO_INCREMENT,
  `service_id` int unsigned DEFAULT NULL,
  `service_category_id` int unsigned DEFAULT NULL,
  PRIMARY KEY (`id`),
  UNIQUE KEY `services_service_type_lnk_uq` (`service_id`,`service_category_id`),
  KEY `services_service_type_lnk_fk` (`service_id`),
  KEY `services_service_type_lnk_ifk` (`service_category_id`),
  CONSTRAINT `services_service_type_lnk_fk` FOREIGN KEY (`service_id`) REFERENCES `services` (`id`) ON DELETE CASCADE,
  CONSTRAINT `services_service_type_lnk_ifk` FOREIGN KEY (`service_category_id`) REFERENCES `service_categories` (`id`) ON DELETE CASCADE
) ENGINE=InnoDB AUTO_INCREMENT=328 DEFAULT CHARSET=utf8mb4 COLLATE=utf8mb4_0900_ai_ci;

--
-- Dumping data for table `services_service_type_lnk`
--

INSERT INTO `services_service_type_lnk` VALUES (133,1,8),(3,5,3),(5,7,8),(20,27,3),(22,29,3),(95,31,3),(76,82,1),(93,99,1),(101,105,1),(131,135,3),(168,172,3),(175,179,3),(180,180,3),(237,241,3),(290,294,50),(293,296,3),(296,299,39),(297,300,39),(298,301,39),(299,302,39),(300,303,39),(301,304,39),(302,305,39),(303,306,39),(307,310,39),(308,311,3),(310,313,39),(311,314,8),(317,320,8),(320,323,50),(321,324,39),(323,326,41),(325,328,41),(326,329,41),(327,330,50);

--
-- Table structure for table `socials`
--

CREATE TABLE `socials` (
  `id` int unsigned NOT NULL AUTO_INCREMENT,
  `document_id` varchar(255) DEFAULT NULL,
  `title` varchar(255) DEFAULT NULL,
  `link` longtext,
  `type_external` tinyint(1) DEFAULT NULL,
  `created_at` datetime(6) DEFAULT NULL,
  `updated_at` datetime(6) DEFAULT NULL,
  `published_at` datetime(6) DEFAULT NULL,
  `created_by_id` int unsigned DEFAULT NULL,
  `updated_by_id` int unsigned DEFAULT NULL,
  `locale` varchar(255) DEFAULT NULL,
  PRIMARY KEY (`id`),
  KEY `socials_documents_idx` (`document_id`,`locale`,`published_at`),
  KEY `socials_created_by_id_fk` (`created_by_id`),
  KEY `socials_updated_by_id_fk` (`updated_by_id`),
  CONSTRAINT `socials_created_by_id_fk` FOREIGN KEY (`created_by_id`) REFERENCES `admin_users` (`id`) ON DELETE SET NULL,
  CONSTRAINT `socials_updated_by_id_fk` FOREIGN KEY (`updated_by_id`) REFERENCES `admin_users` (`id`) ON DELETE SET NULL
) ENGINE=InnoDB AUTO_INCREMENT=5 DEFAULT CHARSET=utf8mb4 COLLATE=utf8mb4_0900_ai_ci;

--
-- Dumping data for table `socials`
--

INSERT INTO `socials` VALUES (1,'ucwk0rjd3g9ogkvioc9srocd','Fb1','/',1,'2026-01-20 06:46:22.583000','2026-01-20 06:46:22.583000',NULL,1,1,'en'),(2,'ucwk0rjd3g9ogkvioc9srocd','Fb1','/',1,'2026-01-20 06:46:22.583000','2026-01-20 06:46:22.583000','2026-01-20 06:46:22.894000',1,1,'en'),(3,'y0ti98ytimbt985g1jdf06ct','Fb2','/',1,'2026-01-20 06:46:43.268000','2026-01-20 06:46:43.268000',NULL,1,1,'en'),(4,'y0ti98ytimbt985g1jdf06ct','Fb2','/',1,'2026-01-20 06:46:43.268000','2026-01-20 06:46:43.268000','2026-01-20 06:46:43.560000',1,1,'en');

--
-- Table structure for table `strapi_api_token_permissions`
--

CREATE TABLE `strapi_api_token_permissions` (
  `id` int unsigned NOT NULL AUTO_INCREMENT,
  `document_id` varchar(255) DEFAULT NULL,
  `action` varchar(255) DEFAULT NULL,
  `created_at` datetime(6) DEFAULT NULL,
  `updated_at` datetime(6) DEFAULT NULL,
  `published_at` datetime(6) DEFAULT NULL,
  `created_by_id` int unsigned DEFAULT NULL,
  `updated_by_id` int unsigned DEFAULT NULL,
  `locale` varchar(255) DEFAULT NULL,
  PRIMARY KEY (`id`),
  KEY `strapi_api_token_permissions_documents_idx` (`document_id`,`locale`,`published_at`),
  KEY `strapi_api_token_permissions_created_by_id_fk` (`created_by_id`),
  KEY `strapi_api_token_permissions_updated_by_id_fk` (`updated_by_id`),
  CONSTRAINT `strapi_api_token_permissions_created_by_id_fk` FOREIGN KEY (`created_by_id`) REFERENCES `admin_users` (`id`) ON DELETE SET NULL,
  CONSTRAINT `strapi_api_token_permissions_updated_by_id_fk` FOREIGN KEY (`updated_by_id`) REFERENCES `admin_users` (`id`) ON DELETE SET NULL
) ENGINE=InnoDB DEFAULT CHARSET=utf8mb4 COLLATE=utf8mb4_0900_ai_ci;

--
-- Dumping data for table `strapi_api_token_permissions`
--


--
-- Table structure for table `strapi_history_versions`
--

CREATE TABLE `strapi_history_versions` (
  `id` int unsigned NOT NULL AUTO_INCREMENT,
  `content_type` varchar(255) NOT NULL,
  `related_document_id` varchar(255) DEFAULT NULL,
  `locale` varchar(255) DEFAULT NULL,
  `status` varchar(255) DEFAULT NULL,
  `data` json DEFAULT NULL,
  `schema` json DEFAULT NULL,
  `created_at` datetime(6) DEFAULT NULL,
  `created_by_id` int unsigned DEFAULT NULL,
  PRIMARY KEY (`id`),
  KEY `strapi_history_versions_created_by_id_fk` (`created_by_id`),
  CONSTRAINT `strapi_history_versions_created_by_id_fk` FOREIGN KEY (`created_by_id`) REFERENCES `admin_users` (`id`) ON DELETE SET NULL
) ENGINE=InnoDB DEFAULT CHARSET=utf8mb4 COLLATE=utf8mb4_0900_ai_ci;

--
-- Dumping data for table `strapi_history_versions`
--


--
-- Table structure for table `strapi_migrations`
--

CREATE TABLE `strapi_migrations` (
  `id` int unsigned NOT NULL AUTO_INCREMENT,
  `name` varchar(255) DEFAULT NULL,
  `time` datetime DEFAULT NULL,
  PRIMARY KEY (`id`)
) ENGINE=InnoDB DEFAULT CHARSET=utf8mb4 COLLATE=utf8mb4_0900_ai_ci;

--
-- Dumping data for table `strapi_migrations`
--


--
-- Table structure for table `strapi_migrations_internal`
--

CREATE TABLE `strapi_migrations_internal` (
  `id` int unsigned NOT NULL AUTO_INCREMENT,
  `name` varchar(255) DEFAULT NULL,
  `time` datetime DEFAULT NULL,
  PRIMARY KEY (`id`)
) ENGINE=InnoDB AUTO_INCREMENT=7 DEFAULT CHARSET=utf8mb4 COLLATE=utf8mb4_0900_ai_ci;

--
-- Dumping data for table `strapi_migrations_internal`
--

INSERT INTO `strapi_migrations_internal` VALUES (1,'5.0.0-rename-identifiers-longer-than-max-length','2025-11-21 05:39:06'),(2,'5.0.0-02-created-document-id','2025-11-21 05:39:08'),(3,'5.0.0-03-created-locale','2025-11-21 05:39:09'),(4,'5.0.0-04-created-published-at','2025-11-21 05:39:10'),(5,'5.0.0-05-drop-slug-fields-index','2025-11-21 05:39:11'),(6,'core::5.0.0-discard-drafts','2025-11-21 05:39:12');

--
-- Table structure for table `strapi_release_actions`
--

CREATE TABLE `strapi_release_actions` (
  `id` int unsigned NOT NULL AUTO_INCREMENT,
  `document_id` varchar(255) DEFAULT NULL,
  `type` varchar(255) DEFAULT NULL,
  `content_type` varchar(255) DEFAULT NULL,
  `entry_document_id` varchar(255) DEFAULT NULL,
  `locale` varchar(255) DEFAULT NULL,
  `is_entry_valid` tinyint(1) DEFAULT NULL,
  `created_at` datetime(6) DEFAULT NULL,
  `updated_at` datetime(6) DEFAULT NULL,
  `published_at` datetime(6) DEFAULT NULL,
  `created_by_id` int unsigned DEFAULT NULL,
  `updated_by_id` int unsigned DEFAULT NULL,
  PRIMARY KEY (`id`),
  KEY `strapi_release_actions_documents_idx` (`document_id`,`locale`,`published_at`),
  KEY `strapi_release_actions_created_by_id_fk` (`created_by_id`),
  KEY `strapi_release_actions_updated_by_id_fk` (`updated_by_id`),
  CONSTRAINT `strapi_release_actions_created_by_id_fk` FOREIGN KEY (`created_by_id`) REFERENCES `admin_users` (`id`) ON DELETE SET NULL,
  CONSTRAINT `strapi_release_actions_updated_by_id_fk` FOREIGN KEY (`updated_by_id`) REFERENCES `admin_users` (`id`) ON DELETE SET NULL
) ENGINE=InnoDB DEFAULT CHARSET=utf8mb4 COLLATE=utf8mb4_0900_ai_ci;

--
-- Dumping data for table `strapi_release_actions`
--


--
-- Table structure for table `strapi_release_actions_release_lnk`
--

CREATE TABLE `strapi_release_actions_release_lnk` (
  `id` int unsigned NOT NULL AUTO_INCREMENT,
  `release_action_id` int unsigned DEFAULT NULL,
  `release_id` int unsigned DEFAULT NULL,
  `release_action_ord` double unsigned DEFAULT NULL,
  PRIMARY KEY (`id`),
  UNIQUE KEY `strapi_release_actions_release_lnk_uq` (`release_action_id`,`release_id`),
  KEY `strapi_release_actions_release_lnk_fk` (`release_action_id`),
  KEY `strapi_release_actions_release_lnk_ifk` (`release_id`),
  KEY `strapi_release_actions_release_lnk_oifk` (`release_action_ord`),
  CONSTRAINT `strapi_release_actions_release_lnk_fk` FOREIGN KEY (`release_action_id`) REFERENCES `strapi_release_actions` (`id`) ON DELETE CASCADE,
  CONSTRAINT `strapi_release_actions_release_lnk_ifk` FOREIGN KEY (`release_id`) REFERENCES `strapi_releases` (`id`) ON DELETE CASCADE
) ENGINE=InnoDB DEFAULT CHARSET=utf8mb4 COLLATE=utf8mb4_0900_ai_ci;

--
-- Dumping data for table `strapi_release_actions_release_lnk`
--


--
-- Table structure for table `strapi_releases`
--

CREATE TABLE `strapi_releases` (
  `id` int unsigned NOT NULL AUTO_INCREMENT,
  `document_id` varchar(255) DEFAULT NULL,
  `name` varchar(255) DEFAULT NULL,
  `released_at` datetime(6) DEFAULT NULL,
  `scheduled_at` datetime(6) DEFAULT NULL,
  `timezone` varchar(255) DEFAULT NULL,
  `status` varchar(255) DEFAULT NULL,
  `created_at` datetime(6) DEFAULT NULL,
  `updated_at` datetime(6) DEFAULT NULL,
  `published_at` datetime(6) DEFAULT NULL,
  `created_by_id` int unsigned DEFAULT NULL,
  `updated_by_id` int unsigned DEFAULT NULL,
  `locale` varchar(255) DEFAULT NULL,
  PRIMARY KEY (`id`),
  KEY `strapi_releases_documents_idx` (`document_id`,`locale`,`published_at`),
  KEY `strapi_releases_created_by_id_fk` (`created_by_id`),
  KEY `strapi_releases_updated_by_id_fk` (`updated_by_id`),
  CONSTRAINT `strapi_releases_created_by_id_fk` FOREIGN KEY (`created_by_id`) REFERENCES `admin_users` (`id`) ON DELETE SET NULL,
  CONSTRAINT `strapi_releases_updated_by_id_fk` FOREIGN KEY (`updated_by_id`) REFERENCES `admin_users` (`id`) ON DELETE SET NULL
) ENGINE=InnoDB DEFAULT CHARSET=utf8mb4 COLLATE=utf8mb4_0900_ai_ci;

--
-- Dumping data for table `strapi_releases`
--


--
-- Table structure for table `strapi_transfer_token_permissions`
--

CREATE TABLE `strapi_transfer_token_permissions` (
  `id` int unsigned NOT NULL AUTO_INCREMENT,
  `document_id` varchar(255) DEFAULT NULL,
  `action` varchar(255) DEFAULT NULL,
  `created_at` datetime(6) DEFAULT NULL,
  `updated_at` datetime(6) DEFAULT NULL,
  `published_at` datetime(6) DEFAULT NULL,
  `created_by_id` int unsigned DEFAULT NULL,
  `updated_by_id` int unsigned DEFAULT NULL,
  `locale` varchar(255) DEFAULT NULL,
  PRIMARY KEY (`id`),
  KEY `strapi_transfer_token_permissions_documents_idx` (`document_id`,`locale`,`published_at`),
  KEY `strapi_transfer_token_permissions_created_by_id_fk` (`created_by_id`),
  KEY `strapi_transfer_token_permissions_updated_by_id_fk` (`updated_by_id`),
  CONSTRAINT `strapi_transfer_token_permissions_created_by_id_fk` FOREIGN KEY (`created_by_id`) REFERENCES `admin_users` (`id`) ON DELETE SET NULL,
  CONSTRAINT `strapi_transfer_token_permissions_updated_by_id_fk` FOREIGN KEY (`updated_by_id`) REFERENCES `admin_users` (`id`) ON DELETE SET NULL
) ENGINE=InnoDB DEFAULT CHARSET=utf8mb4 COLLATE=utf8mb4_0900_ai_ci;

--
-- Dumping data for table `strapi_transfer_token_permissions`
--


--
-- Table structure for table `strapi_transfer_token_permissions_token_lnk`
--

CREATE TABLE `strapi_transfer_token_permissions_token_lnk` (
  `id` int unsigned NOT NULL AUTO_INCREMENT,
  `transfer_token_permission_id` int unsigned DEFAULT NULL,
  `transfer_token_id` int unsigned DEFAULT NULL,
  `transfer_token_permission_ord` double unsigned DEFAULT NULL,
  PRIMARY KEY (`id`),
  UNIQUE KEY `strapi_transfer_token_permissions_token_lnk_uq` (`transfer_token_permission_id`,`transfer_token_id`),
  KEY `strapi_transfer_token_permissions_token_lnk_fk` (`transfer_token_permission_id`),
  KEY `strapi_transfer_token_permissions_token_lnk_ifk` (`transfer_token_id`),
  KEY `strapi_transfer_token_permissions_token_lnk_oifk` (`transfer_token_permission_ord`),
  CONSTRAINT `strapi_transfer_token_permissions_token_lnk_fk` FOREIGN KEY (`transfer_token_permission_id`) REFERENCES `strapi_transfer_token_permissions` (`id`) ON DELETE CASCADE,
  CONSTRAINT `strapi_transfer_token_permissions_token_lnk_ifk` FOREIGN KEY (`transfer_token_id`) REFERENCES `strapi_transfer_tokens` (`id`) ON DELETE CASCADE
) ENGINE=InnoDB DEFAULT CHARSET=utf8mb4 COLLATE=utf8mb4_0900_ai_ci;

--
-- Dumping data for table `strapi_transfer_token_permissions_token_lnk`
--


--
-- Table structure for table `strapi_webhooks`
--

CREATE TABLE `strapi_webhooks` (
  `id` int unsigned NOT NULL AUTO_INCREMENT,
  `name` varchar(255) DEFAULT NULL,
  `url` longtext,
  `headers` json DEFAULT NULL,
  `events` json DEFAULT NULL,
  `enabled` tinyint(1) DEFAULT NULL,
  PRIMARY KEY (`id`)
) ENGINE=InnoDB DEFAULT CHARSET=utf8mb4 COLLATE=utf8mb4_0900_ai_ci;

--
-- Dumping data for table `strapi_webhooks`
--


--
-- Table structure for table `strapi_workflows`
--

CREATE TABLE `strapi_workflows` (
  `id` int unsigned NOT NULL AUTO_INCREMENT,
  `document_id` varchar(255) DEFAULT NULL,
  `name` varchar(255) DEFAULT NULL,
  `content_types` json DEFAULT NULL,
  `created_at` datetime(6) DEFAULT NULL,
  `updated_at` datetime(6) DEFAULT NULL,
  `published_at` datetime(6) DEFAULT NULL,
  `created_by_id` int unsigned DEFAULT NULL,
  `updated_by_id` int unsigned DEFAULT NULL,
  `locale` varchar(255) DEFAULT NULL,
  PRIMARY KEY (`id`),
  KEY `strapi_workflows_documents_idx` (`document_id`,`locale`,`published_at`),
  KEY `strapi_workflows_created_by_id_fk` (`created_by_id`),
  KEY `strapi_workflows_updated_by_id_fk` (`updated_by_id`),
  CONSTRAINT `strapi_workflows_created_by_id_fk` FOREIGN KEY (`created_by_id`) REFERENCES `admin_users` (`id`) ON DELETE SET NULL,
  CONSTRAINT `strapi_workflows_updated_by_id_fk` FOREIGN KEY (`updated_by_id`) REFERENCES `admin_users` (`id`) ON DELETE SET NULL
) ENGINE=InnoDB DEFAULT CHARSET=utf8mb4 COLLATE=utf8mb4_0900_ai_ci;

--
-- Dumping data for table `strapi_workflows`
--


--
-- Table structure for table `strapi_workflows_stage_required_to_publish_lnk`
--

CREATE TABLE `strapi_workflows_stage_required_to_publish_lnk` (
  `id` int unsigned NOT NULL AUTO_INCREMENT,
  `workflow_id` int unsigned DEFAULT NULL,
  `workflow_stage_id` int unsigned DEFAULT NULL,
  PRIMARY KEY (`id`),
  UNIQUE KEY `strapi_workflows_stage_required_to_publish_lnk_uq` (`workflow_id`,`workflow_stage_id`),
  KEY `strapi_workflows_stage_required_to_publish_lnk_fk` (`workflow_id`),
  KEY `strapi_workflows_stage_required_to_publish_lnk_ifk` (`workflow_stage_id`),
  CONSTRAINT `strapi_workflows_stage_required_to_publish_lnk_fk` FOREIGN KEY (`workflow_id`) REFERENCES `strapi_workflows` (`id`) ON DELETE CASCADE,
  CONSTRAINT `strapi_workflows_stage_required_to_publish_lnk_ifk` FOREIGN KEY (`workflow_stage_id`) REFERENCES `strapi_workflows_stages` (`id`) ON DELETE CASCADE
) ENGINE=InnoDB DEFAULT CHARSET=utf8mb4 COLLATE=utf8mb4_0900_ai_ci;

--
-- Dumping data for table `strapi_workflows_stage_required_to_publish_lnk`
--


--
-- Table structure for table `strapi_workflows_stages`
--

CREATE TABLE `strapi_workflows_stages` (
  `id` int unsigned NOT NULL AUTO_INCREMENT,
  `document_id` varchar(255) DEFAULT NULL,
  `name` varchar(255) DEFAULT NULL,
  `color` varchar(255) DEFAULT NULL,
  `created_at` datetime(6) DEFAULT NULL,
  `updated_at` datetime(6) DEFAULT NULL,
  `published_at` datetime(6) DEFAULT NULL,
  `created_by_id` int unsigned DEFAULT NULL,
  `updated_by_id` int unsigned DEFAULT NULL,
  `locale` varchar(255) DEFAULT NULL,
  PRIMARY KEY (`id`),
  KEY `strapi_workflows_stages_documents_idx` (`document_id`,`locale`,`published_at`),
  KEY `strapi_workflows_stages_created_by_id_fk` (`created_by_id`),
  KEY `strapi_workflows_stages_updated_by_id_fk` (`updated_by_id`),
  CONSTRAINT `strapi_workflows_stages_created_by_id_fk` FOREIGN KEY (`created_by_id`) REFERENCES `admin_users` (`id`) ON DELETE SET NULL,
  CONSTRAINT `strapi_workflows_stages_updated_by_id_fk` FOREIGN KEY (`updated_by_id`) REFERENCES `admin_users` (`id`) ON DELETE SET NULL
) ENGINE=InnoDB DEFAULT CHARSET=utf8mb4 COLLATE=utf8mb4_0900_ai_ci;

--
-- Dumping data for table `strapi_workflows_stages`
--


--
-- Table structure for table `strapi_workflows_stages_permissions_lnk`
--

CREATE TABLE `strapi_workflows_stages_permissions_lnk` (
  `id` int unsigned NOT NULL AUTO_INCREMENT,
  `workflow_stage_id` int unsigned DEFAULT NULL,
  `permission_id` int unsigned DEFAULT NULL,
  `permission_ord` double unsigned DEFAULT NULL,
  PRIMARY KEY (`id`),
  UNIQUE KEY `strapi_workflows_stages_permissions_lnk_uq` (`workflow_stage_id`,`permission_id`),
  KEY `strapi_workflows_stages_permissions_lnk_fk` (`workflow_stage_id`),
  KEY `strapi_workflows_stages_permissions_lnk_ifk` (`permission_id`),
  KEY `strapi_workflows_stages_permissions_lnk_ofk` (`permission_ord`),
  CONSTRAINT `strapi_workflows_stages_permissions_lnk_fk` FOREIGN KEY (`workflow_stage_id`) REFERENCES `strapi_workflows_stages` (`id`) ON DELETE CASCADE,
  CONSTRAINT `strapi_workflows_stages_permissions_lnk_ifk` FOREIGN KEY (`permission_id`) REFERENCES `admin_permissions` (`id`) ON DELETE CASCADE
) ENGINE=InnoDB DEFAULT CHARSET=utf8mb4 COLLATE=utf8mb4_0900_ai_ci;

--
-- Dumping data for table `strapi_workflows_stages_permissions_lnk`
--


--
-- Table structure for table `strapi_workflows_stages_workflow_lnk`
--

CREATE TABLE `strapi_workflows_stages_workflow_lnk` (
  `id` int unsigned NOT NULL AUTO_INCREMENT,
  `workflow_stage_id` int unsigned DEFAULT NULL,
  `workflow_id` int unsigned DEFAULT NULL,
  `workflow_stage_ord` double unsigned DEFAULT NULL,
  PRIMARY KEY (`id`),
  UNIQUE KEY `strapi_workflows_stages_workflow_lnk_uq` (`workflow_stage_id`,`workflow_id`),
  KEY `strapi_workflows_stages_workflow_lnk_fk` (`workflow_stage_id`),
  KEY `strapi_workflows_stages_workflow_lnk_ifk` (`workflow_id`),
  KEY `strapi_workflows_stages_workflow_lnk_oifk` (`workflow_stage_ord`),
  CONSTRAINT `strapi_workflows_stages_workflow_lnk_fk` FOREIGN KEY (`workflow_stage_id`) REFERENCES `strapi_workflows_stages` (`id`) ON DELETE CASCADE,
  CONSTRAINT `strapi_workflows_stages_workflow_lnk_ifk` FOREIGN KEY (`workflow_id`) REFERENCES `strapi_workflows` (`id`) ON DELETE CASCADE
) ENGINE=InnoDB DEFAULT CHARSET=utf8mb4 COLLATE=utf8mb4_0900_ai_ci;

--
-- Dumping data for table `strapi_workflows_stages_workflow_lnk`
--


--
-- Table structure for table `terms_conditions`
--

CREATE TABLE `terms_conditions` (
  `id` int unsigned NOT NULL AUTO_INCREMENT,
  `document_id` varchar(255) DEFAULT NULL,
  `title` varchar(255) DEFAULT NULL,
  `description` longtext,
  `created_at` datetime(6) DEFAULT NULL,
  `updated_at` datetime(6) DEFAULT NULL,
  `published_at` datetime(6) DEFAULT NULL,
  `created_by_id` int unsigned DEFAULT NULL,
  `updated_by_id` int unsigned DEFAULT NULL,
  `locale` varchar(255) DEFAULT NULL,
  PRIMARY KEY (`id`),
  KEY `terms_conditions_documents_idx` (`document_id`,`locale`,`published_at`),
  KEY `terms_conditions_created_by_id_fk` (`created_by_id`),
  KEY `terms_conditions_updated_by_id_fk` (`updated_by_id`),
  CONSTRAINT `terms_conditions_created_by_id_fk` FOREIGN KEY (`created_by_id`) REFERENCES `admin_users` (`id`) ON DELETE SET NULL,
  CONSTRAINT `terms_conditions_updated_by_id_fk` FOREIGN KEY (`updated_by_id`) REFERENCES `admin_users` (`id`) ON DELETE SET NULL
) ENGINE=InnoDB AUTO_INCREMENT=11 DEFAULT CHARSET=utf8mb4 COLLATE=utf8mb4_0900_ai_ci;

--
-- Dumping data for table `terms_conditions`
--

INSERT INTO `terms_conditions` VALUES (1,'f3yx822xr1iwbwu6vutlvrvy','Terms & Conditions  ','<h3>1.Introduction:&nbsp;</h3><p>These Terms and Conditions (“Terms”) constitute a binding agreement between Central Motors &amp;amp; Equipment LLC, and where applicable, its affiliates, subsidiaries, successors, and assigns (“CME”, “we”, “us”, “our”), and any individual or entity accessing, browsing or using this website or any content, functionality, services, features, materials, or applications made available through it (“User”, “Users”, “you”, “your”).</p><p>&nbsp;</p><h3>2. User Acknowledgement:</h3><p>This website is made available by CME for informational, commercial, and customer-engagement purposes. by accessing, browsing, registering with, or using this website, you acknowledge that you have read, understood, and agree to be bound by: (i) these Terms &amp;amp; Conditions; (ii) any other policies, disclaimers, or notices published on this website; and (iii) any supplemental terms applicable to specific services, features, promotions, applications, or offers made available through the website. if you do not agree, you must immediately cease using the website.</p><p>&nbsp;</p><h3>3. Update of Terms</h3><p>CME reserves the right, at its own discretion, to amend, revise, update, or replace these Terms &amp;amp; Conditions at any time without prior notice, and any such modification shall become effective immediately upon posting. Continued use of the website constitutes the User’s full and unconditional acceptance of the modified Terms. You are responsible for reviewing the terms periodically for updates.</p><p>&nbsp;</p><h3>4. Supplemental Terms</h3><p>Certain areas of the website, including without limitation online bookings, aftersales services, recruitment pages, customer portals, or other products or services may be subject to additional terms and conditions, upon which the user should agree. However, in the event of any conflict or contradiction between these Terms and Conditions and such additional terms.</p><p>&nbsp;</p><h3>5. Eligibility and Acceptable Use</h3><p>By using the website, you represent that you have the legal capacity and authority to enter into these Terms &amp;amp; Conditions or, if you are acting on behalf of an entity, that you are authorized to bind that entity. You agree to use the website only for lawful purposes and in a manner that does not infringe the rights of, restrict, or inhibit the use and enjoyment of the website by any other person.</p><p>&nbsp;</p><h3>6. Prohibitions</h3><p>You shall not, and shall not attempt to: (i) use the website in breach of any applicable law or regulation; (ii) gain unauthorized access to any part of the website, servers, systems, accounts, or networks connected to the website; (iii) introduce viruses, malware, harmful code, or any technologically harmful material; (iv) interfere with, disrupt, scrape, crawl, harvest, data-mine, mirror, or otherwise impair the operation, security, or integrity of the website; (v) use any robot, spider, bot, or other automated means to access the website without CME’s prior written consent; (vi) impersonate any person or entity or misrepresent your affiliation with any person or entity; or (vii) upload, transmit, or submit any false, misleading, defamatory, infringing, or otherwise unlawful content.</p><p>&nbsp;</p><h3>7. Available Vacancies</h3><p>All vacancies will be announced on the website where the users can enter and fill in the recruitment application and provide the group with the personal information required. where the website enables User to apply for employment or submit career-related information, CME may collect and process personal data provided by applicants for recruitment, talent assessment, background screening (where lawfully permitted), communication, and related human resources purposes. CME shall process such personal data in accordance with applicable data protection legislation in the United Arab Emirates, including federal decree-law no. 45 of 2021 regarding the protection of personal data, as amended, supplemented, or replaced from time to time (“PDPL”), including principles of lawfulness, fairness, transparency, purpose limitation, data minimisation, accuracy, security, and respect for data subject rights.</p><p>&nbsp;</p><h3>8. Third Party Links</h3><p>This website may include links to other suppliers and third parties for the users to benefit from their products or services. However, CME expressly disclaims responsibility for: (i) The content, accuracy, or availability of third party websites; (ii) Their privacy, security, or data processing practices; (iii) any transactions or interactions between the User and third party providers. Therefore, we strongly encourage you as a user review the privacy and security policies of each link you access. Once you access third parties’ websites, you do so at your own risk and you will no longer be subject to CME’s controls, policies, or security environment. CME does not endorse, control, or guarantee any third-party website, product, service, or content, and shall not be liable for any loss or damage arising from your access to, use of, or reliance on any third-party website or your dealings with any third party.</p><p>&nbsp;</p><h3>9. Intellectual Property:</h3><ol style=\"list-style-type:lower-roman;\"><li>All content on the website including text, images, graphics, logos, trademarks, service marks, slogans, software, and design elements, is the exclusive property of CME unless otherwise stated. All rights, title, and interest in and to the website and its content, layout, look and feel, source objects, databases, compilations, functionality, and underlying software, together with all intellectual property rights therein, are owned by cme, its affiliates, or its licensors and are protected under applicable intellectual property, trademark, copyright, unfair competition, and other laws.</li><li>Users may download or print website content solely for personal, non‑commercial use, provided that all copyright notices and proprietary markings are retained, except as expressly permitted in writing by CME, no part of the website or its content may be copied, reproduced, republished, uploaded, posted, publicly displayed, encoded, translated, transmitted, distributed, sold, licensed, exploited, or otherwise used for any commercial or public purpose.</li><li>Users are prohibited from: (i) copying, reproducing, distributing, or modifying website content for commercial purposes; (ii) uploading website content to any public or private electronic retrieval system for data collection reasons; (iii) using CME trademarks, logos, or branding without prior written consent. Without prejudice to the foregoing, Users are specifically prohibited from: (a) framing or deep-linking to the website in a misleading or unauthorized manner; (b) using any CME trademark, trade name, domain name, logo, slogan, or brand element without CME’s prior written consent; (c) removing any copyright, trademark, or proprietary notice; or (d) using the website or its content to develop or train any competing dataset, model, or service, except to the extent such restriction is not permitted by applicable law.</li><li>Any unauthorized use of the website’s intellectual property may result in legal action.</li></ol><p>&nbsp;</p><h3>10. Authorized Use</h3><p>The User agrees not to engage in any activity that may damage, disrupt, or impair the website, or attempt to gain unauthorized access to website systems or data, or use the Website for unlawful, fraudulent, or harmful purposes.</p><p>&nbsp;</p><h3>11. Website Availability</h3><p>CME may also suspend, withdraw, modify, or restrict the availability of all or any part of the website at any time, temporarily or permanently, with or without notice, including for maintenance, security, operational, commercial, or legal reasons.</p><p>&nbsp;</p><h3>12. User Submissions</h3><p>Any information, feedback, enquiry, suggestion, idea, application, form submission, review, or other material submitted by a user through the website shall be true, accurate, current, and not misleading. the user shall remain responsible for the content submitted and shall not submit any material that is unlawful, defamatory, infringing, confidential without authority, or otherwise objectionable. To the extent necessary for CME to operate the website or respond to a user request, the user grants CME a non-exclusive, worldwide, royalty-free license to use, store, process, reproduce, and transmit such submissions for the relevant purpose, subject always to applicable law and CME’s privacy obligations.</p><p>&nbsp;</p><h3>13. Warranties and Representations Disclaimer</h3><ol style=\"list-style-type:lower-roman;\"><li>To the maximum extent permitted by applicable law, CME disclaims all representations, conditions, and warranties, whether express, implied, statutory, or otherwise, including any implied warranties of merchantability, satisfactory quality, fitness for a particular purpose, title, non-infringement, availability, security, compatibility, or freedom from errors, viruses, or other harmful components. In particular, CME does not warrant that the website will be available at all times, free of interruption or delay, error-free, or that any defects will be corrected.</li><li>To the maximum extent permitted by applicable law, CME, its affiliates, and their respective directors, officers, employees, agents, contractors, and licensors shall not be liable for any indirect, incidental, special, exemplary, punitive, or consequential loss or damage, or any loss of profits, revenue, data, goodwill, business, opportunity, or anticipated savings, arising out of or in connection with the website, these terms, or any reliance on the website’s content, even if advised of the possibility of such loss.</li></ol><p>&nbsp;</p><h3>14. Indemnifications</h3><p>The user agrees to indemnify and hold harmless CME, its affiliates, and their respective officers, directors, employees, and agents against any third-party claims, losses, damages, liabilities, costs, and expenses (including reasonable legal fees) arising from or in connection with: (i) the user’s breach of these terms; (ii) the user’s unlawful use or misuse of the website; (iii) any content or material submitted by the user; or (iv) the user’s infringement of any rights of a third party.&nbsp;</p><p>For the avoidance of doubt, this indemnity shall not apply to the extent a claim arises from CME’s gross negligence, fraud, or willful misconduct, to the extent such carve-out may not be excluded under applicable law.</p><p>&nbsp;</p><h3>15. Governing Law &amp;amp</h3><p>Dispute Resolution: these Terms &amp;amp; Conditions, their subject matter, and any non-contractual obligations arising out of or in connection with them shall be governed by the federal laws of the United Arab Emirates as applied in the emirate of Abu Dhabi, without giving effect to any conflict of law rules to the extent permitted by applicable law. the courts of Abu Dhabi, United Arab Emirates, shall have exclusive jurisdiction to settle any dispute arising out of or in connection with these Terms &amp;amp; Conditions or the website, subject to any mandatory consumer or jurisdictional rules that cannot lawfully be excluded.</p><p>&nbsp;</p><h3>16. General provisions</h3><p>If any provision of these Terms &amp;amp; Conditions is held to be invalid, illegal, or unenforceable, the remaining provisions shall continue in full force and effect to the fullest extent permitted by law. No failure or delay by CME in exercising any right, power, or remedy shall operate as a waiver of that or any other right, power, or remedy. These Terms &amp;amp; Conditions constitute the entire agreement between CME and the user in relation to use of the website, except for any applicable supplemental terms, and supersede any prior understandings or communications relating to the same subject matter. CME may assign or transfer its rights and obligations under these Terms &amp;amp; Conditions to any affiliate or as part of a restructuring, merger, sale, or transfer of business or assets. The section headings are for convenience only and shall not affect interpretation. The words “including”, “in particular”, and similar expressions shall be deemed to be followed by the words “without limitation”.</p><p>&nbsp;</p><h3>17. Inquiries</h3><p>Questions, complaints, or requests relating to these terms, the website, or personal data processing may be submitted through the contact details or request channels made available on the website.</p><p>&nbsp;</p><p>&nbsp;</p>','2026-04-02 05:27:55.382000','2026-05-19 11:19:54.853000',NULL,1,1,'en'),(10,'f3yx822xr1iwbwu6vutlvrvy','Terms & Conditions  ','<h3>1.Introduction:&nbsp;</h3><p>These Terms and Conditions (“Terms”) constitute a binding agreement between Central Motors &amp;amp; Equipment LLC, and where applicable, its affiliates, subsidiaries, successors, and assigns (“CME”, “we”, “us”, “our”), and any individual or entity accessing, browsing or using this website or any content, functionality, services, features, materials, or applications made available through it (“User”, “Users”, “you”, “your”).</p><p>&nbsp;</p><h3>2. User Acknowledgement:</h3><p>This website is made available by CME for informational, commercial, and customer-engagement purposes. by accessing, browsing, registering with, or using this website, you acknowledge that you have read, understood, and agree to be bound by: (i) these Terms &amp;amp; Conditions; (ii) any other policies, disclaimers, or notices published on this website; and (iii) any supplemental terms applicable to specific services, features, promotions, applications, or offers made available through the website. if you do not agree, you must immediately cease using the website.</p><p>&nbsp;</p><h3>3. Update of Terms</h3><p>CME reserves the right, at its own discretion, to amend, revise, update, or replace these Terms &amp;amp; Conditions at any time without prior notice, and any such modification shall become effective immediately upon posting. Continued use of the website constitutes the User’s full and unconditional acceptance of the modified Terms. You are responsible for reviewing the terms periodically for updates.</p><p>&nbsp;</p><h3>4. Supplemental Terms</h3><p>Certain areas of the website, including without limitation online bookings, aftersales services, recruitment pages, customer portals, or other products or services may be subject to additional terms and conditions, upon which the user should agree. However, in the event of any conflict or contradiction between these Terms and Conditions and such additional terms.</p><p>&nbsp;</p><h3>5. Eligibility and Acceptable Use</h3><p>By using the website, you represent that you have the legal capacity and authority to enter into these Terms &amp;amp; Conditions or, if you are acting on behalf of an entity, that you are authorized to bind that entity. You agree to use the website only for lawful purposes and in a manner that does not infringe the rights of, restrict, or inhibit the use and enjoyment of the website by any other person.</p><p>&nbsp;</p><h3>6. Prohibitions</h3><p>You shall not, and shall not attempt to: (i) use the website in breach of any applicable law or regulation; (ii) gain unauthorized access to any part of the website, servers, systems, accounts, or networks connected to the website; (iii) introduce viruses, malware, harmful code, or any technologically harmful material; (iv) interfere with, disrupt, scrape, crawl, harvest, data-mine, mirror, or otherwise impair the operation, security, or integrity of the website; (v) use any robot, spider, bot, or other automated means to access the website without CME’s prior written consent; (vi) impersonate any person or entity or misrepresent your affiliation with any person or entity; or (vii) upload, transmit, or submit any false, misleading, defamatory, infringing, or otherwise unlawful content.</p><p>&nbsp;</p><h3>7. Available Vacancies</h3><p>All vacancies will be announced on the website where the users can enter and fill in the recruitment application and provide the group with the personal information required. where the website enables User to apply for employment or submit career-related information, CME may collect and process personal data provided by applicants for recruitment, talent assessment, background screening (where lawfully permitted), communication, and related human resources purposes. CME shall process such personal data in accordance with applicable data protection legislation in the United Arab Emirates, including federal decree-law no. 45 of 2021 regarding the protection of personal data, as amended, supplemented, or replaced from time to time (“PDPL”), including principles of lawfulness, fairness, transparency, purpose limitation, data minimisation, accuracy, security, and respect for data subject rights.</p><p>&nbsp;</p><h3>8. Third Party Links</h3><p>This website may include links to other suppliers and third parties for the users to benefit from their products or services. However, CME expressly disclaims responsibility for: (i) The content, accuracy, or availability of third party websites; (ii) Their privacy, security, or data processing practices; (iii) any transactions or interactions between the User and third party providers. Therefore, we strongly encourage you as a user review the privacy and security policies of each link you access. Once you access third parties’ websites, you do so at your own risk and you will no longer be subject to CME’s controls, policies, or security environment. CME does not endorse, control, or guarantee any third-party website, product, service, or content, and shall not be liable for any loss or damage arising from your access to, use of, or reliance on any third-party website or your dealings with any third party.</p><p>&nbsp;</p><h3>9. Intellectual Property:</h3><ol style=\"list-style-type:lower-roman;\"><li>All content on the website including text, images, graphics, logos, trademarks, service marks, slogans, software, and design elements, is the exclusive property of CME unless otherwise stated. All rights, title, and interest in and to the website and its content, layout, look and feel, source objects, databases, compilations, functionality, and underlying software, together with all intellectual property rights therein, are owned by cme, its affiliates, or its licensors and are protected under applicable intellectual property, trademark, copyright, unfair competition, and other laws.</li><li>Users may download or print website content solely for personal, non‑commercial use, provided that all copyright notices and proprietary markings are retained, except as expressly permitted in writing by CME, no part of the website or its content may be copied, reproduced, republished, uploaded, posted, publicly displayed, encoded, translated, transmitted, distributed, sold, licensed, exploited, or otherwise used for any commercial or public purpose.</li><li>Users are prohibited from: (i) copying, reproducing, distributing, or modifying website content for commercial purposes; (ii) uploading website content to any public or private electronic retrieval system for data collection reasons; (iii) using CME trademarks, logos, or branding without prior written consent. Without prejudice to the foregoing, Users are specifically prohibited from: (a) framing or deep-linking to the website in a misleading or unauthorized manner; (b) using any CME trademark, trade name, domain name, logo, slogan, or brand element without CME’s prior written consent; (c) removing any copyright, trademark, or proprietary notice; or (d) using the website or its content to develop or train any competing dataset, model, or service, except to the extent such restriction is not permitted by applicable law.</li><li>Any unauthorized use of the website’s intellectual property may result in legal action.</li></ol><p>&nbsp;</p><h3>10. Authorized Use</h3><p>The User agrees not to engage in any activity that may damage, disrupt, or impair the website, or attempt to gain unauthorized access to website systems or data, or use the Website for unlawful, fraudulent, or harmful purposes.</p><p>&nbsp;</p><h3>11. Website Availability</h3><p>CME may also suspend, withdraw, modify, or restrict the availability of all or any part of the website at any time, temporarily or permanently, with or without notice, including for maintenance, security, operational, commercial, or legal reasons.</p><p>&nbsp;</p><h3>12. User Submissions</h3><p>Any information, feedback, enquiry, suggestion, idea, application, form submission, review, or other material submitted by a user through the website shall be true, accurate, current, and not misleading. the user shall remain responsible for the content submitted and shall not submit any material that is unlawful, defamatory, infringing, confidential without authority, or otherwise objectionable. To the extent necessary for CME to operate the website or respond to a user request, the user grants CME a non-exclusive, worldwide, royalty-free license to use, store, process, reproduce, and transmit such submissions for the relevant purpose, subject always to applicable law and CME’s privacy obligations.</p><p>&nbsp;</p><h3>13. Warranties and Representations Disclaimer</h3><ol style=\"list-style-type:lower-roman;\"><li>To the maximum extent permitted by applicable law, CME disclaims all representations, conditions, and warranties, whether express, implied, statutory, or otherwise, including any implied warranties of merchantability, satisfactory quality, fitness for a particular purpose, title, non-infringement, availability, security, compatibility, or freedom from errors, viruses, or other harmful components. In particular, CME does not warrant that the website will be available at all times, free of interruption or delay, error-free, or that any defects will be corrected.</li><li>To the maximum extent permitted by applicable law, CME, its affiliates, and their respective directors, officers, employees, agents, contractors, and licensors shall not be liable for any indirect, incidental, special, exemplary, punitive, or consequential loss or damage, or any loss of profits, revenue, data, goodwill, business, opportunity, or anticipated savings, arising out of or in connection with the website, these terms, or any reliance on the website’s content, even if advised of the possibility of such loss.</li></ol><p>&nbsp;</p><h3>14. Indemnifications</h3><p>The user agrees to indemnify and hold harmless CME, its affiliates, and their respective officers, directors, employees, and agents against any third-party claims, losses, damages, liabilities, costs, and expenses (including reasonable legal fees) arising from or in connection with: (i) the user’s breach of these terms; (ii) the user’s unlawful use or misuse of the website; (iii) any content or material submitted by the user; or (iv) the user’s infringement of any rights of a third party.&nbsp;</p><p>For the avoidance of doubt, this indemnity shall not apply to the extent a claim arises from CME’s gross negligence, fraud, or willful misconduct, to the extent such carve-out may not be excluded under applicable law.</p><p>&nbsp;</p><h3>15. Governing Law &amp;amp</h3><p>Dispute Resolution: these Terms &amp;amp; Conditions, their subject matter, and any non-contractual obligations arising out of or in connection with them shall be governed by the federal laws of the United Arab Emirates as applied in the emirate of Abu Dhabi, without giving effect to any conflict of law rules to the extent permitted by applicable law. the courts of Abu Dhabi, United Arab Emirates, shall have exclusive jurisdiction to settle any dispute arising out of or in connection with these Terms &amp;amp; Conditions or the website, subject to any mandatory consumer or jurisdictional rules that cannot lawfully be excluded.</p><p>&nbsp;</p><h3>16. General provisions</h3><p>If any provision of these Terms &amp;amp; Conditions is held to be invalid, illegal, or unenforceable, the remaining provisions shall continue in full force and effect to the fullest extent permitted by law. No failure or delay by CME in exercising any right, power, or remedy shall operate as a waiver of that or any other right, power, or remedy. These Terms &amp;amp; Conditions constitute the entire agreement between CME and the user in relation to use of the website, except for any applicable supplemental terms, and supersede any prior understandings or communications relating to the same subject matter. CME may assign or transfer its rights and obligations under these Terms &amp;amp; Conditions to any affiliate or as part of a restructuring, merger, sale, or transfer of business or assets. The section headings are for convenience only and shall not affect interpretation. The words “including”, “in particular”, and similar expressions shall be deemed to be followed by the words “without limitation”.</p><p>&nbsp;</p><h3>17. Inquiries</h3><p>Questions, complaints, or requests relating to these terms, the website, or personal data processing may be submitted through the contact details or request channels made available on the website.</p><p>&nbsp;</p><p>&nbsp;</p>','2026-04-02 05:27:55.382000','2026-05-19 11:19:54.853000','2026-05-19 11:19:55.367000',1,1,'en');

--
-- Table structure for table `terms_conditions_cmps`
--

CREATE TABLE `terms_conditions_cmps` (
  `id` int unsigned NOT NULL AUTO_INCREMENT,
  `entity_id` int unsigned DEFAULT NULL,
  `cmp_id` int unsigned DEFAULT NULL,
  `component_type` varchar(255) DEFAULT NULL,
  `field` varchar(255) DEFAULT NULL,
  `order` double unsigned DEFAULT NULL,
  PRIMARY KEY (`id`),
  UNIQUE KEY `terms_conditions_uq` (`entity_id`,`cmp_id`,`field`,`component_type`),
  KEY `terms_conditions_field_idx` (`field`),
  KEY `terms_conditions_component_type_idx` (`component_type`),
  KEY `terms_conditions_entity_fk` (`entity_id`),
  CONSTRAINT `terms_conditions_entity_fk` FOREIGN KEY (`entity_id`) REFERENCES `terms_conditions` (`id`) ON DELETE CASCADE
) ENGINE=InnoDB AUTO_INCREMENT=17 DEFAULT CHARSET=utf8mb4 COLLATE=utf8mb4_0900_ai_ci;

--
-- Dumping data for table `terms_conditions_cmps`
--

INSERT INTO `terms_conditions_cmps` VALUES (1,1,166,'common.seo','seo',NULL),(16,10,213,'common.seo','seo',NULL);

--
-- Table structure for table `tyre_categories`
--

CREATE TABLE `tyre_categories` (
  `id` int unsigned NOT NULL AUTO_INCREMENT,
  `document_id` varchar(255) DEFAULT NULL,
  `title` varchar(255) DEFAULT NULL,
  `slug` varchar(255) DEFAULT NULL,
  `created_at` datetime(6) DEFAULT NULL,
  `updated_at` datetime(6) DEFAULT NULL,
  `published_at` datetime(6) DEFAULT NULL,
  `created_by_id` int unsigned DEFAULT NULL,
  `updated_by_id` int unsigned DEFAULT NULL,
  `locale` varchar(255) DEFAULT NULL,
  `display_order` int DEFAULT NULL,
  PRIMARY KEY (`id`),
  KEY `tyre_categories_documents_idx` (`document_id`,`locale`,`published_at`),
  KEY `tyre_categories_created_by_id_fk` (`created_by_id`),
  KEY `tyre_categories_updated_by_id_fk` (`updated_by_id`),
  CONSTRAINT `tyre_categories_created_by_id_fk` FOREIGN KEY (`created_by_id`) REFERENCES `admin_users` (`id`) ON DELETE SET NULL,
  CONSTRAINT `tyre_categories_updated_by_id_fk` FOREIGN KEY (`updated_by_id`) REFERENCES `admin_users` (`id`) ON DELETE SET NULL
) ENGINE=InnoDB AUTO_INCREMENT=73 DEFAULT CHARSET=utf8mb4 COLLATE=utf8mb4_0900_ai_ci;

--
-- Dumping data for table `tyre_categories`
--

INSERT INTO `tyre_categories` VALUES (1,'yc4o3bpsvxvlbi6a3si9e8sf','Passenger Vehicles ','tyres/search?category=car','2026-01-20 07:32:36.374000','2026-03-09 07:10:02.666000',NULL,1,1,'en',1),(3,'ny6032h3hvyo8vtvlkkuo4ud','Commercial Light Vehicle ','tyres/search?category=light-truck','2026-01-20 07:32:58.797000','2026-03-09 07:10:27.473000',NULL,1,1,'en',3),(5,'msltv7ngvsvuh6mbulmob5k0','SUV & 4*4 ','tyres/search?category=4x4','2026-01-20 18:19:56.345000','2026-03-09 07:10:16.627000',NULL,1,1,'en',2),(13,'v6ihmdhykp52f4d9xds0qs99','Truck & Bus ','tyres/search?category=truck_and_bus&page=category=truck_and_bus','2026-01-20 18:27:14.613000','2026-04-29 09:57:58.713000',NULL,1,1,'en',4),(15,'gmw4kge9x1ybwjejvghp7v4r','Industrial ','tyres/search?category=industrial','2026-01-21 05:24:43.398000','2026-06-15 08:54:48.509000',NULL,1,1,'en',5),(19,'bncvfwtso165v2f79io9g8pi','Accessories(Tubes, Flap, Oring, Tyran)',NULL,'2026-01-21 05:26:54.607000','2026-03-09 07:13:49.705000',NULL,1,1,'en',7),(22,'pv1p1jqwepj492pweyuuny5p','Retread',NULL,'2026-01-22 06:35:52.100000','2026-03-09 07:11:11.046000',NULL,1,1,'en',6),(62,'yc4o3bpsvxvlbi6a3si9e8sf','Passenger Vehicles ','tyres/search?category=car','2026-01-20 07:32:36.374000','2026-03-09 07:10:02.666000','2026-03-09 07:10:03.096000',1,1,'en',1),(63,'msltv7ngvsvuh6mbulmob5k0','SUV & 4*4 ','tyres/search?category=4x4','2026-01-20 18:19:56.345000','2026-03-09 07:10:16.627000','2026-03-09 07:10:17.000000',1,1,'en',2),(64,'ny6032h3hvyo8vtvlkkuo4ud','Commercial Light Vehicle ','tyres/search?category=light-truck','2026-01-20 07:32:58.797000','2026-03-09 07:10:27.473000','2026-03-09 07:10:27.774000',1,1,'en',3),(71,'v6ihmdhykp52f4d9xds0qs99','Truck & Bus ','tyres/search?category=truck_and_bus&page=category=truck_and_bus','2026-01-20 18:27:14.613000','2026-04-29 09:57:58.713000','2026-04-29 09:57:59.032000',1,1,'en',4),(72,'gmw4kge9x1ybwjejvghp7v4r','Industrial ','tyres/search?category=industrial','2026-01-21 05:24:43.398000','2026-06-15 08:54:48.509000','2026-06-15 08:54:48.874000',1,1,'en',5);

--
-- Table structure for table `tyre_landings`
--

CREATE TABLE `tyre_landings` (
  `id` int unsigned NOT NULL AUTO_INCREMENT,
  `document_id` varchar(255) DEFAULT NULL,
  `title` varchar(255) DEFAULT NULL,
  `created_at` datetime(6) DEFAULT NULL,
  `updated_at` datetime(6) DEFAULT NULL,
  `published_at` datetime(6) DEFAULT NULL,
  `created_by_id` int unsigned DEFAULT NULL,
  `updated_by_id` int unsigned DEFAULT NULL,
  `locale` varchar(255) DEFAULT NULL,
  PRIMARY KEY (`id`),
  KEY `tyre_landings_documents_idx` (`document_id`,`locale`,`published_at`),
  KEY `tyre_landings_created_by_id_fk` (`created_by_id`),
  KEY `tyre_landings_updated_by_id_fk` (`updated_by_id`),
  CONSTRAINT `tyre_landings_created_by_id_fk` FOREIGN KEY (`created_by_id`) REFERENCES `admin_users` (`id`) ON DELETE SET NULL,
  CONSTRAINT `tyre_landings_updated_by_id_fk` FOREIGN KEY (`updated_by_id`) REFERENCES `admin_users` (`id`) ON DELETE SET NULL
) ENGINE=InnoDB AUTO_INCREMENT=21 DEFAULT CHARSET=utf8mb4 COLLATE=utf8mb4_0900_ai_ci;

--
-- Dumping data for table `tyre_landings`
--

INSERT INTO `tyre_landings` VALUES (1,'dm6kizg5rs0jm3mefuocbrgx','Tyre','2026-01-20 07:15:01.752000','2026-06-16 12:41:52.759000',NULL,1,1,'en'),(20,'dm6kizg5rs0jm3mefuocbrgx','Tyre','2026-01-20 07:15:01.752000','2026-06-16 12:41:52.759000','2026-06-16 12:41:54.939000',1,1,'en');

--
-- Table structure for table `tyre_landings_cmps`
--

CREATE TABLE `tyre_landings_cmps` (
  `id` int unsigned NOT NULL AUTO_INCREMENT,
  `entity_id` int unsigned DEFAULT NULL,
  `cmp_id` int unsigned DEFAULT NULL,
  `component_type` varchar(255) DEFAULT NULL,
  `field` varchar(255) DEFAULT NULL,
  `order` double unsigned DEFAULT NULL,
  PRIMARY KEY (`id`),
  UNIQUE KEY `tyre_landings_uq` (`entity_id`,`cmp_id`,`field`,`component_type`),
  KEY `tyre_landings_field_idx` (`field`),
  KEY `tyre_landings_component_type_idx` (`component_type`),
  KEY `tyre_landings_entity_fk` (`entity_id`),
  CONSTRAINT `tyre_landings_entity_fk` FOREIGN KEY (`entity_id`) REFERENCES `tyre_landings` (`id`) ON DELETE CASCADE
) ENGINE=InnoDB AUTO_INCREMENT=255 DEFAULT CHARSET=utf8mb4 COLLATE=utf8mb4_0900_ai_ci;

--
-- Dumping data for table `tyre_landings_cmps`
--

INSERT INTO `tyre_landings_cmps` VALUES (1,1,109,'common.banner','banner',1),(2,1,1,'common.title-desc','bookService',8),(3,1,2,'common.title-desc','mobileService',9),(37,1,74,'common.seo','seo',7),(48,1,88,'home.content-section','socialFeeds',1),(67,1,288,'common.banner','banner',3),(69,1,290,'common.banner','banner',2),(70,1,291,'common.banner','banner',4),(71,1,292,'common.banner','banner',5),(246,20,399,'common.banner','banner',1),(247,20,400,'common.banner','banner',2),(248,20,401,'common.banner','banner',3),(249,20,402,'common.banner','banner',4),(250,20,403,'common.banner','banner',5),(251,20,465,'common.title-desc','bookService',NULL),(252,20,466,'common.title-desc','mobileService',NULL),(253,20,224,'common.seo','seo',NULL),(254,20,133,'home.content-section','socialFeeds',NULL);

--
-- Table structure for table `tyre_landings_location_types_lnk`
--

CREATE TABLE `tyre_landings_location_types_lnk` (
  `id` int unsigned NOT NULL AUTO_INCREMENT,
  `tyre_landing_id` int unsigned DEFAULT NULL,
  `branch_location_id` int unsigned DEFAULT NULL,
  `branch_location_ord` double unsigned DEFAULT NULL,
  PRIMARY KEY (`id`),
  UNIQUE KEY `tyre_landings_location_types_lnk_uq` (`tyre_landing_id`,`branch_location_id`),
  KEY `tyre_landings_location_types_lnk_fk` (`tyre_landing_id`),
  KEY `tyre_landings_location_types_lnk_ifk` (`branch_location_id`),
  KEY `tyre_landings_location_types_lnk_ofk` (`branch_location_ord`),
  CONSTRAINT `tyre_landings_location_types_lnk_fk` FOREIGN KEY (`tyre_landing_id`) REFERENCES `tyre_landings` (`id`) ON DELETE CASCADE,
  CONSTRAINT `tyre_landings_location_types_lnk_ifk` FOREIGN KEY (`branch_location_id`) REFERENCES `branch_locations` (`id`) ON DELETE CASCADE
) ENGINE=InnoDB AUTO_INCREMENT=19 DEFAULT CHARSET=utf8mb4 COLLATE=utf8mb4_0900_ai_ci;

--
-- Dumping data for table `tyre_landings_location_types_lnk`
--

INSERT INTO `tyre_landings_location_types_lnk` VALUES (1,1,15,1),(18,20,16,1);

--
-- Table structure for table `tyre_services`
--

CREATE TABLE `tyre_services` (
  `id` int unsigned NOT NULL AUTO_INCREMENT,
  `document_id` varchar(255) DEFAULT NULL,
  `title` varchar(255) DEFAULT NULL,
  `slug` varchar(255) DEFAULT NULL,
  `created_at` datetime(6) DEFAULT NULL,
  `updated_at` datetime(6) DEFAULT NULL,
  `published_at` datetime(6) DEFAULT NULL,
  `created_by_id` int unsigned DEFAULT NULL,
  `updated_by_id` int unsigned DEFAULT NULL,
  `locale` varchar(255) DEFAULT NULL,
  `display_order` int DEFAULT NULL,
  PRIMARY KEY (`id`),
  KEY `tyre_services_documents_idx` (`document_id`,`locale`,`published_at`),
  KEY `tyre_services_created_by_id_fk` (`created_by_id`),
  KEY `tyre_services_updated_by_id_fk` (`updated_by_id`),
  CONSTRAINT `tyre_services_created_by_id_fk` FOREIGN KEY (`created_by_id`) REFERENCES `admin_users` (`id`) ON DELETE SET NULL,
  CONSTRAINT `tyre_services_updated_by_id_fk` FOREIGN KEY (`updated_by_id`) REFERENCES `admin_users` (`id`) ON DELETE SET NULL
) ENGINE=InnoDB AUTO_INCREMENT=55 DEFAULT CHARSET=utf8mb4 COLLATE=utf8mb4_0900_ai_ci;

--
-- Dumping data for table `tyre_services`
--

INSERT INTO `tyre_services` VALUES (1,'d55pjrpd00flr77mhb28xl1q','Tyre Repair ','services/tyre/tyre-repair','2026-01-20 07:33:55.742000','2026-03-12 08:22:52.335000',NULL,1,1,'en',1),(3,'ifflgu563yfa7wo6wki5tf94','Brake Pads ','services/tyre/brake-pads','2026-01-20 07:34:15.485000','2026-03-12 08:21:27.459000',NULL,1,1,'en',2),(7,'juwcwf7x05dxoa8q7wry09mn','Oil Change ','services/tyre/oil-change','2026-01-20 18:29:23.868000','2026-03-12 08:22:10.481000',NULL,1,1,'en',3),(9,'p34ims56dw7c50pfva0063zh','Tyre Rotation ','services/tyre/tyre-rotation','2026-01-20 18:30:03.597000','2026-03-19 04:14:28.637000',NULL,1,1,'en',4),(11,'tz91nno9hp3artzm6dd40byz','Wheel Alignment ','services/tyre/wheel-alignment','2026-01-20 18:30:54.632000','2026-03-12 08:23:37.345000',NULL,1,1,'en',5),(13,'flllgytra3iqgej3y8oj2kce','Tyre Fitting',NULL,'2026-01-22 06:38:56.343000','2026-03-09 07:36:40.711000',NULL,1,1,'en',6),(36,'ifflgu563yfa7wo6wki5tf94','Brake Pads ','services/tyre/brake-pads','2026-01-20 07:34:15.485000','2026-03-12 08:21:27.459000','2026-03-12 08:21:27.803000',1,1,'en',2),(37,'juwcwf7x05dxoa8q7wry09mn','Oil Change ','services/tyre/oil-change','2026-01-20 18:29:23.868000','2026-03-12 08:22:10.481000','2026-03-12 08:22:10.792000',1,1,'en',3),(38,'d55pjrpd00flr77mhb28xl1q','Tyre Repair ','services/tyre/tyre-repair','2026-01-20 07:33:55.742000','2026-03-12 08:22:52.335000','2026-03-12 08:22:52.650000',1,1,'en',1),(40,'tz91nno9hp3artzm6dd40byz','Wheel Alignment ','services/tyre/wheel-alignment','2026-01-20 18:30:54.632000','2026-03-12 08:23:37.345000','2026-03-12 08:23:37.673000',1,1,'en',5),(41,'p9z7b3eju30t0jfm23hsn9rm','Tyre Change and Balancing / Tyre Replacement','services/tyre/tyre-change-balancing-replacement','2026-03-18 11:22:15.179000','2026-03-18 11:27:01.044000',NULL,1,1,'en',7),(44,'shekhegt054et5jy53i7yl4v','Nitrogen Inflation','services/tyre/nitrogen-inflation','2026-03-18 11:23:01.487000','2026-03-18 11:28:02.247000',NULL,1,1,'en',8),(46,'s21na7xe2868i3r0n9l60n53','AC Maintenance','services/tyre/ac-maintenance','2026-03-18 11:23:29.037000','2026-03-18 11:27:19.674000',NULL,1,1,'en',9),(48,'p9z7b3eju30t0jfm23hsn9rm','Tyre Change and Balancing / Tyre Replacement','services/tyre/tyre-change-balancing-replacement','2026-03-18 11:22:15.179000','2026-03-18 11:27:01.044000','2026-03-18 11:27:01.424000',1,1,'en',7),(49,'s21na7xe2868i3r0n9l60n53','AC Maintenance','services/tyre/ac-maintenance','2026-03-18 11:23:29.037000','2026-03-18 11:27:19.674000','2026-03-18 11:27:20.059000',1,1,'en',9),(50,'shekhegt054et5jy53i7yl4v','Nitrogen Inflation','services/tyre/nitrogen-inflation','2026-03-18 11:23:01.487000','2026-03-18 11:28:02.247000','2026-03-18 11:28:02.570000',1,1,'en',8),(51,'p34ims56dw7c50pfva0063zh','Tyre Rotation ','services/tyre/tyre-rotation','2026-01-20 18:30:03.597000','2026-03-19 04:14:28.637000','2026-03-19 04:14:29.011000',1,1,'en',4),(52,'veosaeqilse0qqxvh34gv2no','Car Battery Replacement ','services/tyre/battery-replacement','2026-03-30 15:17:57.496000','2026-03-30 15:32:45.004000',NULL,1,1,'en',11),(54,'veosaeqilse0qqxvh34gv2no','Car Battery Replacement ','services/tyre/battery-replacement','2026-03-30 15:17:57.496000','2026-03-30 15:32:45.004000','2026-03-30 15:32:45.322000',1,1,'en',11);

--
-- Table structure for table `up_permissions`
--

CREATE TABLE `up_permissions` (
  `id` int unsigned NOT NULL AUTO_INCREMENT,
  `document_id` varchar(255) DEFAULT NULL,
  `action` varchar(255) DEFAULT NULL,
  `created_at` datetime(6) DEFAULT NULL,
  `updated_at` datetime(6) DEFAULT NULL,
  `published_at` datetime(6) DEFAULT NULL,
  `created_by_id` int unsigned DEFAULT NULL,
  `updated_by_id` int unsigned DEFAULT NULL,
  `locale` varchar(255) DEFAULT NULL,
  PRIMARY KEY (`id`),
  KEY `up_permissions_documents_idx` (`document_id`,`locale`,`published_at`),
  KEY `up_permissions_created_by_id_fk` (`created_by_id`),
  KEY `up_permissions_updated_by_id_fk` (`updated_by_id`),
  CONSTRAINT `up_permissions_created_by_id_fk` FOREIGN KEY (`created_by_id`) REFERENCES `admin_users` (`id`) ON DELETE SET NULL,
  CONSTRAINT `up_permissions_updated_by_id_fk` FOREIGN KEY (`updated_by_id`) REFERENCES `admin_users` (`id`) ON DELETE SET NULL
) ENGINE=InnoDB AUTO_INCREMENT=85 DEFAULT CHARSET=utf8mb4 COLLATE=utf8mb4_0900_ai_ci;

--
-- Dumping data for table `up_permissions`
--

INSERT INTO `up_permissions` VALUES (1,'iul0225wu9awt7kdxhgn8an2','plugin::users-permissions.user.me','2025-11-21 05:39:31.017000','2025-11-21 05:39:31.017000','2025-11-21 05:39:31.017000',NULL,NULL,NULL),(2,'yiyq4rp2fu57qiqpye0u0luq','plugin::users-permissions.auth.changePassword','2025-11-21 05:39:31.017000','2025-11-21 05:39:31.017000','2025-11-21 05:39:31.018000',NULL,NULL,NULL),(3,'s037pzmaj9kyusmoju345vpa','plugin::users-permissions.auth.callback','2025-11-21 05:39:31.143000','2025-11-21 05:39:31.143000','2025-11-21 05:39:31.144000',NULL,NULL,NULL),(4,'k4h79yziqk5uadtqz7zzptzi','plugin::users-permissions.auth.connect','2025-11-21 05:39:31.143000','2025-11-21 05:39:31.143000','2025-11-21 05:39:31.144000',NULL,NULL,NULL),(5,'w07eausa0tpt3vza2nxwlx72','plugin::users-permissions.auth.forgotPassword','2025-11-21 05:39:31.143000','2025-11-21 05:39:31.143000','2025-11-21 05:39:31.144000',NULL,NULL,NULL),(6,'ap4r1fnbnw2fgucxq5o0yejz','plugin::users-permissions.auth.resetPassword','2025-11-21 05:39:31.143000','2025-11-21 05:39:31.143000','2025-11-21 05:39:31.145000',NULL,NULL,NULL),(7,'w2zh8ubtbu8nxdxpgp6vldpr','plugin::users-permissions.auth.register','2025-11-21 05:39:31.143000','2025-11-21 05:39:31.143000','2025-11-21 05:39:31.145000',NULL,NULL,NULL),(8,'tgi8yyr0dvveiiwsxtn5jhpi','plugin::users-permissions.auth.emailConfirmation','2025-11-21 05:39:31.143000','2025-11-21 05:39:31.143000','2025-11-21 05:39:31.145000',NULL,NULL,NULL),(9,'snlqz7eqefd2xd0sjvzpc2df','plugin::users-permissions.auth.sendEmailConfirmation','2025-11-21 05:39:31.143000','2025-11-21 05:39:31.143000','2025-11-21 05:39:31.146000',NULL,NULL,NULL),(14,'drhqrt4t5801fh9n9wix5dvd','api::footer.footer.find','2025-11-22 05:41:23.557000','2025-11-22 05:41:23.557000','2025-11-22 05:41:23.560000',NULL,NULL,NULL),(15,'fqxh357hia9awidc3q21c7zv','api::header.header.find','2025-11-22 05:41:23.557000','2025-11-22 05:41:23.557000','2025-11-22 05:41:23.562000',NULL,NULL,NULL),(16,'a4fha1pyshq5gdmvy39dwo9j','api::home.home.find','2025-11-22 05:41:23.557000','2025-11-22 05:41:23.557000','2025-11-22 05:41:23.563000',NULL,NULL,NULL),(26,'brgaql1ct0beeksni5mktiu4','api::location.location.find','2025-11-27 06:26:54.684000','2025-11-27 06:26:54.684000','2025-11-27 06:26:54.685000',NULL,NULL,NULL),(29,'iqhmk9uquldmctwy4we1ey0b','api::about-us.about-us.find','2025-12-12 05:40:42.247000','2025-12-12 05:40:42.247000','2025-12-12 05:40:42.248000',NULL,NULL,NULL),(30,'cavd1mibm85b2470aog8klb5','api::branch.branch.find','2025-12-12 05:40:42.247000','2025-12-12 05:40:42.247000','2025-12-12 05:40:42.248000',NULL,NULL,NULL),(31,'ts1o0gdvn2adibx3g96wbxes','api::branch.branch.findOne','2025-12-12 05:40:42.247000','2025-12-12 05:40:42.247000','2025-12-12 05:40:42.248000',NULL,NULL,NULL),(32,'ptz1xszmfs3t7inomci2n4pp','api::branch-location.branch-location.find','2025-12-12 05:40:42.247000','2025-12-12 05:40:42.247000','2025-12-12 05:40:42.249000',NULL,NULL,NULL),(33,'emxx7vbkgb4vjvtjz1mcobf0','api::branch-location.branch-location.findOne','2025-12-12 05:40:42.247000','2025-12-12 05:40:42.247000','2025-12-12 05:40:42.249000',NULL,NULL,NULL),(34,'d8udtrhanpi7cm06ae4dw60e','api::brand.brand.find','2025-12-12 05:40:42.247000','2025-12-12 05:40:42.247000','2025-12-12 05:40:42.249000',NULL,NULL,NULL),(35,'te0re7unmrney7dc9sw90nm0','api::brand.brand.findOne','2025-12-12 05:40:42.247000','2025-12-12 05:40:42.247000','2025-12-12 05:40:42.249000',NULL,NULL,NULL),(36,'fq32vuy0zz1pok49gu063wld','api::business-stream.business-stream.find','2025-12-12 05:40:42.247000','2025-12-12 05:40:42.247000','2025-12-12 05:40:42.249000',NULL,NULL,NULL),(37,'hnmaqzwo9yopjzj43amohvj5','api::business-stream.business-stream.findOne','2025-12-12 05:40:42.247000','2025-12-12 05:40:42.247000','2025-12-12 05:40:42.249000',NULL,NULL,NULL),(38,'zinyjvd8n1y6ggzxc9ovpaxm','api::contact-enquiry.contact-enquiry.find','2025-12-12 05:40:42.248000','2025-12-12 05:40:42.248000','2025-12-12 05:40:42.250000',NULL,NULL,NULL),(39,'ajuneis35dvkgtzbsyqq657l','api::contact-enquiry.contact-enquiry.findOne','2025-12-12 05:40:42.248000','2025-12-12 05:40:42.248000','2025-12-12 05:40:42.250000',NULL,NULL,NULL),(40,'h3n4znednqvj691tbeyzz9a5','api::news.news.find','2025-12-12 05:40:42.248000','2025-12-12 05:40:42.248000','2025-12-12 05:40:42.250000',NULL,NULL,NULL),(41,'wwgdzsv5trs8dxvnnym0iqse','api::news.news.findOne','2025-12-12 05:40:42.248000','2025-12-12 05:40:42.248000','2025-12-12 05:40:42.250000',NULL,NULL,NULL),(42,'wuomg5ug32ccctxf5sci5nij','api::news-landing.news-landing.find','2025-12-12 05:40:42.248000','2025-12-12 05:40:42.248000','2025-12-12 05:40:42.250000',NULL,NULL,NULL),(45,'iudybhzfeb8nux1z32hpagox','api::service-category.service-category.find','2025-12-12 05:40:42.248000','2025-12-12 05:40:42.248000','2025-12-12 05:40:42.251000',NULL,NULL,NULL),(46,'qttlr8e6k4dy8kevwkivqa9i','api::service-category.service-category.findOne','2025-12-12 05:40:42.248000','2025-12-12 05:40:42.248000','2025-12-12 05:40:42.251000',NULL,NULL,NULL),(47,'agckfewnm5lalc03nuo6ltza','api::contact-us.contact-us.find','2025-12-12 06:43:01.803000','2025-12-12 06:43:01.803000','2025-12-12 06:43:01.803000',NULL,NULL,NULL),(49,'o4o8xrv3bp50jzaity7jprq2','api::service-landing.service-landing.find','2025-12-12 13:06:46.327000','2025-12-12 13:06:46.327000','2025-12-12 13:06:46.327000',NULL,NULL,NULL),(51,'h9b4ivlt7313zpxfcy2ym83w','api::contact-enquiry.contact-enquiry.update','2026-01-15 10:10:14.241000','2026-01-15 10:10:14.241000','2026-01-15 10:10:14.243000',NULL,NULL,NULL),(52,'pv3agl50cv4btdn0laneiide','api::contact-enquiry.contact-enquiry.create','2026-01-15 10:12:08.133000','2026-01-15 10:12:08.133000','2026-01-15 10:12:08.134000',NULL,NULL,NULL),(60,'dbr72pnmq4d8kf2imsnpbkpt','api::social.social.find','2026-01-20 06:47:59.372000','2026-01-20 06:47:59.372000','2026-01-20 06:47:59.372000',NULL,NULL,NULL),(61,'wt0z127f7fk9lzbr3hya7k3i','api::social.social.findOne','2026-01-20 06:47:59.372000','2026-01-20 06:47:59.372000','2026-01-20 06:47:59.373000',NULL,NULL,NULL),(62,'ioakconfeuzmb7j6k4btvzio','api::automotive-landing.automotive-landing.find','2026-01-20 07:07:54.861000','2026-01-20 07:07:54.861000','2026-01-20 07:07:54.861000',NULL,NULL,NULL),(63,'wu7jlqpx5w4cxnv8z0xnmezc','api::tyre-landing.tyre-landing.find','2026-01-20 07:14:14.015000','2026-01-20 07:14:14.015000','2026-01-20 07:14:14.016000',NULL,NULL,NULL),(64,'pzhv1qxtep3ndd06k5ozv9d5','api::tyre-category.tyre-category.find','2026-01-20 07:14:36.427000','2026-01-20 07:14:36.427000','2026-01-20 07:14:36.428000',NULL,NULL,NULL),(65,'oojql9l46hlbarv55wufr9n3','api::tyre-category.tyre-category.findOne','2026-01-20 07:14:36.427000','2026-01-20 07:14:36.427000','2026-01-20 07:14:36.428000',NULL,NULL,NULL),(66,'ean0nb50hk73eotdwvb5npxg','api::tyre-service.tyre-service.find','2026-01-20 07:14:36.427000','2026-01-20 07:14:36.427000','2026-01-20 07:14:36.428000',NULL,NULL,NULL),(67,'teyb8iyeq0idsjrstfagfxum','api::tyre-service.tyre-service.findOne','2026-01-20 07:14:36.427000','2026-01-20 07:14:36.427000','2026-01-20 07:14:36.428000',NULL,NULL,NULL),(68,'u16jlpe1949zh6ones7ikvjp','api::power-tool-landing.power-tool-landing.find','2026-01-20 10:22:17.092000','2026-01-20 10:22:17.092000','2026-01-20 10:22:17.092000',NULL,NULL,NULL),(69,'jjgk15khmv1xj2tebobdh44a','api::product-category.product-category.findOne','2026-01-20 12:18:49.331000','2026-01-20 12:18:49.331000','2026-01-20 12:18:49.332000',NULL,NULL,NULL),(70,'sthznzhd8garn5ebzuwra1tu','api::product-category.product-category.find','2026-01-20 12:18:49.331000','2026-01-20 12:18:49.331000','2026-01-20 12:18:49.331000',NULL,NULL,NULL),(71,'fnxkkkzktg8cm6oyg4jwxuoz','api::service-category-type.service-category-type.find','2026-01-20 12:18:49.331000','2026-01-20 12:18:49.331000','2026-01-20 12:18:49.332000',NULL,NULL,NULL),(72,'qce7vempj9kv2kclwmr6jra8','api::service-category-type.service-category-type.findOne','2026-01-20 12:18:49.331000','2026-01-20 12:18:49.331000','2026-01-20 12:18:49.333000',NULL,NULL,NULL),(73,'e39jniz21qexij96lrox1kfp','api::type.type.find','2026-01-21 09:00:31.227000','2026-01-21 09:00:31.227000','2026-01-21 09:00:31.229000',NULL,NULL,NULL),(74,'ykmgjrh8uqt3yhdt9i84lrm2','api::type.type.findOne','2026-01-21 09:00:31.227000','2026-01-21 09:00:31.227000','2026-01-21 09:00:31.231000',NULL,NULL,NULL),(75,'d3xgt20msluytdi9pqpgnvd4','api::power-category.power-category.find','2026-02-05 05:39:38.452000','2026-02-05 05:39:38.452000','2026-02-05 05:39:38.454000',NULL,NULL,NULL),(76,'fgsw4ymg4n4xwkep5zcmgley','api::power-category.power-category.findOne','2026-02-05 05:39:38.452000','2026-02-05 05:39:38.452000','2026-02-05 05:39:38.455000',NULL,NULL,NULL),(77,'zhlkmwuwa3g20vagdbpnime7','api::power-top-category.power-top-category.find','2026-03-06 05:29:15.785000','2026-03-06 05:29:15.785000','2026-03-06 05:29:15.786000',NULL,NULL,NULL),(78,'abwr22k7hxnjc9gsnyukw6wa','api::power-top-category.power-top-category.findOne','2026-03-06 05:29:15.785000','2026-03-06 05:29:15.785000','2026-03-06 05:29:15.786000',NULL,NULL,NULL),(79,'gztetymk5ygyd0f5889lvlsb','api::service.service.find','2026-03-12 12:06:53.485000','2026-03-12 12:06:53.485000','2026-03-12 12:06:53.488000',NULL,NULL,NULL),(80,'ls1ioir42k0cb4xyi1sse6nj','api::service.service.findOne','2026-03-12 12:06:53.485000','2026-03-12 12:06:53.485000','2026-03-12 12:06:53.489000',NULL,NULL,NULL),(81,'n0miij95p45zxka5qrd0xsur','api::privacy-policy.privacy-policy.find','2026-04-02 05:11:57.099000','2026-04-02 05:11:57.099000','2026-04-02 05:11:57.100000',NULL,NULL,NULL),(82,'h1rwq2iepi9845jal295ktdr','api::terms-condition.terms-condition.find','2026-04-02 05:11:57.099000','2026-04-02 05:11:57.099000','2026-04-02 05:11:57.100000',NULL,NULL,NULL),(83,'dgy9k4sbhq174grewvsozgo9','api::offer.offer.findOne','2026-04-29 08:44:02.416000','2026-04-29 08:44:02.416000','2026-04-29 08:44:02.417000',NULL,NULL,NULL),(84,'etkt6jl8zfg9ibgnmwaf5o6v','api::offer.offer.find','2026-04-29 08:44:02.416000','2026-04-29 08:44:02.416000','2026-04-29 08:44:02.417000',NULL,NULL,NULL);

--
-- Table structure for table `up_permissions_role_lnk`
--

CREATE TABLE `up_permissions_role_lnk` (
  `id` int unsigned NOT NULL AUTO_INCREMENT,
  `permission_id` int unsigned DEFAULT NULL,
  `role_id` int unsigned DEFAULT NULL,
  `permission_ord` double unsigned DEFAULT NULL,
  PRIMARY KEY (`id`),
  UNIQUE KEY `up_permissions_role_lnk_uq` (`permission_id`,`role_id`),
  KEY `up_permissions_role_lnk_fk` (`permission_id`),
  KEY `up_permissions_role_lnk_ifk` (`role_id`),
  KEY `up_permissions_role_lnk_oifk` (`permission_ord`),
  CONSTRAINT `up_permissions_role_lnk_fk` FOREIGN KEY (`permission_id`) REFERENCES `up_permissions` (`id`) ON DELETE CASCADE,
  CONSTRAINT `up_permissions_role_lnk_ifk` FOREIGN KEY (`role_id`) REFERENCES `up_roles` (`id`) ON DELETE CASCADE
) ENGINE=InnoDB AUTO_INCREMENT=85 DEFAULT CHARSET=utf8mb4 COLLATE=utf8mb4_0900_ai_ci;

--
-- Dumping data for table `up_permissions_role_lnk`
--

INSERT INTO `up_permissions_role_lnk` VALUES (1,1,1,1),(2,2,1,1),(3,3,2,1),(4,6,2,1),(5,8,2,1),(6,4,2,1),(7,7,2,1),(8,5,2,1),(9,9,2,1),(14,14,2,2),(15,15,2,2),(16,16,2,2),(26,26,2,7),(29,29,2,8),(30,30,2,8),(31,31,2,8),(32,32,2,8),(33,33,2,8),(34,34,2,8),(35,35,2,8),(36,36,2,8),(37,37,2,8),(38,40,2,8),(39,38,2,9),(40,41,2,9),(41,42,2,9),(42,39,2,9),(45,45,2,9),(46,46,2,9),(47,47,2,10),(49,49,2,12),(51,51,2,13),(52,52,2,14),(60,60,2,15),(61,61,2,15),(62,62,2,16),(63,63,2,17),(64,64,2,18),(65,65,2,18),(66,66,2,18),(67,67,2,18),(68,68,2,19),(69,69,2,20),(70,71,2,20),(71,70,2,20),(72,72,2,21),(73,74,2,22),(74,73,2,22),(75,75,2,23),(76,76,2,23),(77,77,2,24),(78,78,2,24),(79,79,2,25),(80,80,2,25),(81,82,2,26),(82,81,2,26),(83,84,2,27),(84,83,2,27);

--
-- Table structure for table `up_roles`
--

CREATE TABLE `up_roles` (
  `id` int unsigned NOT NULL AUTO_INCREMENT,
  `document_id` varchar(255) DEFAULT NULL,
  `name` varchar(255) DEFAULT NULL,
  `description` varchar(255) DEFAULT NULL,
  `type` varchar(255) DEFAULT NULL,
  `created_at` datetime(6) DEFAULT NULL,
  `updated_at` datetime(6) DEFAULT NULL,
  `published_at` datetime(6) DEFAULT NULL,
  `created_by_id` int unsigned DEFAULT NULL,
  `updated_by_id` int unsigned DEFAULT NULL,
  `locale` varchar(255) DEFAULT NULL,
  PRIMARY KEY (`id`),
  KEY `up_roles_documents_idx` (`document_id`,`locale`,`published_at`),
  KEY `up_roles_created_by_id_fk` (`created_by_id`),
  KEY `up_roles_updated_by_id_fk` (`updated_by_id`),
  CONSTRAINT `up_roles_created_by_id_fk` FOREIGN KEY (`created_by_id`) REFERENCES `admin_users` (`id`) ON DELETE SET NULL,
  CONSTRAINT `up_roles_updated_by_id_fk` FOREIGN KEY (`updated_by_id`) REFERENCES `admin_users` (`id`) ON DELETE SET NULL
) ENGINE=InnoDB AUTO_INCREMENT=3 DEFAULT CHARSET=utf8mb4 COLLATE=utf8mb4_0900_ai_ci;

--
-- Dumping data for table `up_roles`
--

INSERT INTO `up_roles` VALUES (1,'p0oupmfzck2k1z3hmr6hbzo7','Authenticated','Default role given to authenticated user.','authenticated','2025-11-21 05:39:30.827000','2025-11-21 05:39:30.827000','2025-11-21 05:39:30.827000',NULL,NULL,NULL),(2,'y4b542dfd78vb4pqr15nh5vm','Public','Default role given to unauthenticated user.','public','2025-11-21 05:39:30.893000','2026-04-29 08:44:02.323000','2025-11-21 05:39:30.894000',NULL,NULL,NULL);

--
-- Table structure for table `up_users_role_lnk`
--

CREATE TABLE `up_users_role_lnk` (
  `id` int unsigned NOT NULL AUTO_INCREMENT,
  `user_id` int unsigned DEFAULT NULL,
  `role_id` int unsigned DEFAULT NULL,
  `user_ord` double unsigned DEFAULT NULL,
  PRIMARY KEY (`id`),
  UNIQUE KEY `up_users_role_lnk_uq` (`user_id`,`role_id`),
  KEY `up_users_role_lnk_fk` (`user_id`),
  KEY `up_users_role_lnk_ifk` (`role_id`),
  KEY `up_users_role_lnk_oifk` (`user_ord`),
  CONSTRAINT `up_users_role_lnk_fk` FOREIGN KEY (`user_id`) REFERENCES `up_users` (`id`) ON DELETE CASCADE,
  CONSTRAINT `up_users_role_lnk_ifk` FOREIGN KEY (`role_id`) REFERENCES `up_roles` (`id`) ON DELETE CASCADE
) ENGINE=InnoDB DEFAULT CHARSET=utf8mb4 COLLATE=utf8mb4_0900_ai_ci;

--
-- Dumping data for table `up_users_role_lnk`
--


--
-- Table structure for table `upload_folders`
--

CREATE TABLE `upload_folders` (
  `id` int unsigned NOT NULL AUTO_INCREMENT,
  `document_id` varchar(255) DEFAULT NULL,
  `name` varchar(255) DEFAULT NULL,
  `path_id` int DEFAULT NULL,
  `path` varchar(255) DEFAULT NULL,
  `created_at` datetime(6) DEFAULT NULL,
  `updated_at` datetime(6) DEFAULT NULL,
  `published_at` datetime(6) DEFAULT NULL,
  `created_by_id` int unsigned DEFAULT NULL,
  `updated_by_id` int unsigned DEFAULT NULL,
  `locale` varchar(255) DEFAULT NULL,
  PRIMARY KEY (`id`),
  UNIQUE KEY `upload_folders_path_id_index` (`path_id`),
  UNIQUE KEY `upload_folders_path_index` (`path`),
  KEY `upload_folders_documents_idx` (`document_id`,`locale`,`published_at`),
  KEY `upload_folders_created_by_id_fk` (`created_by_id`),
  KEY `upload_folders_updated_by_id_fk` (`updated_by_id`),
  CONSTRAINT `upload_folders_created_by_id_fk` FOREIGN KEY (`created_by_id`) REFERENCES `admin_users` (`id`) ON DELETE SET NULL,
  CONSTRAINT `upload_folders_updated_by_id_fk` FOREIGN KEY (`updated_by_id`) REFERENCES `admin_users` (`id`) ON DELETE SET NULL
) ENGINE=InnoDB AUTO_INCREMENT=57 DEFAULT CHARSET=utf8mb4 COLLATE=utf8mb4_0900_ai_ci;

--
-- Dumping data for table `upload_folders`
--

INSERT INTO `upload_folders` VALUES (1,'kf4ivs6dkhkjyyyv6coboma5','home',1,'/1','2025-11-22 05:39:38.371000','2025-11-22 05:39:38.371000','2025-11-22 05:39:38.372000',1,1,NULL),(2,'n0t4q08texrgvd6ccyfhru1i','automotive-aftermarket',2,'/2','2025-11-22 11:01:43.940000','2025-11-22 11:01:43.940000','2025-11-22 11:01:43.940000',1,1,NULL),(3,'lgi2h86jxzzf8896693qq7u2','power-tools',3,'/3','2025-11-22 11:03:22.529000','2025-11-22 11:03:22.529000','2025-11-22 11:03:22.529000',1,1,NULL),(4,'i89cmj5rb3z5kfjyghbvrmho','tyres',4,'/4','2025-11-22 11:05:31.611000','2025-11-22 11:05:31.611000','2025-11-22 11:05:31.612000',1,1,NULL),(5,'gaetwzdaczm0tegso16czchm','services',5,'/5','2025-11-22 11:42:34.090000','2025-11-22 11:42:34.090000','2025-11-22 11:42:34.093000',1,1,NULL),(6,'ot3xxrnaz8anddtpbg2a8tl3','brands',6,'/6','2025-11-22 11:43:43.036000','2025-11-22 11:43:43.036000','2025-11-22 11:43:43.037000',1,1,NULL),(7,'jzbr076a0z1uxb4d4xzp3d2f','news',7,'/7','2025-11-22 13:30:49.420000','2025-11-22 13:30:49.420000','2025-11-22 13:30:49.421000',1,1,NULL),(8,'avm7i0md7iyzlvbuwaz5g8eg','office-locations',8,'/8','2025-11-22 14:28:03.497000','2025-11-22 14:28:03.497000','2025-11-22 14:28:03.497000',1,1,NULL),(9,'ky5tqfvhh0nd6sndt0vsr747','automotive-aftermarket',9,'/5/9','2025-11-24 12:41:38.596000','2025-11-24 12:41:38.596000','2025-11-24 12:41:38.597000',1,1,NULL),(10,'k1kvtkg4uqe22lrjeok6xyaa','tyres',10,'/5/10','2025-11-24 12:42:19.455000','2025-11-24 12:42:19.455000','2025-11-24 12:42:19.456000',1,1,NULL),(11,'y1gd32qapgpvfk30mafvi8ti','contact us',11,'/11','2025-11-25 09:14:37.585000','2025-11-25 09:14:37.585000','2025-11-25 09:14:37.585000',1,1,NULL),(12,'whvbvuitkz1evaunrsjgpcll','banner',12,'/11/12','2025-11-25 09:14:48.080000','2025-11-25 09:14:48.080000','2025-11-25 09:14:48.081000',1,1,NULL),(13,'b45pdrvt9e4chq2tn3cdk1bj','about',13,'/13','2025-12-02 16:59:39.660000','2025-12-02 16:59:39.660000','2025-12-02 16:59:39.660000',1,1,NULL),(14,'dr8j05d3ficzpr8gmx81tihi','service-landing',14,'/14','2025-12-12 13:01:59.156000','2025-12-12 13:01:59.156000','2025-12-12 13:01:59.157000',1,1,NULL),(15,'e3wl5u0igf90bv64oys0vsy5','tyre-repair',15,'/5/10/15','2025-12-18 10:07:48.002000','2025-12-18 10:07:48.002000','2025-12-18 10:07:48.003000',1,1,NULL),(16,'apm2p4e84jf691imewn2a4kl','repair-matters',16,'/5/10/15/16','2025-12-20 10:20:51.963000','2025-12-20 10:20:51.963000','2025-12-20 10:20:51.964000',1,1,NULL),(17,'gtwg3ledvd4bd7bm5yi9q2fj','branch',17,'/17','2026-01-08 10:44:22.490000','2026-01-08 10:44:22.490000','2026-01-08 10:44:22.490000',1,1,NULL),(18,'ed5kezflfbvs7e9uol2v6xw6','automotive-page',18,'/18','2026-01-19 09:04:42.255000','2026-01-19 09:04:42.255000','2026-01-19 09:04:42.256000',1,1,NULL),(19,'udkgzqxygper70crol03vrqg','tyreLanding',19,'/19','2026-01-20 07:16:23.795000','2026-01-20 07:16:23.795000','2026-01-20 07:16:23.795000',1,1,NULL),(20,'kyllapxtx5t07c03gcvrqgmr','powerTools',20,'/20','2026-01-20 10:42:58.035000','2026-01-20 10:42:58.035000','2026-01-20 10:42:58.036000',1,1,NULL),(21,'zgnbu15y0syb172xqci95nvf','power tools top categories',21,'/20/21','2026-03-06 05:40:30.311000','2026-03-06 05:40:30.311000','2026-03-06 05:40:30.312000',1,1,NULL),(22,'gvdo5k7a6cnm6mwt4i1ryky8','warehouse',22,'/22','2026-03-06 05:48:16.355000','2026-03-06 05:48:16.355000','2026-03-06 05:48:16.356000',1,1,NULL),(23,'cjrcu75y2bg9fib6ymvvjfqn','tyre rotation',23,'/5/10/23','2026-03-11 08:38:54.805000','2026-03-11 08:38:54.805000','2026-03-11 08:38:54.805000',1,1,NULL),(24,'re1xqqx9yubq0ptdwb4bplqc','bosch car service',24,'/5/9/24','2026-03-11 11:46:18.166000','2026-03-11 11:46:18.166000','2026-03-11 11:46:18.168000',1,1,NULL),(25,'ql23mbaut27ptipr6jysgxzc','bosch diesel service',25,'/5/9/25','2026-03-11 13:19:56.644000','2026-03-11 13:19:56.644000','2026-03-11 13:19:56.645000',1,1,NULL),(26,'uob73lp6mbwmujirugdq4t59','workshop test equipment serivices',26,'/5/9/26','2026-03-11 13:34:42.740000','2026-03-11 13:34:42.740000','2026-03-11 13:34:42.741000',1,1,NULL),(27,'tu41lc7sjq14wp65h6w408on','break pads',27,'/5/10/27','2026-03-12 06:18:28.367000','2026-03-12 06:18:28.367000','2026-03-12 06:18:28.367000',1,1,NULL),(28,'jdl6kpmcara7d63wlanre8w0','oil change',28,'/5/10/28','2026-03-12 07:04:33.820000','2026-03-12 07:04:33.820000','2026-03-12 07:04:33.820000',1,1,NULL),(29,'zo6sa1k3c3chcsvlt2aiwql3','wheel alignment',29,'/5/10/29','2026-03-12 07:12:07.140000','2026-03-12 07:12:07.140000','2026-03-12 07:12:07.140000',1,1,NULL),(30,'zx36oy77v96hl5wzs2lnip6d','nitrogen inflation',30,'/5/10/30','2026-03-12 09:19:34.512000','2026-03-12 09:19:34.512000','2026-03-12 09:19:34.513000',1,1,NULL),(31,'bi66yk0c2asy68hh8ghga9mj','ac maintenance',31,'/5/10/31','2026-03-12 09:43:21.619000','2026-03-12 09:43:21.619000','2026-03-12 09:43:21.619000',1,1,NULL),(32,'du5806wsi5ws6wqhf3o52mu8','Tyre Change and Balancing',32,'/5/10/32','2026-03-12 10:20:45.406000','2026-03-12 10:20:45.406000','2026-03-12 10:20:45.406000',1,1,NULL),(33,'zi6vlt3zfcyctt12wed5j58e','power tools',33,'/5/33','2026-03-17 06:49:13.372000','2026-03-17 06:49:13.372000','2026-03-17 06:49:13.391000',1,1,NULL),(34,'rtvqyjnwqdby3dpttznszadh','spare parts',34,'/5/33/34','2026-03-17 06:49:28.669000','2026-03-17 06:49:28.669000','2026-03-17 06:49:28.669000',1,1,NULL),(35,'n2gclwm4m9h1485tk2yyzdd5','calibration service',35,'/5/33/35','2026-03-17 06:57:14.755000','2026-03-17 06:57:14.755000','2026-03-17 06:57:14.757000',1,1,NULL),(36,'qwj7ye05ru75x6c06ltvfsmx','trye plus services',36,'/4/36','2026-03-18 11:25:09.805000','2026-03-18 11:25:09.805000','2026-03-18 11:25:09.806000',1,1,NULL),(37,'vpnj47843mugjtswh0yj4j2a','Battery',37,'/37','2026-03-30 15:29:58.434000','2026-03-30 15:29:58.434000','2026-03-30 15:29:58.434000',1,1,NULL),(38,'n15vq2dp1ydbvyjotdvk1h2a','locations',38,'/38','2026-03-31 07:17:05.462000','2026-03-31 07:17:05.462000','2026-03-31 07:17:05.462000',1,1,NULL),(39,'w51qe9urqfoylko34vwg9qx3','automotive',39,'/38/39','2026-03-31 07:17:18.072000','2026-03-31 07:17:18.072000','2026-03-31 07:17:18.072000',1,1,NULL),(40,'eeq5iqw1y88ghfof73brqhcj','power tools',40,'/38/40','2026-03-31 07:17:24.274000','2026-03-31 07:17:24.274000','2026-03-31 07:17:24.275000',1,1,NULL),(41,'fz7zh9uau44bpqveg2ae4iqf','tyre',41,'/38/41','2026-03-31 07:17:27.976000','2026-03-31 07:17:27.976000','2026-03-31 07:17:27.976000',1,1,NULL),(42,'b1o4u9r8fvt600ddew81rqmo','locationImages',42,'/38/42','2026-03-31 10:35:44.125000','2026-03-31 10:35:44.125000','2026-03-31 10:35:44.126000',1,1,NULL),(43,'elp35z38dkamvc9z3824u8ia','Tyres',43,'/38/42/43','2026-03-31 16:03:24.423000','2026-03-31 16:03:24.423000','2026-03-31 16:03:24.423000',1,1,NULL),(44,'e2sdvxuq1eeipnutoso5mh8f','Powertools',44,'/38/42/44','2026-03-31 16:19:51.773000','2026-03-31 16:19:51.773000','2026-03-31 16:19:51.773000',1,1,NULL),(45,'mh9anen3d3h3vehcxkujnxl5','Automotive',45,'/38/42/45','2026-03-31 16:25:11.626000','2026-03-31 16:25:11.626000','2026-03-31 16:25:11.626000',1,1,NULL),(46,'ztdkvb7u9plkfugoutbt4uwe','services list images',46,'/46','2026-04-01 08:54:55.785000','2026-04-01 08:54:55.785000','2026-04-01 08:54:55.786000',1,1,NULL),(47,'nzi9t0mp5gdtv8o3anher17a','tyres',47,'/46/47','2026-04-01 08:55:03.106000','2026-04-01 08:55:03.106000','2026-04-01 08:55:03.106000',1,1,NULL),(48,'uhp3077pgt2xe0d2r10f75o4','powertools',48,'/46/48','2026-04-01 08:55:11.961000','2026-04-01 08:55:11.961000','2026-04-01 08:55:11.961000',1,1,NULL),(49,'f1ed7u5r2inhyalm7snowf0m','automotive',49,'/46/49','2026-04-01 08:55:18.047000','2026-04-01 08:55:18.047000','2026-04-01 08:55:18.047000',1,1,NULL),(50,'tbkm7nt63m4rgqnfid8mqsah','Banners',50,'/50','2026-04-01 09:48:20.776000','2026-04-01 09:48:20.776000','2026-04-01 09:48:20.777000',1,1,NULL),(51,'xrci06yd7xi0qva76uo8pise','offers',51,'/51','2026-04-29 10:06:38.122000','2026-04-29 10:06:38.122000','2026-04-29 10:06:38.123000',1,1,NULL),(52,'c1taihklecsh49ml2o9686g6','test',52,'/52','2026-04-29 10:32:28.344000','2026-04-29 10:32:28.344000','2026-04-29 10:32:28.346000',1,1,NULL),(53,'i4ets9mw5511xcba3nvhz7cx','banner',53,'/1/53','2026-06-17 05:15:49.315000','2026-06-17 05:15:49.315000','2026-06-17 05:15:49.316000',1,1,NULL),(54,'bgpubafmb1to3tnyswlwdrr0','banner',54,'/13/54','2026-06-24 04:31:38.896000','2026-06-24 04:31:38.896000','2026-06-24 04:31:38.897000',1,1,NULL),(55,'slpxeonnhk31976um1icj8zh','about section',55,'/1/55','2026-06-25 09:50:51.971000','2026-06-25 09:50:51.971000','2026-06-25 09:50:51.972000',1,1,NULL),(56,'eyguu9e8fuwmuc4pag272m47','bosch repair form',56,'/5/33/56','2026-06-29 08:56:17.140000','2026-06-29 08:56:17.140000','2026-06-29 08:56:17.143000',1,1,NULL);

--
-- Table structure for table `upload_folders_parent_lnk`
--

CREATE TABLE `upload_folders_parent_lnk` (
  `id` int unsigned NOT NULL AUTO_INCREMENT,
  `folder_id` int unsigned DEFAULT NULL,
  `inv_folder_id` int unsigned DEFAULT NULL,
  `folder_ord` double unsigned DEFAULT NULL,
  PRIMARY KEY (`id`),
  UNIQUE KEY `upload_folders_parent_lnk_uq` (`folder_id`,`inv_folder_id`),
  KEY `upload_folders_parent_lnk_fk` (`folder_id`),
  KEY `upload_folders_parent_lnk_ifk` (`inv_folder_id`),
  KEY `upload_folders_parent_lnk_oifk` (`folder_ord`),
  CONSTRAINT `upload_folders_parent_lnk_fk` FOREIGN KEY (`folder_id`) REFERENCES `upload_folders` (`id`) ON DELETE CASCADE,
  CONSTRAINT `upload_folders_parent_lnk_ifk` FOREIGN KEY (`inv_folder_id`) REFERENCES `upload_folders` (`id`) ON DELETE CASCADE
) ENGINE=InnoDB AUTO_INCREMENT=36 DEFAULT CHARSET=utf8mb4 COLLATE=utf8mb4_0900_ai_ci;

--
-- Dumping data for table `upload_folders_parent_lnk`
--

INSERT INTO `upload_folders_parent_lnk` VALUES (1,9,5,1),(2,10,5,2),(3,12,11,1),(4,15,10,1),(5,16,15,1),(6,21,20,1),(7,23,10,2),(8,24,9,1),(9,25,9,2),(10,26,9,3),(11,27,10,3),(12,28,10,4),(13,29,10,5),(14,30,10,6),(16,31,10,NULL),(17,32,10,7),(18,33,5,3),(19,34,33,1),(20,35,33,2),(21,36,4,1),(22,39,38,1),(23,40,38,2),(24,41,38,3),(25,42,38,4),(26,43,42,1),(27,44,42,2),(28,45,42,3),(29,47,46,1),(30,48,46,2),(31,49,46,3),(32,53,1,1),(33,54,13,1),(34,55,1,2),(35,56,33,3);

--
-- Dumping routines for database 'alfahim_cme_devdb'
--


